000
CDUS41 KBGM 060727
CLIBGM


CLIMATE REPORT
NATIONAL WEATHER SERVICE BINGHAMTON NY
223 AM EST FRI MAR 6 2015


...................................

...THE BINGHAMTON NY CLIMATE SUMMARY FOR MARCH 5 2015...

CLIMATE NORMAL PERIOD 1981 TO 2010
CLIMATE RECORD PERIOD 1951 TO 2015


WEATHER ITEM   OBSERVED TIME   RECORD YEAR NORMAL DEPARTURE LAST
                VALUE   (LST)  VALUE       VALUE  FROM      YEAR
                                                  NORMAL
..................................................................
TEMPERATURE (F)
 YESTERDAY
  MAXIMUM         29   1236 AM  67    1976  37     -8       22
  MINIMUM          4R  1159 PM   4    1978  21    -17        7
  AVERAGE         17                        29    -12       15

PRECIPITATION (IN)
  YESTERDAY        T             1.41 1979   0.08  -0.08      T
  MONTH TO DATE    0.72                      0.42   0.30     0.03
  SINCE MAR 1      0.72                      0.42   0.30     0.03
  SINCE JAN 1      4.66                      5.18  -0.52     5.72

SNOWFALL (IN)
  YESTERDAY        T             9.7  2001   0.6   -0.6       T
  MONTH TO DATE    5.6                       3.1    2.5      0.3
  SINCE MAR 1      5.6                       3.1    2.5      0.3
  SINCE JUL 1     81.4                      67.0   14.4     82.8
  SNOW DEPTH      20

DEGREE DAYS
 HEATING
  YESTERDAY       48                        36     12       50
  MONTH TO DATE  219                       183     36      255
  SINCE MAR 1    219                       183     36      255
  SINCE JUL 1   5751                      5382    369     5726

 COOLING
  YESTERDAY        0                         0      0        0
  MONTH TO DATE    0                         0      0        0
  SINCE MAR 1      0                         0      0        0
  SINCE JAN 1      0                         0      0        0
..................................................................


WIND (MPH)
  HIGHEST WIND SPEED    23   HIGHEST WIND DIRECTION     N (350)
  HIGHEST GUST SPEED    33   HIGHEST GUST DIRECTION     N (340)
  AVERAGE WIND SPEED    10.6


SKY COVER
  AVERAGE SKY COVER 0.7


WEATHER CONDITIONS
 THE FOLLOWING WEATHER WAS RECORDED YESTERDAY.
  LIGHT SNOW
  FOG
  HAZE


RELATIVE HUMIDITY (PERCENT)
 HIGHEST    83          1100 PM
 LOWEST     61           700 AM
 AVERAGE    72

..........................................................


THE BINGHAMTON NY CLIMATE NORMALS FOR TODAY
                         NORMAL    RECORD    YEAR
 MAXIMUM TEMPERATURE (F)   37        60      2009
 MINIMUM TEMPERATURE (F)   21        -2      2007


SUNRISE AND SUNSET
MARCH  6 2015.........SUNRISE   631 AM EST   SUNSET   600 PM EST
MARCH  7 2015.........SUNRISE   630 AM EST   SUNSET   601 PM EST


-  INDICATES NEGATIVE NUMBERS.
R  INDICATES RECORD WAS SET OR TIED.
MM INDICATES DATA IS MISSING.
T  INDICATES TRACE AMOUNT.




$$
