000
CDUS41 KCAR 260530
CLIBGR


CLIMATE REPORT
NATIONAL WEATHER SERVICE CARIBOU, ME
127 AM EDT THU MAY 26 2016


...................................

...THE BANGOR ME CLIMATE SUMMARY FOR MAY 25 2016...

CLIMATE NORMAL PERIOD 1981 TO 2010
CLIMATE RECORD PERIOD 1925 TO 2016


WEATHER ITEM   OBSERVED TIME   RECORD YEAR NORMAL DEPARTURE LAST
                VALUE   (LST)  VALUE       VALUE  FROM      YEAR
                                                  NORMAL
..................................................................
TEMPERATURE (F)
 YESTERDAY
  MAXIMUM         77    156 PM  92    2010  68      9       80
                                      2007
  MINIMUM         55   1159 PM  31    1956  45     10       53
  AVERAGE         66                        57      9       67

PRECIPITATION (IN)
  YESTERDAY        T             1.02 1949   0.13  -0.13     0.06
  MONTH TO DATE    1.84                      2.90  -1.06     1.01
  SINCE MAR 1      7.69                      9.90  -2.21     4.85
  SINCE JAN 1     13.96                     15.31  -1.35     9.74

SNOWFALL (IN)
  YESTERDAY        0.0           0.0  2002   0.0             0.0
                                      2001
  MONTH TO DATE    T                         0.1             0.0
  SINCE MAR 1      6.0                      15.5            21.9
  SINCE JUL 1     44.6                      66.2           139.0
  SNOW DEPTH       0

DEGREE DAYS
 HEATING
  YESTERDAY        0                         9     -9        0
  MONTH TO DATE  216                       310    -94      244
  SINCE MAR 1   1929                      2062   -133     2219
  SINCE JUL 1   6844                      7708   -864     8109

 COOLING
  YESTERDAY        1                         0      1        2
  MONTH TO DATE    6                         0      6        3
  SINCE MAR 1      6                         0      6        3
  SINCE JAN 1      6                         0      6        3
..................................................................


WIND (MPH)
  RESULTANT WIND SPEED   6   RESULTANT WIND DIRECTION   S (190)
  HIGHEST WIND SPEED    16   HIGHEST WIND DIRECTION     S (170)
  HIGHEST GUST SPEED    21   HIGHEST GUST DIRECTION     S (170)


SKY COVER
  POSSIBLE SUNSHINE  MM
  AVERAGE SKY COVER 0.7


WEATHER CONDITIONS
 THE FOLLOWING WEATHER WAS RECORDED YESTERDAY.
  FOG
  FOG W/VISIBILITY <= 1/4 MILE
  HAZE


RELATIVE HUMIDITY (PERCENT)
 HIGHEST    93
 LOWEST     50
 AVERAGE    72

..........................................................


THE BANGOR ME CLIMATE NORMALS FOR TODAY
                         NORMAL    RECORD    YEAR
 MAXIMUM TEMPERATURE (F)   68        88      2010
                                             1933
 MINIMUM TEMPERATURE (F)   46        32      2009


SUNRISE AND SUNSET
MAY 26 2016...........SUNRISE   456 AM EDT   SUNSET   809 PM EDT
MAY 27 2016...........SUNRISE   455 AM EDT   SUNSET   810 PM EDT


-  INDICATES NEGATIVE NUMBERS.
R  INDICATES RECORD WAS SET OR TIED.
MM INDICATES DATA IS MISSING.
T  INDICATES TRACE AMOUNT.




$$
