000
CDUS41 KCAR 020542
CLIBGR


CLIMATE REPORT
NATIONAL WEATHER SERVICE CARIBOU, ME
140 AM EDT MON MAY 2 2016


...................................

...THE BANGOR ME CLIMATE SUMMARY FOR MAY 1 2016...

CLIMATE NORMAL PERIOD 1981 TO 2010
CLIMATE RECORD PERIOD 1925 TO 2016


WEATHER ITEM   OBSERVED TIME   RECORD YEAR NORMAL DEPARTURE LAST
                VALUE   (LST)  VALUE       VALUE  FROM      YEAR
                                                  NORMAL
..................................................................
TEMPERATURE (F)
 YESTERDAY
  MAXIMUM         63   1122 AM  79    1936  60      3       61
  MINIMUM         34    356 AM  23    1943  38     -4       34
  AVERAGE         49                        49      0       48

PRECIPITATION (IN)
  YESTERDAY        T             0.88 1947   0.12  -0.12     0.00
  MONTH TO DATE    T                         0.12  -0.12     0.00
  SINCE MAR 1      5.85                      7.12  -1.27     3.84
  SINCE JAN 1     12.12                     12.53  -0.41     8.73

SNOWFALL (IN)
  YESTERDAY        0.0           0.0  2000   0.0             0.0
                                      2001
  MONTH TO DATE    0.0                       0.0             0.0
  SINCE MAR 1      6.0                      15.4            21.9
  SINCE JUL 1     44.6                      66.1           139.0
  SNOW DEPTH       0

DEGREE DAYS
 HEATING
  YESTERDAY       16                        16      0       17
  MONTH TO DATE   16                        16      0       17
  SINCE MAR 1   1729                      1768    -39     1992
  SINCE JUL 1   6644                      7414   -770     7882

 COOLING
  YESTERDAY        0                         0      0        0
  MONTH TO DATE    0                         0      0        0
  SINCE MAR 1      0                         0      0        0
  SINCE JAN 1      0                         0      0        0
..................................................................


WIND (MPH)
  RESULTANT WIND SPEED   5   RESULTANT WIND DIRECTION   S (180)
  HIGHEST WIND SPEED    18   HIGHEST WIND DIRECTION     S (190)
  HIGHEST GUST SPEED    24   HIGHEST GUST DIRECTION     S (190)


SKY COVER
  POSSIBLE SUNSHINE  MM
  AVERAGE SKY COVER 0.8


WEATHER CONDITIONS
 THE FOLLOWING WEATHER WAS RECORDED YESTERDAY.
  LIGHT RAIN


RELATIVE HUMIDITY (PERCENT)
 HIGHEST    89
 LOWEST     23
 AVERAGE    56

..........................................................


THE BANGOR ME CLIMATE NORMALS FOR TODAY
                         NORMAL    RECORD    YEAR
 MAXIMUM TEMPERATURE (F)   60        90      2001
 MINIMUM TEMPERATURE (F)   38        23      1943


SUNRISE AND SUNSET
MAY  2 2016...........SUNRISE   523 AM EDT   SUNSET   742 PM EDT
MAY  3 2016...........SUNRISE   522 AM EDT   SUNSET   743 PM EDT


-  INDICATES NEGATIVE NUMBERS.
R  INDICATES RECORD WAS SET OR TIED.
MM INDICATES DATA IS MISSING.
T  INDICATES TRACE AMOUNT.




$$
