000
CDUS41 KCAR 230527
CLIBGR


CLIMATE REPORT
NATIONAL WEATHER SERVICE CARIBOU, ME
126 AM EDT SAT JUL 23 2016


...................................

...THE BANGOR ME CLIMATE SUMMARY FOR JULY 22 2016...

CLIMATE NORMAL PERIOD 1981 TO 2010
CLIMATE RECORD PERIOD 1925 TO 2016


WEATHER ITEM   OBSERVED TIME   RECORD YEAR NORMAL DEPARTURE LAST
                VALUE   (LST)  VALUE       VALUE  FROM      YEAR
                                                  NORMAL
..................................................................
TEMPERATURE (F)
 YESTERDAY
  MAXIMUM         93   1156 AM  97    2011  80     13       80
  MINIMUM         68    521 AM  46    1944  58     10       58
  AVERAGE         81                        69     12       69

PRECIPITATION (IN)
  YESTERDAY        0.00          2.36 1980   0.11  -0.11     0.00
  MONTH TO DATE    2.65                      2.40   0.25     0.87
  SINCE JUN 1      5.50                      6.16  -0.66     5.77
  SINCE JAN 1     19.71                     22.21  -2.50    16.82

SNOWFALL (IN)
  YESTERDAY        0.0           0.0  2002   0.0             0.0
                                      2001
  MONTH TO DATE    0.0                       0.0             0.0
  SINCE JUN 1      0.0                       0.0             0.0
  SINCE JUL 1      0.0                       0.0             0.0
  SNOW DEPTH       0

DEGREE DAYS
 HEATING
  YESTERDAY        0                         1     -1        0
  MONTH TO DATE   11                        22    -11       17
  SINCE JUN 1     58                       129    -71      193
  SINCE JUL 1     11                        22    -11       17

 COOLING
  YESTERDAY       16                         5     11        4
  MONTH TO DATE  165                        91     74       64
  SINCE JUN 1    221                       143     78       88
  SINCE JAN 1    246                       149     97      111
..................................................................


WIND (MPH)
  RESULTANT WIND SPEED   6   RESULTANT WIND DIRECTION  SW (210)
  HIGHEST WIND SPEED    16   HIGHEST WIND DIRECTION    SW (210)
  HIGHEST GUST SPEED    23   HIGHEST GUST DIRECTION     W (290)


SKY COVER
  POSSIBLE SUNSHINE  MM
  AVERAGE SKY COVER 0.7


WEATHER CONDITIONS
 THE FOLLOWING WEATHER WAS RECORDED YESTERDAY.
  NO SIGNIFICANT WEATHER WAS OBSERVED.


RELATIVE HUMIDITY (PERCENT)
 HIGHEST    73
 LOWEST     39
 AVERAGE    56

..........................................................


THE BANGOR ME CLIMATE NORMALS FOR TODAY
                         NORMAL    RECORD    YEAR
 MAXIMUM TEMPERATURE (F)   80        94      1955
 MINIMUM TEMPERATURE (F)   58        50      1992
                                             1939


SUNRISE AND SUNSET
JULY 23 2016..........SUNRISE   512 AM EDT   SUNSET   811 PM EDT
JULY 24 2016..........SUNRISE   513 AM EDT   SUNSET   810 PM EDT


-  INDICATES NEGATIVE NUMBERS.
R  INDICATES RECORD WAS SET OR TIED.
MM INDICATES DATA IS MISSING.
T  INDICATES TRACE AMOUNT.




$$
