000
CDUS41 KCAR 210528
CLIBGR


CLIMATE REPORT
NATIONAL WEATHER SERVICE CARIBOU, ME
1228 AM EST SUN DEC 21 2014


...................................

...THE BANGOR ME CLIMATE SUMMARY FOR DECEMBER 20 2014...

CLIMATE NORMAL PERIOD 1981 TO 2010
CLIMATE RECORD PERIOD 1925 TO 2014


WEATHER ITEM   OBSERVED TIME   RECORD YEAR NORMAL DEPARTURE LAST
                VALUE   (LST)  VALUE       VALUE  FROM      YEAR
                                                  NORMAL
..................................................................
TEMPERATURE (F)
 YESTERDAY
  MAXIMUM         23   1159 PM  54    2002  32     -9       32
                                      1957
  MINIMUM         13    133 AM -21    1975  13      0       22
  AVERAGE         18                        23     -5       27

PRECIPITATION (IN)
  YESTERDAY        0.00          1.40 2002   0.10  -0.10     0.06
  MONTH TO DATE    4.06                      2.41   1.65     1.20
  SINCE DEC 1      4.06                      2.41   1.65     1.20
  SINCE JAN 1     42.75                     40.86   1.89    38.33

SNOWFALL (IN)
  YESTERDAY        0.0           8.5  1961   0.5             0.3
  MONTH TO DATE    6.5                       8.5            13.9
  SINCE DEC 1      6.5                       8.5            13.9
  SINCE JUL 1     32.4                      10.9            14.6
  SNOW DEPTH       2

DEGREE DAYS
 HEATING
  YESTERDAY       47                        42      5       38
  MONTH TO DATE  734                       763    -29      894
  SINCE DEC 1    734                       763    -29      894
  SINCE JUL 1   2318                      2432   -114     2479

 COOLING
  YESTERDAY        0                         0      0        0
  MONTH TO DATE    0                         0      0        0
  SINCE DEC 1      0                         0      0        0
  SINCE JAN 1    363                       318     45      355
..................................................................


WIND (MPH)
  RESULTANT WIND SPEED   7   RESULTANT WIND DIRECTION   N (360)
  HIGHEST WIND SPEED    15   HIGHEST WIND DIRECTION     N (10)
  HIGHEST GUST SPEED    17   HIGHEST GUST DIRECTION     N (10)


SKY COVER
  POSSIBLE SUNSHINE  MM
  AVERAGE SKY COVER 0.6


WEATHER CONDITIONS
 THE FOLLOWING WEATHER WAS RECORDED YESTERDAY.
  NO SIGNIFICANT WEATHER WAS OBSERVED.


RELATIVE HUMIDITY (PERCENT)
 HIGHEST    92
 LOWEST     80
 AVERAGE    86

..........................................................


THE BANGOR ME CLIMATE NORMALS FOR TODAY
                         NORMAL    RECORD    YEAR
 MAXIMUM TEMPERATURE (F)   32        59      1973
 MINIMUM TEMPERATURE (F)   13       -17      1980


SUNRISE AND SUNSET
DECEMBER 21 2014......SUNRISE   710 AM EST   SUNSET   357 PM EST
DECEMBER 22 2014......SUNRISE   710 AM EST   SUNSET   358 PM EST


-  INDICATES NEGATIVE NUMBERS.
R  INDICATES RECORD WAS SET OR TIED.
MM INDICATES DATA IS MISSING.
T  INDICATES TRACE AMOUNT.




$$
