000
CDUS41 KCAR 260526
CLIBGR


CLIMATE REPORT
NATIONAL WEATHER SERVICE CARIBOU, ME
126 AM EDT SAT JUL 26 2014


...................................

...THE BANGOR ME CLIMATE SUMMARY FOR JULY 25 2014...

CLIMATE NORMAL PERIOD 1981 TO 2010
CLIMATE RECORD PERIOD 1925 TO 2014


WEATHER ITEM   OBSERVED TIME   RECORD YEAR NORMAL DEPARTURE LAST
                VALUE   (LST)  VALUE       VALUE  FROM      YEAR
                                                  NORMAL
..................................................................
TEMPERATURE (F)
 YESTERDAY
  MAXIMUM         80    354 PM  98    1941  80      0       74
  MINIMUM         52    428 AM  44    2002  58     -6       50
  AVERAGE         66                        69     -3       62

PRECIPITATION (IN)
  YESTERDAY        0.00          1.05 1967   0.12  -0.12     0.01
  MONTH TO DATE    5.90                      2.75   3.15     2.69
  SINCE JUN 1      9.49                      6.51   2.98     8.15
  SINCE JAN 1     23.90                     22.56   1.34    19.44

SNOWFALL (IN)
  YESTERDAY        0.0           0.0  2002   0.0             0.0
                                      2001
  MONTH TO DATE    0.0                       0.0             0.0
  SINCE JUN 1      0.0                       0.0             0.0
  SINCE JUL 1      0.0                       0.0             0.0
  SNOW DEPTH       0

DEGREE DAYS
 HEATING
  YESTERDAY        0                         1     -1        3
  MONTH TO DATE    5                        25    -20        7
  SINCE JUN 1     76                       132    -56      107
  SINCE JUL 1      5                        25    -20        7

 COOLING
  YESTERDAY        1                         5     -4        0
  MONTH TO DATE  153                       106     47      164
  SINCE JUN 1    199                       158     41      221
  SINCE JAN 1    199                       164     35      229
..................................................................


WIND (MPH)
  RESULTANT WIND SPEED   6   RESULTANT WIND DIRECTION   W (260)
  HIGHEST WIND SPEED    13   HIGHEST WIND DIRECTION     W (290)
  HIGHEST GUST SPEED    20   HIGHEST GUST DIRECTION    NW (300)


SKY COVER
  POSSIBLE SUNSHINE  MM
  AVERAGE SKY COVER 0.1


WEATHER CONDITIONS
 THE FOLLOWING WEATHER WAS RECORDED YESTERDAY.
  NO SIGNIFICANT WEATHER WAS OBSERVED.


RELATIVE HUMIDITY (PERCENT)
 HIGHEST    89
 LOWEST     42
 AVERAGE    66

..........................................................


THE BANGOR ME CLIMATE NORMALS FOR TODAY
                         NORMAL    RECORD    YEAR
 MAXIMUM TEMPERATURE (F)   80        96      1963
 MINIMUM TEMPERATURE (F)   58        44      1929
                                             1926


SUNRISE AND SUNSET
JULY 26 2014..........SUNRISE   515 AM EDT   SUNSET   808 PM EDT
JULY 27 2014..........SUNRISE   516 AM EDT   SUNSET   807 PM EDT


-  INDICATES NEGATIVE NUMBERS.
R  INDICATES RECORD WAS SET OR TIED.
MM INDICATES DATA IS MISSING.
T  INDICATES TRACE AMOUNT.




$$
