000
CDUS41 KCAR 260543
CLIBGR


CLIMATE REPORT
NATIONAL WEATHER SERVICE CARIBOU, ME
139 AM EDT TUE SEP 26 2017


...................................

...THE BANGOR ME CLIMATE SUMMARY FOR SEPTEMBER 25 2017...

CLIMATE NORMAL PERIOD 1981 TO 2010
CLIMATE RECORD PERIOD 1925 TO 2017


WEATHER ITEM   OBSERVED TIME   RECORD YEAR NORMAL DEPARTURE LAST
                VALUE   (LST)  VALUE       VALUE  FROM      YEAR
                                                  NORMAL
..................................................................
TEMPERATURE (F)
 YESTERDAY
  MAXIMUM         88R   209 PM  88    1930  66     22       58
  MINIMUM         63    557 AM  27    1944  44     19       40
  AVERAGE         76                        55     21       49

PRECIPITATION (IN)
  YESTERDAY        0.00          2.10 1991   0.15  -0.15     0.02
  MONTH TO DATE    2.69                      3.09  -0.40     1.14
  SINCE SEP 1      2.69                      3.09  -0.40     1.14
  SINCE JAN 1     28.86                     29.34  -0.48    23.13

SNOWFALL (IN)
  YESTERDAY        0.0           0.0  2002   0.0             0.0
                                      2001
  MONTH TO DATE    T                         0.0             0.0
  SINCE SEP 1      T                         0.0             0.0
  SINCE JUL 1      T                         0.0             0.0
  SNOW DEPTH       0

DEGREE DAYS
 HEATING
  YESTERDAY        0                        10    -10       16
  MONTH TO DATE   37                       153   -116       85
  SINCE SEP 1     37                       153   -116       85
  SINCE JUL 1     84                       216   -132      112

 COOLING
  YESTERDAY       11                         0     11        0
  MONTH TO DATE   63                        21     42       59
  SINCE SEP 1     63                        21     42       59
  SINCE JAN 1    345                       315     30      448
..................................................................


WIND (MPH)
  RESULTANT WIND SPEED   4   RESULTANT WIND DIRECTION   S (180)
  HIGHEST WIND SPEED    14   HIGHEST WIND DIRECTION     S (180)
  HIGHEST GUST SPEED    19   HIGHEST GUST DIRECTION     S (190)


SKY COVER
  POSSIBLE SUNSHINE  MM
  AVERAGE SKY COVER 0.2


WEATHER CONDITIONS
 THE FOLLOWING WEATHER WAS RECORDED YESTERDAY.
  FOG
  HAZE


RELATIVE HUMIDITY (PERCENT)
 HIGHEST    93
 LOWEST     51
 AVERAGE    72

..........................................................


THE BANGOR ME CLIMATE NORMALS FOR TODAY
                         NORMAL    RECORD    YEAR
 MAXIMUM TEMPERATURE (F)   66        91      2007
 MINIMUM TEMPERATURE (F)   44        29      2009


SUNRISE AND SUNSET
SEPTEMBER 26 2017.....SUNRISE   627 AM EDT   SUNSET   625 PM EDT
SEPTEMBER 27 2017.....SUNRISE   629 AM EDT   SUNSET   623 PM EDT


-  INDICATES NEGATIVE NUMBERS.
R  INDICATES RECORD WAS SET OR TIED.
MM INDICATES DATA IS MISSING.
T  INDICATES TRACE AMOUNT.




$$
