000
CDUS41 KCAR 212226
CLIBGR

CLIMATE REPORT
NATIONAL WEATHER SERVICE CARIBOU, ME
427 PM EST WED FEB 21 2018


...................................

...THE BANGOR ME CLIMATE SUMMARY FOR FEBRUARY 21 2018...
VALID TODAY AS OF 0400 PM LOCAL TIME.

CLIMATE NORMAL PERIOD 1981 TO 2010
CLIMATE RECORD PERIOD 1925 TO 2018


WEATHER ITEM   OBSERVED TIME   RECORD YEAR NORMAL DEPARTURE LAST
                VALUE   (LST)  VALUE       VALUE  FROM      YEAR
                                                  NORMAL
..................................................................
TEMPERATURE (F)
 TODAY
  MAXIMUM         50    231 PM  60    1937  33     17       37
  MINIMUM         34    453 AM -15    1929  12     22        8
  AVERAGE         42                        22     20       23

PRECIPITATION (IN)
  TODAY            0.00          0.80 1986   0.09  -0.09     0.00
  MONTH TO DATE    2.77                      1.85   0.92     1.78
  SINCE DEC 1     12.13                      8.22   3.91     9.18
  SINCE JAN 1      8.30                      4.74   3.56     5.41

SNOWFALL (IN)
  TODAY            0.0          16.1  1947   0.5   -0.5      0.0
  MONTH TO DATE   16.7                      11.3    5.4     37.4
  SINCE DEC 1     74.5                      44.9   29.6     61.8
  SINCE JUL 1     74.5                      47.3   27.2     63.3
  SNOW DEPTH       2

DEGREE DAYS
 HEATING
  TODAY           23                        43    -20       42
  MONTH TO DATE  876                       949    -73      969
  SINCE DEC 1   3742                      3687     55     3518
  SINCE JUL 1   5001                      5356   -355     4937

 COOLING
  TODAY            0                         0      0        0
  MONTH TO DATE    0                         0      0        0
  SINCE DEC 1      0                         0      0        0
  SINCE JAN 1      0                         0      0        0
..................................................................


WIND (MPH)
  HIGHEST WIND SPEED    14   HIGHEST WIND DIRECTION     S (180)
  HIGHEST GUST SPEED    17   HIGHEST GUST DIRECTION     S (190)
  AVERAGE WIND SPEED     5.8


SKY COVER
  POSSIBLE SUNSHINE  MM
  AVERAGE SKY COVER 0.9


WEATHER CONDITIONS
 THE FOLLOWING WEATHER WAS RECORDED TODAY.
  LIGHT RAIN
  FOG
  FOG W/VISIBILITY <= 1/4 MILE


RELATIVE HUMIDITY (PERCENT)
 HIGHEST   100           100 AM
 LOWEST     86           200 PM
 AVERAGE    93

..........................................................


THE BANGOR ME CLIMATE NORMALS FOR TOMORROW
                         NORMAL    RECORD    YEAR
 MAXIMUM TEMPERATURE (F)   33        56      1937
 MINIMUM TEMPERATURE (F)   12       -12      1963


SUNRISE AND SUNSET
FEBRUARY 21 2018......SUNRISE   626 AM EST   SUNSET   512 PM EST
FEBRUARY 22 2018......SUNRISE   625 AM EST   SUNSET   513 PM EST


-  INDICATES NEGATIVE NUMBERS.
R  INDICATES RECORD WAS SET OR TIED.
MM INDICATES DATA IS MISSING.
T  INDICATES TRACE AMOUNT.




$$
