000
CDUS41 KCAR 220532
CLIBGR


CLIMATE REPORT
NATIONAL WEATHER SERVICE CARIBOU, ME
132 AM EDT FRI MAY 22 2015


...................................

...THE BANGOR ME CLIMATE SUMMARY FOR MAY 21 2015...

CLIMATE NORMAL PERIOD 1981 TO 2010
CLIMATE RECORD PERIOD 1925 TO 2015


WEATHER ITEM   OBSERVED TIME   RECORD YEAR NORMAL DEPARTURE LAST
                VALUE   (LST)  VALUE       VALUE  FROM      YEAR
                                                  NORMAL
..................................................................
TEMPERATURE (F)
 YESTERDAY
  MAXIMUM         69    142 PM  92    1992  67      2       64
  MINIMUM         37    417 AM  32    1939  44     -7       51
  AVERAGE         53                        55     -2       58

PRECIPITATION (IN)
  YESTERDAY        0.00          1.11 1973   0.12  -0.12      T
  MONTH TO DATE    0.69                      2.40  -1.71     2.87
  SINCE MAR 1      4.53                      9.40  -4.87     8.80
  SINCE JAN 1      9.42                     14.81  -5.39    13.97

SNOWFALL (IN)
  YESTERDAY        0.0           0.0  2002   0.0             0.0
                                      2001
  MONTH TO DATE    0.0                       0.1             0.0
  SINCE MAR 1     21.9                      15.5            16.8
  SINCE JUL 1    139.0                      66.2            80.0
  SNOW DEPTH       0

DEGREE DAYS
 HEATING
  YESTERDAY       12                        10      2        7
  MONTH TO DATE  211                       273    -62      231
  SINCE MAR 1   2186                      2025    161     2224
  SINCE JUL 1   8076                      7671    405     7976

 COOLING
  YESTERDAY        0                         0      0        0
  MONTH TO DATE    1                         0      1        0
  SINCE MAR 1      1                         0      1        0
  SINCE JAN 1      1                         0      1        0
..................................................................


WIND (MPH)
  RESULTANT WIND SPEED   6   RESULTANT WIND DIRECTION  SW (220)
  HIGHEST WIND SPEED    17   HIGHEST WIND DIRECTION     S (200)
  HIGHEST GUST SPEED    24   HIGHEST GUST DIRECTION     W (280)


SKY COVER
  POSSIBLE SUNSHINE  MM
  AVERAGE SKY COVER 0.5


WEATHER CONDITIONS
 THE FOLLOWING WEATHER WAS RECORDED YESTERDAY.
  NO SIGNIFICANT WEATHER WAS OBSERVED.


RELATIVE HUMIDITY (PERCENT)
 HIGHEST    71
 LOWEST     27
 AVERAGE    49

..........................................................


THE BANGOR ME CLIMATE NORMALS FOR TODAY
                         NORMAL    RECORD    YEAR
 MAXIMUM TEMPERATURE (F)   67        96      1992
 MINIMUM TEMPERATURE (F)   44        30      1936


SUNRISE AND SUNSET
MAY 22 2015...........SUNRISE   500 AM EDT   SUNSET   804 PM EDT
MAY 23 2015...........SUNRISE   459 AM EDT   SUNSET   805 PM EDT


-  INDICATES NEGATIVE NUMBERS.
R  INDICATES RECORD WAS SET OR TIED.
MM INDICATES DATA IS MISSING.
T  INDICATES TRACE AMOUNT.




$$
