000
CDUS41 KCAR 070530
CLIBGR


CLIMATE REPORT
NATIONAL WEATHER SERVICE CARIBOU, ME
1230 AM EST SUN FEB 7 2016


...................................

...THE BANGOR ME CLIMATE SUMMARY FOR FEBRUARY 6 2016...

CLIMATE NORMAL PERIOD 1981 TO 2010
CLIMATE RECORD PERIOD 1925 TO 2016


WEATHER ITEM   OBSERVED TIME   RECORD YEAR NORMAL DEPARTURE LAST
                VALUE   (LST)  VALUE       VALUE  FROM      YEAR
                                                  NORMAL
..................................................................
TEMPERATURE (F)
 YESTERDAY
  MAXIMUM         34    358 PM  45    2005  29      5       13
  MINIMUM          4    653 AM -22    1934   8     -4      -10
  AVERAGE         19                        18      1        2

PRECIPITATION (IN)
  YESTERDAY        0.00          0.49 1975   0.09  -0.09     0.00
  MONTH TO DATE    1.07                      0.53   0.54     1.14
  SINCE DEC 1      7.51                      6.90   0.61     9.06
  SINCE JAN 1      3.45                      3.42   0.03     3.83

SNOWFALL (IN)
  YESTERDAY        0.0           7.0  2001   0.5             0.0
  MONTH TO DATE   10.9                       3.2            19.3
  SINCE DEC 1     27.4                      36.8            68.1
  SINCE JUL 1     29.9                      39.2            94.0
  SNOW DEPTH      10

DEGREE DAYS
 HEATING
  YESTERDAY       46                        46      0       63
  MONTH TO DATE  196                       281    -85      365
  SINCE DEC 1   2462                      3019   -557     3031
  SINCE JUL 1   3963                      4688   -725     4615

 COOLING
  YESTERDAY        0                         0      0        0
  MONTH TO DATE    0                         0      0        0
  SINCE DEC 1      0                         0      0        0
  SINCE JAN 1      0                         0      0        0
..................................................................


WIND (MPH)
  RESULTANT WIND SPEED   7   RESULTANT WIND DIRECTION  SW (220)
  HIGHEST WIND SPEED    16   HIGHEST WIND DIRECTION     S (200)
  HIGHEST GUST SPEED    21   HIGHEST GUST DIRECTION    SW (220)


SKY COVER
  POSSIBLE SUNSHINE  MM
  AVERAGE SKY COVER 0.5


WEATHER CONDITIONS
 THE FOLLOWING WEATHER WAS RECORDED YESTERDAY.
  NO SIGNIFICANT WEATHER WAS OBSERVED.


RELATIVE HUMIDITY (PERCENT)
 HIGHEST    96
 LOWEST     58
 AVERAGE    77

..........................................................


THE BANGOR ME CLIMATE NORMALS FOR TODAY
                         NORMAL    RECORD    YEAR
 MAXIMUM TEMPERATURE (F)   29        46      2005
 MINIMUM TEMPERATURE (F)    8       -27      1993


SUNRISE AND SUNSET
FEBRUARY  7 2016......SUNRISE   648 AM EST   SUNSET   452 PM EST
FEBRUARY  8 2016......SUNRISE   646 AM EST   SUNSET   453 PM EST


-  INDICATES NEGATIVE NUMBERS.
R  INDICATES RECORD WAS SET OR TIED.
MM INDICATES DATA IS MISSING.
T  INDICATES TRACE AMOUNT.




$$
