000
CDUS41 KCAR 230528
CLIBGR


CLIMATE REPORT
NATIONAL WEATHER SERVICE CARIBOU, ME
127 AM EDT SAT AUG 23 2014


...................................

...THE BANGOR ME CLIMATE SUMMARY FOR AUGUST 22 2014...

CLIMATE NORMAL PERIOD 1981 TO 2010
CLIMATE RECORD PERIOD 1925 TO 2014


WEATHER ITEM   OBSERVED TIME   RECORD YEAR NORMAL DEPARTURE LAST
                VALUE   (LST)  VALUE       VALUE  FROM      YEAR
                                                  NORMAL
..................................................................
TEMPERATURE (F)
 YESTERDAY
  MAXIMUM         74   1133 AM 103    1948  78     -4       87
  MINIMUM         61    202 AM  39    1940  55      6       61
  AVERAGE         68                        66      2       74

PRECIPITATION (IN)
  YESTERDAY        0.00          1.71 2011   0.10  -0.10     0.00
  MONTH TO DATE    2.81                      2.18   0.63     3.26
  SINCE JUN 1     13.18                      9.40   3.78    12.46
  SINCE JAN 1     27.59                     25.45   2.14    23.75

SNOWFALL (IN)
  YESTERDAY        0.0           0.0  2002   0.0             0.0
                                      2001
  MONTH TO DATE    0.0                       0.0             0.0
  SINCE JUN 1      0.0                       0.0             0.0
  SINCE JUL 1      0.0                       0.0             0.0
  SNOW DEPTH       0

DEGREE DAYS
 HEATING
  YESTERDAY        0                         2     -2        0
  MONTH TO DATE    8                        23    -15       11
  SINCE JUN 1     84                       153    -69      119
  SINCE JUL 1     13                        46    -33       19

 COOLING
  YESTERDAY        3                         3      0        9
  MONTH TO DATE   57                        80    -23       45
  SINCE JUN 1    276                       264     12      287
  SINCE JAN 1    276                       270      6      295
..................................................................


WIND (MPH)
  RESULTANT WIND SPEED   4   RESULTANT WIND DIRECTION   E (70)
  HIGHEST WIND SPEED    13   HIGHEST WIND DIRECTION     E (100)
  HIGHEST GUST SPEED    18   HIGHEST GUST DIRECTION    SE (130)


SKY COVER
  POSSIBLE SUNSHINE  MM
  AVERAGE SKY COVER 0.8


WEATHER CONDITIONS
 THE FOLLOWING WEATHER WAS RECORDED YESTERDAY.
  NO SIGNIFICANT WEATHER WAS OBSERVED.


RELATIVE HUMIDITY (PERCENT)
 HIGHEST    90
 LOWEST     57
 AVERAGE    74

..........................................................


THE BANGOR ME CLIMATE NORMALS FOR TODAY
                         NORMAL    RECORD    YEAR
 MAXIMUM TEMPERATURE (F)   77        92      1933
 MINIMUM TEMPERATURE (F)   55        37      1940


SUNRISE AND SUNSET
AUGUST 23 2014........SUNRISE   547 AM EDT   SUNSET   728 PM EDT
AUGUST 24 2014........SUNRISE   548 AM EDT   SUNSET   726 PM EDT


-  INDICATES NEGATIVE NUMBERS.
R  INDICATES RECORD WAS SET OR TIED.
MM INDICATES DATA IS MISSING.
T  INDICATES TRACE AMOUNT.




$$
