446
CDUS44 KBMX 260045
CLIBHM


CLIMATE REPORT
NATIONAL WEATHER SERVICE BIRMINGHAM, AL
745 PM CDT MON JUL 25 2016


...................................

...THE BIRMINGHAM CLIMATE SUMMARY FOR JULY 25 2016...
VALID TODAY AS OF 0700 PM LOCAL TIME.

CLIMATE NORMAL PERIOD 1981 TO 2010
CLIMATE RECORD PERIOD 1895 TO 2016


WEATHER ITEM   OBSERVED TIME   RECORD YEAR NORMAL DEPARTURE LAST
                VALUE   (LST)  VALUE       VALUE  FROM      YEAR
                                                  NORMAL
..................................................................
TEMPERATURE (F)
 TODAY
  MAXIMUM         95    320 PM 106    1952  91      4       93
  MINIMUM         74    449 AM  60    1911  72      2       70
  AVERAGE         85                        81      4       82

PRECIPITATION (IN)
  TODAY            T             1.49 1922   0.15  -0.15     0.00
  MONTH TO DATE    5.74                      3.93   1.81     5.98
  SINCE JUN 1      9.70                      8.31   1.39     7.68
  SINCE JAN 1     31.31                     32.28  -0.97    33.41

DEGREE DAYS
 COOLING
  TODAY           20                        16      4       17
  MONTH TO DATE  483                       397     86      444
  SINCE JUN 1    962                       779    183      910
  SINCE JAN 1   1285                      1061    224     1245
..................................................................


WIND (MPH)
  HIGHEST WIND SPEED    25   HIGHEST WIND DIRECTION     S (200)
  HIGHEST GUST SPEED    31   HIGHEST GUST DIRECTION     S (180)
  AVERAGE WIND SPEED     2.6


SKY COVER
  AVERAGE SKY COVER 0.2


WEATHER CONDITIONS
 THE FOLLOWING WEATHER WAS RECORDED TODAY.
  NO SIGNIFICANT WEATHER WAS OBSERVED.


RELATIVE HUMIDITY (PERCENT)
 HIGHEST    94           400 AM
 LOWEST     43           200 PM
 AVERAGE    69

..........................................................


THE BIRMINGHAM CLIMATE NORMALS FOR TOMORROW
                         NORMAL    RECORD    YEAR
 MAXIMUM TEMPERATURE (F)   91       101      1952
 MINIMUM TEMPERATURE (F)   72        58      1911


SUNRISE AND SUNSET
JULY 25 2016..........SUNRISE   555 AM CDT   SUNSET   752 PM CDT
JULY 26 2016..........SUNRISE   555 AM CDT   SUNSET   751 PM CDT


-  INDICATES NEGATIVE NUMBERS.
R  INDICATES RECORD WAS SET OR TIED.
MM INDICATES DATA IS MISSING.
T  INDICATES TRACE AMOUNT.




$$
