000
CDUS44 KBMX 062113
CLIBHM


CLIMATE REPORT
NATIONAL WEATHER SERVICE BIRMINGHAM, AL
413 PM CDT FRI MAY 6 2016


...................................

...THE BIRMINGHAM CLIMATE SUMMARY FOR MAY 6 2016...
VALID AS OF 0400 PM LOCAL TIME.

CLIMATE NORMAL PERIOD 1981 TO 2010
CLIMATE RECORD PERIOD 1895 TO 2016


WEATHER ITEM   OBSERVED TIME   RECORD YEAR NORMAL DEPARTURE LAST
                VALUE   (LST)  VALUE       VALUE  FROM      YEAR
                                                  NORMAL
..................................................................
TEMPERATURE (F)
 TODAY
  MAXIMUM         72    147 PM  92    1952  79     -7       82
  MINIMUM         45    512 AM  38    1968  57    -12       57
  AVERAGE         59                        68     -9       70

PRECIPITATION (IN)
  TODAY            0.00          3.85 1967   0.17  -0.17     0.00
  MONTH TO DATE    0.89                      0.98  -0.09     0.00
  SINCE MAR 1     10.34                     10.59  -0.25    14.47
  SINCE JAN 1     21.08                     19.96   1.12    23.17

DEGREE DAYS
 COOLING
  TODAY            0                         4     -4        5
  MONTH TO DATE   13                        24    -11       17
  SINCE MAR 1    121                       104     17       99
  SINCE JAN 1    128                       108     20       99
..................................................................


WIND (MPH)
  HIGHEST WIND SPEED    22   HIGHEST WIND DIRECTION    NW (330)
  HIGHEST GUST SPEED    27   HIGHEST GUST DIRECTION     N (10)
  AVERAGE WIND SPEED     7.3


SKY COVER
  AVERAGE SKY COVER 0.1


WEATHER CONDITIONS
 THE FOLLOWING WEATHER WAS RECORDED TODAY.
  NO SIGNIFICANT WEATHER WAS OBSERVED.


RELATIVE HUMIDITY (PERCENT)
 HIGHEST    92           500 AM
 LOWEST     34           100 PM
 AVERAGE    63

..........................................................


THE BIRMINGHAM CLIMATE NORMALS FOR TOMORROW
                         NORMAL    RECORD    YEAR
 MAXIMUM TEMPERATURE (F)   80        91      1962
                                             1959
                                             1952
 MINIMUM TEMPERATURE (F)   57        37      1944


SUNRISE AND SUNSET
MAY  6 2016...........SUNRISE   553 AM CDT   SUNSET   734 PM CDT
MAY  7 2016...........SUNRISE   552 AM CDT   SUNSET   735 PM CDT


-  INDICATES NEGATIVE NUMBERS.
R  INDICATES RECORD WAS SET OR TIED.
MM INDICATES DATA IS MISSING.
T  INDICATES TRACE AMOUNT.




$$
