000
CDUS44 KBMX 282216
CLIBHM


CLIMATE REPORT
NATIONAL WEATHER SERVICE BIRMINGHAM, AL
416 PM CST FRI NOV 28 2014


...................................

...THE BIRMINGHAM CLIMATE SUMMARY FOR NOVEMBER 28 2014...
VALID AS OF 0400 PM LOCAL TIME.

CLIMATE NORMAL PERIOD 1981 TO 2010
CLIMATE RECORD PERIOD 1895 TO 2014


WEATHER ITEM   OBSERVED TIME   RECORD YEAR NORMAL DEPARTURE LAST
                VALUE   (LST)  VALUE       VALUE  FROM      YEAR
                                                  NORMAL
..................................................................
TEMPERATURE (F)
 TODAY
  MAXIMUM         53    243 PM  77    1908  61     -8       48
  MINIMUM         25    647 AM  18    2013  40    -15       18
  AVERAGE         39                        50    -11       33

PRECIPITATION (IN)
  TODAY            0.00          4.15 1948   0.18  -0.18     0.00
  MONTH TO DATE    4.46                      4.48  -0.02     4.12
  SINCE SEP 1      9.76                     11.82  -2.06     8.55
  SINCE JAN 1     42.62                     48.90  -6.28    60.81

SNOWFALL (IN)
  TODAY            0.0                       0.0    0.0      0.0
  MONTH TO DATE    0.0                       0.0    0.0      0.0
  SINCE SEP 1      0.0                       0.0    0.0      0.0
  SINCE JUL 1      0.0                       0.0    0.0      0.0
  SNOW DEPTH       0

..................................................................


WIND (MPH)
  HIGHEST WIND SPEED     9   HIGHEST WIND DIRECTION    NE (50)
  HIGHEST GUST SPEED    12   HIGHEST GUST DIRECTION    NE (40)
  AVERAGE WIND SPEED     2.3


SKY COVER
  AVERAGE SKY COVER 0.0


WEATHER CONDITIONS
 THE FOLLOWING WEATHER WAS RECORDED TODAY.
  NO SIGNIFICANT WEATHER WAS OBSERVED.


RELATIVE HUMIDITY (PERCENT)
 HIGHEST    85           300 AM
 LOWEST     22           200 PM
 AVERAGE    54

..........................................................


THE BIRMINGHAM CLIMATE NORMALS FOR TOMORROW
                         NORMAL    RECORD    YEAR
 MAXIMUM TEMPERATURE (F)   60        76      1991
                                             1949
                                             1908
 MINIMUM TEMPERATURE (F)   40        19      1955


SUNRISE AND SUNSET
NOVEMBER 28 2014......SUNRISE   631 AM CST   SUNSET   439 PM CST
NOVEMBER 29 2014......SUNRISE   631 AM CST   SUNSET   439 PM CST


-  INDICATES NEGATIVE NUMBERS.
R  INDICATES RECORD WAS SET OR TIED.
MM INDICATES DATA IS MISSING.
T  INDICATES TRACE AMOUNT.




$$
