000
CDUS44 KBMX 300653
CLIBHM


CLIMATE REPORT
NATIONAL WEATHER SERVICE BIRMINGHAM, AL
151 AM CDT THU JUL 30 2015


...................................

...THE BIRMINGHAM CLIMATE SUMMARY FOR JULY 29 2015...

CLIMATE NORMAL PERIOD 1981 TO 2010
CLIMATE RECORD PERIOD 2014 TO 2015


WEATHER ITEM   OBSERVED TIME   RECORD YEAR NORMAL DEPARTURE LAST
                VALUE   (LST)  VALUE       VALUE  FROM      YEAR
                                                  NORMAL
..................................................................
TEMPERATURE (F)
 YESTERDAY
  MAXIMUM         95    107 PM 107    1930  91      4       84
  MINIMUM         77   1159 PM  60    1994  72      5       61
  AVERAGE         86                        81      5       73

PRECIPITATION (IN)
  YESTERDAY        0.17          2.16 2005   0.14   0.03     0.00
  MONTH TO DATE    7.41                      4.51   2.90     0.92
  SINCE JUN 1      9.11                      8.89   0.22     5.73
  SINCE JAN 1     34.84                     32.86   1.98    28.59

DEGREE DAYS
 COOLING
  YESTERDAY       21                        16      5        8
  MONTH TO DATE  522                       461     61      414
  SINCE JUN 1    988                       843    145      820
  SINCE JAN 1   1323                      1125    198     1113
..................................................................


WIND (MPH)
  HIGHEST WIND SPEED    30   HIGHEST WIND DIRECTION     N (20)
  HIGHEST GUST SPEED    38   HIGHEST GUST DIRECTION     N (10)
  AVERAGE WIND SPEED     3.5


SKY COVER
  AVERAGE SKY COVER 0.6


WEATHER CONDITIONS
 THE FOLLOWING WEATHER WAS RECORDED YESTERDAY.
  THUNDERSTORM
  RAIN
  LIGHT RAIN
  FOG


RELATIVE HUMIDITY (PERCENT)
 HIGHEST    97           800 PM
 LOWEST     52           100 PM
 AVERAGE    75

..........................................................


THE BIRMINGHAM CLIMATE NORMALS FOR TODAY
                         NORMAL    RECORD    YEAR
 MAXIMUM TEMPERATURE (F)   91       101      1986
 MINIMUM TEMPERATURE (F)   72        57      2014


SUNRISE AND SUNSET
JULY 30 2015..........SUNRISE   558 AM CDT   SUNSET   749 PM CDT
JULY 31 2015..........SUNRISE   558 AM CDT   SUNSET   748 PM CDT


-  INDICATES NEGATIVE NUMBERS.
R  INDICATES RECORD WAS SET OR TIED.
MM INDICATES DATA IS MISSING.
T  INDICATES TRACE AMOUNT.




$$
