000
CDUS44 KBMX 250838
CLIBHM


CLIMATE REPORT
NATIONAL WEATHER SERVICE BIRMINGHAM, AL
338 AM CDT SAT MAR 25 2017


...................................

...THE BIRMINGHAM CLIMATE SUMMARY FOR MARCH 24 2017...

CLIMATE NORMAL PERIOD 1981 TO 2010
CLIMATE RECORD PERIOD 1895 TO 2017


WEATHER ITEM   OBSERVED TIME   RECORD YEAR NORMAL DEPARTURE LAST
                VALUE   (LST)  VALUE       VALUE  FROM      YEAR
                                                  NORMAL
..................................................................
TEMPERATURE (F)
 YESTERDAY
  MAXIMUM         75    300 PM  89    1929  69      6       66
  MINIMUM         62        MM  23    1968  45     17       58
  AVERAGE         69                        57     12       62

PRECIPITATION (IN)
  YESTERDAY        0.00          1.91 1957   0.16  -0.16     1.58
  MONTH TO DATE    2.78                      4.09  -1.31     4.73
  SINCE MAR 1      2.78                      4.09  -1.31     4.73
  SINCE JAN 1     12.44                     13.46  -1.02    15.47

SNOWFALL (IN)
  YESTERDAY        0.0                       0.0    0.0      0.0
  MONTH TO DATE    0.0                       0.5   -0.5      0.0
  SINCE MAR 1      0.0                       0.5   -0.5      0.0
  SINCE JUL 1      0.3                       1.3   -1.0       T
  SNOW DEPTH       0

DEGREE DAYS
 HEATING
  YESTERDAY        0                         9     -9        3
  MONTH TO DATE  250                       268    -18      165
  SINCE MAR 1    250                       268    -18      165
  SINCE JUL 1   1622                      2458   -836     1835

 COOLING
  YESTERDAY        4                         1      3        0
  MONTH TO DATE   17                        14      3       37
  SINCE MAR 1     17                        14      3       37
  SINCE JAN 1     32                        18     14       44
..................................................................


WIND (MPH)
  HIGHEST WIND SPEED    18   HIGHEST WIND DIRECTION    SE (130)
  HIGHEST GUST SPEED    28   HIGHEST GUST DIRECTION    SE (130)
  AVERAGE WIND SPEED    11.3


SKY COVER
  AVERAGE SKY COVER 0.9


WEATHER CONDITIONS
 THE FOLLOWING WEATHER WAS RECORDED YESTERDAY.
  NO SIGNIFICANT WEATHER WAS OBSERVED.


RELATIVE HUMIDITY (PERCENT)
 HIGHEST    67           300 AM
 LOWEST     46           100 PM
 AVERAGE    57

..........................................................


THE BIRMINGHAM CLIMATE NORMALS FOR TODAY
                         NORMAL    RECORD    YEAR
 MAXIMUM TEMPERATURE (F)   69        88      1907
 MINIMUM TEMPERATURE (F)   46        25      1983
                                             1966


SUNRISE AND SUNSET
MARCH 25 2017.........SUNRISE   644 AM CDT   SUNSET   703 PM CDT
MARCH 26 2017.........SUNRISE   642 AM CDT   SUNSET   703 PM CDT


-  INDICATES NEGATIVE NUMBERS.
R  INDICATES RECORD WAS SET OR TIED.
MM INDICATES DATA IS MISSING.
T  INDICATES TRACE AMOUNT.




$$
