000
CDUS44 KBMX 240736
CLIBHM


CLIMATE REPORT
NATIONAL WEATHER SERVICE BIRMINGHAM, AL
235 AM CDT SAT JUN 24 2017


...................................

...THE BIRMINGHAM CLIMATE SUMMARY FOR JUNE 23 2017...

CLIMATE NORMAL PERIOD 1981 TO 2010
CLIMATE RECORD PERIOD 1895 TO 2017


WEATHER ITEM   OBSERVED TIME   RECORD YEAR NORMAL DEPARTURE LAST
                VALUE   (LST)  VALUE       VALUE  FROM      YEAR
                                                  NORMAL
..................................................................
TEMPERATURE (F)
 YESTERDAY
  MAXIMUM         88    108 PM 100    1897  89     -1       93
  MINIMUM         73    908 PM  48    1972  69      4       76
  AVERAGE         81                        79      2       85

PRECIPITATION (IN)
  YESTERDAY        1.59          4.11 1900   0.14   1.45     0.00
  MONTH TO DATE    7.61                      3.29   4.32     2.62
  SINCE JUN 1      7.61                      3.29   4.32     2.62
  SINCE JAN 1     35.27                     27.26   8.01    24.23

DEGREE DAYS
 COOLING
  YESTERDAY       16                        14      2       20
  MONTH TO DATE  280                       279      1      349
  SINCE JUN 1    280                       279      1      349
  SINCE JAN 1    742                       561    181      672
..................................................................


WIND (MPH)
  HIGHEST WIND SPEED    29   HIGHEST WIND DIRECTION    SW (230)
  HIGHEST GUST SPEED    43   HIGHEST GUST DIRECTION     W (270)
  AVERAGE WIND SPEED    12.6


SKY COVER
  AVERAGE SKY COVER 0.9


WEATHER CONDITIONS
 THE FOLLOWING WEATHER WAS RECORDED YESTERDAY.
  THUNDERSTORM
  HEAVY RAIN
  RAIN
  LIGHT RAIN
  FOG


RELATIVE HUMIDITY (PERCENT)
 HIGHEST    94          1200 AM
 LOWEST     59           100 PM
 AVERAGE    77

..........................................................


THE BIRMINGHAM CLIMATE NORMALS FOR TODAY
                         NORMAL    RECORD    YEAR
 MAXIMUM TEMPERATURE (F)   89        99      1981
 MINIMUM TEMPERATURE (F)   70        54      1972


SUNRISE AND SUNSET
JUNE 24 2017..........SUNRISE   538 AM CDT   SUNSET   801 PM CDT
JUNE 25 2017..........SUNRISE   538 AM CDT   SUNSET   801 PM CDT


-  INDICATES NEGATIVE NUMBERS.
R  INDICATES RECORD WAS SET OR TIED.
MM INDICATES DATA IS MISSING.
T  INDICATES TRACE AMOUNT.




$$
