000
CDUS44 KBMX 260939
CLIBHM


CLIMATE REPORT
NATIONAL WEATHER SERVICE BIRMINGHAM, AL
438 AM CDT SAT JUL 26 2014


...................................

...THE BIRMINGHAM CLIMATE SUMMARY FOR JULY 25 2014...

CLIMATE NORMAL PERIOD 1981 TO 2010
CLIMATE RECORD PERIOD 1895 TO 2014


WEATHER ITEM   OBSERVED TIME   RECORD YEAR NORMAL DEPARTURE LAST
                VALUE   (LST)  VALUE       VALUE  FROM      YEAR
                                                  NORMAL
..................................................................
TEMPERATURE (F)
 YESTERDAY
  MAXIMUM         91    330 PM 106    1952  91      0       86
  MINIMUM         67   1112 PM  60    1911  72     -5       70
  AVERAGE         79                        81     -2       78

PRECIPITATION (IN)
  YESTERDAY        0.00          1.49 1922   0.15  -0.15     0.00
  MONTH TO DATE    0.92                      3.93  -3.01     7.84
  SINCE JUN 1      5.73                      8.31  -2.58    16.50
  SINCE JAN 1     28.59                     32.28  -3.69    47.01

DEGREE DAYS
 COOLING
  YESTERDAY       14                        16     -2       13
  MONTH TO DATE  355                       397    -42      333
  SINCE JUN 1    761                       779    -18      754
  SINCE JAN 1   1054                      1061     -7     1019
..................................................................


WIND (MPH)
  HIGHEST WIND SPEED    13   HIGHEST WIND DIRECTION     N (340)
  HIGHEST GUST SPEED    17   HIGHEST GUST DIRECTION    NW (310)
  AVERAGE WIND SPEED     3.5


SKY COVER
  AVERAGE SKY COVER 0.3


WEATHER CONDITIONS
 THE FOLLOWING WEATHER WAS RECORDED YESTERDAY.
  FOG


RELATIVE HUMIDITY (PERCENT)
 HIGHEST    90           200 AM
 LOWEST     38           300 PM
 AVERAGE    64

..........................................................


THE BIRMINGHAM CLIMATE NORMALS FOR TODAY
                         NORMAL    RECORD    YEAR
 MAXIMUM TEMPERATURE (F)   91       101      1952
 MINIMUM TEMPERATURE (F)   72        58      1911


SUNRISE AND SUNSET
JULY 26 2014..........SUNRISE   555 AM CDT   SUNSET   752 PM CDT
JULY 27 2014..........SUNRISE   556 AM CDT   SUNSET   751 PM CDT


-  INDICATES NEGATIVE NUMBERS.
R  INDICATES RECORD WAS SET OR TIED.
MM INDICATES DATA IS MISSING.
T  INDICATES TRACE AMOUNT.




$$
