000
CDUS44 KBMX 200940
CLIBHM


CLIMATE REPORT
NATIONAL WEATHER SERVICE BIRMINGHAM, AL
440 AM CDT WED AUG 20 2014


...................................

...THE BIRMINGHAM CLIMATE SUMMARY FOR AUGUST 19 2014...

CLIMATE NORMAL PERIOD 1981 TO 2010
CLIMATE RECORD PERIOD 1895 TO 2014


WEATHER ITEM   OBSERVED TIME   RECORD YEAR NORMAL DEPARTURE LAST
                VALUE   (LST)  VALUE       VALUE  FROM      YEAR
                                                  NORMAL
..................................................................
TEMPERATURE (F)
 YESTERDAY
  MAXIMUM         91    157 PM 103    1999  91      0       85
                                      1990
  MINIMUM         71    441 AM  62    1992  71      0       70
                                      1976
                                      1967
  AVERAGE         81                        81      0       78

PRECIPITATION (IN)
  YESTERDAY        0.72          2.46 1901   0.12   0.60      T
  MONTH TO DATE    3.05                      2.48   0.57     4.23
  SINCE JUN 1      8.78                     11.66  -2.88    21.69
  SINCE JAN 1     31.64                     35.63  -3.99    52.20

DEGREE DAYS
 COOLING
  YESTERDAY       16                        16      0       13
  MONTH TO DATE  306                       304      2      246
  SINCE JUN 1   1144                      1185    -41     1083
  SINCE JAN 1   1437                      1467    -30     1348
..................................................................


WIND (MPH)
  HIGHEST WIND SPEED    15   HIGHEST WIND DIRECTION     N (10)
  HIGHEST GUST SPEED    24   HIGHEST GUST DIRECTION     N (10)
  AVERAGE WIND SPEED     6.4


SKY COVER
  AVERAGE SKY COVER 0.8


WEATHER CONDITIONS
 THE FOLLOWING WEATHER WAS RECORDED YESTERDAY.
  THUNDERSTORM
  HEAVY RAIN
  LIGHT RAIN
  FOG


RELATIVE HUMIDITY (PERCENT)
 HIGHEST    94          1200 AM
 LOWEST     52           200 PM
 AVERAGE    73

..........................................................


THE BIRMINGHAM CLIMATE NORMALS FOR TODAY
                         NORMAL    RECORD    YEAR
 MAXIMUM TEMPERATURE (F)   91       102      1925
 MINIMUM TEMPERATURE (F)   71        58      1927


SUNRISE AND SUNSET
AUGUST 20 2014........SUNRISE   613 AM CDT   SUNSET   727 PM CDT
AUGUST 21 2014........SUNRISE   613 AM CDT   SUNSET   726 PM CDT


-  INDICATES NEGATIVE NUMBERS.
R  INDICATES RECORD WAS SET OR TIED.
MM INDICATES DATA IS MISSING.
T  INDICATES TRACE AMOUNT.




$$
