000
CDUS44 KBMX 050928
CLIBHM


CLIMATE REPORT
NATIONAL WEATHER SERVICE BIRMINGHAM, AL
427 AM CDT SAT SEP 5 2015


...................................

...THE BIRMINGHAM CLIMATE SUMMARY FOR SEPTEMBER 4 2015...

CLIMATE NORMAL PERIOD 1981 TO 2010
CLIMATE RECORD PERIOD 2014 TO 2015


WEATHER ITEM   OBSERVED TIME   RECORD YEAR NORMAL DEPARTURE LAST
                VALUE   (LST)  VALUE       VALUE  FROM      YEAR
                                                  NORMAL
..................................................................
TEMPERATURE (F)
 YESTERDAY
  MAXIMUM         92    331 PM 105    1925  89      3       88
  MINIMUM         71    539 AM  50    1952  68      3       72
  AVERAGE         82                        78      4       80

PRECIPITATION (IN)
  YESTERDAY        0.00          1.95 1939   0.12  -0.12     0.00
  MONTH TO DATE    T                         0.50  -0.50     0.19
  SINCE SEP 1      T                         0.50  -0.50     0.19
  SINCE JAN 1     42.07                     37.58   4.49    33.05

DEGREE DAYS
 HEATING
  YESTERDAY        0                         0      0        0
  MONTH TO DATE    0                         0      0        0
  SINCE SEP 1      0                         0      0        0
  SINCE JUL 1      0                         0      0        0

 COOLING
  YESTERDAY       17                        13      4       15
  MONTH TO DATE   65                        55     10       70
  SINCE SEP 1     65                        55     10       70
  SINCE JAN 1   1879                      1705    174     1710
..................................................................


WIND (MPH)
  HIGHEST WIND SPEED    10   HIGHEST WIND DIRECTION    NE (30)
  HIGHEST GUST SPEED    15   HIGHEST GUST DIRECTION     N (10)
  AVERAGE WIND SPEED     2.4


SKY COVER
  AVERAGE SKY COVER 0.3


WEATHER CONDITIONS
 THE FOLLOWING WEATHER WAS RECORDED YESTERDAY.
  HAZE


RELATIVE HUMIDITY (PERCENT)
 HIGHEST   100           400 AM
 LOWEST     49           100 PM
 AVERAGE    75

..........................................................


THE BIRMINGHAM CLIMATE NORMALS FOR TODAY
                         NORMAL    RECORD    YEAR
 MAXIMUM TEMPERATURE (F)   88       106      1925
 MINIMUM TEMPERATURE (F)   68        53      1984


SUNRISE AND SUNSET
SEPTEMBER  5 2015.....SUNRISE   623 AM CDT   SUNSET   707 PM CDT
SEPTEMBER  6 2015.....SUNRISE   624 AM CDT   SUNSET   706 PM CDT


-  INDICATES NEGATIVE NUMBERS.
R  INDICATES RECORD WAS SET OR TIED.
MM INDICATES DATA IS MISSING.
T  INDICATES TRACE AMOUNT.




$$
