000
CDUS44 KBMX 220735
CLIBHM


CLIMATE REPORT
NATIONAL WEATHER SERVICE BIRMINGHAM, AL
234 AM CDT TUE AUG 22 2017


...................................

...THE BIRMINGHAM CLIMATE SUMMARY FOR AUGUST 21 2017...

CLIMATE NORMAL PERIOD 1981 TO 2010
CLIMATE RECORD PERIOD 1895 TO 2017


WEATHER ITEM   OBSERVED TIME   RECORD YEAR NORMAL DEPARTURE LAST
                VALUE   (LST)  VALUE       VALUE  FROM      YEAR
                                                  NORMAL
..................................................................
TEMPERATURE (F)
 YESTERDAY
  MAXIMUM         93    310 PM 102    1983  91      2       88
  MINIMUM         73    459 AM  55    1927  71      2       73
  AVERAGE         83                        81      2       81

PRECIPITATION (IN)
  YESTERDAY        0.00          2.69 1992   0.12  -0.12     0.45
  MONTH TO DATE    4.35                      2.74   1.61     2.36
  SINCE JUN 1     24.64                     11.92  12.72    13.40
  SINCE JAN 1     52.30                     35.89  16.41    35.01

DEGREE DAYS
 COOLING
  YESTERDAY       18                        16      2       16
  MONTH TO DATE  336                       336      0      381
  SINCE JUN 1   1226                      1217      9     1450
  SINCE JAN 1   1688                      1499    189     1773
..................................................................


WIND (MPH)
  HIGHEST WIND SPEED     8   HIGHEST WIND DIRECTION    SE (140)
  HIGHEST GUST SPEED    12   HIGHEST GUST DIRECTION     E (70)
  AVERAGE WIND SPEED     1.7


SKY COVER
  AVERAGE SKY COVER 0.1


WEATHER CONDITIONS
 THE FOLLOWING WEATHER WAS RECORDED YESTERDAY.
  NO SIGNIFICANT WEATHER WAS OBSERVED.


RELATIVE HUMIDITY (PERCENT)
 HIGHEST    94          1200 AM
 LOWEST     44           300 PM
 AVERAGE    69

..........................................................


THE BIRMINGHAM CLIMATE NORMALS FOR TODAY
                         NORMAL    RECORD    YEAR
 MAXIMUM TEMPERATURE (F)   90       104      2007
 MINIMUM TEMPERATURE (F)   71        53      1956


SUNRISE AND SUNSET
AUGUST 22 2017........SUNRISE   614 AM CDT   SUNSET   725 PM CDT
AUGUST 23 2017........SUNRISE   615 AM CDT   SUNSET   723 PM CDT


-  INDICATES NEGATIVE NUMBERS.
R  INDICATES RECORD WAS SET OR TIED.
MM INDICATES DATA IS MISSING.
T  INDICATES TRACE AMOUNT.




$$
