000
CDUS44 KBMX 292109
CLIBHM


CLIMATE REPORT
NATIONAL WEATHER SERVICE BIRMINGHAM, AL
409 PM CDT SUN MAR 29 2015


...................................

...THE BIRMINGHAM CLIMATE SUMMARY FOR MARCH 29 2015...
VALID AS OF 0400 PM LOCAL TIME.

CLIMATE NORMAL PERIOD 1981 TO 2010
CLIMATE RECORD PERIOD 2014 TO 2015


WEATHER ITEM   OBSERVED TIME   RECORD YEAR NORMAL DEPARTURE LAST
                VALUE   (LST)  VALUE       VALUE  FROM      YEAR
                                                  NORMAL
..................................................................
TEMPERATURE (F)
 TODAY
  MAXIMUM         62    259 PM  87    2007  70     -8       64
  MINIMUM         33    153 AM  25    1955  46    -13       46
  AVERAGE         48                        58    -10       55

PRECIPITATION (IN)
  TODAY            0.00          2.16 1944   0.16  -0.16     0.33
  MONTH TO DATE    3.53                      4.91  -1.38     4.72
  SINCE MAR 1      3.53                      4.91  -1.38     4.72
  SINCE JAN 1     12.23                     14.28  -2.05    11.65

SNOWFALL (IN)
  TODAY            0.0                       0.0    0.0      0.0
  MONTH TO DATE    0.1                       0.6   -0.5      0.0
  SINCE MAR 1      0.1                       0.6   -0.5      0.0
  SINCE JUL 1      0.8                       1.4   -0.6      5.0
  SNOW DEPTH       0

DEGREE DAYS

 COOLING
  TODAY            0                         1     -1        0
  MONTH TO DATE    5                        19    -14        0
  SINCE MAR 1      5                        19    -14        0
  SINCE JAN 1      5                        23    -18        3
..................................................................


WIND (MPH)
  HIGHEST WIND SPEED    13   HIGHEST WIND DIRECTION     S (190)
  HIGHEST GUST SPEED    18   HIGHEST GUST DIRECTION     S (180)
  AVERAGE WIND SPEED     5.1


SKY COVER
  AVERAGE SKY COVER 0.5


WEATHER CONDITIONS
 THE FOLLOWING WEATHER WAS RECORDED TODAY.
  NO SIGNIFICANT WEATHER WAS OBSERVED.


RELATIVE HUMIDITY (PERCENT)
 HIGHEST    75           200 AM
 LOWEST     24          1000 AM
 AVERAGE    50

..........................................................


THE BIRMINGHAM CLIMATE NORMALS FOR TOMORROW
                         NORMAL    RECORD    YEAR
 MAXIMUM TEMPERATURE (F)   70        86      1946
 MINIMUM TEMPERATURE (F)   46        25      1964


SUNRISE AND SUNSET
MARCH 29 2015.........SUNRISE   639 AM CDT   SUNSET   705 PM CDT
MARCH 30 2015.........SUNRISE   638 AM CDT   SUNSET   706 PM CDT


-  INDICATES NEGATIVE NUMBERS.
R  INDICATES RECORD WAS SET OR TIED.
MM INDICATES DATA IS MISSING.
T  INDICATES TRACE AMOUNT.




$$
