000
CDUS45 KVEF 010834
CLIBIH


CLIMATE REPORT
NATIONAL WEATHER SERVICE LAS VEGAS, NV
132 AM PDT SUN MAY 1 2016


...................................

...THE BISHOP CA CLIMATE SUMMARY FOR APRIL 30 2016...

CLIMATE NORMAL PERIOD 1981 TO 2010
CLIMATE RECORD PERIOD 1943 TO 2016


WEATHER ITEM   OBSERVED TIME   RECORD YEAR NORMAL DEPARTURE LAST
                VALUE   (LST)  VALUE       VALUE  FROM      YEAR
                                                  NORMAL
..................................................................
TEMPERATURE (F)
 YESTERDAY
  MAXIMUM         67    418 PM  93    1981  77    -10       84
  MINIMUM         47    549 AM  25    2002  40      7       54
  AVERAGE         57                        59     -2       69

PRECIPITATION (IN)
  YESTERDAY        T             0.35 1955   0.01  -0.01     0.00
  MONTH TO DATE    1.04                      0.26   0.78     0.01
  SINCE OCT 1      3.04                      4.31  -1.27     0.74
  SINCE JAN 1      2.23                      2.69  -0.46     0.28

SNOWFALL (IN)
  YESTERDAY        0.0           T    1951   0.0    0.0      0.0
  MONTH TO DATE    0.0                       0.1   -0.1      0.0
  SINCE MAR 1      T                         0.6   -0.6       T
  SINCE JUL 1      2.0                       8.0   -6.0       T
  SNOW DEPTH       0

DEGREE DAYS
 HEATING
  YESTERDAY        8                         7      1        0
  MONTH TO DATE  207                       319   -112      250
  SINCE MAR 1    602                       835   -233      550
  SINCE JUL 1   3658                      4042   -384     2991

 COOLING
  YESTERDAY        0                         0      0        4
  MONTH TO DATE    0                         4     -4        4
  SINCE MAR 1      0                         4     -4        4
  SINCE JAN 1      0                         4     -4        4
..................................................................


WIND (MPH)
  RESULTANT WIND SPEED  18   RESULTANT WIND DIRECTION   N (0)
  HIGHEST WIND SPEED    30   HIGHEST WIND DIRECTION     N (360)
  HIGHEST GUST SPEED    38   HIGHEST GUST DIRECTION     N (350)
  AVERAGE WIND SPEED    18.0


SKY COVER
  POSSIBLE SUNSHINE  MM
  AVERAGE SKY COVER 0.8


WEATHER CONDITIONS
 THE FOLLOWING WEATHER WAS RECORDED YESTERDAY.
  LIGHT RAIN


RELATIVE HUMIDITY (PERCENT)
 HIGHEST    56           100 AM
 LOWEST     26           500 PM
 AVERAGE    41

..........................................................


THE BISHOP CA CLIMATE NORMALS FOR TODAY
                         NORMAL    RECORD    YEAR
 MAXIMUM TEMPERATURE (F)   77        94      1981
 MINIMUM TEMPERATURE (F)   40        28      2002


SUNRISE AND SUNSET
MAY  1 2016...........SUNRISE   558 AM PDT   SUNSET   744 PM PDT
MAY  2 2016...........SUNRISE   557 AM PDT   SUNSET   745 PM PDT


-  INDICATES NEGATIVE NUMBERS.
R  INDICATES RECORD WAS SET OR TIED.
MM INDICATES DATA IS MISSING.
T  INDICATES TRACE AMOUNT.




$$
