000
CDUS45 KVEF 010828
CLIBIH


CLIMATE REPORT
NATIONAL WEATHER SERVICE LAS VEGAS, NV
1228 AM PST SUN FEB 1 2015


...................................

...THE BISHOP CA CLIMATE SUMMARY FOR JANUARY 31 2015...

CLIMATE NORMAL PERIOD 1981 TO 2010
CLIMATE RECORD PERIOD 1943 TO 2015


WEATHER ITEM   OBSERVED TIME   RECORD YEAR NORMAL DEPARTURE LAST
                VALUE   (LST)  VALUE       VALUE  FROM      YEAR
                                                  NORMAL
..................................................................
TEMPERATURE (F)
 YESTERDAY
  MAXIMUM         64    405 PM  72    1971  55      9       52
                                      1965
  MINIMUM         34   1117 PM   4    1969  24     10       32
  AVERAGE         49                        40      9       42

PRECIPITATION (IN)
  YESTERDAY        0.00          1.53 1963   0.03  -0.03     0.01
  MONTH TO DATE    0.09                      1.05  -0.96     0.20
  SINCE OCT 1      0.55                      2.67  -2.12     0.42
  SINCE JAN 1      0.09                      1.05  -0.96     0.20

SNOWFALL (IN)
  YESTERDAY        0.0           2.0  1979   0.1   -0.1       T
  MONTH TO DATE    0.0                       4.1   -4.1       T
  SINCE DEC 1      0.0                       5.4   -5.4      0.5
  SINCE JUL 1      0.0                       5.8   -5.8      0.5
  SNOW DEPTH       0

DEGREE DAYS
 HEATING
  YESTERDAY       16                        25     -9       23
  MONTH TO DATE  626                       821   -195      618
  SINCE DEC 1   1387                      1668   -281     1423
  SINCE JUL 1   2038                      2569   -531     2426

 COOLING
  YESTERDAY        0                         0      0        0
  MONTH TO DATE    0                         0      0        0
  SINCE DEC 1      0                         0      0        0
  SINCE JAN 1      0                         0      0        0
..................................................................


WIND (MPH)
  RESULTANT WIND SPEED  14   RESULTANT WIND DIRECTION   N (360)
  HIGHEST WIND SPEED    28   HIGHEST WIND DIRECTION     N (10)
  HIGHEST GUST SPEED    34   HIGHEST GUST DIRECTION     N (10)
  AVERAGE WIND SPEED    14.8


SKY COVER
  POSSIBLE SUNSHINE  MM
  AVERAGE SKY COVER 0.3


WEATHER CONDITIONS
 THE FOLLOWING WEATHER WAS RECORDED YESTERDAY.
  NO SIGNIFICANT WEATHER WAS OBSERVED.


RELATIVE HUMIDITY (PERCENT)
 HIGHEST    58           300 AM
 LOWEST     14           700 PM
 AVERAGE    36

..........................................................


THE BISHOP CA CLIMATE NORMALS FOR TODAY
                         NORMAL    RECORD    YEAR
 MAXIMUM TEMPERATURE (F)   55        73      2003
                                             1995
 MINIMUM TEMPERATURE (F)   24         9      1969
                                             1950
                                             1949


SUNRISE AND SUNSET
FEBRUARY  1 2015......SUNRISE   657 AM PST   SUNSET   518 PM PST
FEBRUARY  2 2015......SUNRISE   656 AM PST   SUNSET   519 PM PST


-  INDICATES NEGATIVE NUMBERS.
R  INDICATES RECORD WAS SET OR TIED.
MM INDICATES DATA IS MISSING.
T  INDICATES TRACE AMOUNT.




$$
