000
CDUS45 KVEF 300827
CLIBIH


CLIMATE REPORT
NATIONAL WEATHER SERVICE LAS VEGAS, NV
127 AM PDT MON MAY 30 2016


...................................

...THE BISHOP CA CLIMATE SUMMARY FOR MAY 29 2016...

CLIMATE NORMAL PERIOD 1981 TO 2010
CLIMATE RECORD PERIOD 1943 TO 2016


WEATHER ITEM   OBSERVED TIME   RECORD YEAR NORMAL DEPARTURE LAST
                VALUE   (LST)  VALUE       VALUE  FROM      YEAR
                                                  NORMAL
..................................................................
TEMPERATURE (F)
 YESTERDAY
  MAXIMUM         86    513 PM  99    2003  87     -1       95
  MINIMUM         47    525 AM  34    2008  47      0       52
                                      1990
  AVERAGE         67                        67      0       74

PRECIPITATION (IN)
  YESTERDAY        0.00          0.04 2011   0.01  -0.01     0.00
  MONTH TO DATE    0.34                      0.18   0.16     1.39
  SINCE OCT 1      3.38                      4.49  -1.11     2.13
  SINCE JAN 1      2.57                      2.87  -0.30     1.67

SNOWFALL (IN)
  YESTERDAY        0.0          MM      MM   0.0    0.0      0.0
  MONTH TO DATE    0.0                       0.0    0.0       T
  SINCE MAR 1      T                         0.6   -0.6       T
  SINCE JUL 1      2.0                       8.0   -6.0       T
  SNOW DEPTH       0

DEGREE DAYS
 HEATING
  YESTERDAY        0                         2     -2        0
  MONTH TO DATE   96                       113    -17      127
  SINCE MAR 1    698                       948   -250      677
  SINCE JUL 1   3754                      4155   -401     3118

 COOLING
  YESTERDAY        2                         4     -2        9
  MONTH TO DATE   31                        55    -24       29
  SINCE MAR 1     31                        59    -28       33
  SINCE JAN 1     31                        59    -28       33
..................................................................


WIND (MPH)
  RESULTANT WIND SPEED   3   RESULTANT WIND DIRECTION  NW (310)
  HIGHEST WIND SPEED    22   HIGHEST WIND DIRECTION    NW (330)
  HIGHEST GUST SPEED    29   HIGHEST GUST DIRECTION    NW (330)
  AVERAGE WIND SPEED     7.1


SKY COVER
  POSSIBLE SUNSHINE  MM
  AVERAGE SKY COVER 0.0


WEATHER CONDITIONS
 THE FOLLOWING WEATHER WAS RECORDED YESTERDAY.
  NO SIGNIFICANT WEATHER WAS OBSERVED.


RELATIVE HUMIDITY (PERCENT)
 HIGHEST    66           400 AM
 LOWEST     10           200 PM
 AVERAGE    38

..........................................................


THE BISHOP CA CLIMATE NORMALS FOR TODAY
                         NORMAL    RECORD    YEAR
 MAXIMUM TEMPERATURE (F)   87       100      1986
 MINIMUM TEMPERATURE (F)   47        30      2011


SUNRISE AND SUNSET
MAY 30 2016...........SUNRISE   535 AM PDT   SUNSET   808 PM PDT
MAY 31 2016...........SUNRISE   535 AM PDT   SUNSET   808 PM PDT


-  INDICATES NEGATIVE NUMBERS.
R  INDICATES RECORD WAS SET OR TIED.
MM INDICATES DATA IS MISSING.
T  INDICATES TRACE AMOUNT.




$$
