421
CDUS45 KVEF 170831
CLIBIH


CLIMATE REPORT
NATIONAL WEATHER SERVICE LAS VEGAS, NV
1231 AM PST TUE JAN 17 2017


...................................

...THE BISHOP CA CLIMATE SUMMARY FOR JANUARY 16 2017...

CLIMATE NORMAL PERIOD 1981 TO 2010
CLIMATE RECORD PERIOD 1943 TO 2017


WEATHER ITEM   OBSERVED TIME   RECORD YEAR NORMAL DEPARTURE LAST
                VALUE   (LST)  VALUE       VALUE  FROM      YEAR
                                                  NORMAL
..................................................................
TEMPERATURE (F)
 YESTERDAY
  MAXIMUM         56    145 PM  74    1976  54      2       58
  MINIMUM         29    740 AM   6    1993  23      6       25
  AVERAGE         43                        38      5       42

PRECIPITATION (IN)
  YESTERDAY        0.00          1.15 1978   0.04  -0.04     0.00
  MONTH TO DATE    3.70                      0.65   3.05     0.16
  SINCE OCT 1      4.06                      2.27   1.79     0.97
  SINCE JAN 1      3.70                      0.65   3.05     0.16

SNOWFALL (IN)
  YESTERDAY        0.0           3.0  1993   0.2   -0.2      0.0
  MONTH TO DATE    0.0                       3.3   -3.3      0.0
  SINCE DEC 1      T                         4.5   -4.5       T
  SINCE JUL 1      T                         4.8   -4.8       T
  SNOW DEPTH       0

DEGREE DAYS
 HEATING
  YESTERDAY       22                        27     -5       23
  MONTH TO DATE  408                       434    -26      469
  SINCE DEC 1   1197                      1280    -83     1380
  SINCE JUL 1   1940                      2181   -241     2194

 COOLING
  YESTERDAY        0                         0      0        0
  MONTH TO DATE    0                         0      0        0
  SINCE DEC 1      0                         0      0        0
  SINCE JAN 1      0                         0      0        0
..................................................................


WIND (MPH)
  RESULTANT WIND SPEED  11   RESULTANT WIND DIRECTION  NW (320)
  HIGHEST WIND SPEED    20   HIGHEST WIND DIRECTION     N (350)
  HIGHEST GUST SPEED    25   HIGHEST GUST DIRECTION     N (350)
  AVERAGE WIND SPEED    11.2


SKY COVER
  POSSIBLE SUNSHINE  MM
  AVERAGE SKY COVER 0.0


WEATHER CONDITIONS
 THE FOLLOWING WEATHER WAS RECORDED YESTERDAY.
  NO SIGNIFICANT WEATHER WAS OBSERVED.


RELATIVE HUMIDITY (PERCENT)
 HIGHEST    63           700 AM
 LOWEST     16           100 PM
 AVERAGE    40

..........................................................


THE BISHOP CA CLIMATE NORMALS FOR TODAY
                         NORMAL    RECORD    YEAR
 MAXIMUM TEMPERATURE (F)   54        76      2011
 MINIMUM TEMPERATURE (F)   23         2      1949


SUNRISE AND SUNSET
JANUARY 17 2017.......SUNRISE   706 AM PST   SUNSET   502 PM PST
JANUARY 18 2017.......SUNRISE   705 AM PST   SUNSET   503 PM PST


-  INDICATES NEGATIVE NUMBERS.
R  INDICATES RECORD WAS SET OR TIED.
MM INDICATES DATA IS MISSING.
T  INDICATES TRACE AMOUNT.




$$
