000
CDUS45 KVEF 210836
CLIBIH


CLIMATE REPORT
NATIONAL WEATHER SERVICE LAS VEGAS, NV
1235 AM PST TUE FEB 21 2017


...................................

...THE BISHOP CA CLIMATE SUMMARY FOR FEBRUARY 20 2017...

CLIMATE NORMAL PERIOD 1981 TO 2010
CLIMATE RECORD PERIOD 1943 TO 2017


WEATHER ITEM   OBSERVED TIME   RECORD YEAR NORMAL DEPARTURE LAST
                VALUE   (LST)  VALUE       VALUE  FROM      YEAR
                                                  NORMAL
..................................................................
TEMPERATURE (F)
 YESTERDAY
  MAXIMUM         50    132 PM  77    2015  59     -9       69
                                      1982
  MINIMUM         36    408 AM  15    1951  27      9       25
  AVERAGE         43                        43      0       47

PRECIPITATION (IN)
  YESTERDAY        0.19          0.37 2000   0.03   0.16     0.00
  MONTH TO DATE    2.21                      0.60   1.61     0.06
  SINCE OCT 1      7.80                      3.27   4.53     1.93
  SINCE JAN 1      7.44                      1.65   5.79     1.12

SNOWFALL (IN)
  YESTERDAY        0.0           4.0  1944   0.0    0.0      0.0
  MONTH TO DATE    0.0                       0.6   -0.6      0.0
  SINCE DEC 1      8.6                       7.0    1.6      2.0
  SINCE JUL 1      8.6                       7.3    1.3      2.0
  SNOW DEPTH       0

DEGREE DAYS
 HEATING
  YESTERDAY       22                        22      0       18
  MONTH TO DATE  390                       472    -82      398
  SINCE DEC 1   2054                      2140    -86     2124
  SINCE JUL 1   2797                      3041   -244     2938

 COOLING
  YESTERDAY        0                         0      0        0
  MONTH TO DATE    0                         0      0        0
  SINCE DEC 1      0                         0      0        0
  SINCE JAN 1      0                         0      0        0
..................................................................


WIND (MPH)
  RESULTANT WIND SPEED  11   RESULTANT WIND DIRECTION  SE (150)
  HIGHEST WIND SPEED    29   HIGHEST WIND DIRECTION    SE (150)
  HIGHEST GUST SPEED    38   HIGHEST GUST DIRECTION    SE (150)
  AVERAGE WIND SPEED    12.5


SKY COVER
  POSSIBLE SUNSHINE  MM
  AVERAGE SKY COVER 0.8


WEATHER CONDITIONS
 THE FOLLOWING WEATHER WAS RECORDED YESTERDAY.
  LIGHT RAIN
  FOG


RELATIVE HUMIDITY (PERCENT)
 HIGHEST    93          1200 PM
 LOWEST     71          1100 PM
 AVERAGE    82

..........................................................


THE BISHOP CA CLIMATE NORMALS FOR TODAY
                         NORMAL    RECORD    YEAR
 MAXIMUM TEMPERATURE (F)   59        75      1948
 MINIMUM TEMPERATURE (F)   28        16      1987


SUNRISE AND SUNSET
FEBRUARY 21 2017......SUNRISE   635 AM PST   SUNSET   540 PM PST
FEBRUARY 22 2017......SUNRISE   634 AM PST   SUNSET   541 PM PST


-  INDICATES NEGATIVE NUMBERS.
R  INDICATES RECORD WAS SET OR TIED.
MM INDICATES DATA IS MISSING.
T  INDICATES TRACE AMOUNT.




$$
