003
CDUS45 KVEF 300052
CLIBIH


CLIMATE REPORT
NATIONAL WEATHER SERVICE LAS VEGAS, NV
551 PM PDT MON AUG 29 2016


...................................

...THE BISHOP CA CLIMATE SUMMARY FOR AUGUST 29 2016...
VALID TODAY AS OF 0500 PM LOCAL TIME.

CLIMATE NORMAL PERIOD 1981 TO 2010
CLIMATE RECORD PERIOD 1943 TO 2016


WEATHER ITEM   OBSERVED RECORD YEAR NORMAL DEPARTURE LAST
                VALUE   VALUE       VALUE  FROM      YEAR
                                           NORMAL
...........................................................
TEMPERATURE (F)
 TODAY
  MAXIMUM        100    105    1950  94      6       97
  MINIMUM         52     40    1946  51      1       56
  AVERAGE         76

PRECIPITATION (IN)
  TODAY            0.00   0.20 2000   0.00   0.00     0.00
  MONTH TO DATE    T                  0.12  -0.12     0.02
  SINCE OCT 1      3.88               4.97  -1.09     3.01
  SINCE JAN 1      3.07               3.35  -0.28     2.55

SNOWFALL (IN)
  TODAY            0.0   MM      MM   0.0    0.0      0.0
  MONTH TO DATE    0.0                0.0    0.0      0.0
  SINCE JUN 1      0.0                0.0    0.0      0.0
  SINCE JUL 1      0.0                0.0    0.0      0.0
  SNOW DEPTH       0

DEGREE DAYS
 HEATING
  TODAY            0                  0      0        0
  MONTH TO DATE    0                  0      0        0
  SINCE JUN 1      3                 20    -17        0
  SINCE JUL 1      0                  1     -1        0

 COOLING
  TODAY           11                  8      3       12
  MONTH TO DATE  333                298     35      381
  SINCE JUN 1   1152                894    258     1077
  SINCE JAN 1   1199                962    237     1128
...........................................................


WIND (MPH)
  RESULTANT WIND SPEED   0   RESULTANT WIND DIRECTION   E (80)
  HIGHEST WIND SPEED    16   HIGHEST WIND DIRECTION    SE (150)
  HIGHEST GUST SPEED    22   HIGHEST GUST DIRECTION     S (180)
  AVERAGE WIND SPEED     5.7


SKY COVER
  POSSIBLE SUNSHINE  MM
  AVERAGE SKY COVER 0.0


WEATHER CONDITIONS
 THE FOLLOWING WEATHER WAS RECORDED TODAY.
  NO SIGNIFICANT WEATHER WAS OBSERVED.


RELATIVE HUMIDITY (PERCENT)
 HIGHEST    41           500 AM
 LOWEST      6           200 PM
 AVERAGE    24

..........................................................


THE BISHOP CA CLIMATE NORMALS FOR TOMORROW
                         NORMAL    RECORD    YEAR
 MAXIMUM TEMPERATURE (F)   94       103      1998
                                             1996
                                             1950
 MINIMUM TEMPERATURE (F)   51        40      2010


SUNRISE AND SUNSET
AUGUST 29 2016........SUNRISE   622 AM PDT   SUNSET   726 PM PDT
AUGUST 30 2016........SUNRISE   623 AM PDT   SUNSET   724 PM PDT


-  INDICATES NEGATIVE NUMBERS.
R  INDICATES RECORD WAS SET OR TIED.
MM INDICATES DATA IS MISSING.
T  INDICATES TRACE AMOUNT.




$$
