000
CDUS45 KVEF 230826
CLIBIH


CLIMATE REPORT
NATIONAL WEATHER SERVICE LAS VEGAS, NV
126 AM PDT MON OCT 23 2017


...................................

...THE BISHOP CA CLIMATE SUMMARY FOR OCTOBER 22 2017...

CLIMATE NORMAL PERIOD 1981 TO 2010
CLIMATE RECORD PERIOD 1943 TO 2017


WEATHER ITEM   OBSERVED TIME   RECORD YEAR NORMAL DEPARTURE LAST
                VALUE   (LST)  VALUE       VALUE  FROM      YEAR
                                                  NORMAL
..................................................................
TEMPERATURE (F)
 YESTERDAY
  MAXIMUM         82    325 PM  87    2003  74      8       81
                                      1988
                                      1962
  MINIMUM         32    541 AM  20    1996  35     -3       34
  AVERAGE         57                        55      2       58

PRECIPITATION (IN)
  YESTERDAY        0.00          T    2012   0.01  -0.01     0.00
                                      2005
                                      1953
  MONTH TO DATE    0.00                      0.19  -0.19     0.00
  SINCE OCT 1      0.00                      0.19  -0.19     0.00
  SINCE JAN 1      8.82                      3.74   5.08     3.07

SNOWFALL (IN)
  YESTERDAY       MM            MM      MM   0.0   MM        0.0
  MONTH TO DATE    0.0                       0.0    0.0      0.0
  SINCE SEP 1      0.0                       0.0    0.0      0.0
  SINCE JUL 1      0.0                       0.0    0.0      0.0
  SNOW DEPTH       0

DEGREE DAYS
 HEATING
  YESTERDAY        8                        10     -2        7
  MONTH TO DATE  199                       152     47      119
  SINCE SEP 1    271                       193     78      136
  SINCE JUL 1    271                       195     76      136

 COOLING
  YESTERDAY        0                         0      0        0
  MONTH TO DATE    0                         7     -7       10
  SINCE SEP 1    134                       126      8      138
  SINCE JAN 1   1407                      1103    304     1361
..................................................................


WIND (MPH)
  RESULTANT WIND SPEED   4   RESULTANT WIND DIRECTION  NW (330)
  HIGHEST WIND SPEED    12   HIGHEST WIND DIRECTION     N (350)
  HIGHEST GUST SPEED    12   HIGHEST GUST DIRECTION     N (350)
  AVERAGE WIND SPEED     5.1


SKY COVER
  POSSIBLE SUNSHINE  MM
  AVERAGE SKY COVER 0.0


WEATHER CONDITIONS
 THE FOLLOWING WEATHER WAS RECORDED YESTERDAY.
  NO SIGNIFICANT WEATHER WAS OBSERVED.


RELATIVE HUMIDITY (PERCENT)
 HIGHEST    61           600 AM
 LOWEST      8           300 PM
 AVERAGE    35

..........................................................


THE BISHOP CA CLIMATE NORMALS FOR TODAY
                         NORMAL    RECORD    YEAR
 MAXIMUM TEMPERATURE (F)   73        93      1959
 MINIMUM TEMPERATURE (F)   35        24      1961


SUNRISE AND SUNSET
OCTOBER 23 2017.......SUNRISE   709 AM PDT   SUNSET   605 PM PDT
OCTOBER 24 2017.......SUNRISE   710 AM PDT   SUNSET   604 PM PDT


-  INDICATES NEGATIVE NUMBERS.
R  INDICATES RECORD WAS SET OR TIED.
MM INDICATES DATA IS MISSING.
T  INDICATES TRACE AMOUNT.




$$
