000
CDUS45 KVEF 290832
CLIBIH


CLIMATE REPORT
NATIONAL WEATHER SERVICE LAS VEGAS, NV
132 AM PDT THU SEP 29 2016


...................................

...THE BISHOP CA CLIMATE SUMMARY FOR SEPTEMBER 28 2016...

CLIMATE NORMAL PERIOD 1981 TO 2010
CLIMATE RECORD PERIOD 1943 TO 2016


WEATHER ITEM   OBSERVED TIME   RECORD YEAR NORMAL DEPARTURE LAST
                VALUE   (LST)  VALUE       VALUE  FROM      YEAR
                                                  NORMAL
..................................................................
TEMPERATURE (F)
 YESTERDAY
  MAXIMUM         88   1237 PM  99    2010  83      5       90
  MINIMUM         47    454 AM  31    2013  43      4       52
                                      1971
  AVERAGE         68                        63      5       71

PRECIPITATION (IN)
  YESTERDAY        0.00          1.25 1994   0.01  -0.01     0.00
  MONTH TO DATE    T                         0.17  -0.17     0.01
  SINCE OCT 1      3.88                      5.15  -1.27     3.02
  SINCE JAN 1      3.07                      3.53  -0.46     2.56

SNOWFALL (IN)
  YESTERDAY        0.0          MM      MM   0.0    0.0      0.0
  MONTH TO DATE    0.0                       0.0    0.0      0.0
  SINCE SEP 1      0.0                       0.0    0.0      0.0
  SINCE JUL 1      0.0                       0.0    0.0      0.0
  SNOW DEPTH       0

DEGREE DAYS
 HEATING
  YESTERDAY        0                         3     -3        0
  MONTH TO DATE   17                        34    -17        5
  SINCE SEP 1     17                        34    -17        5
  SINCE JUL 1     17                        36    -19        5

 COOLING
  YESTERDAY        3                         1      2        6
  MONTH TO DATE  124                       116      8      180
  SINCE SEP 1    124                       116      8      180
  SINCE JAN 1   1347                      1093    254     1330
..................................................................


WIND (MPH)
  RESULTANT WIND SPEED   8   RESULTANT WIND DIRECTION   S (160)
  HIGHEST WIND SPEED    24   HIGHEST WIND DIRECTION     S (160)
  HIGHEST GUST SPEED    31   HIGHEST GUST DIRECTION     S (160)
  AVERAGE WIND SPEED    11.4


SKY COVER
  POSSIBLE SUNSHINE  MM
  AVERAGE SKY COVER 0.0


WEATHER CONDITIONS
 THE FOLLOWING WEATHER WAS RECORDED YESTERDAY.
  NO SIGNIFICANT WEATHER WAS OBSERVED.


RELATIVE HUMIDITY (PERCENT)
 HIGHEST    46           400 AM
 LOWEST     14          1200 PM
 AVERAGE    30

..........................................................


THE BISHOP CA CLIMATE NORMALS FOR TODAY
                         NORMAL    RECORD    YEAR
 MAXIMUM TEMPERATURE (F)   83        99      2010
 MINIMUM TEMPERATURE (F)   43        31      1971


SUNRISE AND SUNSET
SEPTEMBER 29 2016.....SUNRISE   648 AM PDT   SUNSET   639 PM PDT
SEPTEMBER 30 2016.....SUNRISE   649 AM PDT   SUNSET   637 PM PDT


-  INDICATES NEGATIVE NUMBERS.
R  INDICATES RECORD WAS SET OR TIED.
MM INDICATES DATA IS MISSING.
T  INDICATES TRACE AMOUNT.




$$
