000
CDUS45 KBYZ 020310
CLIBIL


CLIMATE REPORT
NATIONAL WEATHER SERVICE BILLINGS MT
910 PM MDT MON JUN 1 2015


...................................

...THE BILLINGS MT CLIMATE SUMMARY FOR JUNE 1 2015...
VALID AS OF 0900 PM LOCAL TIME.

CLIMATE NORMAL PERIOD 1981 TO 2010
CLIMATE RECORD PERIOD 1934 TO 2015


WEATHER ITEM   OBSERVED RECORD YEAR NORMAL DEPARTURE LAST
                VALUE   VALUE       VALUE  FROM      YEAR
                                           NORMAL
...........................................................
TEMPERATURE (F)
 TODAY
  MAXIMUM         83     92    1977  72     11
  MINIMUM         57     32    1951  48      9
  AVERAGE         70

PRECIPITATION (IN)
  TODAY            0.05   1.41 1939   0.08  -0.03     0.11
  MONTH TO DATE    0.05               0.08  -0.03     0.11
  SINCE OCT 1      7.29               8.25  -0.96    12.83
  SINCE JAN 1      5.72               5.94  -0.22     7.94

...........................................................










-  INDICATES NEGATIVE NUMBERS.
R  INDICATES RECORD WAS SET OR TIED.
MM INDICATES DATA IS MISSING.
T  INDICATES TRACE AMOUNT.




$$
