000
CDUS45 KBYZ 210933
CLIBIL


CLIMATE REPORT
NATIONAL WEATHER SERVICE BILLINGS MT
332 AM MDT TUE OCT 21 2014


...................................

...THE BILLINGS MT CLIMATE SUMMARY FOR OCTOBER 20 2014...

CLIMATE NORMAL PERIOD 1981 TO 2010
CLIMATE RECORD PERIOD 1934 TO 2014


WEATHER ITEM   OBSERVED TIME   RECORD YEAR NORMAL DEPARTURE LAST
                VALUE   (LST)  VALUE       VALUE  FROM      YEAR
                                                  NORMAL
..................................................................
TEMPERATURE (F)
 YESTERDAY
  MAXIMUM         79    338 PM  82    1947  58     21       56
  MINIMUM         40    529 AM  20    1949  36      4       40
  AVERAGE         60                        47     13       48

PRECIPITATION (IN)
  YESTERDAY        0.00          0.53 1949   0.03  -0.03      T
  MONTH TO DATE    0.16                      0.85  -0.69     2.29
  SINCE OCT 1      0.16                      0.85  -0.69     2.29
  SINCE JAN 1     12.62                     12.20   0.42    14.10

SNOWFALL (IN)
  YESTERDAY        0.0           9.3  1949   0.1   -0.1      0.0
  MONTH TO DATE    T                         2.5   -2.5      0.3
  SINCE SEP 1      T                         3.6   -3.6      0.3
  SINCE JUL 1      T                         3.6   -3.6      0.3
  SNOW DEPTH       0

DEGREE DAYS
 HEATING
  YESTERDAY        5                        18    -13       17
  MONTH TO DATE  181                       297   -116      395
  SINCE SEP 1    374                       489   -115      509
  SINCE JUL 1    422                       526   -104      509

 COOLING
  YESTERDAY        0                         0      0        0
  MONTH TO DATE    0                         0      0        0
  SINCE SEP 1     66                        51     15      103
  SINCE JAN 1    618                       633    -15      840
..................................................................


WIND (MPH)
  HIGHEST WIND SPEED    18   HIGHEST WIND DIRECTION    SW (230)
  HIGHEST GUST SPEED    22   HIGHEST GUST DIRECTION    SW (240)
  AVERAGE WIND SPEED    10.3


SKY COVER
  POSSIBLE SUNSHINE  MM
  AVERAGE SKY COVER 0.0


WEATHER CONDITIONS
 THE FOLLOWING WEATHER WAS RECORDED YESTERDAY.
  NO SIGNIFICANT WEATHER WAS OBSERVED.


RELATIVE HUMIDITY (PERCENT)
 HIGHEST    65           700 AM
 LOWEST     13           200 PM
 AVERAGE    39

..........................................................


THE BILLINGS MT CLIMATE NORMALS FOR TODAY
                         NORMAL    RECORD    YEAR
 MAXIMUM TEMPERATURE (F)   58        85      2003
 MINIMUM TEMPERATURE (F)   36        19      1984
                                             1981
                                             1949


SUNRISE AND SUNSET
OCTOBER 21 2014.......SUNRISE   739 AM MDT   SUNSET   618 PM MDT
OCTOBER 22 2014.......SUNRISE   740 AM MDT   SUNSET   616 PM MDT


-  INDICATES NEGATIVE NUMBERS.
R  INDICATES RECORD WAS SET OR TIED.
MM INDICATES DATA IS MISSING.
T  INDICATES TRACE AMOUNT.





&&

...THE CLIMATE SUMMARY FOR SOUTHWEST BILLINGS FOR 20 OCTOBER 2014...

HIGH TEMPERATURE........................81
LOW TEMPERATURE.........................34

PRECIPITATION...........................0.00
MONTHLY PRECIPITATION TOTAL.............0.27
YEARLY PRECIPITATION TOTAL..............13.88

SNOWFALL................................0.0
MONTHLY SNOWFALL TOTAL..................0.0
TOTAL SNOWFALL SINCE JULY 1.............0.0

SNOW DEPTH AT MIDNIGHT..................0

$$
