000
CDUS45 KBYZ 210417
CLIBIL


CLIMATE REPORT
NATIONAL WEATHER SERVICE BILLINGS MT
917 PM MST TUE FEB 20 2018


...................................

...THE BILLINGS MT CLIMATE SUMMARY FOR FEBRUARY 20 2018...
VALID AS OF 0900 PM LOCAL TIME.

CLIMATE NORMAL PERIOD 1981 TO 2010
CLIMATE RECORD PERIOD 1934 TO 2018


WEATHER ITEM   OBSERVED RECORD YEAR NORMAL DEPARTURE LAST
                VALUE   VALUE       VALUE  FROM      YEAR
                                           NORMAL
...........................................................
TEMPERATURE (F)
 TODAY
  MAXIMUM          8     69    1995  41    -33
  MINIMUM        -15R   -11    1949  21    -36
  AVERAGE         -3

PRECIPITATION (IN)
  TODAY            0.00   0.45 1965   0.01  -0.01     0.00
  MONTH TO DATE    1.66               0.32   1.34     0.55
  SINCE OCT 1      5.91               3.11   2.80     6.74
  SINCE JAN 1      2.26               0.80   1.46     1.18

...........................................................










-  INDICATES NEGATIVE NUMBERS.
R  INDICATES RECORD WAS SET OR TIED.
MM INDICATES DATA IS MISSING.
T  INDICATES TRACE AMOUNT.




$$
