000
CDUS45 KBYZ 190723
CLIBIL


CLIMATE REPORT
NATIONAL WEATHER SERVICE BILLINGS MT
123 AM MDT THU OCT 19 2017


...................................

...THE BILLINGS MT CLIMATE SUMMARY FOR OCTOBER 18 2017...

CLIMATE NORMAL PERIOD 1981 TO 2010
CLIMATE RECORD PERIOD 1934 TO 2017


WEATHER ITEM   OBSERVED TIME   RECORD YEAR NORMAL DEPARTURE LAST
                VALUE   (LST)  VALUE       VALUE  FROM      YEAR
                                                  NORMAL
..................................................................
TEMPERATURE (F)
 YESTERDAY
  MAXIMUM         65    346 PM  83    1955  59      6       61
  MINIMUM         42    658 AM  24    1984  37      5       41
                                      1949
  AVERAGE         54                        48      6       51

PRECIPITATION (IN)
  YESTERDAY        0.00          0.76 1949   0.04  -0.04     0.00
  MONTH TO DATE    0.28                      0.78  -0.50     3.04
  SINCE OCT 1      0.28                      0.78  -0.50     3.04
  SINCE JAN 1     14.26                     12.13   2.13    12.37

SNOWFALL (IN)
  YESTERDAY        0.0           5.8  1949   0.1   -0.1      0.0
  MONTH TO DATE    T                         2.2   -2.2      3.0
  SINCE SEP 1      T                         3.3   -3.3      3.0
  SINCE JUL 1      T                         3.3   -3.3      3.0
  SNOW DEPTH       0

DEGREE DAYS
 HEATING
  YESTERDAY       11                        17     -6       14
  MONTH TO DATE  293                       261     32      274
  SINCE SEP 1    529                       453     76      435
  SINCE JUL 1    531                       490     41      463

 COOLING
  YESTERDAY        0                         0      0        0
  MONTH TO DATE    0                         0      0        2
  SINCE SEP 1     99                        51     48       54
  SINCE JAN 1    839                       633    206      738
..................................................................


WIND (MPH)
  HIGHEST WIND SPEED    17   HIGHEST WIND DIRECTION    SW (230)
  HIGHEST GUST SPEED    24   HIGHEST GUST DIRECTION    SW (230)
  AVERAGE WIND SPEED     8.7


SKY COVER
  POSSIBLE SUNSHINE  MM
  AVERAGE SKY COVER 0.3


WEATHER CONDITIONS
 THE FOLLOWING WEATHER WAS RECORDED YESTERDAY.
  NO SIGNIFICANT WEATHER WAS OBSERVED.


RELATIVE HUMIDITY (PERCENT)
 HIGHEST    62           700 AM
 LOWEST     21           100 AM
 AVERAGE    42

..........................................................


THE BILLINGS MT CLIMATE NORMALS FOR TODAY
                         NORMAL    RECORD    YEAR
 MAXIMUM TEMPERATURE (F)   58        84      2003
 MINIMUM TEMPERATURE (F)   36        20      1949


SUNRISE AND SUNSET
OCTOBER 19 2017.......SUNRISE   737 AM MDT   SUNSET   621 PM MDT
OCTOBER 20 2017.......SUNRISE   738 AM MDT   SUNSET   619 PM MDT


-  INDICATES NEGATIVE NUMBERS.
R  INDICATES RECORD WAS SET OR TIED.
MM INDICATES DATA IS MISSING.
T  INDICATES TRACE AMOUNT.




$$
