000
CDUS45 KBYZ 010937
CLIBIL


CLIMATE REPORT
NATIONAL WEATHER SERVICE BILLINGS MT
336 AM MDT SUN MAY 1 2016


...................................

...THE BILLINGS MT CLIMATE SUMMARY FOR APRIL 30 2016...

CLIMATE NORMAL PERIOD 1981 TO 2010
CLIMATE RECORD PERIOD 1934 TO 2016


WEATHER ITEM   OBSERVED TIME   RECORD YEAR NORMAL DEPARTURE LAST
                VALUE   (LST)  VALUE       VALUE  FROM      YEAR
                                                  NORMAL
..................................................................
TEMPERATURE (F)
 YESTERDAY
  MAXIMUM         54    442 PM  86    1939  63     -9       67
  MINIMUM         39   1138 PM  17    1950  39      0       45
  AVERAGE         47                        51     -4       56

PRECIPITATION (IN)
  YESTERDAY        0.00          0.61 1967   0.06  -0.06     0.07
  MONTH TO DATE    1.28                      1.66  -0.38     1.57
  SINCE OCT 1      6.21                      5.99   0.22     4.81
  SINCE JAN 1      3.36                      3.68  -0.32     3.24

SNOWFALL (IN)
  YESTERDAY        0.0           6.4  1967   0.2   -0.2      0.0
  MONTH TO DATE    1.8                       8.3   -6.5      5.9
  SINCE MAR 1      3.7                      18.5  -14.8     11.3
  SINCE JUL 1     28.1                      53.0  -24.9     55.4
  SNOW DEPTH       0

DEGREE DAYS
 HEATING
  YESTERDAY       18                        15      3        9
  MONTH TO DATE  459                       567   -108      510
  SINCE MAR 1   1133                      1412   -279     1066
  SINCE JUL 1   5394                      6377   -983     5707

 COOLING
  YESTERDAY        0                         0      0        0
  MONTH TO DATE    3                         1      2        0
  SINCE MAR 1      3                         1      2        0
  SINCE JAN 1      3                         1      2        0
..................................................................


WIND (MPH)
  HIGHEST WIND SPEED    15   HIGHEST WIND DIRECTION    NE (50)
  HIGHEST GUST SPEED    19   HIGHEST GUST DIRECTION     E (90)
  AVERAGE WIND SPEED     8.2


SKY COVER
  POSSIBLE SUNSHINE  MM
  AVERAGE SKY COVER 0.9


WEATHER CONDITIONS
 THE FOLLOWING WEATHER WAS RECORDED YESTERDAY.
  NO SIGNIFICANT WEATHER WAS OBSERVED.


RELATIVE HUMIDITY (PERCENT)
 HIGHEST    92           300 AM
 LOWEST     46           500 PM
 AVERAGE    69

..........................................................


THE BILLINGS MT CLIMATE NORMALS FOR TODAY
                         NORMAL    RECORD    YEAR
 MAXIMUM TEMPERATURE (F)   63        88      1981
 MINIMUM TEMPERATURE (F)   39        17      1954


SUNRISE AND SUNSET
MAY  1 2016...........SUNRISE   601 AM MDT   SUNSET   822 PM MDT
MAY  2 2016...........SUNRISE   559 AM MDT   SUNSET   824 PM MDT


-  INDICATES NEGATIVE NUMBERS.
R  INDICATES RECORD WAS SET OR TIED.
MM INDICATES DATA IS MISSING.
T  INDICATES TRACE AMOUNT.





&&

...THE CLIMATE SUMMARY FOR SOUTHWEST BILLINGS FOR 30 APRIL 2016...

HIGH TEMPERATURE........................55
LOW TEMPERATURE.........................43

PRECIPITATION...........................0.00
MONTHLY PRECIPITATION TOTAL.............1.13
YEARLY PRECIPITATION TOTAL..............3.00

SNOWFALL................................0.0
MONTHLY SNOWFALL TOTAL..................0.7
TOTAL SNOWFALL SINCE JULY 1.............25.8

SNOW DEPTH AT MIDNIGHT..................0

$$
