050
CDUS45 KBYZ 260954
CLIBIL


CLIMATE REPORT
NATIONAL WEATHER SERVICE BILLINGS MT
353 AM MDT WED APR 26 2017


...................................

...THE BILLINGS MT CLIMATE SUMMARY FOR APRIL 25 2017...

CLIMATE NORMAL PERIOD 1981 TO 2010
CLIMATE RECORD PERIOD 1934 TO 2017


WEATHER ITEM   OBSERVED TIME   RECORD YEAR NORMAL DEPARTURE LAST
                VALUE   (LST)  VALUE       VALUE  FROM      YEAR
                                                  NORMAL
..................................................................
TEMPERATURE (F)
 YESTERDAY
  MAXIMUM         41   1201 AM  84    1974  61    -20       44
  MINIMUM         32   1217 PM  23    2002  37     -5       35
                                      1960
  AVERAGE         37                        49    -12       40

PRECIPITATION (IN)
  YESTERDAY        T             1.46 1964   0.06  -0.06     0.00
  MONTH TO DATE    2.37                      1.34   1.03     0.84
  SINCE OCT 1     11.61                      5.67   5.94     5.77
  SINCE JAN 1      6.05                      3.36   2.69     2.92

SNOWFALL (IN)
  YESTERDAY        0.0           6.6  1988   0.2   -0.2      0.0
  MONTH TO DATE    3.4                       7.3   -3.9       T
  SINCE MAR 1     13.8                      17.5   -3.7      1.9
  SINCE JUL 1     74.1                      52.0   22.1     26.3
  SNOW DEPTH       0

DEGREE DAYS
 HEATING
  YESTERDAY       28                        16     12       25
  MONTH TO DATE  415                       491    -76      335
  SINCE MAR 1   1133                      1336   -203     1009
  SINCE JUL 1   6218                      6301    -83     5270

 COOLING
  YESTERDAY        0                         0      0        0
  MONTH TO DATE    0                         0      0        3
  SINCE MAR 1      0                         0      0        3
  SINCE JAN 1      0                         0      0        3
..................................................................


WIND (MPH)
  HIGHEST WIND SPEED    22   HIGHEST WIND DIRECTION    NE (50)
  HIGHEST GUST SPEED    27   HIGHEST GUST DIRECTION    NE (50)
  AVERAGE WIND SPEED    10.1


SKY COVER
  POSSIBLE SUNSHINE  MM
  AVERAGE SKY COVER 1.0


WEATHER CONDITIONS
 THE FOLLOWING WEATHER WAS RECORDED YESTERDAY.
  LIGHT RAIN
  FOG


RELATIVE HUMIDITY (PERCENT)
 HIGHEST   100           300 AM
 LOWEST     70           400 PM
 AVERAGE    85

..........................................................


THE BILLINGS MT CLIMATE NORMALS FOR TODAY
                         NORMAL    RECORD    YEAR
 MAXIMUM TEMPERATURE (F)   61        85      1946
 MINIMUM TEMPERATURE (F)   38        23      1994


SUNRISE AND SUNSET
APRIL 26 2017.........SUNRISE   609 AM MDT   SUNSET   816 PM MDT
APRIL 27 2017.........SUNRISE   607 AM MDT   SUNSET   817 PM MDT


-  INDICATES NEGATIVE NUMBERS.
R  INDICATES RECORD WAS SET OR TIED.
MM INDICATES DATA IS MISSING.
T  INDICATES TRACE AMOUNT.





&&

...THE CLIMATE SUMMARY FOR SOUTHWEST BILLINGS FOR 25 APRIL 2017...

HIGH TEMPERATURE........................45
LOW TEMPERATURE.........................33

PRECIPITATION...........................0.07
MONTHLY PRECIPITATION TOTAL.............2.52
YEARLY PRECIPITATION TOTAL..............6.22

SNOWFALL................................0.0
MONTHLY SNOWFALL TOTAL..................0.8
TOTAL SNOWFALL SINCE JULY 1.............54.7

SNOW DEPTH AT MIDNIGHT..................0

$$
