000
CDUS45 KBYZ 260724
CLIBIL


CLIMATE REPORT
NATIONAL WEATHER SERVICE BILLINGS MT
124 AM MDT MON JUN 26 2017


...................................

...THE BILLINGS MT CLIMATE SUMMARY FOR JUNE 25 2017...

CLIMATE NORMAL PERIOD 1981 TO 2010
CLIMATE RECORD PERIOD 1934 TO 2017


WEATHER ITEM   OBSERVED TIME   RECORD YEAR NORMAL DEPARTURE LAST
                VALUE   (LST)  VALUE       VALUE  FROM      YEAR
                                                  NORMAL
..................................................................
TEMPERATURE (F)
 YESTERDAY
  MAXIMUM         81    417 PM 101    2012  81      0       81
                                      1988
  MINIMUM         51    537 AM  42    1958  55     -4       55
                                      1939
  AVERAGE         66                        68     -2       68

PRECIPITATION (IN)
  YESTERDAY        T             1.90 1969   0.06  -0.06     0.00
  MONTH TO DATE    1.95                      1.83   0.12     0.23
  SINCE OCT 1     16.14                     10.00   6.14     8.48
  SINCE JAN 1     10.58                      7.69   2.89     5.63

SNOWFALL (IN)
  YESTERDAY        0.0           0.0  2002   0.0    0.0      0.0
                                      2001
  MONTH TO DATE    0.0                       0.0    0.0       T
  SINCE JUN 1      0.0                       0.0    0.0       T
  SINCE JUL 1     74.1                      55.0   19.1     28.1
  SNOW DEPTH       0

DEGREE DAYS
 HEATING
  YESTERDAY        0                         2     -2        0
  MONTH TO DATE   35                        89    -54       11
  SINCE JUN 1     35                        89    -54       11
  SINCE JUL 1   6600                      6775   -175     5686

 COOLING
  YESTERDAY        1                         4     -3        3
  MONTH TO DATE   82                        59     23      145
  SINCE JUN 1     82                        59     23      145
  SINCE JAN 1     97                        76     21      156
..................................................................


WIND (MPH)
  HIGHEST WIND SPEED    17   HIGHEST WIND DIRECTION     N (340)
  HIGHEST GUST SPEED    22   HIGHEST GUST DIRECTION     N (360)
  AVERAGE WIND SPEED     6.4


SKY COVER
  POSSIBLE SUNSHINE  MM
  AVERAGE SKY COVER 0.2


WEATHER CONDITIONS
 THE FOLLOWING WEATHER WAS RECORDED YESTERDAY.
  NO SIGNIFICANT WEATHER WAS OBSERVED.


RELATIVE HUMIDITY (PERCENT)
 HIGHEST    63           600 AM
 LOWEST     17           200 PM
 AVERAGE    40

..........................................................


THE BILLINGS MT CLIMATE NORMALS FOR TODAY
                         NORMAL    RECORD    YEAR
 MAXIMUM TEMPERATURE (F)   81       102      1988
 MINIMUM TEMPERATURE (F)   55        41      1989


SUNRISE AND SUNSET
JUNE 26 2017..........SUNRISE   526 AM MDT   SUNSET   908 PM MDT
JUNE 27 2017..........SUNRISE   526 AM MDT   SUNSET   908 PM MDT


-  INDICATES NEGATIVE NUMBERS.
R  INDICATES RECORD WAS SET OR TIED.
MM INDICATES DATA IS MISSING.
T  INDICATES TRACE AMOUNT.




$$
