000
CDUS45 KBYZ 281823
CLIBIL


CLIMATE REPORT
NATIONAL WEATHER SERVICE BILLINGS MT
1122 AM MST WED JAN 28 2015


...................................

...THE BILLINGS MT CLIMATE SUMMARY FOR JANUARY 28 2015...
VALID AS OF 1100 AM LOCAL TIME.

CLIMATE NORMAL PERIOD 1981 TO 2010
CLIMATE RECORD PERIOD 1934 TO 2015


WEATHER ITEM   OBSERVED RECORD YEAR NORMAL DEPARTURE LAST
                VALUE   VALUE       VALUE  FROM      YEAR
                                           NORMAL
...........................................................
TEMPERATURE (F)
 TODAY
  MAXIMUM         53     63    1967  37     16
  MINIMUM         47    -22    1951  19     28
  AVERAGE         50

PRECIPITATION (IN)
  TODAY            0.00   0.25 1968   0.01  -0.01     0.00
  MONTH TO DATE    1.02               0.43   0.59     0.62
  SINCE OCT 1      2.59               2.74  -0.15     5.51
  SINCE JAN 1      1.02               0.43   0.59     0.62

...........................................................










-  INDICATES NEGATIVE NUMBERS.
R  INDICATES RECORD WAS SET OR TIED.
MM INDICATES DATA IS MISSING.
T  INDICATES TRACE AMOUNT.




$$
