000
CDUS43 KBIS 050753
CLIBIS


CLIMATE REPORT
NATIONAL WEATHER SERVICE BISMARCK ND
252 AM CDT SAT SEP 5 2015


...................................

...THE BISMARCK ND CLIMATE SUMMARY FOR SEPTEMBER 4 2015...

CLIMATE NORMAL PERIOD 1981 TO 2010
CLIMATE RECORD PERIOD 1875 TO 2015


WEATHER ITEM   OBSERVED TIME   RECORD YEAR NORMAL DEPARTURE LAST
                VALUE   (LST)  VALUE       VALUE  FROM      YEAR
                                                  NORMAL
..................................................................
TEMPERATURE (F)
 YESTERDAY
  MAXIMUM         89    507 PM 100    1978  77     12       69
  MINIMUM         67   1159 PM  32    1962  50     17       52
  AVERAGE         78                        64     14       61

PRECIPITATION (IN)
  YESTERDAY        T             0.87 1971   0.07  -0.07      T
  MONTH TO DATE    T                         0.26  -0.26      T
  SINCE SEP 1      T                         0.26  -0.26      T
  SINCE JAN 1     15.17                     14.07   1.10    12.69

SNOWFALL (IN)
  YESTERDAY        0.0           0.0  2002   0.0    0.0      0.0
                                      2001
  MONTH TO DATE    0.0                       0.0    0.0      0.0
  SINCE SEP 1      0.0                       0.0    0.0      0.0
  SINCE JUL 1      0.0                       0.0    0.0      0.0
  SNOW DEPTH       0

DEGREE DAYS
 HEATING
  YESTERDAY        0                         4     -4        4
  MONTH TO DATE    0                        14    -14        7
  SINCE SEP 1      0                        14    -14        7
  SINCE JUL 1     36                        69    -33       69

 COOLING
  YESTERDAY       13                         3     10        0
  MONTH TO DATE   50                        12     38        1
  SINCE SEP 1     50                        12     38        1
  SINCE JAN 1    571                       493     78      407
..................................................................


WIND (MPH)
  HIGHEST WIND SPEED    16   HIGHEST WIND DIRECTION     S (170)
  HIGHEST GUST SPEED    20   HIGHEST GUST DIRECTION     S (170)
  AVERAGE WIND SPEED     4.8


SKY COVER
  POSSIBLE SUNSHINE  MM
  AVERAGE SKY COVER 0.3


WEATHER CONDITIONS
 THE FOLLOWING WEATHER WAS RECORDED YESTERDAY.
  LIGHT RAIN


RELATIVE HUMIDITY (PERCENT)
 HIGHEST    93           300 AM
 LOWEST     50           400 PM
 AVERAGE    72

..........................................................


THE BISMARCK ND CLIMATE NORMALS FOR TODAY
                         NORMAL    RECORD    YEAR
 MAXIMUM TEMPERATURE (F)   77       104      1978
 MINIMUM TEMPERATURE (F)   50        30      1965


SUNRISE AND SUNSET
SEPTEMBER  5 2015.....SUNRISE   708 AM CDT   SUNSET   815 PM CDT
SEPTEMBER  6 2015.....SUNRISE   709 AM CDT   SUNSET   813 PM CDT


-  INDICATES NEGATIVE NUMBERS.
R  INDICATES RECORD WAS SET OR TIED.
MM INDICATES DATA IS MISSING.
T  INDICATES TRACE AMOUNT.




$$
