000
CDUS43 KBIS 290725
CLIBIS


CLIMATE REPORT
NATIONAL WEATHER SERVICE BISMARCK ND
225 AM CDT WED MAR 29 2017


...................................

...THE BISMARCK ND CLIMATE SUMMARY FOR MARCH 28 2017...

CLIMATE NORMAL PERIOD 1981 TO 2010
CLIMATE RECORD PERIOD 1875 TO 2017


WEATHER ITEM   OBSERVED TIME   RECORD YEAR NORMAL DEPARTURE LAST
                VALUE   (LST)  VALUE       VALUE  FROM      YEAR
                                                  NORMAL
..................................................................
TEMPERATURE (F)
 YESTERDAY
  MAXIMUM         63    423 PM  78    1986  47     16       65
  MINIMUM         28    358 AM  -7    1964  24      4       30
  AVERAGE         46                        35     11       48

PRECIPITATION (IN)
  YESTERDAY        0.00          1.02 1900   0.03  -0.03     0.00
  MONTH TO DATE    0.52                      0.77  -0.25     0.22
  SINCE MAR 1      0.52                      0.77  -0.25     0.22
  SINCE JAN 1      1.92                      1.71   0.21     0.86

SNOWFALL (IN)
  YESTERDAY        0.0          10.2  1900   0.2   -0.2      0.0
  MONTH TO DATE    8.7                       8.3    0.4      2.8
  SINCE MAR 1      8.7                       8.3    0.4      2.8
  SINCE JUL 1     71.6                      45.8   25.8     23.4
  SNOW DEPTH       0

DEGREE DAYS
 HEATING
  YESTERDAY       19                        30    -11       17
  MONTH TO DATE  993                      1003    -10      742
  SINCE MAR 1    993                      1003    -10      742
  SINCE JUL 1   6995                      7434   -439     6062

 COOLING
  YESTERDAY        0                         0      0        0
  MONTH TO DATE    0                         0      0        0
  SINCE MAR 1      0                         0      0        0
  SINCE JAN 1      0                         0      0        0
..................................................................


WIND (MPH)
  HIGHEST WIND SPEED    16   HIGHEST WIND DIRECTION    SE (150)
  HIGHEST GUST SPEED    19   HIGHEST GUST DIRECTION    SE (120)
  AVERAGE WIND SPEED     8.0


SKY COVER
  POSSIBLE SUNSHINE  MM
  AVERAGE SKY COVER 0.2


WEATHER CONDITIONS
 THE FOLLOWING WEATHER WAS RECORDED YESTERDAY.
  FOG
  FOG W/VISIBILITY <= 1/4 MILE


RELATIVE HUMIDITY (PERCENT)
 HIGHEST   100           700 AM
 LOWEST     36           300 PM
 AVERAGE    68

..........................................................


THE BISMARCK ND CLIMATE NORMALS FOR TODAY
                         NORMAL    RECORD    YEAR
 MAXIMUM TEMPERATURE (F)   48        80      1967
 MINIMUM TEMPERATURE (F)   24        -7      1964


SUNRISE AND SUNSET
MARCH 29 2017.........SUNRISE   728 AM CDT   SUNSET   808 PM CDT
MARCH 30 2017.........SUNRISE   726 AM CDT   SUNSET   810 PM CDT


-  INDICATES NEGATIVE NUMBERS.
R  INDICATES RECORD WAS SET OR TIED.
MM INDICATES DATA IS MISSING.
T  INDICATES TRACE AMOUNT.




$$
