000
CDUS43 KBIS 012225
CLIBIS


CLIMATE REPORT
NATIONAL WEATHER SERVICE BISMARCK ND
524 PM CDT SAT OCT 1 2016


...................................

...THE BISMARCK ND CLIMATE SUMMARY FOR OCTOBER 1 2016...
VALID TODAY AS OF 0500 PM LOCAL TIME.

CLIMATE NORMAL PERIOD 1981 TO 2010
CLIMATE RECORD PERIOD 1875 TO 2016


WEATHER ITEM   OBSERVED TIME   RECORD YEAR NORMAL DEPARTURE LAST
                VALUE   (LST)  VALUE       VALUE  FROM      YEAR
                                                  NORMAL
..................................................................
TEMPERATURE (F)
 TODAY
  MAXIMUM         77    328 PM  95    1953  65     12       69
  MINIMUM         50    614 AM  19    1985  38     12       50
  AVERAGE         64                        52     12       60

PRECIPITATION (IN)
  TODAY            0.00          1.32 1971   0.05  -0.05     0.24
  MONTH TO DATE    0.00                      0.05  -0.05     0.24
  SINCE SEP 1      1.22                      1.64  -0.42     0.61
  SINCE JAN 1     19.76                     15.45   4.31    15.78

SNOWFALL (IN)
  TODAY            0.0           0.2  1950   0.0    0.0      0.0
  MONTH TO DATE    0.0                       0.0    0.0      0.0
  SINCE SEP 1      0.0                       0.2   -0.2      0.0
  SINCE JUL 1      0.0                       0.2   -0.2      0.0
  SNOW DEPTH       0

DEGREE DAYS
 HEATING
  TODAY            1                        14    -13        5
  MONTH TO DATE    1                        14    -13        5
  SINCE SEP 1    174                       245    -71      115
  SINCE JUL 1    207                       300    -93      151

 COOLING
  TODAY            0                         0      0        0
  MONTH TO DATE    0                         0      0        0
  SINCE SEP 1     29                        38     -9       98
  SINCE JAN 1    546                       519     27      619
..................................................................


WIND (MPH)
  RESULTANT WIND SPEED  11   RESULTANT WIND DIRECTION  SE (150)
  HIGHEST WIND SPEED    22   HIGHEST WIND DIRECTION    SE (150)
  HIGHEST GUST SPEED    26   HIGHEST GUST DIRECTION     S (160)
  AVERAGE WIND SPEED    11.7


SKY COVER
  POSSIBLE SUNSHINE  MM
  AVERAGE SKY COVER 0.0


WEATHER CONDITIONS
 THE FOLLOWING WEATHER WAS RECORDED TODAY.
  NO SIGNIFICANT WEATHER WAS OBSERVED.


RELATIVE HUMIDITY (PERCENT)
 HIGHEST    77           600 AM
 LOWEST     39           300 PM
 AVERAGE    58

..........................................................


THE BISMARCK ND CLIMATE NORMALS FOR TOMORROW
                         NORMAL    RECORD    YEAR
 MAXIMUM TEMPERATURE (F)   65        93      1997
 MINIMUM TEMPERATURE (F)   38        18      1999


SUNRISE AND SUNSET
OCTOBER  1 2016.......SUNRISE   742 AM CDT   SUNSET   722 PM CDT
OCTOBER  2 2016.......SUNRISE   744 AM CDT   SUNSET   720 PM CDT


-  INDICATES NEGATIVE NUMBERS.
R  INDICATES RECORD WAS SET OR TIED.
MM INDICATES DATA IS MISSING.
T  INDICATES TRACE AMOUNT.




$$
