000
CDUS43 KBIS 190749
CLIBIS


CLIMATE REPORT
NATIONAL WEATHER SERVICE BISMARCK ND
147 AM CST FRI DEC 19 2014


...................................

...THE BISMARCK ND CLIMATE SUMMARY FOR DECEMBER 18 2014...

CLIMATE NORMAL PERIOD 1981 TO 2010
CLIMATE RECORD PERIOD 1875 TO 2014


WEATHER ITEM   OBSERVED TIME   RECORD YEAR NORMAL DEPARTURE LAST
                VALUE   (LST)  VALUE       VALUE  FROM      YEAR
                                                  NORMAL
..................................................................
TEMPERATURE (F)
 YESTERDAY
  MAXIMUM         28   1112 PM  56    2011  25      3       44
                                      1979
  MINIMUM         16    704 AM -36    1951   5     11       11
  AVERAGE         22                        15      7       28

PRECIPITATION (IN)
  YESTERDAY        0.00          0.29 1882   0.01  -0.01      T
  MONTH TO DATE    T                         0.27  -0.27     0.64
  SINCE DEC 1      T                         0.27  -0.27     0.64
  SINCE JAN 1     13.81                     17.63  -3.82    26.13

SNOWFALL (IN)
  YESTERDAY        0.0           2.8  2002   0.3   -0.3       T
  MONTH TO DATE    0.1                       5.0   -4.9      7.6
  SINCE DEC 1      0.1                       5.0   -4.9      7.6
  SINCE JUL 1      8.0                      16.2   -8.2      9.2
  SNOW DEPTH       T

DEGREE DAYS
 HEATING
  YESTERDAY       43                        50     -7       37
  MONTH TO DATE  782                       848    -66     1006
  SINCE DEC 1    782                       848    -66     1006
  SINCE JUL 1   2854                      2834     20     2961

 COOLING
  YESTERDAY        0                         0      0        0
  MONTH TO DATE    0                         0      0        0
  SINCE DEC 1      0                         0      0        0
  SINCE JAN 1    457                       520    -63      555
..................................................................


WIND (MPH)
  HIGHEST WIND SPEED    14   HIGHEST WIND DIRECTION    SE (150)
  HIGHEST GUST SPEED    17   HIGHEST GUST DIRECTION     S (170)
  AVERAGE WIND SPEED     7.8


SKY COVER
  POSSIBLE SUNSHINE  MM
  AVERAGE SKY COVER 1.0


WEATHER CONDITIONS
 THE FOLLOWING WEATHER WAS RECORDED YESTERDAY.
  FOG


RELATIVE HUMIDITY (PERCENT)
 HIGHEST   100           600 AM
 LOWEST     80          1200 AM
 AVERAGE    90

..........................................................


THE BISMARCK ND CLIMATE NORMALS FOR TODAY
                         NORMAL    RECORD    YEAR
 MAXIMUM TEMPERATURE (F)   25        59      1894
 MINIMUM TEMPERATURE (F)    5       -36      1983


SUNRISE AND SUNSET
DECEMBER 19 2014......SUNRISE   824 AM CST   SUNSET   456 PM CST
DECEMBER 20 2014......SUNRISE   824 AM CST   SUNSET   457 PM CST


-  INDICATES NEGATIVE NUMBERS.
R  INDICATES RECORD WAS SET OR TIED.
MM INDICATES DATA IS MISSING.
T  INDICATES TRACE AMOUNT.




$$
