086
CDUS43 KBIS 180737
CLIBIS


CLIMATE REPORT
NATIONAL WEATHER SERVICE BISMARCK ND
136 AM CST SAT NOV 18 2017


...................................

...THE BISMARCK ND CLIMATE SUMMARY FOR NOVEMBER 17 2017...

CLIMATE NORMAL PERIOD 1981 TO 2010
CLIMATE RECORD PERIOD 1875 TO 2017


WEATHER ITEM   OBSERVED TIME   RECORD YEAR NORMAL DEPARTURE LAST
                VALUE   (LST)  VALUE       VALUE  FROM      YEAR
                                                  NORMAL
..................................................................
TEMPERATURE (F)
 YESTERDAY
  MAXIMUM         39    623 AM  66    1908  39      0       38
  MINIMUM         20    919 PM -14    1874  18      2       32
  AVERAGE         30                        28      2       35

PRECIPITATION (IN)
  YESTERDAY        0.00          0.44 1994   0.02  -0.02     0.00
  MONTH TO DATE    0.16                      0.46  -0.30     0.00
  SINCE SEP 1      1.73                      3.30  -1.57     1.46
  SINCE JAN 1     13.37                     17.11  -3.74    20.00

SNOWFALL (IN)
  YESTERDAY        0.0           6.6  1986
  MONTH TO DATE    1.3
  SINCE SEP 1      1.3
  SINCE JUL 1      1.3

DEGREE DAYS
 HEATING
  YESTERDAY       35                        37     -2       30
  MONTH TO DATE  634                       549     85      310
  SINCE SEP 1   1373                      1406    -33     1002
  SINCE JUL 1   1385                      1461    -76     1035

 COOLING
  YESTERDAY        0                         0      0        0
  MONTH TO DATE    0                         0      0        0
  SINCE SEP 1     49                        39     10       31
  SINCE JAN 1    615                       520     95      548
..................................................................


WIND (MPH)
  HIGHEST WIND SPEED    12   HIGHEST WIND DIRECTION     N (360)
  HIGHEST GUST SPEED    15   HIGHEST GUST DIRECTION    NW (320)
  AVERAGE WIND SPEED     3.8


SKY COVER
  POSSIBLE SUNSHINE  MM
  AVERAGE SKY COVER 0.3


WEATHER CONDITIONS
 THE FOLLOWING WEATHER WAS RECORDED YESTERDAY.
  NO SIGNIFICANT WEATHER WAS OBSERVED.


RELATIVE HUMIDITY (PERCENT)
 HIGHEST    96           400 AM
 LOWEST     59           100 PM
 AVERAGE    78

..........................................................


THE BISMARCK ND CLIMATE NORMALS FOR TODAY
                         NORMAL    RECORD    YEAR
 MAXIMUM TEMPERATURE (F)   38        72      1908
 MINIMUM TEMPERATURE (F)   18       -16      1986
                                             1874


SUNRISE AND SUNSET
NOVEMBER 18 2017......SUNRISE   750 AM CST   SUNSET   506 PM CST
NOVEMBER 19 2017......SUNRISE   752 AM CST   SUNSET   505 PM CST


-  INDICATES NEGATIVE NUMBERS.
R  INDICATES RECORD WAS SET OR TIED.
MM INDICATES DATA IS MISSING.
T  INDICATES TRACE AMOUNT.




$$
