000
CDUS43 KBIS 260724
CLIBIS


CLIMATE REPORT
NATIONAL WEATHER SERVICE BISMARCK ND
124 AM CST MON JAN 26 2015


...................................

...THE BISMARCK ND CLIMATE SUMMARY FOR JANUARY 25 2015...

CLIMATE NORMAL PERIOD 1981 TO 2010
CLIMATE RECORD PERIOD 1875 TO 2015


WEATHER ITEM   OBSERVED TIME   RECORD YEAR NORMAL DEPARTURE LAST
                VALUE   (LST)  VALUE       VALUE  FROM      YEAR
                                                  NORMAL
..................................................................
TEMPERATURE (F)
 YESTERDAY
  MAXIMUM         38   1233 AM  49    2002  24     14       40
                                      1942
  MINIMUM         33   1151 PM -35    1904   3     30       15
  AVERAGE         36                        13     23       28

PRECIPITATION (IN)
  YESTERDAY        T             0.25 1958   0.01  -0.01     0.05
  MONTH TO DATE    0.67                      0.36   0.31     0.21
  SINCE DEC 1      0.78                      0.85  -0.07     1.47
  SINCE JAN 1      0.67                      0.36   0.31     0.21

SNOWFALL (IN)
  YESTERDAY       MM             3.2  1971   0.2   MM        0.5
  MONTH TO DATE    5.6                       7.4   -1.8      3.7
  SINCE DEC 1      8.0                      16.7   -8.7     19.2
  SINCE JUL 1     15.9                      27.9  -12.0     20.8
  SNOW DEPTH       0

DEGREE DAYS
 HEATING
  YESTERDAY       29                        52    -23       37
  MONTH TO DATE 1207                      1312   -105     1226
  SINCE DEC 1   2602                      2826   -224     3001
  SINCE JUL 1   4674                      4812   -138     4956

 COOLING
  YESTERDAY        0                         0      0        0
  MONTH TO DATE    0                         0      0        0
  SINCE DEC 1      0                         0      0        0
  SINCE JAN 1      0                         0      0        0
..................................................................


WIND (MPH)
  HIGHEST WIND SPEED    21   HIGHEST WIND DIRECTION    NW (320)
  HIGHEST GUST SPEED    24   HIGHEST GUST DIRECTION    NW (320)
  AVERAGE WIND SPEED     7.1


SKY COVER
  POSSIBLE SUNSHINE  MM
  AVERAGE SKY COVER 0.8


WEATHER CONDITIONS
 THE FOLLOWING WEATHER WAS RECORDED YESTERDAY.
  LIGHT RAIN
  FOG


RELATIVE HUMIDITY (PERCENT)
 HIGHEST    89           700 AM
 LOWEST     76           900 PM
 AVERAGE    83

..........................................................


THE BISMARCK ND CLIMATE NORMALS FOR TODAY
                         NORMAL    RECORD    YEAR
 MAXIMUM TEMPERATURE (F)   24        52      1942
 MINIMUM TEMPERATURE (F)    3       -38      1950


SUNRISE AND SUNSET
JANUARY 26 2015.......SUNRISE   814 AM CST   SUNSET   537 PM CST
JANUARY 27 2015.......SUNRISE   813 AM CST   SUNSET   539 PM CST


-  INDICATES NEGATIVE NUMBERS.
R  INDICATES RECORD WAS SET OR TIED.
MM INDICATES DATA IS MISSING.
T  INDICATES TRACE AMOUNT.




$$
