000
CDUS43 KBIS 220727
CLIBIS


CLIMATE REPORT
NATIONAL WEATHER SERVICE BISMARCK ND
226 AM CDT MON MAY 22 2017


...................................

...THE BISMARCK ND CLIMATE SUMMARY FOR MAY 21 2017...

CLIMATE NORMAL PERIOD 1981 TO 2010
CLIMATE RECORD PERIOD 1875 TO 2017


WEATHER ITEM   OBSERVED TIME   RECORD YEAR NORMAL DEPARTURE LAST
                VALUE   (LST)  VALUE       VALUE  FROM      YEAR
                                                  NORMAL
..................................................................
TEMPERATURE (F)
 YESTERDAY
  MAXIMUM         73    357 PM  96    1980  70      3       76
  MINIMUM         39    603 AM  29    1963  45     -6       50
                                      1882
  AVERAGE         56                        57     -1       63

PRECIPITATION (IN)
  YESTERDAY        0.00          0.93 1962   0.08  -0.08     0.00
  MONTH TO DATE    0.24                      1.53  -1.29     0.36
  SINCE MAR 1      1.72                      3.66  -1.94     4.94
  SINCE JAN 1      3.12                      4.60  -1.48     5.58

SNOWFALL (IN)
  YESTERDAY        0.0           0.0  2002   0.0    0.0      0.0
                                      2001
  MONTH TO DATE    0.0                       0.4   -0.4       T
  SINCE MAR 1      8.7                      13.7   -5.0      3.5
  SINCE JUL 1     71.6                      51.2   20.4     24.1
  SNOW DEPTH       0

DEGREE DAYS
 HEATING
  YESTERDAY        9                         8      1        2
  MONTH TO DATE  165                       240    -75      211
  SINCE MAR 1   1795                      1964   -169     1604
  SINCE JUL 1   7797                      8395   -598     6924

 COOLING
  YESTERDAY        0                         1     -1        0
  MONTH TO DATE   14                         3     11        4
  SINCE MAR 1     14                         4     10        4
  SINCE JAN 1     14                         4     10        4
..................................................................


WIND (MPH)
  HIGHEST WIND SPEED    22   HIGHEST WIND DIRECTION    NW (330)
  HIGHEST GUST SPEED    30   HIGHEST GUST DIRECTION    NW (330)
  AVERAGE WIND SPEED     7.9


SKY COVER
  POSSIBLE SUNSHINE  MM
  AVERAGE SKY COVER 0.3


WEATHER CONDITIONS
 THE FOLLOWING WEATHER WAS RECORDED YESTERDAY.
  NO SIGNIFICANT WEATHER WAS OBSERVED.


RELATIVE HUMIDITY (PERCENT)
 HIGHEST    85           500 AM
 LOWEST     22           200 PM
 AVERAGE    54

..........................................................


THE BISMARCK ND CLIMATE NORMALS FOR TODAY
                         NORMAL    RECORD    YEAR
 MAXIMUM TEMPERATURE (F)   70        93      1980
 MINIMUM TEMPERATURE (F)   45        24      1963
                                             1882


SUNRISE AND SUNSET
MAY 22 2017...........SUNRISE   600 AM CDT   SUNSET   920 PM CDT
MAY 23 2017...........SUNRISE   600 AM CDT   SUNSET   921 PM CDT


-  INDICATES NEGATIVE NUMBERS.
R  INDICATES RECORD WAS SET OR TIED.
MM INDICATES DATA IS MISSING.
T  INDICATES TRACE AMOUNT.




$$
