000
CDUS43 KBIS 200727
CLIBIS


CLIMATE REPORT
NATIONAL WEATHER SERVICE BISMARCK ND
226 AM CDT SUN APR 20 2014


...................................

...THE BISMARCK ND CLIMATE SUMMARY FOR APRIL 19 2014...

CLIMATE NORMAL PERIOD 1981 TO 2010
CLIMATE RECORD PERIOD 1875 TO 2014


WEATHER ITEM   OBSERVED TIME   RECORD YEAR NORMAL DEPARTURE LAST
                VALUE   (LST)  VALUE       VALUE  FROM      YEAR
                                                  NORMAL
..................................................................
TEMPERATURE (F)
 YESTERDAY
  MAXIMUM         67    351 PM  86    1961  59      8       35
  MINIMUM         38   1123 PM   4    1928  32      6       19
  AVERAGE         53                        46      7       27

PRECIPITATION (IN)
  YESTERDAY        0.00          0.67 1891   0.04  -0.04     0.00
  MONTH TO DATE    0.25                      0.71  -0.46     1.35
  SINCE MAR 1      1.07                      1.58  -0.51     2.18
  SINCE JAN 1      1.64                      2.52  -0.88     2.77

SNOWFALL (IN)
  YESTERDAY        0.0           3.8  1899   0.1   -0.1      0.0
  MONTH TO DATE    3.9                       3.3    0.6     21.5
  SINCE MAR 1     15.0                      12.4    2.6     28.4
  SINCE JUL 1     40.2                      49.9   -9.7     57.0
  SNOW DEPTH       0

DEGREE DAYS
 HEATING
  YESTERDAY       12                        20     -8       38
  MONTH TO DATE  517                       448     69      633
  SINCE MAR 1   1681                      1536    145     1940
  SINCE JUL 1   8533                      7967    566     8262

 COOLING
  YESTERDAY        0                         0      0        0
  MONTH TO DATE    0                         0      0        0
  SINCE MAR 1      0                         0      0        0
  SINCE JAN 1      0                         0      0        0
..................................................................


WIND (MPH)
  HIGHEST WIND SPEED    29   HIGHEST WIND DIRECTION     W (280)
  HIGHEST GUST SPEED    40   HIGHEST GUST DIRECTION     W (290)
  AVERAGE WIND SPEED    13.8


SKY COVER
  POSSIBLE SUNSHINE  MM
  AVERAGE SKY COVER 0.1


WEATHER CONDITIONS
 THE FOLLOWING WEATHER WAS RECORDED YESTERDAY.
  NO SIGNIFICANT WEATHER WAS OBSERVED.


RELATIVE HUMIDITY (PERCENT)
 HIGHEST    82           100 AM
 LOWEST     22           200 PM
 AVERAGE    52

..........................................................


THE BISMARCK ND CLIMATE NORMALS FOR TODAY
                         NORMAL    RECORD    YEAR
 MAXIMUM TEMPERATURE (F)   60        90      1900
 MINIMUM TEMPERATURE (F)   32        15      2013


SUNRISE AND SUNSET
APRIL 20 2014.........SUNRISE   647 AM CDT   SUNSET   838 PM CDT
APRIL 21 2014.........SUNRISE   645 AM CDT   SUNSET   839 PM CDT


-  INDICATES NEGATIVE NUMBERS.
R  INDICATES RECORD WAS SET OR TIED.
MM INDICATES DATA IS MISSING.
T  INDICATES TRACE AMOUNT.




$$
