000
CDUS43 KBIS 220757
CLIBIS


CLIMATE REPORT
NATIONAL WEATHER SERVICE BISMARCK ND
157 AM CST WED FEB 22 2017


...................................

...THE BISMARCK ND CLIMATE SUMMARY FOR FEBRUARY 21 2017...

CLIMATE NORMAL PERIOD 1981 TO 2010
CLIMATE RECORD PERIOD 1875 TO 2017


WEATHER ITEM   OBSERVED TIME   RECORD YEAR NORMAL DEPARTURE LAST
                VALUE   (LST)  VALUE       VALUE  FROM      YEAR
                                                  NORMAL
..................................................................
TEMPERATURE (F)
 YESTERDAY
  MAXIMUM         55    215 PM  59    1961  30     25       37
  MINIMUM         28    805 AM -29    1918  10     18       24
  AVERAGE         42                        20     22       31

PRECIPITATION (IN)
  YESTERDAY        0.04          0.44 1931   0.02   0.02     0.02
  MONTH TO DATE    0.43                      0.34   0.09     0.39
  SINCE DEC 1      3.12                      1.26   1.86     1.51
  SINCE JAN 1      1.07                      0.77   0.30     0.60

SNOWFALL (IN)
  YESTERDAY        0.0           2.4  1962   0.4   -0.4      0.1
  MONTH TO DATE    2.7                       5.8   -3.1      2.8
  SINCE DEC 1     42.4                      24.0   18.4     18.6
  SINCE JUL 1     61.4                      35.2   26.2     20.4
  SNOW DEPTH       6

DEGREE DAYS
 HEATING
  YESTERDAY       23                        45    -22       34
  MONTH TO DATE  884                      1010   -126      716
  SINCE DEC 1   4227                      4142     85     3516
  SINCE JUL 1   5707                      6128   -421     5101

 COOLING
  YESTERDAY        0                         0      0        0
  MONTH TO DATE    0                         0      0        0
  SINCE DEC 1      0                         0      0        0
  SINCE JAN 1      0                         0      0        0
..................................................................


WIND (MPH)
  HIGHEST WIND SPEED    13   HIGHEST WIND DIRECTION     N (20)
  HIGHEST GUST SPEED    15   HIGHEST GUST DIRECTION     N (20)
  AVERAGE WIND SPEED     3.6


SKY COVER
  POSSIBLE SUNSHINE  MM
  AVERAGE SKY COVER 0.4


WEATHER CONDITIONS
 THE FOLLOWING WEATHER WAS RECORDED YESTERDAY.
  LIGHT RAIN


RELATIVE HUMIDITY (PERCENT)
 HIGHEST    92          1200 AM
 LOWEST     50           200 PM
 AVERAGE    71

..........................................................


THE BISMARCK ND CLIMATE NORMALS FOR TODAY
                         NORMAL    RECORD    YEAR
 MAXIMUM TEMPERATURE (F)   30        60      2002
 MINIMUM TEMPERATURE (F)   11       -26      1910


SUNRISE AND SUNSET
FEBRUARY 22 2017......SUNRISE   735 AM CST   SUNSET   619 PM CST
FEBRUARY 23 2017......SUNRISE   733 AM CST   SUNSET   620 PM CST


-  INDICATES NEGATIVE NUMBERS.
R  INDICATES RECORD WAS SET OR TIED.
MM INDICATES DATA IS MISSING.
T  INDICATES TRACE AMOUNT.




$$
