000
CDUS43 KBIS 270725
CLIBIS


CLIMATE REPORT
NATIONAL WEATHER SERVICE BISMARCK ND
125 AM CST FRI FEB 27 2015


...................................

...THE BISMARCK ND CLIMATE SUMMARY FOR FEBRUARY 26 2015...

CLIMATE NORMAL PERIOD 1981 TO 2010
CLIMATE RECORD PERIOD 1875 TO 2015


WEATHER ITEM   OBSERVED TIME   RECORD YEAR NORMAL DEPARTURE LAST
                VALUE   (LST)  VALUE       VALUE  FROM      YEAR
                                                  NORMAL
..................................................................
TEMPERATURE (F)
 YESTERDAY
  MAXIMUM         10    449 PM  60    1882  32    -22       24
  MINIMUM        -10    746 AM -34    1890  12    -22       -6
  AVERAGE          0                        22    -22        9

PRECIPITATION (IN)
  YESTERDAY        0.00          0.48 1905   0.03  -0.03     0.00
  MONTH TO DATE    0.39                      0.46  -0.07     0.19
  SINCE DEC 1      1.25                      1.38  -0.13     1.83
  SINCE JAN 1      1.14                      0.89   0.25     0.57

SNOWFALL (IN)
  YESTERDAY        0.0           6.7  1996   0.3   -0.3      0.0
  MONTH TO DATE    5.4                       7.4   -2.0      2.3
  SINCE DEC 1     15.0                      25.6  -10.6     23.6
  SINCE JUL 1     22.9                      36.8  -13.9     25.2
  SNOW DEPTH       1

DEGREE DAYS
 HEATING
  YESTERDAY       65                        43     22       56
  MONTH TO DATE 1360                      1229    131     1420
  SINCE DEC 1   4173                      4361   -188     4774
  SINCE JUL 1   6245                      6347   -102     6729

 COOLING
  YESTERDAY        0                         0      0        0
  MONTH TO DATE    0                         0      0        0
  SINCE DEC 1      0                         0      0        0
  SINCE JAN 1      0                         0      0        0
..................................................................


WIND (MPH)
  HIGHEST WIND SPEED    17   HIGHEST WIND DIRECTION     N (340)
  HIGHEST GUST SPEED    22   HIGHEST GUST DIRECTION    NW (320)
  AVERAGE WIND SPEED     8.6


SKY COVER
  POSSIBLE SUNSHINE  MM
  AVERAGE SKY COVER 0.0


WEATHER CONDITIONS
 THE FOLLOWING WEATHER WAS RECORDED YESTERDAY.
  NO SIGNIFICANT WEATHER WAS OBSERVED.


RELATIVE HUMIDITY (PERCENT)
 HIGHEST    79           500 AM
 LOWEST     52           400 PM
 AVERAGE    66

..........................................................


THE BISMARCK ND CLIMATE NORMALS FOR TODAY
                         NORMAL    RECORD    YEAR
 MAXIMUM TEMPERATURE (F)   32        65      1932
 MINIMUM TEMPERATURE (F)   13       -27      1962


SUNRISE AND SUNSET
FEBRUARY 27 2015......SUNRISE   727 AM CST   SUNSET   625 PM CST
FEBRUARY 28 2015......SUNRISE   725 AM CST   SUNSET   627 PM CST


-  INDICATES NEGATIVE NUMBERS.
R  INDICATES RECORD WAS SET OR TIED.
MM INDICATES DATA IS MISSING.
T  INDICATES TRACE AMOUNT.




$$
