000
CDUS43 KBIS 230739
CLIBIS


CLIMATE REPORT
NATIONAL WEATHER SERVICE BISMARCK ND
138 AM CST TUE JAN 23 2018


...................................

...THE BISMARCK ND CLIMATE SUMMARY FOR JANUARY 22 2018...

CLIMATE NORMAL PERIOD 1981 TO 2010
CLIMATE RECORD PERIOD 1875 TO 2018


WEATHER ITEM   OBSERVED TIME   RECORD YEAR NORMAL DEPARTURE LAST
                VALUE   (LST)  VALUE       VALUE  FROM      YEAR
                                                  NORMAL
..................................................................
TEMPERATURE (F)
 YESTERDAY
  MAXIMUM         24    346 PM  54    1942  24      0       34
  MINIMUM         15   1240 AM -37    1937   2     13       14
                                      1886
  AVERAGE         20                        13      7       24

PRECIPITATION (IN)
  YESTERDAY        0.00          0.25 2010   0.01  -0.01     0.00
  MONTH TO DATE    0.42                      0.32   0.10     0.61
  SINCE DEC 1      0.84                      0.81   0.03     2.66
  SINCE JAN 1      0.42                      0.32   0.10     0.61

SNOWFALL (IN)
  YESTERDAY        0.0           5.8  1982   0.3   -0.3      0.0
  MONTH TO DATE    6.1                       6.7   -0.6     14.0
  SINCE DEC 1     11.7                      16.0   -4.3     38.5
  SINCE JUL 1     13.0                      27.2  -14.2     57.5

DEGREE DAYS
 HEATING
  YESTERDAY       45                        52     -7       41
  MONTH TO DATE 1192                      1156     36     1340
  SINCE DEC 1   2592                      2670    -78     3020
  SINCE JUL 1   4331                      4656   -325     4500

 COOLING
  YESTERDAY        0                         0      0        0
  MONTH TO DATE    0                         0      0        0
  SINCE DEC 1      0                         0      0        0
  SINCE JAN 1      0                         0      0        0
..................................................................


WIND (MPH)
  HIGHEST WIND SPEED     9   HIGHEST WIND DIRECTION    SW (220)
  HIGHEST GUST SPEED    11   HIGHEST GUST DIRECTION    SW (230)
  AVERAGE WIND SPEED     4.0


SKY COVER
  POSSIBLE SUNSHINE  MM
  AVERAGE SKY COVER 1.0


WEATHER CONDITIONS
 THE FOLLOWING WEATHER WAS RECORDED YESTERDAY.
  FOG
  FOG W/VISIBILITY <= 1/4 MILE


RELATIVE HUMIDITY (PERCENT)
 HIGHEST   100          1200 AM
 LOWEST     84           800 AM
 AVERAGE    92

..........................................................


THE BISMARCK ND CLIMATE NORMALS FOR TODAY
                         NORMAL    RECORD    YEAR
 MAXIMUM TEMPERATURE (F)   24        62      1981
 MINIMUM TEMPERATURE (F)    2       -36      1966


SUNRISE AND SUNSET
JANUARY 23 2018.......SUNRISE   817 AM CST   SUNSET   533 PM CST
JANUARY 24 2018.......SUNRISE   816 AM CST   SUNSET   535 PM CST


-  INDICATES NEGATIVE NUMBERS.
R  INDICATES RECORD WAS SET OR TIED.
MM INDICATES DATA IS MISSING.
T  INDICATES TRACE AMOUNT.




$$
