730
CDUS43 KBIS 220728
CLIBIS


CLIMATE REPORT
NATIONAL WEATHER SERVICE BISMARCK ND
226 AM CDT FRI MAY 22 2015


...................................

...THE BISMARCK ND CLIMATE SUMMARY FOR MAY 21 2015...

CLIMATE NORMAL PERIOD 1981 TO 2010
CLIMATE RECORD PERIOD 1875 TO 2015


WEATHER ITEM   OBSERVED TIME   RECORD YEAR NORMAL DEPARTURE LAST
                VALUE   (LST)  VALUE       VALUE  FROM      YEAR
                                                  NORMAL
..................................................................
TEMPERATURE (F)
 YESTERDAY
  MAXIMUM         76    350 PM  96    1980  70      6       71
  MINIMUM         43    523 AM  29    1963  45     -2       43
                                      1882
  AVERAGE         60                        57      3       57

PRECIPITATION (IN)
  YESTERDAY        0.00          0.93 1962   0.08  -0.08     0.00
  MONTH TO DATE    4.89                      1.53   3.36     0.21
  SINCE MAR 1      5.71                      3.66   2.05     2.98
  SINCE JAN 1      6.85                      4.60   2.25     3.55

SNOWFALL (IN)
  YESTERDAY        0.0           0.0  2002   0.0    0.0      0.0
                                      2001
  MONTH TO DATE    0.2                       0.4   -0.2       T
  SINCE MAR 1      1.2                      13.7  -12.5     15.3
  SINCE JUL 1     24.1                      51.2  -27.1     40.5
  SNOW DEPTH       0

DEGREE DAYS
 HEATING
  YESTERDAY        5                         8     -3        8
  MONTH TO DATE  274                       240     34      324
  SINCE MAR 1   1743                      1964   -221     2198
  SINCE JUL 1   8104                      8395   -291     9050

 COOLING
  YESTERDAY        0                         1     -1        0
  MONTH TO DATE    0                         3     -3        0
  SINCE MAR 1      0                         4     -4        0
  SINCE JAN 1      0                         4     -4        0
..................................................................


WIND (MPH)
  HIGHEST WIND SPEED    14   HIGHEST WIND DIRECTION    NW (330)
  HIGHEST GUST SPEED    20   HIGHEST GUST DIRECTION    NW (300)
  AVERAGE WIND SPEED     5.8


SKY COVER
  POSSIBLE SUNSHINE  MM
  AVERAGE SKY COVER 0.2


WEATHER CONDITIONS
 THE FOLLOWING WEATHER WAS RECORDED YESTERDAY.
  NO SIGNIFICANT WEATHER WAS OBSERVED.


RELATIVE HUMIDITY (PERCENT)
 HIGHEST    71          1100 PM
 LOWEST     18           400 PM
 AVERAGE    45

..........................................................


THE BISMARCK ND CLIMATE NORMALS FOR TODAY
                         NORMAL    RECORD    YEAR
 MAXIMUM TEMPERATURE (F)   70        93      1980
 MINIMUM TEMPERATURE (F)   45        24      1963
                                             1882


SUNRISE AND SUNSET
MAY 22 2015...........SUNRISE   601 AM CDT   SUNSET   919 PM CDT
MAY 23 2015...........SUNRISE   600 AM CDT   SUNSET   920 PM CDT


-  INDICATES NEGATIVE NUMBERS.
R  INDICATES RECORD WAS SET OR TIED.
MM INDICATES DATA IS MISSING.
T  INDICATES TRACE AMOUNT.




$$
