000
CDUS43 KBIS 030142
CLIBIS


CLIMATE REPORT
NATIONAL WEATHER SERVICE BISMARCK ND
831 PM CDT THU JUL 2 2015


...................................

...THE BISMARCK ND CLIMATE SUMMARY FOR JULY 2 2015...
VALID TODAY AS OF 0800 PM LOCAL TIME.

CLIMATE NORMAL PERIOD 1981 TO 2010
CLIMATE RECORD PERIOD 1875 TO 2015


WEATHER ITEM   OBSERVED TIME   RECORD YEAR NORMAL DEPARTURE LAST
                VALUE   (LST)  VALUE       VALUE  FROM      YEAR
                                                  NORMAL
..................................................................
TEMPERATURE (F)
 TODAY
  MAXIMUM         MM        MM 107    1949  82     MM       75
  MINIMUM         MM        MM  39    1945  56     MM       45
  AVERAGE         MM                        69     MM       60

PRECIPITATION (IN)
  TODAY            0.56          1.35 1887   0.10   0.46     0.00
  MONTH TO DATE    0.56                      0.20   0.36     0.05
  SINCE JUN 1      5.54                      3.37   2.17     3.07
  SINCE JAN 1     12.81                      8.84   3.97     7.26

SNOWFALL (IN)
  TODAY           MM             0.0  2002   0.0   MM        0.0
                                      2001
  MONTH TO DATE    0.0                       0.0    0.0      0.0
  SINCE JUN 1      0.0                       0.0    0.0      0.0
  SINCE JUL 1      0.0                       0.0    0.0      0.0
  SNOW DEPTH       0

DEGREE DAYS
 HEATING
  TODAY           MM                         1     MM        5
  MONTH TO DATE    0                         2     -2       10
  SINCE JUN 1     43                        95    -52      104
  SINCE JUL 1      0                         2     -2       10

 COOLING
  TODAY           MM                         5     MM        0
  MONTH TO DATE    5                        10     -5        0
  SINCE JUN 1     99                        93      6       53
  SINCE JAN 1    105                       110     -5      104
..................................................................


WIND (MPH)
  RESULTANT WIND SPEED   5   RESULTANT WIND DIRECTION  NW (330)
  HIGHEST WIND SPEED    13   HIGHEST WIND DIRECTION     N (340)
  HIGHEST GUST SPEED    18   HIGHEST GUST DIRECTION    NW (320)
  AVERAGE WIND SPEED     6.0


SKY COVER
  POSSIBLE SUNSHINE  MM
  AVERAGE SKY COVER 0.7


WEATHER CONDITIONS
 THE FOLLOWING WEATHER WAS RECORDED TODAY.
  THUNDERSTORM
  HEAVY RAIN
  LIGHT RAIN
  FOG
  HAZE


RELATIVE HUMIDITY (PERCENT)
 HIGHEST    93          1200 AM
 LOWEST     54           200 PM
 AVERAGE    74

..........................................................


THE BISMARCK ND CLIMATE NORMALS FOR TOMORROW
                         NORMAL    RECORD    YEAR
 MAXIMUM TEMPERATURE (F)   82       101      1881
 MINIMUM TEMPERATURE (F)   56        38      1967


SUNRISE AND SUNSET
JULY  2 2015..........SUNRISE   553 AM CDT   SUNSET   940 PM CDT
JULY  3 2015..........SUNRISE   554 AM CDT   SUNSET   940 PM CDT


-  INDICATES NEGATIVE NUMBERS.
R  INDICATES RECORD WAS SET OR TIED.
MM INDICATES DATA IS MISSING.
T  INDICATES TRACE AMOUNT.




$$
