000
CDUS43 KGRR 170553
CLIBIV


CLIMATE REPORT
NATIONAL WEATHER SERVICE GRAND RAPIDS, MI
1252 AM EST TUE JAN 17 2017


...................................

...THE HOLLAND/TULIP CITY MI CLIMATE SUMMARY FOR JANUARY 16 2017...

CLIMATE NORMAL PERIOD 1981 TO 2010
CLIMATE RECORD PERIOD 1996 TO 2017


WEATHER ITEM   OBSERVED TIME   NORMAL DEPARTURE LAST
                VALUE   (LST)  VALUE  FROM      YEAR
                                      NORMAL
......................................................
TEMPERATURE (F)
 YESTERDAY
  MAXIMUM         35   1159 PM  32      3       33
  MINIMUM         23    544 AM  20      3       22
  AVERAGE         29            26      3       28

PRECIPITATION (IN)
  YESTERDAY        0.51          0.06   0.45     0.01
  MONTH TO DATE    1.48          1.08   0.40     1.10
  SINCE DEC 1      3.23          3.38  -0.15     4.68
  SINCE JAN 1      1.48          1.08   0.40     1.10

DEGREE DAYS
 HEATING
  YESTERDAY       36            39     -3       37
  MONTH TO DATE  625           615     10      591
  SINCE DEC 1   1727          1660     67     1359
  SINCE JUL 1   2625          2883   -258     2389

 COOLING
  YESTERDAY        0             0      0        0
  MONTH TO DATE    0             0      0        0
  SINCE DEC 1      0             0      0        0
  SINCE JAN 1      0             0      0        0
......................................................


WIND (MPH)
  RESULTANT WIND SPEED   5   RESULTANT WIND DIRECTION   E (100)
  HIGHEST WIND SPEED    16   HIGHEST WIND DIRECTION     E (100)
  HIGHEST GUST SPEED    20   HIGHEST GUST DIRECTION     E (100)
  AVERAGE WIND SPEED     6.6


SKY COVER
  AVERAGE SKY COVER 0.7


WEATHER CONDITIONS
 THE FOLLOWING WEATHER WAS RECORDED YESTERDAY.
  RAIN
  LIGHT RAIN
  LT FREEZING RAIN
  FOG


RELATIVE HUMIDITY (PERCENT)
 HIGHEST   100          1000 PM
 LOWEST     72           900 AM
 AVERAGE    86

..........................................................


THE HOLLAND/TULIP CITY MI CLIMATE NORMALS FOR TODAY
                         NORMAL
 MAXIMUM TEMPERATURE (F)   32
 MINIMUM TEMPERATURE (F)   20


SUNRISE AND SUNSET
JANUARY 17 2017.......SUNRISE   811 AM EST   SUNSET   539 PM EST
JANUARY 18 2017.......SUNRISE   811 AM EST   SUNSET   540 PM EST


-  INDICATES NEGATIVE NUMBERS.
R  INDICATES RECORD WAS SET OR TIED.
MM INDICATES DATA IS MISSING.
T  INDICATES TRACE AMOUNT.




$$
