000
CDUS43 KGRR 310525
CLIBIV


CLIMATE REPORT
NATIONAL WEATHER SERVICE GRAND RAPIDS, MI
122 AM EDT TUE MAY 31 2016


...................................

...THE HOLLAND/TULIP CITY MI CLIMATE SUMMARY FOR MAY 30 2016...

CLIMATE NORMAL PERIOD 1981 TO 2010
CLIMATE RECORD PERIOD 1996 TO 2016


WEATHER ITEM   OBSERVED TIME   NORMAL DEPARTURE LAST
                VALUE   (LST)  VALUE  FROM      YEAR
                                      NORMAL
......................................................
TEMPERATURE (F)
 YESTERDAY
  MAXIMUM         81    430 PM  74      7       73
  MINIMUM         58    529 AM  53      5       50
  AVERAGE         70            63      7       62

PRECIPITATION (IN)
  YESTERDAY        0.00          0.09  -0.09     0.32
  MONTH TO DATE    2.35          3.11  -0.76     4.79
  SINCE MAR 1      9.27          8.63   0.64     9.33
  SINCE JAN 1     13.13         12.52   0.61    10.81

DEGREE DAYS
 HEATING
  YESTERDAY        0             4     -4        3
  MONTH TO DATE  209           228    -19      187
  SINCE MAR 1   1512          1607    -95     1657
  SINCE JUL 1   5502          6107   -605     6624

 COOLING
  YESTERDAY        5             2      3        0
  MONTH TO DATE   52            34     18       49
  SINCE MAR 1     53            38     15       49
  SINCE JAN 1     53            38     15       49
......................................................


WIND (MPH)
  RESULTANT WIND SPEED   4   RESULTANT WIND DIRECTION   W (260)
  HIGHEST WIND SPEED    12   HIGHEST WIND DIRECTION     W (270)
  HIGHEST GUST SPEED    15   HIGHEST GUST DIRECTION     W (250)
  AVERAGE WIND SPEED     4.6


SKY COVER
  AVERAGE SKY COVER 0.0


WEATHER CONDITIONS
 THE FOLLOWING WEATHER WAS RECORDED YESTERDAY.
  HAZE


RELATIVE HUMIDITY (PERCENT)
 HIGHEST    87           600 AM
 LOWEST     42           400 PM
 AVERAGE    65

..........................................................


THE HOLLAND/TULIP CITY MI CLIMATE NORMALS FOR TODAY
                         NORMAL
 MAXIMUM TEMPERATURE (F)   74
 MINIMUM TEMPERATURE (F)   53


SUNRISE AND SUNSET
MAY 31 2016...........SUNRISE   609 AM EDT   SUNSET   916 PM EDT
JUNE  1 2016..........SUNRISE   609 AM EDT   SUNSET   917 PM EDT


-  INDICATES NEGATIVE NUMBERS.
R  INDICATES RECORD WAS SET OR TIED.
MM INDICATES DATA IS MISSING.
T  INDICATES TRACE AMOUNT.




$$
