000
CDUS43 KGRR 270517
CLIBIV


CLIMATE REPORT
NATIONAL WEATHER SERVICE GRAND RAPIDS, MI
1216 AM EST FRI FEB 27 2015


...................................

...THE HOLLAND/TULIP CITY MI CLIMATE SUMMARY FOR FEBRUARY 26 2015...

CLIMATE NORMAL PERIOD 1981 TO 2010
CLIMATE RECORD PERIOD 1996 TO 2015


WEATHER ITEM   OBSERVED TIME   NORMAL DEPARTURE LAST
                VALUE   (LST)  VALUE  FROM      YEAR
                                      NORMAL
......................................................
TEMPERATURE (F)
 YESTERDAY
  MAXIMUM         16    448 PM  38    -22       18
  MINIMUM          4   1159 PM  24    -20        8
  AVERAGE         10            31    -21       13

PRECIPITATION (IN)
  YESTERDAY        T             0.08  -0.08     0.02
  MONTH TO DATE    0.84          1.65  -0.81     1.67
  SINCE DEC 1      2.87          6.04  -3.17     5.59
  SINCE JAN 1      1.48          3.74  -2.26     3.96

DEGREE DAYS
 HEATING
  YESTERDAY       55            34     21       52
  MONTH TO DATE 1253           960    293     1204
  SINCE DEC 1   3463          3211    252     3804
  SINCE JUL 1   4854          4434    420     5040

 COOLING
  YESTERDAY        0             0      0        0
  MONTH TO DATE    0             0      0        0
  SINCE DEC 1      0             0      0        0
  SINCE JAN 1      0             0      0        0
......................................................


WIND (MPH)
  RESULTANT WIND SPEED   6   RESULTANT WIND DIRECTION  NE (30)
  HIGHEST WIND SPEED    16   HIGHEST WIND DIRECTION    NE (40)
  HIGHEST GUST SPEED    22   HIGHEST GUST DIRECTION    NE (40)
  AVERAGE WIND SPEED     6.7


SKY COVER
  AVERAGE SKY COVER 0.4


WEATHER CONDITIONS
 THE FOLLOWING WEATHER WAS RECORDED YESTERDAY.
  LIGHT SNOW
  HAZE


RELATIVE HUMIDITY (PERCENT)
 HIGHEST    76           100 AM
 LOWEST     40           400 PM
 AVERAGE    58

..........................................................


THE HOLLAND/TULIP CITY MI CLIMATE NORMALS FOR TODAY
                         NORMAL
 MAXIMUM TEMPERATURE (F)   38
 MINIMUM TEMPERATURE (F)   24


SUNRISE AND SUNSET
FEBRUARY 27 2015......SUNRISE   724 AM EST   SUNSET   631 PM EST
FEBRUARY 28 2015......SUNRISE   722 AM EST   SUNSET   633 PM EST


-  INDICATES NEGATIVE NUMBERS.
R  INDICATES RECORD WAS SET OR TIED.
MM INDICATES DATA IS MISSING.
T  INDICATES TRACE AMOUNT.




$$
