000
CDUS43 KGRR 290516
CLIBIV


CLIMATE REPORT
NATIONAL WEATHER SERVICE GRAND RAPIDS, MI
114 AM EDT WED JUL 29 2015


...................................

...THE HOLLAND/TULIP CITY MI CLIMATE SUMMARY FOR JULY 28 2015...

CLIMATE NORMAL PERIOD 1981 TO 2010
CLIMATE RECORD PERIOD 1996 TO 2015


WEATHER ITEM   OBSERVED TIME   NORMAL DEPARTURE LAST
                VALUE   (LST)  VALUE  FROM      YEAR
                                      NORMAL
......................................................
TEMPERATURE (F)
 YESTERDAY
  MAXIMUM         91    412 PM  82      9       65
  MINIMUM         63    539 AM  63      0       52
  AVERAGE         77            72      5       59

PRECIPITATION (IN)
  YESTERDAY        0.00          0.09  -0.09     0.01
  MONTH TO DATE    2.29          2.54  -0.25     2.83
  SINCE JUN 1      3.73          6.76  -3.03     6.56
  SINCE JAN 1     14.54         19.35  -4.81    16.09

DEGREE DAYS
 HEATING
  YESTERDAY        0             0      0        6
  MONTH TO DATE   10             0     10       15
  SINCE JUN 1     34            48    -14       38
  SINCE JUL 1     10             0     10       15

 COOLING
  YESTERDAY       12             8      4        0
  MONTH TO DATE  148           218    -70      103
  SINCE JUN 1    232           364   -132      286
  SINCE JAN 1    281           406   -125      325
......................................................


WIND (MPH)
  RESULTANT WIND SPEED   4   RESULTANT WIND DIRECTION  SE (140)
  HIGHEST WIND SPEED    13   HIGHEST WIND DIRECTION    SE (150)
  HIGHEST GUST SPEED    15   HIGHEST GUST DIRECTION     S (160)
  AVERAGE WIND SPEED     4.5


SKY COVER
  AVERAGE SKY COVER 0.1


WEATHER CONDITIONS
 THE FOLLOWING WEATHER WAS RECORDED YESTERDAY.
  FOG
  FOG W/VISIBILITY <= 1/4 MILE


RELATIVE HUMIDITY (PERCENT)
 HIGHEST   100           500 AM
 LOWEST     38           100 PM
 AVERAGE    69

..........................................................


THE HOLLAND/TULIP CITY MI CLIMATE NORMALS FOR TODAY
                         NORMAL
 MAXIMUM TEMPERATURE (F)   82
 MINIMUM TEMPERATURE (F)   63


SUNRISE AND SUNSET
JULY 29 2015..........SUNRISE   633 AM EDT   SUNSET   909 PM EDT
JULY 30 2015..........SUNRISE   634 AM EDT   SUNSET   908 PM EDT


-  INDICATES NEGATIVE NUMBERS.
R  INDICATES RECORD WAS SET OR TIED.
MM INDICATES DATA IS MISSING.
T  INDICATES TRACE AMOUNT.




$$
