164
CDUS43 KGRR 290516
CLIBIV


CLIMATE REPORT
NATIONAL WEATHER SERVICE GRAND RAPIDS, MI
116 AM EDT MON MAY 29 2017


...................................

...THE HOLLAND/TULIP CITY MI CLIMATE SUMMARY FOR MAY 28 2017...

CLIMATE NORMAL PERIOD 1981 TO 2010
CLIMATE RECORD PERIOD 1996 TO 2017


WEATHER ITEM   OBSERVED TIME   NORMAL DEPARTURE LAST
                VALUE   (LST)  VALUE  FROM      YEAR
                                      NORMAL
......................................................
TEMPERATURE (F)
 YESTERDAY
  MAXIMUM         76   1126 AM  73      3       83
  MINIMUM         58   1121 PM  53      5       69
  AVERAGE         67            63      4       76

PRECIPITATION (IN)
  YESTERDAY        0.00          0.09  -0.09     0.00
  MONTH TO DATE    1.59          2.94  -1.35     2.35
  SINCE MAR 1     10.47          8.46   2.01     9.27
  SINCE JAN 1     15.13         12.35   2.78    13.13

DEGREE DAYS
 HEATING
  YESTERDAY        0             5     -5        0
  MONTH TO DATE  257           220     37      209
  SINCE MAR 1   1552          1599    -47     1512
  SINCE JUL 1   5414          6099   -685     5502

 COOLING
  YESTERDAY        2             2      0       11
  MONTH TO DATE   23            30     -7       40
  SINCE MAR 1     31            34     -3       41
  SINCE JAN 1     31            34     -3       41
......................................................


WIND (MPH)
  RESULTANT WIND SPEED   2   RESULTANT WIND DIRECTION   W (250)
  HIGHEST WIND SPEED    20   HIGHEST WIND DIRECTION     W (290)
  HIGHEST GUST SPEED    28   HIGHEST GUST DIRECTION     W (260)
  AVERAGE WIND SPEED     6.4


SKY COVER
  AVERAGE SKY COVER 0.4


WEATHER CONDITIONS
 THE FOLLOWING WEATHER WAS RECORDED YESTERDAY.
  NO SIGNIFICANT WEATHER WAS OBSERVED.


RELATIVE HUMIDITY (PERCENT)
 HIGHEST    93          1000 PM
 LOWEST     57           200 PM
 AVERAGE    75

..........................................................


THE HOLLAND/TULIP CITY MI CLIMATE NORMALS FOR TODAY
                         NORMAL
 MAXIMUM TEMPERATURE (F)   73
 MINIMUM TEMPERATURE (F)   53


SUNRISE AND SUNSET
MAY 29 2017...........SUNRISE   610 AM EDT   SUNSET   914 PM EDT
MAY 30 2017...........SUNRISE   610 AM EDT   SUNSET   915 PM EDT


-  INDICATES NEGATIVE NUMBERS.
R  INDICATES RECORD WAS SET OR TIED.
MM INDICATES DATA IS MISSING.
T  INDICATES TRACE AMOUNT.




$$
