000
CDUS43 KGRR 272227
CLIBIV


CLIMATE REPORT
NATIONAL WEATHER SERVICE GRAND RAPIDS, MI
525 PM EST SAT DEC 27 2014


...................................

...THE HOLLAND/TULIP CITY MI CLIMATE SUMMARY FOR DECEMBER 27 2014...
VALID TODAY AS OF 0500 PM LOCAL TIME.

CLIMATE NORMAL PERIOD 1981 TO 2010
CLIMATE RECORD PERIOD 1996 TO 2014


WEATHER ITEM   OBSERVED TIME   RECORD YEAR NORMAL DEPARTURE LAST
                VALUE   (LST)  VALUE       VALUE  FROM      YEAR
                                                  NORMAL
..................................................................
TEMPERATURE (F)
 TODAY
  MAXIMUM         50    223 PM  MM      MM  34     16       41
  MINIMUM         40    459 PM  MM      MM  23     17       20
  AVERAGE         45                        28     17       31

PRECIPITATION (IN)
  TODAY            0.01         MM      MM   0.05  -0.04     0.00
  MONTH TO DATE    1.39                      2.07  -0.68     1.50
  SINCE DEC 1      1.39                      2.07  -0.68     1.50
  SINCE JAN 1     33.56                     36.23  -2.67    40.01

DEGREE DAYS
 HEATING
  TODAY           20                        37    -17       34
  MONTH TO DATE  779                       897   -118     1025
  SINCE DEC 1    779                       897   -118     1025
  SINCE JUL 1   2170                      2120     50     2261

 COOLING
  TODAY            0                         0      0        0
  MONTH TO DATE    0                         0      0        0
  SINCE DEC 1      0                         0      0        0
  SINCE JAN 1    570                       693   -123      813
..................................................................


WIND (MPH)
  RESULTANT WIND SPEED  13   RESULTANT WIND DIRECTION   S (200)
  HIGHEST WIND SPEED    37   HIGHEST WIND DIRECTION    SW (240)
  HIGHEST GUST SPEED    46   HIGHEST GUST DIRECTION    SW (230)
  AVERAGE WIND SPEED    14.5



WEATHER CONDITIONS
 THE FOLLOWING WEATHER WAS RECORDED TODAY.
  LIGHT RAIN
  FOG


RELATIVE HUMIDITY (PERCENT)
 HIGHEST    93           900 AM
 LOWEST     76          1200 AM
 AVERAGE    85

..........................................................




SUNRISE AND SUNSET
DECEMBER 27 2014......SUNRISE   814 AM EST   SUNSET   517 PM EST
DECEMBER 28 2014......SUNRISE   815 AM EST   SUNSET   518 PM EST


-  INDICATES NEGATIVE NUMBERS.
R  INDICATES RECORD WAS SET OR TIED.
MM INDICATES DATA IS MISSING.
T  INDICATES TRACE AMOUNT.




$$

63
