000
CDUS43 KGRR 271341
CLIBIV


CLIMATE REPORT
NATIONAL WEATHER SERVICE GRAND RAPIDS, MI
940 AM EDT FRI MAR 27 2015


...................................

...THE HOLLAND/TULIP CITY MI CLIMATE SUMMARY FOR MARCH 27 2015...
VALID AS OF 0900 AM LOCAL TIME.

CLIMATE NORMAL PERIOD 1981 TO 2010
CLIMATE RECORD PERIOD 1996 TO 2015


WEATHER ITEM   OBSERVED TIME   NORMAL DEPARTURE LAST
                VALUE   (LST)  VALUE  FROM      YEAR
                                      NORMAL
......................................................
TEMPERATURE (F)
 TODAY
  MAXIMUM         29   1212 AM  50    -21       47
  MINIMUM         22    701 AM  32    -10       MM
  AVERAGE         26            41    -15       MM

PRECIPITATION (IN)
  TODAY            0.00          0.07  -0.07     0.19
  MONTH TO DATE    0.49          2.00  -1.51     0.88
  SINCE MAR 1      0.49          2.00  -1.51     0.88
  SINCE JAN 1      1.97          5.89  -3.92     4.84

DEGREE DAYS
 HEATING
  TODAY           39            24     15       MM
  MONTH TO DATE  860           781     79     1038
  SINCE MAR 1    860           781     79     1038
  SINCE JUL 1   5827          5281    546     6196

 COOLING
  TODAY            0             0      0       MM
  MONTH TO DATE    0             0      0        0
  SINCE MAR 1      0             0      0        0
  SINCE JAN 1      0             0      0        0
......................................................


WIND (MPH)
  RESULTANT WIND SPEED   7   RESULTANT WIND DIRECTION   N (0)
  HIGHEST WIND SPEED    13   HIGHEST WIND DIRECTION     N (10)
  HIGHEST GUST SPEED    21   HIGHEST GUST DIRECTION     N (20)
  AVERAGE WIND SPEED     8.2


SKY COVER
  AVERAGE SKY COVER 0.7


WEATHER CONDITIONS
 THE FOLLOWING WEATHER WAS RECORDED TODAY.
  NO SIGNIFICANT WEATHER WAS OBSERVED.


RELATIVE HUMIDITY (PERCENT)
 HIGHEST    65           300 AM
 LOWEST     59           600 AM
 AVERAGE    62

..........................................................


THE HOLLAND/TULIP CITY MI CLIMATE NORMALS FOR TOMORROW
                         NORMAL
 MAXIMUM TEMPERATURE (F)   50
 MINIMUM TEMPERATURE (F)   32


SUNRISE AND SUNSET
MARCH 27 2015.........SUNRISE   736 AM EDT   SUNSET   805 PM EDT
MARCH 28 2015.........SUNRISE   734 AM EDT   SUNSET   806 PM EDT


-  INDICATES NEGATIVE NUMBERS.
R  INDICATES RECORD WAS SET OR TIED.
MM INDICATES DATA IS MISSING.
T  INDICATES TRACE AMOUNT.




$$
