000
CDUS43 KGRR 290518
CLIBIV


CLIMATE REPORT
NATIONAL WEATHER SERVICE GRAND RAPIDS, MI
1216 AM EST THU JAN 29 2015


...................................

...THE HOLLAND/TULIP CITY MI CLIMATE SUMMARY FOR JANUARY 28 2015...

CLIMATE NORMAL PERIOD 1981 TO 2010
CLIMATE RECORD PERIOD 1996 TO 2015


WEATHER ITEM   OBSERVED TIME   NORMAL DEPARTURE LAST
                VALUE   (LST)  VALUE  FROM      YEAR
                                      NORMAL
......................................................
TEMPERATURE (F)
 YESTERDAY
  MAXIMUM         33    442 PM  32      1        9
  MINIMUM         13    713 AM  19     -6        5
  AVERAGE         23            26     -3        7

PRECIPITATION (IN)
  YESTERDAY        0.00          0.06  -0.06     0.06
  MONTH TO DATE    0.60          1.90  -1.30     2.28
  SINCE DEC 1      1.99          4.20  -2.21     3.91
  SINCE JAN 1      0.60          1.90  -1.30     2.28

DEGREE DAYS
 HEATING
  YESTERDAY       42            39      3       58
  MONTH TO DATE 1161          1083     78     1290
  SINCE DEC 1   2096          2128    -32     2470
  SINCE JUL 1   3487          3351    136     3706

 COOLING
  YESTERDAY        0             0      0        0
  MONTH TO DATE    0             0      0        0
  SINCE DEC 1      0             0      0        0
  SINCE JAN 1      0             0      0        0
......................................................


WIND (MPH)
  RESULTANT WIND SPEED   7   RESULTANT WIND DIRECTION  SE (140)
  HIGHEST WIND SPEED    20   HIGHEST WIND DIRECTION    SE (140)
  HIGHEST GUST SPEED    26   HIGHEST GUST DIRECTION    SE (130)
  AVERAGE WIND SPEED     8.1


SKY COVER
  AVERAGE SKY COVER 0.0


WEATHER CONDITIONS
 THE FOLLOWING WEATHER WAS RECORDED YESTERDAY.
  NO SIGNIFICANT WEATHER WAS OBSERVED.


RELATIVE HUMIDITY (PERCENT)
 HIGHEST    84           700 AM
 LOWEST     35           300 PM
 AVERAGE    60

..........................................................


THE HOLLAND/TULIP CITY MI CLIMATE NORMALS FOR TODAY
                         NORMAL
 MAXIMUM TEMPERATURE (F)   32
 MINIMUM TEMPERATURE (F)   20


SUNRISE AND SUNSET
JANUARY 29 2015.......SUNRISE   803 AM EST   SUNSET   553 PM EST
JANUARY 30 2015.......SUNRISE   802 AM EST   SUNSET   555 PM EST


-  INDICATES NEGATIVE NUMBERS.
R  INDICATES RECORD WAS SET OR TIED.
MM INDICATES DATA IS MISSING.
T  INDICATES TRACE AMOUNT.




$$

63
