003
CDUS43 KGRR 242228
CLIBIV


CLIMATE REPORT
NATIONAL WEATHER SERVICE GRAND RAPIDS, MI
528 PM EST FRI NOV 24 2017


...................................

...THE HOLLAND/TULIP CITY MI CLIMATE SUMMARY FOR NOVEMBER 24 2017...
VALID TODAY AS OF 0500 PM LOCAL TIME.

CLIMATE NORMAL PERIOD 1981 TO 2010
CLIMATE RECORD PERIOD 1996 TO 2017


WEATHER ITEM   OBSERVED TIME   NORMAL DEPARTURE LAST
                VALUE   (LST)  VALUE  FROM      YEAR
                                      NORMAL
......................................................
TEMPERATURE (F)
 TODAY
  MAXIMUM         60    332 PM  44     16       45
  MINIMUM         32    106 AM  32      0       40
  AVERAGE         46            38      8       43

PRECIPITATION (IN)
  TODAY            0.00          0.09  -0.09     0.07
  MONTH TO DATE    2.68          2.91  -0.23     2.44
  SINCE SEP 1     14.09         10.40   3.69     7.11
  SINCE JAN 1     38.91         33.61   5.30    28.99

DEGREE DAYS
 HEATING
  TODAY           19            27     -8       22
  MONTH TO DATE  616           530     86      427
  SINCE SEP 1   1012          1040    -28      765
  SINCE JUL 1   1033          1055    -22      772

 COOLING
  TODAY            0             0      0        0
  MONTH TO DATE    0             0      0        0
  SINCE SEP 1    128            75     53      106
  SINCE JAN 1    613           693    -80      785
......................................................


WIND (MPH)
  RESULTANT WIND SPEED  12   RESULTANT WIND DIRECTION   S (190)
  HIGHEST WIND SPEED    23   HIGHEST WIND DIRECTION     S (190)
  HIGHEST GUST SPEED    30   HIGHEST GUST DIRECTION     S (180)
  AVERAGE WIND SPEED    12.0


SKY COVER
  AVERAGE SKY COVER 0.0


WEATHER CONDITIONS
 THE FOLLOWING WEATHER WAS RECORDED TODAY.
  NO SIGNIFICANT WEATHER WAS OBSERVED.


RELATIVE HUMIDITY (PERCENT)
 HIGHEST    75          1200 AM
 LOWEST     39           300 PM
 AVERAGE    57

..........................................................


THE HOLLAND/TULIP CITY MI CLIMATE NORMALS FOR TOMORROW
                         NORMAL
 MAXIMUM TEMPERATURE (F)   44
 MINIMUM TEMPERATURE (F)   32


SUNRISE AND SUNSET
NOVEMBER 24 2017......SUNRISE   748 AM EST   SUNSET   515 PM EST
NOVEMBER 25 2017......SUNRISE   749 AM EST   SUNSET   514 PM EST


-  INDICATES NEGATIVE NUMBERS.
R  INDICATES RECORD WAS SET OR TIED.
MM INDICATES DATA IS MISSING.
T  INDICATES TRACE AMOUNT.




$$
