708
CDUS43 KGRR 250545
CLIBIV


CLIMATE REPORT
NATIONAL WEATHER SERVICE GRAND RAPIDS, MI
1244 AM EST SUN FEB 25 2018


...................................

...THE HOLLAND/TULIP CITY MI CLIMATE SUMMARY FOR FEBRUARY 24 2018...

CLIMATE NORMAL PERIOD 1981 TO 2010
CLIMATE RECORD PERIOD 1996 TO 2018


WEATHER ITEM   OBSERVED TIME   NORMAL DEPARTURE LAST
                VALUE   (LST)  VALUE  FROM      YEAR
                                      NORMAL
......................................................
TEMPERATURE (F)
 YESTERDAY
  MAXIMUM         45    309 PM  38      7       46
  MINIMUM         32    734 AM  23      9       34
  AVERAGE         39            30      9       40

PRECIPITATION (IN)
  YESTERDAY        T             0.08  -0.08     0.76
  MONTH TO DATE    3.70          1.50   2.20     1.36
  SINCE DEC 1      6.71          5.89   0.82     5.83
  SINCE JAN 1      5.50          3.59   1.91     4.08

DEGREE DAYS
 HEATING
  YESTERDAY       26            35     -9       25
  MONTH TO DATE  889           892     -3      685
  SINCE DEC 1   3254          3143    111     2856
  SINCE JUL 1   4421          4366     55     3754

 COOLING
  YESTERDAY        0             0      0        0
  MONTH TO DATE    0             0      0        0
  SINCE DEC 1      0             0      0        0
  SINCE JAN 1      0             0      0        0
......................................................


WIND (MPH)
  RESULTANT WIND SPEED  10   RESULTANT WIND DIRECTION   E (100)
  HIGHEST WIND SPEED    26   HIGHEST WIND DIRECTION    SE (120)
  HIGHEST GUST SPEED    34   HIGHEST GUST DIRECTION     E (110)
  AVERAGE WIND SPEED    12.0


SKY COVER
  AVERAGE SKY COVER 0.8


WEATHER CONDITIONS
 THE FOLLOWING WEATHER WAS RECORDED YESTERDAY.
  LIGHT RAIN


RELATIVE HUMIDITY (PERCENT)
 HIGHEST    85          1100 PM
 LOWEST     65           300 PM
 AVERAGE    75

..........................................................


THE HOLLAND/TULIP CITY MI CLIMATE NORMALS FOR TODAY
                         NORMAL
 MAXIMUM TEMPERATURE (F)   38
 MINIMUM TEMPERATURE (F)   24


SUNRISE AND SUNSET
FEBRUARY 25 2018......SUNRISE   727 AM EST   SUNSET   629 PM EST
FEBRUARY 26 2018......SUNRISE   725 AM EST   SUNSET   630 PM EST


-  INDICATES NEGATIVE NUMBERS.
R  INDICATES RECORD WAS SET OR TIED.
MM INDICATES DATA IS MISSING.
T  INDICATES TRACE AMOUNT.




$$
