000
CDUS46 KBOI 290942
CLIBKE


CLIMATE REPORT
NATIONAL WEATHER SERVICE BOISE ID
337 AM MDT FRI APR 29 2016


...................................

...THE BAKER OR CLIMATE SUMMARY FOR APRIL 28 2016...

CLIMATE NORMAL PERIOD 1981 TO 2010
CLIMATE RECORD PERIOD 1948 TO 2016


WEATHER ITEM   OBSERVED TIME   RECORD YEAR NORMAL DEPARTURE LAST
                VALUE   (LST)  VALUE       VALUE  FROM      YEAR
                                                  NORMAL
..................................................................
TEMPERATURE (F)
 YESTERDAY
  MAXIMUM         61    357 PM  84    1987  61      0       74
  MINIMUM         37    403 AM  20    2002  31      6       29
  AVERAGE         49                        46      3       52

PRECIPITATION (IN)
  YESTERDAY        0.00          0.34 1965   0.03  -0.03     0.00
  MONTH TO DATE    0.35                      0.78  -0.43     0.62
  SINCE OCT 1      3.81                      5.49  -1.68     4.44
  SINCE JAN 1      1.27                      2.98  -1.71     2.24

DEGREE DAYS
 HEATING
  YESTERDAY       16                        19     -3       13
  MONTH TO DATE  445                       609   -164      628
  SINCE MAR 1   1232                      1457   -225     1330
  SINCE JUL 1   6276                      6977   -701     6006

 COOLING
  YESTERDAY        0                         0      0        0
  MONTH TO DATE    0                         0      0        0
  SINCE MAR 1      0                         0      0        0
  SINCE JAN 1      0                         0      0        0
..................................................................


WIND (MPH)
  RESULTANT WIND SPEED  13   RESULTANT WIND DIRECTION  NW (320)
  HIGHEST WIND SPEED    30   HIGHEST WIND DIRECTION    NW (320)
  HIGHEST GUST SPEED    36   HIGHEST GUST DIRECTION    NW (330)
  AVERAGE WIND SPEED    13.5


SKY COVER
  AVERAGE SKY COVER 0.5


WEATHER CONDITIONS
 THE FOLLOWING WEATHER WAS RECORDED YESTERDAY.
  NO SIGNIFICANT WEATHER WAS OBSERVED.


RELATIVE HUMIDITY (PERCENT)
 HIGHEST    85           400 AM
 LOWEST     39           400 PM
 AVERAGE    62

..........................................................


THE BAKER OR CLIMATE NORMALS FOR TODAY
                         NORMAL    RECORD    YEAR
 MAXIMUM TEMPERATURE (F)   61        82      1992
 MINIMUM TEMPERATURE (F)   32        20      2014


SUNRISE AND SUNSET
APRIL 29 2016.........SUNRISE   543 AM PDT   SUNSET   755 PM PDT
APRIL 30 2016.........SUNRISE   542 AM PDT   SUNSET   756 PM PDT


-  INDICATES NEGATIVE NUMBERS.
R  INDICATES RECORD WAS SET OR TIED.
MM INDICATES DATA IS MISSING.
T  INDICATES TRACE AMOUNT.




$$
