000
CDUS46 KBOI 210930
CLIBKE


CLIMATE REPORT
NATIONAL WEATHER SERVICE BOISE ID
330 AM MDT THU AUG 21 2014


...................................

...THE BAKER OR CLIMATE SUMMARY FOR AUGUST 20 2014...

CLIMATE NORMAL PERIOD 1981 TO 2010
CLIMATE RECORD PERIOD 1948 TO 2014


WEATHER ITEM   OBSERVED TIME   RECORD YEAR NORMAL DEPARTURE LAST
                VALUE   (LST)  VALUE       VALUE  FROM      YEAR
                                                  NORMAL
..................................................................
TEMPERATURE (F)
 YESTERDAY
  MAXIMUM         80    109 PM  98    1977  84     -4       87
  MINIMUM         49    405 AM  34    1948  44      5       51
  AVERAGE         65                        64      1       69

PRECIPITATION (IN)
  YESTERDAY        0.00          0.61 1954   0.03  -0.03     0.00
  MONTH TO DATE    0.50                      0.44   0.06     0.39
  SINCE OCT 1      6.59                      9.31  -2.72     8.25
  SINCE JAN 1      5.42                      6.80  -1.38     6.07

DEGREE DAYS
 HEATING
  YESTERDAY        0                         3     -3        0
  MONTH TO DATE    9                        38    -29        9
  SINCE JUN 1    255                       334    -79      226
  SINCE JUL 1     22                       108    -86       30

 COOLING
  YESTERDAY        0                         2     -2        4
  MONTH TO DATE   68                        53     15       74
  SINCE JUN 1    233                       144     89      203
  SINCE JAN 1    233                       146     87      207
..................................................................


WIND (MPH)
  RESULTANT WIND SPEED   4   RESULTANT WIND DIRECTION  NW (310)
  HIGHEST WIND SPEED    22   HIGHEST WIND DIRECTION     N (340)
  HIGHEST GUST SPEED    26   HIGHEST GUST DIRECTION     N (340)
  AVERAGE WIND SPEED     7.6


SKY COVER
  AVERAGE SKY COVER 0.0


WEATHER CONDITIONS
 THE FOLLOWING WEATHER WAS RECORDED YESTERDAY.
  NO SIGNIFICANT WEATHER WAS OBSERVED.


RELATIVE HUMIDITY (PERCENT)
 HIGHEST    86           400 AM
 LOWEST     33           900 PM
 AVERAGE    60

..........................................................


THE BAKER OR CLIMATE NORMALS FOR TODAY
                         NORMAL    RECORD    YEAR
 MAXIMUM TEMPERATURE (F)   83        98      2005
 MINIMUM TEMPERATURE (F)   44        35      1966


SUNRISE AND SUNSET
AUGUST 21 2014........SUNRISE   600 AM PDT   SUNSET   747 PM PDT
AUGUST 22 2014........SUNRISE   602 AM PDT   SUNSET   746 PM PDT


-  INDICATES NEGATIVE NUMBERS.
R  INDICATES RECORD WAS SET OR TIED.
MM INDICATES DATA IS MISSING.
T  INDICATES TRACE AMOUNT.




$$
