000
CDUS46 KBOI 240932
CLIBKE


CLIMATE REPORT
NATIONAL WEATHER SERVICE BOISE ID
332 AM MDT SUN SEP 24 2017


...................................

...THE BAKER OR CLIMATE SUMMARY FOR SEPTEMBER 23 2017...

CLIMATE NORMAL PERIOD 1981 TO 2010
CLIMATE RECORD PERIOD 1928 TO 2017


WEATHER ITEM   OBSERVED TIME   RECORD YEAR NORMAL DEPARTURE LAST
                VALUE   (LST)  VALUE       VALUE  FROM      YEAR
                                                  NORMAL
..................................................................
TEMPERATURE (F)
 YESTERDAY
  MAXIMUM         63   1258 PM  93    1987  72     -9       64
  MINIMUM         25    459 AM  22    1996  34     -9       45
  AVERAGE         44                        53     -9       55

PRECIPITATION (IN)
  YESTERDAY        0.00          0.26 1934   0.02  -0.02     0.00
  MONTH TO DATE    0.13                      0.44  -0.31     0.07
  SINCE OCT 1      8.45                     10.02  -1.57     6.24
  SINCE JAN 1      5.71                      7.51  -1.80     3.70

DEGREE DAYS
 HEATING
  YESTERDAY       21                        12      9       10
  MONTH TO DATE  155                       194    -39      259
  SINCE SEP 1    155                       194    -39      259
  SINCE JUL 1    167                       345   -178      405

 COOLING
  YESTERDAY        0                         0      0        0
  MONTH TO DATE   53                         7     46        0
  SINCE SEP 1     53                         7     46        0
  SINCE JAN 1    357                       167    190      132
..................................................................


WIND (MPH)
  RESULTANT WIND SPEED   4   RESULTANT WIND DIRECTION  NW (310)
  HIGHEST WIND SPEED    17   HIGHEST WIND DIRECTION     N (340)
  HIGHEST GUST SPEED    22   HIGHEST GUST DIRECTION    NW (330)
  AVERAGE WIND SPEED     5.7


SKY COVER
  AVERAGE SKY COVER 0.4


WEATHER CONDITIONS
 THE FOLLOWING WEATHER WAS RECORDED YESTERDAY.
  FOG
  FOG W/VISIBILITY <= 1/4 MILE


RELATIVE HUMIDITY (PERCENT)
 HIGHEST    92           700 AM
 LOWEST     34           100 PM
 AVERAGE    63

..........................................................


THE BAKER OR CLIMATE NORMALS FOR TODAY
                         NORMAL    RECORD    YEAR
 MAXIMUM TEMPERATURE (F)   71        91      2011
 MINIMUM TEMPERATURE (F)   34        17      1961


SUNRISE AND SUNSET
SEPTEMBER 24 2017.....SUNRISE   641 AM PDT   SUNSET   644 PM PDT
SEPTEMBER 25 2017.....SUNRISE   642 AM PDT   SUNSET   642 PM PDT


-  INDICATES NEGATIVE NUMBERS.
R  INDICATES RECORD WAS SET OR TIED.
MM INDICATES DATA IS MISSING.
T  INDICATES TRACE AMOUNT.




$$
