000
CDUS46 KBOI 100933
CLIBKE


CLIMATE REPORT
NATIONAL WEATHER SERVICE BOISE ID
232 AM MST SAT DEC 10 2016


...................................

...THE BAKER OR CLIMATE SUMMARY FOR DECEMBER 9 2016...

CLIMATE NORMAL PERIOD 1981 TO 2010
CLIMATE RECORD PERIOD 1948 TO 2016


WEATHER ITEM   OBSERVED TIME   RECORD YEAR NORMAL DEPARTURE LAST
                VALUE   (LST)  VALUE       VALUE  FROM      YEAR
                                                  NORMAL
..................................................................
TEMPERATURE (F)
 YESTERDAY
  MAXIMUM         26   1049 PM  54    1981  34     -8       52
  MINIMUM         18    443 AM -17    1972  16      2       31
  AVERAGE         22                        25     -3       42

PRECIPITATION (IN)
  YESTERDAY        0.09          0.25 1999   0.03   0.06     0.01
  MONTH TO DATE    0.16                      0.29  -0.13     0.42
  SINCE OCT 1      1.97                      1.82   0.15     1.62
  SINCE JAN 1      5.67                      9.44  -3.77     9.58

DEGREE DAYS
 HEATING
  YESTERDAY       43                        40      3       23
  MONTH TO DATE  392                       348     44      267
  SINCE DEC 1    392                       348     44      267
  SINCE JUL 1   2166                      2385   -219     2118

 COOLING
  YESTERDAY        0                         0      0        0
  MONTH TO DATE    0                         0      0        0
  SINCE DEC 1      0                         0      0        0
  SINCE JAN 1    132                       169    -37      225
..................................................................


WIND (MPH)
  RESULTANT WIND SPEED   1   RESULTANT WIND DIRECTION  SW (230)
  HIGHEST WIND SPEED     7   HIGHEST WIND DIRECTION    SW (240)
  HIGHEST GUST SPEED     8   HIGHEST GUST DIRECTION    SW (230)
  AVERAGE WIND SPEED     1.1


SKY COVER
  AVERAGE SKY COVER 1.0


WEATHER CONDITIONS
 THE FOLLOWING WEATHER WAS RECORDED YESTERDAY.
  LIGHT SNOW
  FOG


RELATIVE HUMIDITY (PERCENT)
 HIGHEST   100           300 AM
 LOWEST     84           700 AM
 AVERAGE    92

..........................................................


THE BAKER OR CLIMATE NORMALS FOR TODAY
                         NORMAL    RECORD    YEAR
 MAXIMUM TEMPERATURE (F)   34        53      2014
 MINIMUM TEMPERATURE (F)   16       -15      1972


SUNRISE AND SUNSET
DECEMBER 10 2016......SUNRISE   718 AM PST   SUNSET   410 PM PST
DECEMBER 11 2016......SUNRISE   719 AM PST   SUNSET   410 PM PST


-  INDICATES NEGATIVE NUMBERS.
R  INDICATES RECORD WAS SET OR TIED.
MM INDICATES DATA IS MISSING.
T  INDICATES TRACE AMOUNT.




$$
