000
CDUS46 KBOI 280931
CLIBKE


CLIMATE REPORT
NATIONAL WEATHER SERVICE BOISE ID
331 AM MDT SUN AUG 28 2016


...................................

...THE BAKER OR CLIMATE SUMMARY FOR AUGUST 27 2016...

CLIMATE NORMAL PERIOD 1981 TO 2010
CLIMATE RECORD PERIOD 1948 TO 2016


WEATHER ITEM   OBSERVED TIME   RECORD YEAR NORMAL DEPARTURE LAST
                VALUE   (LST)  VALUE       VALUE  FROM      YEAR
                                                  NORMAL
..................................................................
TEMPERATURE (F)
 YESTERDAY
  MAXIMUM         89    359 PM  96    1999  82      7       87
  MINIMUM         39    545 AM  33    1992  43     -4       44
  AVERAGE         64                        62      2       66

PRECIPITATION (IN)
  YESTERDAY        0.00          0.31 1996   0.03  -0.03     0.00
  MONTH TO DATE    0.12                      0.61  -0.49     0.02
  SINCE OCT 1      6.17                      9.48  -3.31     9.48
  SINCE JAN 1      3.63                      6.97  -3.34     7.28

DEGREE DAYS
 HEATING
  YESTERDAY        1                         4     -3        0
  MONTH TO DATE   60                        62     -2       38
  SINCE JUN 1    337                       358    -21      162
  SINCE JUL 1    145                       132     13       78

 COOLING
  YESTERDAY        0                         1     -1        1
  MONTH TO DATE   35                        62    -27       68
  SINCE JUN 1    125                       153    -28      219
  SINCE JAN 1    125                       155    -30      220
..................................................................


WIND (MPH)
  RESULTANT WIND SPEED   4   RESULTANT WIND DIRECTION  NW (330)
  HIGHEST WIND SPEED    20   HIGHEST WIND DIRECTION    NW (330)
  HIGHEST GUST SPEED    24   HIGHEST GUST DIRECTION    NW (330)
  AVERAGE WIND SPEED     5.7


SKY COVER
  AVERAGE SKY COVER 0.0


WEATHER CONDITIONS
 THE FOLLOWING WEATHER WAS RECORDED YESTERDAY.
  NO SIGNIFICANT WEATHER WAS OBSERVED.


RELATIVE HUMIDITY (PERCENT)
 HIGHEST    79           300 AM
 LOWEST     16           100 PM
 AVERAGE    48

..........................................................


THE BAKER OR CLIMATE NORMALS FOR TODAY
                         NORMAL    RECORD    YEAR
 MAXIMUM TEMPERATURE (F)   81        98      1998
 MINIMUM TEMPERATURE (F)   43        28      1960


SUNRISE AND SUNSET
AUGUST 28 2016........SUNRISE   609 AM PDT   SUNSET   734 PM PDT
AUGUST 29 2016........SUNRISE   611 AM PDT   SUNSET   732 PM PDT


-  INDICATES NEGATIVE NUMBERS.
R  INDICATES RECORD WAS SET OR TIED.
MM INDICATES DATA IS MISSING.
T  INDICATES TRACE AMOUNT.




$$
