000
CDUS41 KRLX 032137
CLIBKW


CLIMATE REPORT
NATIONAL WEATHER SERVICE CHARLESTON WV
536 PM EDT FRI JUL 3 2015


...................................

...THE BECKLEY WV CLIMATE SUMMARY FOR JULY 3 2015...
VALID TODAY AS OF 0500 PM LOCAL TIME.

CLIMATE NORMAL PERIOD 1981 TO 2010
CLIMATE RECORD PERIOD 1963 TO 2015


WEATHER ITEM   OBSERVED TIME   RECORD YEAR NORMAL DEPARTURE LAST
                VALUE   (LST)  VALUE       VALUE  FROM      YEAR
                                                  NORMAL
..................................................................
TEMPERATURE (F)
 TODAY
  MAXIMUM         71    218 PM  93    1931  80     -9       77
  MINIMUM         63    202 AM  44    1957  61      2       60
  AVERAGE         67                        70     -3       69

PRECIPITATION (IN)
  TODAY            0.39          1.55 1982   0.16   0.23     0.01
  MONTH TO DATE    1.66                      0.46   1.20     0.08
  SINCE JUN 1      7.03                      4.46   2.57     3.94
  SINCE JAN 1     26.97                     21.62   5.35    18.06

DEGREE DAYS
 HEATING
  TODAY            0                         0      0        0
  MONTH TO DATE    0                         0      0        0
  SINCE JUN 1     10                        39    -29       12
  SINCE JUL 1      0                         0      0        0

 COOLING
  TODAY            2                         6     -4        4
  MONTH TO DATE    5                        18    -13       27
  SINCE JUN 1    193                       129     64      198
  SINCE JAN 1    299                       170    129      273
..................................................................


WIND (MPH)
  HIGHEST WIND SPEED    13   HIGHEST WIND DIRECTION     S (160)
  HIGHEST GUST SPEED    21   HIGHEST GUST DIRECTION    SE (150)
  AVERAGE WIND SPEED     7.9


SKY COVER
  POSSIBLE SUNSHINE  MM
  AVERAGE SKY COVER 0.9


WEATHER CONDITIONS
 THE FOLLOWING WEATHER WAS RECORDED TODAY.
  HEAVY RAIN
  LIGHT RAIN
  FOG


RELATIVE HUMIDITY (PERCENT)
 HIGHEST    93           500 AM
 LOWEST     84          1100 AM
 AVERAGE    89

..........................................................


THE BECKLEY WV CLIMATE NORMALS FOR TOMORROW
                         NORMAL    RECORD    YEAR
 MAXIMUM TEMPERATURE (F)   80        92      1931
                                             1911
 MINIMUM TEMPERATURE (F)   61        43      1933


SUNRISE AND SUNSET
JULY  3 2015..........SUNRISE   607 AM EDT   SUNSET   850 PM EDT
JULY  4 2015..........SUNRISE   608 AM EDT   SUNSET   850 PM EDT


-  INDICATES NEGATIVE NUMBERS.
R  INDICATES RECORD WAS SET OR TIED.
MM INDICATES DATA IS MISSING.
T  INDICATES TRACE AMOUNT.




$$
