564
CDUS41 KRLX 262222
CLIBKW


CLIMATE REPORT
NATIONAL WEATHER SERVICE CHARLESTON WV
522 PM EST SUN FEB 26 2017


...................................

...THE BECKLEY WV CLIMATE SUMMARY FOR FEBRUARY 26 2017...
VALID TODAY AS OF 0500 PM LOCAL TIME.

CLIMATE NORMAL PERIOD 1981 TO 2010
CLIMATE RECORD PERIOD 1963 TO 2017


WEATHER ITEM   OBSERVED TIME   RECORD YEAR NORMAL DEPARTURE LAST
                VALUE   (LST)  VALUE       VALUE  FROM      YEAR
                                                  NORMAL
..................................................................
TEMPERATURE (F)
 TODAY
  MAXIMUM         43    324 PM  75    1917  46     -3       29
  MINIMUM         24    738 AM  -4    1970  28     -4       23
  AVERAGE         34                        37     -3       26

PRECIPITATION (IN)
  TODAY            0.00          1.40 1894   0.10  -0.10     0.03
  MONTH TO DATE    1.28                      2.55  -1.27     3.37
  SINCE DEC 1     10.63                      8.36   2.27     9.34
  SINCE JAN 1      5.99                      5.36   0.63     5.79

DEGREE DAYS
 HEATING
  TODAY           31                        28      3       39
  MONTH TO DATE  585                       801   -216      811
  SINCE DEC 1   2324                      2805   -481     2448
  SINCE JUL 1   3099                      3945   -846     3307

 COOLING
  TODAY            0                         0      0        0
  MONTH TO DATE    0                         0      0        0
  SINCE DEC 1      0                         0      0        0
  SINCE JAN 1      0                         0      0        0
..................................................................


WIND (MPH)
  HIGHEST WIND SPEED    23   HIGHEST WIND DIRECTION    NW (310)
  HIGHEST GUST SPEED    30   HIGHEST GUST DIRECTION     W (290)
  AVERAGE WIND SPEED    11.4


SKY COVER
  POSSIBLE SUNSHINE  MM
  AVERAGE SKY COVER 0.4


WEATHER CONDITIONS
 THE FOLLOWING WEATHER WAS RECORDED TODAY.
  NO SIGNIFICANT WEATHER WAS OBSERVED.


RELATIVE HUMIDITY (PERCENT)
 HIGHEST    63           100 AM
 LOWEST     24           500 PM
 AVERAGE    44

..........................................................


THE BECKLEY WV CLIMATE NORMALS FOR TOMORROW
                         NORMAL    RECORD    YEAR
 MAXIMUM TEMPERATURE (F)   46        75      1917
 MINIMUM TEMPERATURE (F)   28        -8      1963


SUNRISE AND SUNSET
FEBRUARY 26 2017......SUNRISE   700 AM EST   SUNSET   615 PM EST
FEBRUARY 27 2017......SUNRISE   658 AM EST   SUNSET   616 PM EST


-  INDICATES NEGATIVE NUMBERS.
R  INDICATES RECORD WAS SET OR TIED.
MM INDICATES DATA IS MISSING.
T  INDICATES TRACE AMOUNT.




$$
