000
CDUS41 KRLX 230820
CLIBKW


CLIMATE REPORT
NATIONAL WEATHER SERVICE CHARLESTON WV
315 AM EST SUN NOV 23 2014


...................................

...THE BECKLEY WV CLIMATE SUMMARY FOR NOVEMBER 22 2014...

CLIMATE NORMAL PERIOD 1981 TO 2010
CLIMATE RECORD PERIOD 1963 TO 2014


WEATHER ITEM   OBSERVED TIME   RECORD YEAR NORMAL DEPARTURE LAST
                VALUE   (LST)  VALUE       VALUE  FROM      YEAR
                                                  NORMAL
..................................................................
TEMPERATURE (F)
 YESTERDAY
  MAXIMUM         56    354 PM  76    1913  50      6       57
  MINIMUM         24    655 AM   5    1964  33     -9       44
  AVERAGE         40                        42     -2       51

PRECIPITATION (IN)
  YESTERDAY        0.00          1.31 1962   0.10  -0.10     0.21
  MONTH TO DATE    1.52                      2.15  -0.63     1.58
  SINCE JAN 1     33.54                     37.39  -3.85    34.78

SNOWFALL (IN)
  YESTERDAY        0.0
  MONTH TO DATE    1.5
  SINCE SEP 1      1.5
  SNOW DEPTH       0

DEGREE DAYS
 HEATING
  YESTERDAY       25                        23      2       14
  MONTH TO DATE  604                       432    172      458
  SINCE SEP 1   1019                       917    102      871
  SINCE JUL 1   1048                       938    110      891

 COOLING
  YESTERDAY        0                         0      0        0
  MONTH TO DATE    0                         0      0        0
  SINCE SEP 1     78                        63     15       72
  SINCE JAN 1    602                       556     46      615
..................................................................


WIND (MPH)
  HIGHEST WIND SPEED    14   HIGHEST WIND DIRECTION    SE (150)
  HIGHEST GUST SPEED    21   HIGHEST GUST DIRECTION     W (260)
  AVERAGE WIND SPEED     6.7


SKY COVER
  POSSIBLE SUNSHINE  MM
  AVERAGE SKY COVER 0.0


WEATHER CONDITIONS
 THE FOLLOWING WEATHER WAS RECORDED YESTERDAY.
  NO SIGNIFICANT WEATHER WAS OBSERVED.


RELATIVE HUMIDITY (PERCENT)
 HIGHEST    55           700 AM
 LOWEST     26          1200 PM
 AVERAGE    41

..........................................................


THE BECKLEY WV CLIMATE NORMALS FOR TODAY
                         NORMAL    RECORD    YEAR
 MAXIMUM TEMPERATURE (F)   50        72      1931
 MINIMUM TEMPERATURE (F)   33        -1      1937


SUNRISE AND SUNSET
NOVEMBER 23 2014......SUNRISE   713 AM EST   SUNSET   508 PM EST
NOVEMBER 24 2014......SUNRISE   714 AM EST   SUNSET   508 PM EST


-  INDICATES NEGATIVE NUMBERS.
R  INDICATES RECORD WAS SET OR TIED.
MM INDICATES DATA IS MISSING.
T  INDICATES TRACE AMOUNT.




$$
