000
CDUS41 KRLX 280732
CLIBKW


CLIMATE REPORT
NATIONAL WEATHER SERVICE CHARLESTON WV
324 AM EDT MON JUL 28 2014


...................................

...THE BECKLEY WV CLIMATE SUMMARY FOR JULY 27 2014...

CLIMATE NORMAL PERIOD 1981 TO 2010
CLIMATE RECORD PERIOD 1963 TO 2014


WEATHER ITEM   OBSERVED TIME   RECORD YEAR NORMAL DEPARTURE LAST
                VALUE   (LST)  VALUE       VALUE  FROM      YEAR
                                                  NORMAL
..................................................................
TEMPERATURE (F)
 YESTERDAY
  MAXIMUM         78    435 PM  95    1896  80     -2       75
  MINIMUM         67   1159 PM  42    1962  61      6       64
  AVERAGE         73                        70      3       70

PRECIPITATION (IN)
  YESTERDAY        0.35          2.18 1992   0.17   0.18     0.86
  MONTH TO DATE    2.43                      4.35  -1.92     4.45
  SINCE JAN 1     20.41                     25.51  -5.10    24.65

SNOWFALL (IN)
  YESTERDAY        0.0
  MONTH TO DATE    0.0
  SINCE SEP 1     76.3
  SNOW DEPTH       0

DEGREE DAYS
 HEATING
  YESTERDAY        0                         0      0        0
  MONTH TO DATE   15                         0     15        0
  SINCE JUN 1     27                        39    -12        7
  SINCE JUL 1     15                         0     15        0

 COOLING
  YESTERDAY        8                         6      2        5
  MONTH TO DATE  150                       162    -12      204
  SINCE JUN 1    321                       273     48      329
  SINCE JAN 1    396                       314     82      396
..................................................................


WIND (MPH)
  HIGHEST WIND SPEED    22   HIGHEST WIND DIRECTION    SW (230)
  HIGHEST GUST SPEED    32   HIGHEST GUST DIRECTION    SW (240)
  AVERAGE WIND SPEED     9.7


SKY COVER
  POSSIBLE SUNSHINE  MM
  AVERAGE SKY COVER 0.6


WEATHER CONDITIONS
 THE FOLLOWING WEATHER WAS RECORDED YESTERDAY.
  HEAVY RAIN
  RAIN
  LIGHT RAIN
  FOG


RELATIVE HUMIDITY (PERCENT)
 HIGHEST    93           300 AM
 LOWEST     64           400 PM
 AVERAGE    79

..........................................................


THE BECKLEY WV CLIMATE NORMALS FOR TODAY
                         NORMAL    RECORD    YEAR
 MAXIMUM TEMPERATURE (F)   80        93      1952
                                             1896
 MINIMUM TEMPERATURE (F)   61        42      1962
                                             1937


SUNRISE AND SUNSET
JULY 28 2014..........SUNRISE   625 AM EDT   SUNSET   837 PM EDT
JULY 29 2014..........SUNRISE   625 AM EDT   SUNSET   836 PM EDT


-  INDICATES NEGATIVE NUMBERS.
R  INDICATES RECORD WAS SET OR TIED.
MM INDICATES DATA IS MISSING.
T  INDICATES TRACE AMOUNT.




$$
