644
CDUS41 KRLX 200824
CLIBKW


CLIMATE REPORT
NATIONAL WEATHER SERVICE CHARLESTON WV
324 AM EST FRI JAN 20 2017


...................................

...THE BECKLEY WV CLIMATE SUMMARY FOR JANUARY 19 2017...

CLIMATE NORMAL PERIOD 1981 TO 2010
CLIMATE RECORD PERIOD 1963 TO 2017


WEATHER ITEM   OBSERVED TIME   RECORD YEAR NORMAL DEPARTURE LAST
                VALUE   (LST)  VALUE       VALUE  FROM      YEAR
                                                  NORMAL
..................................................................
TEMPERATURE (F)
 YESTERDAY
  MAXIMUM         54    311 PM  65    1932  39     15       14
  MINIMUM         35    752 AM -19    1994  23     12        3
  AVERAGE         45                        31     14        9

PRECIPITATION (IN)
  YESTERDAY        0.00          1.07 2001   0.09  -0.09      T
  MONTH TO DATE    2.52                      1.74   0.78     0.85
  SINCE JAN 1      2.52                      1.74   0.78     0.85

SNOWFALL (IN)
  YESTERDAY        0.0
  MONTH TO DATE    7.6
  SINCE SEP 1     12.6
  SNOW DEPTH       0

DEGREE DAYS
 HEATING
  YESTERDAY       20                        34    -14       56
  MONTH TO DATE  514                       646   -132      684
  SINCE DEC 1   1434                      1599   -165     1214
  SINCE JUL 1   2209                      2739   -530     2073

 COOLING
  YESTERDAY        0                         0      0        0
  MONTH TO DATE    0                         0      0        0
  SINCE DEC 1      0                         0      0        0
  SINCE JAN 1      0                         0      0        0
..................................................................


WIND (MPH)
  HIGHEST WIND SPEED    14   HIGHEST WIND DIRECTION    SE (150)
  HIGHEST GUST SPEED    20   HIGHEST GUST DIRECTION    SE (130)
  AVERAGE WIND SPEED     4.5


SKY COVER
  POSSIBLE SUNSHINE  MM
  AVERAGE SKY COVER 0.5


WEATHER CONDITIONS
 THE FOLLOWING WEATHER WAS RECORDED YESTERDAY.
  FOG
  FOG W/VISIBILITY <= 1/4 MILE


RELATIVE HUMIDITY (PERCENT)
 HIGHEST   100           300 AM
 LOWEST     50           100 PM
 AVERAGE    75

..........................................................


THE BECKLEY WV CLIMATE NORMALS FOR TODAY
                         NORMAL    RECORD    YEAR
 MAXIMUM TEMPERATURE (F)   39        70      1906
 MINIMUM TEMPERATURE (F)   23       -20      1985


SUNRISE AND SUNSET
JANUARY 20 2017.......SUNRISE   736 AM EST   SUNSET   535 PM EST
JANUARY 21 2017.......SUNRISE   736 AM EST   SUNSET   536 PM EST


-  INDICATES NEGATIVE NUMBERS.
R  INDICATES RECORD WAS SET OR TIED.
MM INDICATES DATA IS MISSING.
T  INDICATES TRACE AMOUNT.




$$
