000
CDUS41 KRLX 282130
CLIBKW


CLIMATE REPORT
NATIONAL WEATHER SERVICE CHARLESTON WV
529 PM EDT TUE JUL 28 2015


...................................

...THE BECKLEY WV CLIMATE SUMMARY FOR JULY 28 2015...
VALID TODAY AS OF 0500 PM LOCAL TIME.

CLIMATE NORMAL PERIOD 1981 TO 2010
CLIMATE RECORD PERIOD 1963 TO 2015


WEATHER ITEM   OBSERVED TIME   RECORD YEAR NORMAL DEPARTURE LAST
                VALUE   (LST)  VALUE       VALUE  FROM      YEAR
                                                  NORMAL
..................................................................
TEMPERATURE (F)
 TODAY
  MAXIMUM         84    300 PM  93    1952  80      4       71
                                      1896
  MINIMUM         68    324 AM  42    1962  61      7       59
                                      1937
  AVERAGE         76                        70      6       65

PRECIPITATION (IN)
  TODAY            0.76          2.10 1923   0.17   0.59     0.06
  MONTH TO DATE    8.46                      4.52   3.94     2.40
  SINCE JUN 1     13.83                      8.52   5.31     6.26
  SINCE JAN 1     33.77                     25.68   8.09    20.38

DEGREE DAYS
 HEATING
  TODAY            0                         0      0        0
  MONTH TO DATE    0                         0      0       15
  SINCE JUN 1     10                        39    -29       27
  SINCE JUL 1      0                         0      0       15

 COOLING
  TODAY           11                         6      5        0
  MONTH TO DATE  188                       168     20      150
  SINCE JUN 1    376                       279     97      321
  SINCE JAN 1    482                       320    162      396
..................................................................


WIND (MPH)
  HIGHEST WIND SPEED    12   HIGHEST WIND DIRECTION     W (290)
  HIGHEST GUST SPEED    15   HIGHEST GUST DIRECTION     W (290)
  AVERAGE WIND SPEED     3.1


SKY COVER
  POSSIBLE SUNSHINE  MM
  AVERAGE SKY COVER 0.5


WEATHER CONDITIONS
 THE FOLLOWING WEATHER WAS RECORDED TODAY.
  THUNDERSTORM
  HEAVY RAIN
  RAIN
  LIGHT RAIN
  FOG


RELATIVE HUMIDITY (PERCENT)
 HIGHEST    90          1200 AM
 LOWEST     58           400 PM
 AVERAGE    74

..........................................................


THE BECKLEY WV CLIMATE NORMALS FOR TOMORROW
                         NORMAL    RECORD    YEAR
 MAXIMUM TEMPERATURE (F)   80        96      1896
 MINIMUM TEMPERATURE (F)   61        46      1914


SUNRISE AND SUNSET
JULY 28 2015..........SUNRISE   624 AM EDT   SUNSET   837 PM EDT
JULY 29 2015..........SUNRISE   625 AM EDT   SUNSET   836 PM EDT


-  INDICATES NEGATIVE NUMBERS.
R  INDICATES RECORD WAS SET OR TIED.
MM INDICATES DATA IS MISSING.
T  INDICATES TRACE AMOUNT.




$$
