000
CDUS41 KRLX 220816
CLIBKW


CLIMATE REPORT
NATIONAL WEATHER SERVICE CHARLESTON WV
316 AM EST THU FEB 22 2018


...................................

...THE BECKLEY WV CLIMATE SUMMARY FOR FEBRUARY 21 2018...

CLIMATE NORMAL PERIOD 1981 TO 2010
CLIMATE RECORD PERIOD 1963 TO 2018


WEATHER ITEM   OBSERVED TIME   RECORD YEAR NORMAL DEPARTURE LAST
                VALUE   (LST)  VALUE       VALUE  FROM      YEAR
                                                  NORMAL
..................................................................
TEMPERATURE (F)
 YESTERDAY
  MAXIMUM         73R  1226 PM  70    1916  45     28       64
  MINIMUM         55    900 PM  -2    1968  27     28       49
  AVERAGE         64                        36     28       57

PRECIPITATION (IN)
  YESTERDAY        0.02          2.10 2015   0.10  -0.08      T
  MONTH TO DATE    6.24                      2.05   4.19     0.48
  SINCE JAN 1      8.56                      4.86   3.70     5.19

SNOWFALL (IN)
  YESTERDAY        0.0          20.0  2015   0.5   -0.5      0.0
  MONTH TO DATE    7.3                      12.9   -5.6      0.5
  SINCE SEP 1     29.0                      46.8  -17.8     18.8
  SNOW DEPTH       0

DEGREE DAYS
 HEATING
  YESTERDAY        1                        29    -28        8
  MONTH TO DATE  509                       658   -149      506
  SINCE DEC 1   2628                      2662    -34     2245
  SINCE JUL 1   3611                      3802   -191     3020

 COOLING
  YESTERDAY        0                         0      0        0
  MONTH TO DATE    0                         0      0        0
  SINCE DEC 1      0                         0      0        0
  SINCE JAN 1      0                         0      0        0
..................................................................


WIND (MPH)
  HIGHEST WIND SPEED    23   HIGHEST WIND DIRECTION     W (260)
  HIGHEST GUST SPEED    30   HIGHEST GUST DIRECTION     W (270)
  AVERAGE WIND SPEED     8.5


SKY COVER
  POSSIBLE SUNSHINE  MM
  AVERAGE SKY COVER 0.6


WEATHER CONDITIONS
 THE FOLLOWING WEATHER WAS RECORDED YESTERDAY.
  LIGHT RAIN
  FOG


RELATIVE HUMIDITY (PERCENT)
 HIGHEST   100          1000 PM
 LOWEST     57          1200 PM
 AVERAGE    79

..........................................................


THE BECKLEY WV CLIMATE NORMALS FOR TODAY
                         NORMAL    RECORD    YEAR
 MAXIMUM TEMPERATURE (F)   45        71      1916
 MINIMUM TEMPERATURE (F)   27       -10      1963


SUNRISE AND SUNSET
FEBRUARY 22 2018......SUNRISE   705 AM EST   SUNSET   611 PM EST
FEBRUARY 23 2018......SUNRISE   704 AM EST   SUNSET   612 PM EST


-  INDICATES NEGATIVE NUMBERS.
R  INDICATES RECORD WAS SET OR TIED.
MM INDICATES DATA IS MISSING.
T  INDICATES TRACE AMOUNT.




$$
