000
CDUS41 KRLX 250721
CLIBKW


CLIMATE REPORT
NATIONAL WEATHER SERVICE CHARLESTON WV
321 AM EDT FRI APR 25 2014


...................................

...THE BECKLEY WV CLIMATE SUMMARY FOR APRIL 24 2014...

CLIMATE NORMAL PERIOD 1981 TO 2010
CLIMATE RECORD PERIOD 1963 TO 2014


WEATHER ITEM   OBSERVED TIME   RECORD YEAR NORMAL DEPARTURE LAST
                VALUE   (LST)  VALUE       VALUE  FROM      YEAR
                                                  NORMAL
..................................................................
TEMPERATURE (F)
 YESTERDAY
  MAXIMUM         71    432 PM  87    1925  66      5       75
  MINIMUM         34    445 AM  24    1927  44    -10       39
                                      1911
  AVERAGE         53                        55     -2       57

PRECIPITATION (IN)
  YESTERDAY        0.00          1.96 1987   0.12  -0.12     0.09
  MONTH TO DATE    1.52                      2.64  -1.12     2.47
  SINCE JAN 1      9.09                     11.78  -2.69    10.81

SNOWFALL (IN)
  YESTERDAY        0.0
  MONTH TO DATE    0.6
  SINCE SEP 1     76.3
  SNOW DEPTH       0

DEGREE DAYS
 HEATING
  YESTERDAY       12                        11      1        8
  MONTH TO DATE  267                       336    -69      292
  SINCE MAR 1   1085                      1048     37     1206
  SINCE JUL 1   5293                      5049    244     5020

 COOLING
  YESTERDAY        0                         0      0        0
  MONTH TO DATE    5                         0      5       16
  SINCE MAR 1      5                         1      4       16
  SINCE JAN 1      5                         1      4       16
..................................................................


WIND (MPH)
  HIGHEST WIND SPEED    15   HIGHEST WIND DIRECTION    SE (150)
  HIGHEST GUST SPEED    20   HIGHEST GUST DIRECTION    SE (150)
  AVERAGE WIND SPEED     4.6


SKY COVER
  POSSIBLE SUNSHINE  MM
  AVERAGE SKY COVER 0.3


WEATHER CONDITIONS
 THE FOLLOWING WEATHER WAS RECORDED YESTERDAY.
  NO SIGNIFICANT WEATHER WAS OBSERVED.


RELATIVE HUMIDITY (PERCENT)
 HIGHEST    75           400 AM
 LOWEST     16           500 PM
 AVERAGE    46

..........................................................


THE BECKLEY WV CLIMATE NORMALS FOR TODAY
                         NORMAL    RECORD    YEAR
 MAXIMUM TEMPERATURE (F)   66        87      1925
 MINIMUM TEMPERATURE (F)   44        21      1956


SUNRISE AND SUNSET
APRIL 25 2014.........SUNRISE   636 AM EDT   SUNSET   809 PM EDT
APRIL 26 2014.........SUNRISE   635 AM EDT   SUNSET   810 PM EDT


-  INDICATES NEGATIVE NUMBERS.
R  INDICATES RECORD WAS SET OR TIED.
MM INDICATES DATA IS MISSING.
T  INDICATES TRACE AMOUNT.




$$
