000
CDUS41 KRLX 030717
CLIBKW


CLIMATE REPORT
NATIONAL WEATHER SERVICE CHARLESTON WV
316 AM EDT THU SEP 3 2015


...................................

...THE BECKLEY WV CLIMATE SUMMARY FOR SEPTEMBER 2 2015...

CLIMATE NORMAL PERIOD 1981 TO 2010
CLIMATE RECORD PERIOD 1963 TO 2015


WEATHER ITEM   OBSERVED TIME   RECORD YEAR NORMAL DEPARTURE LAST
                VALUE   (LST)  VALUE       VALUE  FROM      YEAR
                                                  NORMAL
..................................................................
TEMPERATURE (F)
 YESTERDAY
  MAXIMUM         84    431 PM  97    1953  77      7       85
                                      1932
  MINIMUM         62    509 AM  34    1940  58      4       67
  AVERAGE         73                        68      5       76

PRECIPITATION (IN)
  YESTERDAY        0.00          1.37 2000   0.10  -0.10     1.23
  MONTH TO DATE    0.00                      0.20  -0.20     1.26
  SINCE JAN 1     37.07                     29.86   7.21    25.76

SNOWFALL (IN)
  YESTERDAY        0.0
  MONTH TO DATE    0.0
  SINCE SEP 1      0.0
  SNOW DEPTH       0

DEGREE DAYS
 HEATING
  YESTERDAY        0                         1     -1        0
  MONTH TO DATE    0                         2     -2        0
  SINCE SEP 1      0                         2     -2        0
  SINCE JUL 1     12                        23    -11       29

 COOLING
  YESTERDAY        8                         4      4       11
  MONTH TO DATE   16                         8      8       22
  SINCE SEP 1     16                         8      8       22
  SINCE JAN 1    674                       501    173      546
..................................................................


WIND (MPH)
  HIGHEST WIND SPEED    14   HIGHEST WIND DIRECTION     N (360)
  HIGHEST GUST SPEED    18   HIGHEST GUST DIRECTION     N (10)
  AVERAGE WIND SPEED     3.5


SKY COVER
  POSSIBLE SUNSHINE  MM
  AVERAGE SKY COVER 0.1


WEATHER CONDITIONS
 THE FOLLOWING WEATHER WAS RECORDED YESTERDAY.
  FOG
  HAZE


RELATIVE HUMIDITY (PERCENT)
 HIGHEST    93           100 AM
 LOWEST     47           400 PM
 AVERAGE    70

..........................................................


THE BECKLEY WV CLIMATE NORMALS FOR TODAY
                         NORMAL    RECORD    YEAR
 MAXIMUM TEMPERATURE (F)   77        95      1953
 MINIMUM TEMPERATURE (F)   58        35      1940


SUNRISE AND SUNSET
SEPTEMBER  3 2015.....SUNRISE   656 AM EDT   SUNSET   751 PM EDT
SEPTEMBER  4 2015.....SUNRISE   657 AM EDT   SUNSET   750 PM EDT


-  INDICATES NEGATIVE NUMBERS.
R  INDICATES RECORD WAS SET OR TIED.
MM INDICATES DATA IS MISSING.
T  INDICATES TRACE AMOUNT.




$$
