000
CDUS41 KRNK 261010
CLIBLF


CLIMATE REPORT
NATIONAL WEATHER SERVICE BLACKSBURG VA
508 AM EST FRI DEC 26 2014


...................................

...THE BLUEFIELD WV CLIMATE SUMMARY FOR DECEMBER 25 2014...

CLIMATE NORMAL PERIOD 1981 TO 2010
CLIMATE RECORD PERIOD 1959 TO 2014


WEATHER ITEM   OBSERVED TIME   RECORD YEAR NORMAL DEPARTURE LAST
                VALUE   (LST)  VALUE       VALUE  FROM      YEAR
                                                  NORMAL
..................................................................
TEMPERATURE (F)
 YESTERDAY
  MAXIMUM         42    355 PM  64    1982  43     -1       42
  MINIMUM         33   1138 PM -13    1983  28      5       13
  AVERAGE         38                        35      3

PRECIPITATION (IN)
  YESTERDAY        0.02          1.30 1987   0.09  -0.07     0.00
  MONTH TO DATE    1.89                      2.38  -0.49     3.94
  SINCE DEC 1      1.89                      2.38  -0.49     3.94
  SINCE JAN 1     36.75                     39.10  -2.35    40.95

SNOWFALL (IN)
  YESTERDAY        T
  MONTH TO DATE    0.5
  SINCE DEC 1      0.5
  SINCE JUL 1      5.3
  SNOW DEPTH       0

DEGREE DAYS
 HEATING
  YESTERDAY       27                        30     -3
  MONTH TO DATE  631                       680    -49
  SINCE DEC 1    631                       680    -49
  SINCE JUL 1   1716                      1583    133

 COOLING
  YESTERDAY        0                         0      0
  MONTH TO DATE    0                         0      0
  SINCE DEC 1      0                         0      0
  SINCE JAN 1    827                       853    -26
..................................................................


WIND (MPH)
  HIGHEST WIND SPEED    21   HIGHEST WIND DIRECTION     W (280)
  HIGHEST GUST SPEED    36   HIGHEST GUST DIRECTION     W (270)
  AVERAGE WIND SPEED     9.6


SKY COVER
  POSSIBLE SUNSHINE  MM
  AVERAGE SKY COVER 0.5


WEATHER CONDITIONS
 THE FOLLOWING WEATHER WAS RECORDED YESTERDAY.
  LIGHT RAIN
  LIGHT SNOW


RELATIVE HUMIDITY (PERCENT)
 HIGHEST    79           300 AM
 LOWEST     53           400 PM
 AVERAGE    66

..........................................................


THE BLUEFIELD WV CLIMATE NORMALS FOR TODAY
                         NORMAL    RECORD    YEAR
 MAXIMUM TEMPERATURE (F)   43        62      1987
 MINIMUM TEMPERATURE (F)   27        -3      1983


SUNRISE AND SUNSET
DECEMBER 26 2014......SUNRISE   737 AM EST   SUNSET   514 PM EST
DECEMBER 27 2014......SUNRISE   738 AM EST   SUNSET   514 PM EST


-  INDICATES NEGATIVE NUMBERS.
R  INDICATES RECORD WAS SET OR TIED.
MM INDICATES DATA IS MISSING.
T  INDICATES TRACE AMOUNT.

REMARKS:
DUE TO A POWER FAILURE CAUSING A MISSING LOW TEMPERATURE ON
MAY 30...THE SEASONAL TOTAL AND DEPARTURE FROM NORMAL FOR CDD
WILL BE CALCULATED WITHOUT DATA FROM THAT DATE.


$$
