000
CDUS41 KRNK 220844
CLIBLF


CLIMATE REPORT
NATIONAL WEATHER SERVICE BLACKSBURG VA
335 AM EST SUN JAN 22 2017


...................................

...THE BLUEFIELD WV CLIMATE SUMMARY FOR JANUARY 21 2017...

CLIMATE NORMAL PERIOD 1981 TO 2010
CLIMATE RECORD PERIOD 1959 TO 2017


WEATHER ITEM   OBSERVED TIME   RECORD YEAR NORMAL DEPARTURE LAST
                VALUE   (LST)  VALUE       VALUE  FROM      YEAR
                                                  NORMAL
..................................................................
TEMPERATURE (F)
 YESTERDAY
  MAXIMUM         57    310 PM  60    1999  42     15       33
  MINIMUM         48   1159 PM -21    1985  26     22       19
  AVERAGE         53                        34     19       26

PRECIPITATION (IN)
  YESTERDAY        0.02          0.68 1982   0.10  -0.08     0.00
  MONTH TO DATE    2.45                      1.98   0.47     0.91
  SINCE DEC 1      5.65                      4.89   0.76     4.74
  SINCE JAN 1      2.45                      1.98   0.47     0.91

SNOWFALL (IN)
  YESTERDAY        0.0                                       0.0
  MONTH TO DATE    3.8                                       4.4
  SINCE DEC 1      9.7                                       4.5
  SINCE JUL 1      9.7                                       4.5
  SNOW DEPTH       0

DEGREE DAYS
 HEATING
  YESTERDAY       12                        31    -19       39
  MONTH TO DATE  533                       651   -118      625
  SINCE DEC 1   1457                      1513    -56     1022
  SINCE JUL 1   2233                      2416   -183     1744

 COOLING
  YESTERDAY        0                         0      0        0
  MONTH TO DATE    0                         0      0        0
  SINCE DEC 1      0                         0      0        3
  SINCE JAN 1      0                         0      0        0
..................................................................


WIND (MPH)
  HIGHEST WIND SPEED    10   HIGHEST WIND DIRECTION     S (200)
  HIGHEST GUST SPEED    15   HIGHEST GUST DIRECTION     S (200)
  AVERAGE WIND SPEED     3.9


SKY COVER
  AVERAGE SKY COVER 0.4


WEATHER CONDITIONS
 THE FOLLOWING WEATHER WAS RECORDED YESTERDAY.
  LIGHT RAIN
  FOG
  FOG W/VISIBILITY <= 1/4 MILE


RELATIVE HUMIDITY (PERCENT)
 HIGHEST    93          1000 PM
 LOWEST     57           300 PM
 AVERAGE    75

..........................................................


THE BLUEFIELD WV CLIMATE NORMALS FOR TODAY
                         NORMAL    RECORD    YEAR
 MAXIMUM TEMPERATURE (F)   42        65      1999
 MINIMUM TEMPERATURE (F)   26        -5      1970


SUNRISE AND SUNSET
JANUARY 22 2017.......SUNRISE   735 AM EST   SUNSET   539 PM EST
JANUARY 23 2017.......SUNRISE   734 AM EST   SUNSET   540 PM EST


-  INDICATES NEGATIVE NUMBERS.
R  INDICATES RECORD WAS SET OR TIED.
MM INDICATES DATA IS MISSING.
T  INDICATES TRACE AMOUNT.

REMARKS:
DUE TO A POWER FAILURE CAUSING A MISSING HIGH TEMPERATURE ON NOVEMBER
10...ALL TEMPERATURE AND HEATING DEGREE DAY INFORMATION WILL BE
CALCULATED WITHOUT DATA FROM THIS DATE.


$$
