000
CDUS41 KRNK 222221
CLIBLF


CLIMATE REPORT
NATIONAL WEATHER SERVICE BLACKSBURG VA
519 PM EST WED NOV 22 2017


...................................

...THE BLUEFIELD WV CLIMATE SUMMARY FOR NOVEMBER 22 2017...
VALID TODAY AS OF 0500 PM LOCAL TIME.

CLIMATE NORMAL PERIOD 1981 TO 2010
CLIMATE RECORD PERIOD 1959 TO 2017


WEATHER ITEM   OBSERVED TIME   RECORD YEAR NORMAL DEPARTURE LAST
                VALUE   (LST)  VALUE       VALUE  FROM      YEAR
                                                  NORMAL
..................................................................
TEMPERATURE (F)
 TODAY
  MAXIMUM         48   1236 AM  70    1979  53     -5       45
  MINIMUM         36    502 PM   8    1964  37     -1       20
  AVERAGE         42                        45     -3       33

PRECIPITATION (IN)
  TODAY            T             0.64 1982   0.10  -0.10     0.00
  MONTH TO DATE    1.31                      1.94  -0.63     0.41
  SINCE SEP 1      7.21                      7.58  -0.37     2.83
  SINCE JAN 1     39.27                     35.97   3.30    29.72

SNOWFALL (IN)
  TODAY            0.0                                       0.0
  MONTH TO DATE    T                                          T
  SINCE SEP 1      0.3                                        T
  SINCE JUL 1      0.3                                        T
  SNOW DEPTH       0

DEGREE DAYS
 HEATING
  TODAY           23                        20      3       32
  MONTH TO DATE  430                       364     66      359
  SINCE SEP 1    829                       722    107      625
  SINCE JUL 1    855                       728    127      625

 COOLING
  TODAY            0                         0      0        0
  MONTH TO DATE    0                         0      0        1
  SINCE SEP 1     64                       117    -53      129
  SINCE JAN 1    488                       851   -363      737
..................................................................


WIND (MPH)
  HIGHEST WIND SPEED    15   HIGHEST WIND DIRECTION    NW (310)
  HIGHEST GUST SPEED    21   HIGHEST GUST DIRECTION     W (290)
  AVERAGE WIND SPEED     8.4


SKY COVER
  AVERAGE SKY COVER 0.5


WEATHER CONDITIONS
 THE FOLLOWING WEATHER WAS RECORDED TODAY.
  LIGHT RAIN


RELATIVE HUMIDITY (PERCENT)
 HIGHEST    92           200 AM
 LOWEST     46           300 PM
 AVERAGE    69

..........................................................


THE BLUEFIELD WV CLIMATE NORMALS FOR TOMORROW
                         NORMAL    RECORD    YEAR
 MAXIMUM TEMPERATURE (F)   53        67      2003
 MINIMUM TEMPERATURE (F)   36         9      1970


SUNRISE AND SUNSET
NOVEMBER 22 2017......SUNRISE   712 AM EST   SUNSET   510 PM EST
NOVEMBER 23 2017......SUNRISE   713 AM EST   SUNSET   510 PM EST


-  INDICATES NEGATIVE NUMBERS.
R  INDICATES RECORD WAS SET OR TIED.
MM INDICATES DATA IS MISSING.
T  INDICATES TRACE AMOUNT.

$$
