000
CDUS41 KRNK 192209
CLIBLF


CLIMATE REPORT
NATIONAL WEATHER SERVICE BLACKSBURG VA
506 PM EST SUN FEB 19 2017


...................................

...THE BLUEFIELD WV CLIMATE SUMMARY FOR FEBRUARY 19 2017...
VALID TODAY AS OF 0500 PM LOCAL TIME.

CLIMATE NORMAL PERIOD 1981 TO 2010
CLIMATE RECORD PERIOD 1959 TO 2017


WEATHER ITEM   OBSERVED TIME   RECORD YEAR NORMAL DEPARTURE LAST
                VALUE   (LST)  VALUE       VALUE  FROM      YEAR
                                                  NORMAL
..................................................................
TEMPERATURE (F)
 TODAY
  MAXIMUM         49    500 PM  66    1994  47      2       50
  MINIMUM         41    802 AM  -4    2015  30     11       32
  AVERAGE         45                        38      7       41

PRECIPITATION (IN)
  TODAY            0.00          0.74 2000   0.10  -0.10     0.00
                                      2000
                                      2012
  MONTH TO DATE    0.70                      1.84  -1.14     1.67
  SINCE DEC 1      8.15                      7.65   0.50     7.35
  SINCE JAN 1      4.95                      4.74   0.21     3.52

SNOWFALL (IN)
  TODAY            0.0                                       0.0
  MONTH TO DATE    0.9                                      12.4
  SINCE DEC 1     17.2                                      31.1
  SINCE JUL 1     17.2                                      31.1
  SNOW DEPTH       0

DEGREE DAYS
 HEATING
  TODAY           20                        27     -7       24
  MONTH TO DATE  477                       542    -65      671
  SINCE DEC 1   2218                      2359   -141     1860
  SINCE JUL 1   2994                      3262   -268     2582

 COOLING
  TODAY            0                         0      0        0
  MONTH TO DATE    0                         0      0        0
  SINCE DEC 1      0                         0      0        3
  SINCE JAN 1      0                         0      0        0
..................................................................


WIND (MPH)
  HIGHEST WIND SPEED    13   HIGHEST WIND DIRECTION     W (280)
  HIGHEST GUST SPEED    18   HIGHEST GUST DIRECTION     W (270)
  AVERAGE WIND SPEED     7.5


SKY COVER
  AVERAGE SKY COVER 1.0


WEATHER CONDITIONS
 THE FOLLOWING WEATHER WAS RECORDED TODAY.
  FOG


RELATIVE HUMIDITY (PERCENT)
 HIGHEST   100          1100 AM
 LOWEST     49          1200 AM
 AVERAGE    75

..........................................................


THE BLUEFIELD WV CLIMATE NORMALS FOR TOMORROW
                         NORMAL    RECORD    YEAR
 MAXIMUM TEMPERATURE (F)   47        67      1986
 MINIMUM TEMPERATURE (F)   30        -7      2015


SUNRISE AND SUNSET
FEBRUARY 19 2017......SUNRISE   709 AM EST   SUNSET   609 PM EST
FEBRUARY 20 2017......SUNRISE   707 AM EST   SUNSET   610 PM EST


-  INDICATES NEGATIVE NUMBERS.
R  INDICATES RECORD WAS SET OR TIED.
MM INDICATES DATA IS MISSING.
T  INDICATES TRACE AMOUNT.


REMARKS:
DUE TO A POWER OUTAGE CAUSING A MISSING HIGH TEMPERATURE ON NOVEMBER
10...THE SEASONAL HEATING DEGREE DAY TOTAL AND DEPARTURE FROM
NORMAL WILL BE CALCULATED WITHOUT DATA FROM THIS DATE.


$$

PW
