463
CDUS46 KSEW 070832
CLIBLI


CLIMATE REPORT
NATIONAL WEATHER SERVICE SEATTLE WA
1232 AM PST SUN FEB 7 2016


...................................

...THE BELLINGHAM WA AIRPORT CLIMATE SUMMARY FOR FEBRUARY 6 2016...

CLIMATE NORMAL PERIOD 1981 TO 2010
CLIMATE RECORD PERIOD 1949 TO 2016


WEATHER ITEM   OBSERVED TIME   RECORD YEAR NORMAL DEPARTURE LAST
                VALUE   (LST)  VALUE       VALUE  FROM      YEAR
                                                  NORMAL
..................................................................
TEMPERATURE (F)
 YESTERDAY
  MAXIMUM         49    321 PM  62    1963  48      1       60
  MINIMUM         33   1124 PM  20    2014  33      0       53
                                      1989
  AVERAGE         41                        40      1       57

PRECIPITATION (IN)
  YESTERDAY        0.00          0.64 1979   0.12  -0.12     0.14
                                      1961
  MONTH TO DATE    0.65                      0.70  -0.05     0.97
  SINCE OCT 1     17.83                     19.07  -1.24    21.19
  SINCE JAN 1      3.76                      5.37  -1.61     6.46

DEGREE DAYS
 HEATING
  YESTERDAY       24                        25     -1        8
  MONTH TO DATE  128                       150    -22      100
  SINCE DEC 1   1566                      1784   -218     1487

 COOLING
  YESTERDAY        0                         0      0        0
  MONTH TO DATE    0                         0      0        0
  SINCE DEC 1      0                         0      0        0
  SINCE JAN 1      0                         0      0        0
..................................................................


WIND (MPH)
  RESULTANT WIND SPEED   5   RESULTANT WIND DIRECTION   S (160)
  HIGHEST WIND SPEED    15   HIGHEST WIND DIRECTION     S (160)
  HIGHEST GUST SPEED    20   HIGHEST GUST DIRECTION     S (170)
  AVERAGE WIND SPEED     5.9


SKY COVER
  AVERAGE SKY COVER 0.3


WEATHER CONDITIONS
 THE FOLLOWING WEATHER WAS RECORDED YESTERDAY.
  FOG


RELATIVE HUMIDITY (PERCENT)
 HIGHEST   100           900 PM
 LOWEST     65           200 AM
 AVERAGE    83

..........................................................


THE BELLINGHAM WA AIRPORT CLIMATE NORMALS FOR TODAY
                         NORMAL    RECORD    YEAR
 MAXIMUM TEMPERATURE (F)   48        60      2012
                                             1954
 MINIMUM TEMPERATURE (F)   33        20      2014
                                             1989


SUNRISE AND SUNSET
FEBRUARY  7 2016......SUNRISE   732 AM PST   SUNSET   517 PM PST
FEBRUARY  8 2016......SUNRISE   730 AM PST   SUNSET   519 PM PST


-  INDICATES NEGATIVE NUMBERS.
R  INDICATES RECORD WAS SET OR TIED.
MM INDICATES DATA IS MISSING.
T  INDICATES TRACE AMOUNT.




$$
