000
CDUS46 KSEW 200831
CLIBLI


CLIMATE REPORT
NATIONAL WEATHER SERVICE SEATTLE WA
1231 AM PST SAT JAN 20 2018


...................................

...THE BELLINGHAM WA AIRPORT CLIMATE SUMMARY FOR JANUARY 19 2018...

CLIMATE NORMAL PERIOD 1981 TO 2010
CLIMATE RECORD PERIOD 1949 TO 2018


WEATHER ITEM   OBSERVED TIME   RECORD YEAR NORMAL DEPARTURE LAST
                VALUE   (LST)  VALUE       VALUE  FROM      YEAR
                                                  NORMAL
..................................................................
TEMPERATURE (F)
 YESTERDAY
  MAXIMUM         48    252 PM  63    2005  46      2       49
  MINIMUM         44   1159 PM  11    1954  33     11       46
  AVERAGE         46                        40      6       48

PRECIPITATION (IN)
  YESTERDAY        0.02          1.25 1967   0.16  -0.14     0.20
  MONTH TO DATE    2.73                      2.94  -0.21     1.59
  SINCE OCT 1     20.35                     16.64   3.71    20.71
  SINCE JAN 1      2.73                      2.94  -0.21     1.59

DEGREE DAYS
 HEATING
  YESTERDAY       19                        25     -6       17
  MONTH TO DATE  439                       498    -59      599
  SINCE DEC 1   1298                      1332    -34     1549

 COOLING
  YESTERDAY        0                         0      0        0
  MONTH TO DATE    0                         0      0        0
  SINCE DEC 1      0                         0      0        0
  SINCE JAN 1      0                         0      0        0
..................................................................


WIND (MPH)
  RESULTANT WIND SPEED  18   RESULTANT WIND DIRECTION  SE (150)
  HIGHEST WIND SPEED    28   HIGHEST WIND DIRECTION    SE (140)
  HIGHEST GUST SPEED    38   HIGHEST GUST DIRECTION    SE (150)
  AVERAGE WIND SPEED    17.4


SKY COVER
  AVERAGE SKY COVER 1.0


WEATHER CONDITIONS
 THE FOLLOWING WEATHER WAS RECORDED YESTERDAY.
  LIGHT RAIN


RELATIVE HUMIDITY (PERCENT)
 HIGHEST    89          1000 PM
 LOWEST     65           200 AM
 AVERAGE    77

..........................................................


THE BELLINGHAM WA AIRPORT CLIMATE NORMALS FOR TODAY
                         NORMAL    RECORD    YEAR
 MAXIMUM TEMPERATURE (F)   46        61      1981
 MINIMUM TEMPERATURE (F)   33        13      1954


SUNRISE AND SUNSET
JANUARY 20 2018.......SUNRISE   754 AM PST   SUNSET   449 PM PST
JANUARY 21 2018.......SUNRISE   753 AM PST   SUNSET   451 PM PST


-  INDICATES NEGATIVE NUMBERS.
R  INDICATES RECORD WAS SET OR TIED.
MM INDICATES DATA IS MISSING.
T  INDICATES TRACE AMOUNT.




$$
