000
CDUS46 KSEW 240828
CLIBLI


CLIMATE REPORT
NATIONAL WEATHER SERVICE SEATTLE WA
128 AM PDT FRI OCT 24 2014


...................................

...THE BELLINGHAM WA AIRPORT CLIMATE SUMMARY FOR OCTOBER 23 2014...

CLIMATE NORMAL PERIOD 1981 TO 2010
CLIMATE RECORD PERIOD 1949 TO 2014


WEATHER ITEM   OBSERVED TIME   RECORD YEAR NORMAL DEPARTURE LAST
                VALUE   (LST)  VALUE       VALUE  FROM      YEAR
                                                  NORMAL
..................................................................
TEMPERATURE (F)
 YESTERDAY
  MAXIMUM         56    251 PM  69    2007  56      0       64
                                      1982
  MINIMUM         49   1030 PM  30    1954  41      8       35
                                      1953
  AVERAGE         53                        48      5       50

PRECIPITATION (IN)
  YESTERDAY        0.04          1.06 2009   0.14  -0.10     0.00
  MONTH TO DATE    3.19                      2.43   0.76     1.75
  SINCE OCT 1      3.19                      2.43   0.76     1.75
  SINCE JAN 1     25.28                     24.56   0.72    22.25

DEGREE DAYS
 HEATING
  YESTERDAY       12                        17     -5       15
  MONTH TO DATE  157                       330   -173      351
  SINCE SEP 1    266                       564   -298      500

 COOLING
  YESTERDAY        0                         0      0        0
  MONTH TO DATE    0                         0      0        0
  SINCE SEP 1      2                         2      0        6
  SINCE JAN 1    117                        42     75       95
..................................................................


WIND (MPH)
  RESULTANT WIND SPEED   8   RESULTANT WIND DIRECTION   S (160)
  HIGHEST WIND SPEED    22   HIGHEST WIND DIRECTION    SE (150)
  HIGHEST GUST SPEED    32   HIGHEST GUST DIRECTION    SE (150)
  AVERAGE WIND SPEED     9.0


SKY COVER
  AVERAGE SKY COVER 0.8


WEATHER CONDITIONS
 THE FOLLOWING WEATHER WAS RECORDED YESTERDAY.
  LIGHT RAIN


RELATIVE HUMIDITY (PERCENT)
 HIGHEST    83           300 AM
 LOWEST     64           700 PM
 AVERAGE    74

..........................................................


THE BELLINGHAM WA AIRPORT CLIMATE NORMALS FOR TODAY
                         NORMAL    RECORD    YEAR
 MAXIMUM TEMPERATURE (F)   56        72      1957
 MINIMUM TEMPERATURE (F)   41        27      1954


SUNRISE AND SUNSET
OCTOBER 24 2014.......SUNRISE   744 AM PDT   SUNSET   603 PM PDT
OCTOBER 25 2014.......SUNRISE   746 AM PDT   SUNSET   602 PM PDT


-  INDICATES NEGATIVE NUMBERS.
R  INDICATES RECORD WAS SET OR TIED.
MM INDICATES DATA IS MISSING.
T  INDICATES TRACE AMOUNT.




$$
