000
CDUS46 KSEW 120830
CLIBLI


CLIMATE REPORT
NATIONAL WEATHER SERVICE SEATTLE WA
130 AM PDT SAT JUL 12 2014


...................................

...THE BELLINGHAM WA AIRPORT CLIMATE SUMMARY FOR JULY 11 2014...

CLIMATE NORMAL PERIOD 1981 TO 2010
CLIMATE RECORD PERIOD 1949 TO 2014


WEATHER ITEM   OBSERVED TIME   RECORD YEAR NORMAL DEPARTURE LAST
                VALUE   (LST)  VALUE       VALUE  FROM      YEAR
                                                  NORMAL
..................................................................
TEMPERATURE (F)
 YESTERDAY
  MAXIMUM         82    511 PM  94    2007  71     11       67
  MINIMUM         53    418 AM  44    2008  53      0       53
  AVERAGE         68                        62      6       60

PRECIPITATION (IN)
  YESTERDAY        0.00          0.93 1983   0.04  -0.04     0.00
  MONTH TO DATE    0.01                      0.50  -0.49     0.00
  SINCE OCT 1     28.28                     32.14  -3.86    16.64
  SINCE JAN 1     17.97                     18.44  -0.47    14.86

DEGREE DAYS
 HEATING
  YESTERDAY        0                         3     -3        5
  MONTH TO DATE   11                        40    -29       14
  SINCE JUN 1    147                       241    -94      149

 COOLING
  YESTERDAY        3                         0      3        0
  MONTH TO DATE   19                         0     19       18
  SINCE JUN 1     20                         4     16       32
  SINCE JAN 1     21                         4     17       32
..................................................................


WIND (MPH)
  RESULTANT WIND SPEED   1   RESULTANT WIND DIRECTION   S (170)
  HIGHEST WIND SPEED    10   HIGHEST WIND DIRECTION     S (170)
  HIGHEST GUST SPEED    15   HIGHEST GUST DIRECTION     S (170)
  AVERAGE WIND SPEED     2.5


SKY COVER
  AVERAGE SKY COVER 0.0


WEATHER CONDITIONS
 THE FOLLOWING WEATHER WAS RECORDED YESTERDAY.
  FOG


RELATIVE HUMIDITY (PERCENT)
 HIGHEST    93           200 AM
 LOWEST     36           500 PM
 AVERAGE    65

..........................................................


THE BELLINGHAM WA AIRPORT CLIMATE NORMALS FOR TODAY
                         NORMAL    RECORD    YEAR
 MAXIMUM TEMPERATURE (F)   71        92      1951
 MINIMUM TEMPERATURE (F)   53        45      1971
                                             1954


SUNRISE AND SUNSET
JULY 12 2014..........SUNRISE   520 AM PDT   SUNSET   911 PM PDT
JULY 13 2014..........SUNRISE   521 AM PDT   SUNSET   910 PM PDT


-  INDICATES NEGATIVE NUMBERS.
R  INDICATES RECORD WAS SET OR TIED.
MM INDICATES DATA IS MISSING.
T  INDICATES TRACE AMOUNT.




$$
