000
CDUS46 KSEW 030130
CLIBLI


CLIMATE REPORT
NATIONAL WEATHER SERVICE SEATTLE WA
530 PM PST MON MAR 2 2015


...................................

...THE BELLINGHAM WA AIRPORT CLIMATE SUMMARY FOR MARCH 2 2015...
VALID TODAY AS OF 0500 PM LOCAL TIME.

CLIMATE NORMAL PERIOD 1981 TO 2010
CLIMATE RECORD PERIOD 1949 TO 2015


WEATHER ITEM   OBSERVED TIME   RECORD YEAR NORMAL DEPARTURE LAST
                VALUE   (LST)  VALUE       VALUE  FROM      YEAR
                                                  NORMAL
..................................................................
TEMPERATURE (F)
 TODAY
  MAXIMUM         54    253 PM  61    1992  50      4       34
                                      1990
  MINIMUM         30    654 AM  20    1989  34     -4       30
  AVERAGE         42                        42      0       32

PRECIPITATION (IN)
  TODAY            0.00          0.62 2014   0.11  -0.11     0.62
  MONTH TO DATE    T                         0.22  -0.22     0.62
  SINCE OCT 1     22.70                     21.61   1.09    16.51
  SINCE JAN 1      7.97                      7.91   0.06     6.20

DEGREE DAYS
 HEATING
  TODAY           23                        23      0       33
  MONTH TO DATE   49                        46      3       63
  SINCE MAR 1     49                        46      3       63

 COOLING
  TODAY            0                         0      0        0
  MONTH TO DATE    0                         0      0        0
  SINCE MAR 1      0                         0      0        0
  SINCE JAN 1      0                         0      0        0
..................................................................


WIND (MPH)
  RESULTANT WIND SPEED   5   RESULTANT WIND DIRECTION  NW (320)
  HIGHEST WIND SPEED    14   HIGHEST WIND DIRECTION    NW (300)
  HIGHEST GUST SPEED    20   HIGHEST GUST DIRECTION     W (270)
  AVERAGE WIND SPEED     5.8


SKY COVER
  AVERAGE SKY COVER 0.2


WEATHER CONDITIONS
 THE FOLLOWING WEATHER WAS RECORDED TODAY.
  FOG
  FOG W/VISIBILITY <= 1/4 MILE


RELATIVE HUMIDITY (PERCENT)
 HIGHEST    92           200 AM
 LOWEST     41           100 PM
 AVERAGE    67

..........................................................


THE BELLINGHAM WA AIRPORT CLIMATE NORMALS FOR TOMORROW
                         NORMAL    RECORD    YEAR
 MAXIMUM TEMPERATURE (F)   50        62      2005
                                             1965
 MINIMUM TEMPERATURE (F)   34        15      1989


SUNRISE AND SUNSET
MARCH  2 2015.........SUNRISE   650 AM PST   SUNSET   555 PM PST
MARCH  3 2015.........SUNRISE   648 AM PST   SUNSET   557 PM PST


-  INDICATES NEGATIVE NUMBERS.
R  INDICATES RECORD WAS SET OR TIED.
MM INDICATES DATA IS MISSING.
T  INDICATES TRACE AMOUNT.




$$
