000
CDUS46 KSEW 230830
CLIBLI


CLIMATE REPORT
NATIONAL WEATHER SERVICE SEATTLE WA
1230 AM PST THU FEB 23 2017


...................................

...THE BELLINGHAM WA AIRPORT CLIMATE SUMMARY FOR FEBRUARY 22 2017...

CLIMATE NORMAL PERIOD 1981 TO 2010
CLIMATE RECORD PERIOD 1949 TO 2017


WEATHER ITEM   OBSERVED TIME   RECORD YEAR NORMAL DEPARTURE LAST
                VALUE   (LST)  VALUE       VALUE  FROM      YEAR
                                                  NORMAL
..................................................................
TEMPERATURE (F)
 YESTERDAY
  MAXIMUM         45    330 PM  59    2004  49     -4       50
                                      1966
  MINIMUM         30   1159 PM  23    1957  33     -3       32
  AVERAGE         38                        41     -3       41

PRECIPITATION (IN)
  YESTERDAY        T             1.22 2002   0.10  -0.10     0.02
  MONTH TO DATE    3.70                      2.40   1.30     5.33
  SINCE OCT 1     24.49                     20.77   3.72    22.51
  SINCE JAN 1      5.37                      7.07  -1.70     8.44

DEGREE DAYS
 HEATING
  YESTERDAY       27                        24      3       24
  MONTH TO DATE  564                       539     25      424
  SINCE DEC 1   2421                      2173    248     1862

 COOLING
  YESTERDAY        0                         0      0        0
  MONTH TO DATE    0                         0      0        0
  SINCE DEC 1      0                         0      0        0
  SINCE JAN 1      0                         0      0        0
..................................................................


WIND (MPH)
  RESULTANT WIND SPEED   2   RESULTANT WIND DIRECTION   S (160)
  HIGHEST WIND SPEED    10   HIGHEST WIND DIRECTION     E (90)
  HIGHEST GUST SPEED    15   HIGHEST GUST DIRECTION     S (180)
  AVERAGE WIND SPEED     3.1


SKY COVER
  AVERAGE SKY COVER 0.4


WEATHER CONDITIONS
 THE FOLLOWING WEATHER WAS RECORDED YESTERDAY.
  LIGHT RAIN
  FOG


RELATIVE HUMIDITY (PERCENT)
 HIGHEST   100           800 AM
 LOWEST     70           200 PM
 AVERAGE    85

..........................................................


THE BELLINGHAM WA AIRPORT CLIMATE NORMALS FOR TODAY
                         NORMAL    RECORD    YEAR
 MAXIMUM TEMPERATURE (F)   49        62      1983
 MINIMUM TEMPERATURE (F)   34        22      1952


SUNRISE AND SUNSET
FEBRUARY 23 2017......SUNRISE   703 AM PST   SUNSET   545 PM PST
FEBRUARY 24 2017......SUNRISE   701 AM PST   SUNSET   546 PM PST


-  INDICATES NEGATIVE NUMBERS.
R  INDICATES RECORD WAS SET OR TIED.
MM INDICATES DATA IS MISSING.
T  INDICATES TRACE AMOUNT.




$$
