000
CDUS46 KSEW 240123
CLIBLI


CLIMATE REPORT
NATIONAL WEATHER SERVICE SEATTLE WA
623 PM PDT MON MAY 23 2016


...................................

...THE BELLINGHAM WA AIRPORT CLIMATE SUMMARY FOR MAY 23 2016...
VALID TODAY AS OF 0600 PM LOCAL TIME.

CLIMATE NORMAL PERIOD 1981 TO 2010
CLIMATE RECORD PERIOD 1949 TO 2016


WEATHER ITEM   OBSERVED TIME   RECORD YEAR NORMAL DEPARTURE LAST
                VALUE   (LST)  VALUE       VALUE  FROM      YEAR
                                                  NORMAL
..................................................................
TEMPERATURE (F)
 TODAY
  MAXIMUM         61    406 PM  88    1969  63     -2       60
  MINIMUM         53    754 AM  33    1955  47      6       55
  AVERAGE         57                        55      2       58

PRECIPITATION (IN)
  TODAY            0.01          0.56 2004   0.08  -0.07      T
  MONTH TO DATE    0.42                      1.83  -1.41     0.63
  SINCE OCT 1     29.43                     29.13   0.30    29.33
  SINCE JAN 1     15.36                     15.43  -0.07    14.60

DEGREE DAYS
 HEATING
  TODAY            8                        10     -2        7
  MONTH TO DATE  165                       272   -107      198
  SINCE MAR 1    985                      1413   -428     1173

 COOLING
  TODAY            0                         0      0        0
  MONTH TO DATE    1                         0      1        0
  SINCE MAR 1      1                         0      1        0
  SINCE JAN 1      1                         0      1        0
..................................................................


WIND (MPH)
  RESULTANT WIND SPEED   8   RESULTANT WIND DIRECTION   S (160)
  HIGHEST WIND SPEED    14   HIGHEST WIND DIRECTION     S (160)
  HIGHEST GUST SPEED    19   HIGHEST GUST DIRECTION     S (160)
  AVERAGE WIND SPEED     8.5


SKY COVER
  AVERAGE SKY COVER 1.0


WEATHER CONDITIONS
 THE FOLLOWING WEATHER WAS RECORDED TODAY.
  LIGHT RAIN
  FOG


RELATIVE HUMIDITY (PERCENT)
 HIGHEST    86          1200 PM
 LOWEST     67          1200 AM
 AVERAGE    77

..........................................................


THE BELLINGHAM WA AIRPORT CLIMATE NORMALS FOR TOMORROW
                         NORMAL    RECORD    YEAR
 MAXIMUM TEMPERATURE (F)   64        83      1992
 MINIMUM TEMPERATURE (F)   47        36      1950


SUNRISE AND SUNSET
MAY 23 2016...........SUNRISE   519 AM PDT   SUNSET   856 PM PDT
MAY 24 2016...........SUNRISE   518 AM PDT   SUNSET   857 PM PDT


-  INDICATES NEGATIVE NUMBERS.
R  INDICATES RECORD WAS SET OR TIED.
MM INDICATES DATA IS MISSING.
T  INDICATES TRACE AMOUNT.




$$
