000
CDUS43 KIND 200531
CLIBMG


CLIMATE REPORT
NATIONAL WEATHER SERVICE INDIANAPOLIS IN
130 AM EDT SUN APR 20 2014


...................................

...THE BLOOMINGTON IN CLIMATE SUMMARY FOR APRIL 19 2014...

CLIMATE NORMAL PERIOD 1981 TO 2010
CLIMATE RECORD PERIOD 9999 TO 9999


WEATHER ITEM   OBSERVED TIME   NORMAL DEPARTURE LAST
                VALUE   (LST)  VALUE  FROM      YEAR
                                      NORMAL
......................................................
TEMPERATURE (F)
 YESTERDAY
  MAXIMUM         73    158 PM  66      7       48
  MINIMUM         43    612 AM  43      0       36
  AVERAGE         58            55      3       42

PRECIPITATION (IN)
  YESTERDAY        0.00          0.15  -0.15     0.45
  MONTH TO DATE    5.75          2.88   2.87     3.97
  SINCE MAR 1      7.69          6.76   0.93     6.21
  SINCE JAN 1     12.34         12.83  -0.49    14.22

DEGREE DAYS
 HEATING
  YESTERDAY        7            11     -4       23
  MONTH TO DATE  249           257     -8      216
  SINCE MAR 1   1086           945    141     1086
  SINCE JUL 1   5648          5013    635     5042

 COOLING
  YESTERDAY        0             1     -1        0
  MONTH TO DATE    6            11     -5       11
  SINCE MAR 1      6            14     -8       11
  SINCE JAN 1      6            14     -8       11
......................................................


WIND (MPH)
  HIGHEST WIND SPEED    16   HIGHEST WIND DIRECTION    NE (60)
  HIGHEST GUST SPEED    22   HIGHEST GUST DIRECTION    NE (30)
  AVERAGE WIND SPEED     6.5


SKY COVER
  AVERAGE SKY COVER 0.0


WEATHER CONDITIONS
 THE FOLLOWING WEATHER WAS RECORDED YESTERDAY.
  NO SIGNIFICANT WEATHER WAS OBSERVED.


RELATIVE HUMIDITY (PERCENT)
 HIGHEST    70           600 AM
 LOWEST     24           200 PM
 AVERAGE    47

..........................................................


THE BLOOMINGTON IN CLIMATE NORMALS FOR TODAY
                         NORMAL
 MAXIMUM TEMPERATURE (F)   66
 MINIMUM TEMPERATURE (F)   44


SUNRISE AND SUNSET
APRIL 20 2014.........SUNRISE   703 AM EDT   SUNSET   829 PM EDT
APRIL 21 2014.........SUNRISE   701 AM EDT   SUNSET   830 PM EDT


-  INDICATES NEGATIVE NUMBERS.
R  INDICATES RECORD WAS SET OR TIED.
MM INDICATES DATA IS MISSING.
T  INDICATES TRACE AMOUNT.




$$
