000
CDUS43 KIND 270532
CLIBMG


CLIMATE REPORT
NATIONAL WEATHER SERVICE INDIANAPOLIS IN
131 AM EDT FRI MAR 27 2015


...................................

...THE BLOOMINGTON IN CLIMATE SUMMARY FOR MARCH 26 2015...

CLIMATE NORMAL PERIOD 1981 TO 2010
CLIMATE RECORD PERIOD 9999 TO 9999


WEATHER ITEM   OBSERVED TIME   NORMAL DEPARTURE LAST
                VALUE   (LST)  VALUE  FROM      YEAR
                                      NORMAL
......................................................
TEMPERATURE (F)
 YESTERDAY
  MAXIMUM         47    141 AM  58    -11       43
  MINIMUM         34   1159 PM  35     -1       12
  AVERAGE         41            47     -6       28

PRECIPITATION (IN)
  YESTERDAY        0.70          0.15   0.55     0.00
  MONTH TO DATE    4.55          3.01   1.54     0.90
  SINCE MAR 1      4.55          3.01   1.54     0.90
  SINCE JAN 1      8.12          9.08  -0.96     5.55

DEGREE DAYS
 HEATING
  YESTERDAY       24            18      6       37
  MONTH TO DATE  619           601     18      739
  SINCE MAR 1    619           601     18      739
  SINCE JUL 1   5190          4669    521     5301

 COOLING
  YESTERDAY        0             0      0        0
  MONTH TO DATE    0             0      0        0
  SINCE MAR 1      0             0      0        0
  SINCE JAN 1      0             0      0        0
......................................................


WIND (MPH)
  HIGHEST WIND SPEED    16   HIGHEST WIND DIRECTION     N (10)
  HIGHEST GUST SPEED    19   HIGHEST GUST DIRECTION     N (10)
  AVERAGE WIND SPEED     6.2


SKY COVER
  AVERAGE SKY COVER 0.8


WEATHER CONDITIONS
 THE FOLLOWING WEATHER WAS RECORDED YESTERDAY.
  THUNDERSTORM
  HEAVY RAIN
  RAIN
  LIGHT RAIN
  FOG


RELATIVE HUMIDITY (PERCENT)
 HIGHEST   100           300 AM
 LOWEST     62           700 PM
 AVERAGE    81

..........................................................


THE BLOOMINGTON IN CLIMATE NORMALS FOR TODAY
                         NORMAL
 MAXIMUM TEMPERATURE (F)   59
 MINIMUM TEMPERATURE (F)   36


SUNRISE AND SUNSET
MARCH 27 2015.........SUNRISE   739 AM EDT   SUNSET   805 PM EDT
MARCH 28 2015.........SUNRISE   738 AM EDT   SUNSET   806 PM EDT


-  INDICATES NEGATIVE NUMBERS.
R  INDICATES RECORD WAS SET OR TIED.
MM INDICATES DATA IS MISSING.
T  INDICATES TRACE AMOUNT.




$$
