725
CDUS44 KOHX 171422
CLIBNA


CLIMATE REPORT
NATIONAL WEATHER SERVICE NASHVILLE TN
822 AM CST SUN DEC 17 2017


...................................

...THE NASHVILLE CLIMATE SUMMARY FOR DECEMBER 17 2017...
VALID AS OF 0800 AM LOCAL TIME.

CLIMATE NORMAL PERIOD 1981 TO 2010
CLIMATE RECORD PERIOD 1871 TO 2017


WEATHER ITEM   OBSERVED TIME   RECORD YEAR NORMAL DEPARTURE
                VALUE   (LST)  VALUE       VALUE  FROM
                                                  NORMAL
...............................................................
TEMPERATURE (F)
 TODAY
  MINIMUM         40    759 AM   9    1972  31      9

PRECIPITATION (IN)
  TODAY            0.10          2.72 1915   0.13  -0.03
  MONTH TO DATE    0.58                      2.55  -1.97
  SINCE JAN 1     48.94                     45.56   3.38

SNOWFALL (IN)
  TODAY            0.0           2.3  1930
  MONTH TO DATE    0.0
  SINCE DEC 1      0.0
  SINCE JUL 1      0.0

DEGREE DAYS
 HEATING
  TODAY           MM                               MM
  MONTH TO DATE  367                              -28
  SINCE DEC 1    367                              -28
  SINCE JUL 1    941                             -128

 COOLING
  TODAY           MM                               MM
  MONTH TO DATE    0                                0
  SINCE DEC 1      0                                0
  SINCE JAN 1   1923                              278
...............................................................


WIND (MPH)
  HIGHEST WIND SPEED     9   HIGHEST WIND DIRECTION    SE (140)
  HIGHEST GUST SPEED    10   HIGHEST GUST DIRECTION    SE (140)
  AVERAGE WIND SPEED     4.7




RELATIVE HUMIDITY (PERCENT)
 HIGHEST    92
 LOWEST     57
 AVERAGE    75

..........................................................


THE NASHVILLE CLIMATE NORMALS FOR TOMORROW
                         NORMAL    RECORD    YEAR
 MAXIMUM TEMPERATURE (F)   49        72      2006
 MINIMUM TEMPERATURE (F)   31         4      1884


SUNRISE AND SUNSET
DECEMBER 17 2017......SUNRISE   652 AM CST   SUNSET   434 PM CST
DECEMBER 18 2017......SUNRISE   652 AM CST   SUNSET   435 PM CST


-  INDICATES NEGATIVE NUMBERS.
R  INDICATES RECORD WAS SET OR TIED.
MM INDICATES DATA IS MISSING.
T  INDICATES TRACE AMOUNT.




$$
