312
CDUS44 KOHX 290621
CLIBNA


CLIMATE REPORT
NATIONAL WEATHER SERVICE NASHVILLE TN
120 AM CDT THU JUN 29 2017


...................................

...THE NASHVILLE CLIMATE SUMMARY FOR JUNE 28 2017...

CLIMATE NORMAL PERIOD 1981 TO 2010
CLIMATE RECORD PERIOD 1871 TO 2017


WEATHER ITEM   OBSERVED TIME   RECORD YEAR NORMAL DEPARTURE
                VALUE   (LST)  VALUE       VALUE  FROM
                                                  NORMAL
...............................................................
TEMPERATURE (F)
 YESTERDAY
  MAXIMUM         88    114 PM 105    2012  89     -1
  MINIMUM         59    513 AM  52    1968  68     -9
  AVERAGE         74                        78     -4

PRECIPITATION (IN)
  YESTERDAY        0.00          1.66 2011   0.12  -0.12
  MONTH TO DATE    3.97                      3.88   0.09
  SINCE JAN 1     24.23                     25.18  -0.95

SNOWFALL (IN)
  YESTERDAY        0.0           0.0  2002
                                      2001
  MONTH TO DATE    0.0
  SINCE JUN 1      0.0
  SINCE JUL 1      2.2

DEGREE DAYS
 HEATING
  YESTERDAY        0                                0
  MONTH TO DATE    0                                0
  SINCE JUN 1      0                                0
  SINCE JUL 1   2450                            -1235

 COOLING
  YESTERDAY        9                               -4
  MONTH TO DATE  313                               16
  SINCE JUN 1    313                               16
  SINCE JAN 1    632                              156
...............................................................


WIND (MPH)
  HIGHEST WIND SPEED    13   HIGHEST WIND DIRECTION    SE (150)
  HIGHEST GUST SPEED    16   HIGHEST GUST DIRECTION     S (180)
  AVERAGE WIND SPEED     5.1




RELATIVE HUMIDITY (PERCENT)
 HIGHEST    90
 LOWEST     32

..........................................................


THE NASHVILLE CLIMATE NORMALS FOR TODAY
                         NORMAL    RECORD    YEAR
 MAXIMUM TEMPERATURE (F)   89       109      2012
 MINIMUM TEMPERATURE (F)   68        54      1974


SUNRISE AND SUNSET
JUNE 29 2017..........SUNRISE   533 AM CDT   SUNSET   808 PM CDT
JUNE 30 2017..........SUNRISE   533 AM CDT   SUNSET   808 PM CDT


-  INDICATES NEGATIVE NUMBERS.
R  INDICATES RECORD WAS SET OR TIED.
MM INDICATES DATA IS MISSING.
T  INDICATES TRACE AMOUNT.




$$
