147
CDUS44 KOHX 282127
CLIBNA


CLIMATE REPORT
NATIONAL WEATHER SERVICE NASHVILLE TN
427 PM CDT FRI APR 28 2017


...................................

...THE NASHVILLE CLIMATE SUMMARY FOR APRIL 28 2017...
VALID TODAY AS OF 0400 PM LOCAL TIME.

CLIMATE NORMAL PERIOD 1981 TO 2010
CLIMATE RECORD PERIOD 1871 TO 2017


WEATHER ITEM   OBSERVED TIME   RECORD YEAR NORMAL DEPARTURE
                VALUE   (LST)  VALUE       VALUE  FROM
                                                  NORMAL
...............................................................
TEMPERATURE (F)
 TODAY
  MAXIMUM         82    310 PM  90    1989  74      8
  MINIMUM         52    521 AM  36    1992  51      1
  AVERAGE         67                        63      4

PRECIPITATION (IN)
  TODAY            0.00          3.19 2014   0.16  -0.16
  MONTH TO DATE    7.18                      3.69   3.49
  SINCE JAN 1     16.10                     15.49   0.61

SNOWFALL (IN)
  TODAY            0.0           0.0  2002
                                      2001
  MONTH TO DATE    0.0
  SINCE MAR 1      1.5
  SINCE JUL 1      2.2

DEGREE DAYS
 HEATING
  TODAY            0                               -4
  MONTH TO DATE   76                             -134
  SINCE MAR 1    441                             -242
  SINCE JUL 1   2409                            -1212

 COOLING
  TODAY            2                                0
  MONTH TO DATE   82                               46
  SINCE MAR 1     96                               52
  SINCE JAN 1    103                               59
...............................................................


WIND (MPH)
  HIGHEST WIND SPEED    22   HIGHEST WIND DIRECTION     S (190)
  HIGHEST GUST SPEED    31   HIGHEST GUST DIRECTION     S (180)
  AVERAGE WIND SPEED     6.2




RELATIVE HUMIDITY (PERCENT)
 HIGHEST    96
 LOWEST     62
 AVERAGE    79

..........................................................


THE NASHVILLE CLIMATE NORMALS FOR TOMORROW
                         NORMAL    RECORD    YEAR
 MAXIMUM TEMPERATURE (F)   74        90      1894
 MINIMUM TEMPERATURE (F)   52        35      1992


SUNRISE AND SUNSET
APRIL 28 2017.........SUNRISE   557 AM CDT   SUNSET   732 PM CDT
APRIL 29 2017.........SUNRISE   556 AM CDT   SUNSET   733 PM CDT


-  INDICATES NEGATIVE NUMBERS.
R  INDICATES RECORD WAS SET OR TIED.
MM INDICATES DATA IS MISSING.
T  INDICATES TRACE AMOUNT.




$$
