000
CDUS44 KOHX 221257
CLIBNA

CLIMATE REPORT
NATIONAL WEATHER SERVICE NASHVILLE TN
745 AM CDT FRI MAY 22 2015


...................................

...THE NASHVILLE CLIMATE SUMMARY FOR MAY 21 2015...

CLIMATE NORMAL PERIOD 1981 TO 2010
CLIMATE RECORD PERIOD 1871 TO 2015


WEATHER ITEM   OBSERVED TIME   RECORD YEAR NORMAL DEPARTURE
                VALUE   (LST)  VALUE       VALUE  FROM
                                                  NORMAL
...............................................................
TEMPERATURE (F)
 YESTERDAY
  MAXIMUM         62   1200 AM  94    1941  79    -17
  MINIMUM         48   1159 PM  40    1894  58    -10
  AVERAGE         55                        69    -14

PRECIPITATION (IN)
  YESTERDAY        T             1.85 1983   0.16  -0.16
  MONTH TO DATE    1.28                      3.88  -2.60
  SINCE MAR 1     11.90                     11.99  -0.09
  SINCE JAN 1     18.72                     19.68  -0.96

SNOWFALL (IN)
  YESTERDAY        0.0           0.0  2002   0.0    0.0
                                      2001
  MONTH TO DATE    0.0                       0.0    0.0
  SINCE MAR 1      2.9                       0.9    2.0
  SINCE JUL 1      6.1                       6.3   -0.2
  SNOW DEPTH       0

DEGREE DAYS
 HEATING
  YESTERDAY       10                                9
  MONTH TO DATE   19                              -29
  SINCE MAR 1    583                             -155
  SINCE JUL 1   3773                               97

 COOLING
  YESTERDAY        0                               -5
  MONTH TO DATE  138                               66
  SINCE MAR 1    180                               63
  SINCE JAN 1    180                               63
...............................................................


WIND (MPH)
  HIGHEST WIND SPEED    16   HIGHEST WIND DIRECTION    NW (320)
  HIGHEST GUST SPEED    26   HIGHEST GUST DIRECTION     W (290)
  AVERAGE WIND SPEED     8.2




RELATIVE HUMIDITY (PERCENT)
 HIGHEST    93
 LOWEST     62
 AVERAGE    78

..........................................................
LOW SINCE MIDNIGHT......................................44
PRECIPITATION SINCE MIDNIGHT..........................0.00

THE NASHVILLE CLIMATE NORMALS FOR TODAY
                         NORMAL    RECORD    YEAR
 MAXIMUM TEMPERATURE (F)   80        95      1941
 MINIMUM TEMPERATURE (F)   59        41      2002


SUNRISE AND SUNSET
MAY 22 2015...........SUNRISE   536 AM CDT   SUNSET   751 PM CDT
MAY 23 2015...........SUNRISE   535 AM CDT   SUNSET   752 PM CDT


-  INDICATES NEGATIVE NUMBERS.
R  INDICATES RECORD WAS SET OR TIED.
MM INDICATES DATA IS MISSING.
T  INDICATES TRACE AMOUNT.




$$
