000
CDUS44 KOHX 200813
CLIBNA


CLIMATE REPORT
NATIONAL WEATHER SERVICE NASHVILLE TN
212 AM CST MON FEB 20 2017


...................................

...THE NASHVILLE CLIMATE SUMMARY FOR FEBRUARY 19 2017...

CLIMATE NORMAL PERIOD 1981 TO 2010
CLIMATE RECORD PERIOD 1871 TO 2017


WEATHER ITEM   OBSERVED TIME   RECORD YEAR NORMAL DEPARTURE
                VALUE   (LST)  VALUE       VALUE  FROM
                                                  NORMAL
...............................................................
TEMPERATURE (F)
 YESTERDAY
  MAXIMUM         70    437 PM  75    1986  53     17
                                      1917
  MINIMUM         45    701 AM   5    2015  33     12
                                      1958
                                      1903
  AVERAGE         58                        43     15

PRECIPITATION (IN)
  YESTERDAY        0.00          2.96 1933   0.15  -0.15
  MONTH TO DATE    1.37                      2.66  -1.29
  SINCE JAN 1      4.71                      6.41  -1.70

SNOWFALL (IN)
  YESTERDAY        0.0           3.2  1963
  MONTH TO DATE    0.0
  SINCE DEC 1      0.7
  SINCE JUL 1      0.7

DEGREE DAYS
 HEATING
  YESTERDAY        7                              -15
  MONTH TO DATE  322                             -143
  SINCE DEC 1   1551                             -525
  SINCE JUL 1   1905                             -845

 COOLING
  YESTERDAY        0                                0
  MONTH TO DATE    0                                0
  SINCE DEC 1      4                                3
  SINCE JAN 1      0                                0
...............................................................


WIND (MPH)
  HIGHEST WIND SPEED     8   HIGHEST WIND DIRECTION     E (90)
  HIGHEST GUST SPEED    10   HIGHEST GUST DIRECTION     E (70)
  AVERAGE WIND SPEED     2.3




RELATIVE HUMIDITY (PERCENT)
 HIGHEST    93
 LOWEST     47

..........................................................


THE NASHVILLE CLIMATE NORMALS FOR TODAY
                         NORMAL    RECORD    YEAR
 MAXIMUM TEMPERATURE (F)   53        78      2014
                                             1986
 MINIMUM TEMPERATURE (F)   33         2      1885


SUNRISE AND SUNSET
FEBRUARY 20 2017......SUNRISE   628 AM CST   SUNSET   533 PM CST
FEBRUARY 21 2017......SUNRISE   627 AM CST   SUNSET   534 PM CST


-  INDICATES NEGATIVE NUMBERS.
R  INDICATES RECORD WAS SET OR TIED.
MM INDICATES DATA IS MISSING.
T  INDICATES TRACE AMOUNT.




$$
