000
CDUS44 KOHX 040111
CLIBNA


CLIMATE REPORT
NATIONAL WEATHER SERVICE NASHVILLE TN
810 PM CDT TUE MAY 3 2016


...................................

...THE NASHVILLE CLIMATE SUMMARY FOR MAY 3 2016...
VALID TODAY AS OF 0700 PM LOCAL TIME.

CLIMATE NORMAL PERIOD 1981 TO 2010
CLIMATE RECORD PERIOD 1871 TO 2016


WEATHER ITEM   OBSERVED TIME   RECORD YEAR NORMAL DEPARTURE
                VALUE   (LST)  VALUE       VALUE  FROM
                                                  NORMAL
...............................................................
TEMPERATURE (F)
 TODAY
  MAXIMUM         67    136 PM  90    1901  75     -8
  MINIMUM         55    523 AM  37    2005  53      2
  AVERAGE         61                        64     -3

PRECIPITATION (IN)
  TODAY            0.00          3.03 1979   0.18  -0.18
  MONTH TO DATE    0.40                      0.55  -0.15
  SINCE JAN 1     12.48                     16.35  -3.87

SNOWFALL (IN)
  TODAY            0.0           0.0  2002
                                      2001
  MONTH TO DATE    0.0
  SINCE MAR 1      0.0
  SINCE JUL 1     11.3

DEGREE DAYS
 HEATING
  TODAY            4                                1
  MONTH TO DATE    6                               -4
  SINCE MAR 1    432                             -268
  SINCE JUL 1   2675                             -963

 COOLING
  TODAY            0                               -2
  MONTH TO DATE    8                                2
  SINCE MAR 1     87                               36
  SINCE JAN 1     87                               36
...............................................................


WIND (MPH)
  HIGHEST WIND SPEED    14   HIGHEST WIND DIRECTION    NW (320)
  HIGHEST GUST SPEED    18   HIGHEST GUST DIRECTION    NW (330)
  AVERAGE WIND SPEED     6.8



WEATHER CONDITIONS
 THE FOLLOWING WEATHER WAS RECORDED TODAY.
  NO SIGNIFICANT WEATHER WAS OBSERVED.


RELATIVE HUMIDITY (PERCENT)
 HIGHEST    86
 LOWEST     48
 AVERAGE    67

..........................................................


THE NASHVILLE CLIMATE NORMALS FOR TOMORROW
                         NORMAL    RECORD    YEAR
 MAXIMUM TEMPERATURE (F)   75        90      1902
 MINIMUM TEMPERATURE (F)   53        34      1976


SUNRISE AND SUNSET
MAY  3 2016...........SUNRISE   551 AM CDT   SUNSET   736 PM CDT
MAY  4 2016...........SUNRISE   550 AM CDT   SUNSET   737 PM CDT


-  INDICATES NEGATIVE NUMBERS.
R  INDICATES RECORD WAS SET OR TIED.
MM INDICATES DATA IS MISSING.
T  INDICATES TRACE AMOUNT.




$$
