000
CDUS44 KOHX 262132
CLIBNA


CLIMATE REPORT
NATIONAL WEATHER SERVICE NASHVILLE TN
431 PM CDT SUN MAR 26 2017


...................................

...THE NASHVILLE CLIMATE SUMMARY FOR MARCH 26 2017...
VALID TODAY AS OF 0400 PM LOCAL TIME.

CLIMATE NORMAL PERIOD 1981 TO 2010
CLIMATE RECORD PERIOD 1871 TO 2017


WEATHER ITEM   OBSERVED TIME   RECORD YEAR NORMAL DEPARTURE
                VALUE   (LST)  VALUE       VALUE  FROM
                                                  NORMAL
...............................................................
TEMPERATURE (F)
 TODAY
  MAXIMUM         74    137 PM  86    2007  64     10
                                      1910
  MINIMUM         57    326 AM  17    1955  42     15
  AVERAGE         66                        53     13

PRECIPITATION (IN)
  TODAY            0.04          2.81 1936   0.14  -0.10
  MONTH TO DATE    3.72                      3.43   0.29
  SINCE JAN 1      8.62                     11.12  -2.50

SNOWFALL (IN)
  TODAY            0.0           0.4  1947
  MONTH TO DATE    1.5
  SINCE MAR 1      1.5
  SINCE JUL 1      2.2

DEGREE DAYS
 HEATING
  TODAY            0                              -12
  MONTH TO DATE  358                              -57
  SINCE MAR 1    358                              -57
  SINCE JUL 1   2326                            -1027

 COOLING
  TODAY            1                                1
  MONTH TO DATE    7                                7
  SINCE MAR 1      7                                7
  SINCE JAN 1     14                               14
...............................................................


WIND (MPH)
  HIGHEST WIND SPEED    21   HIGHEST WIND DIRECTION     S (200)
  HIGHEST GUST SPEED    27   HIGHEST GUST DIRECTION     S (200)
  AVERAGE WIND SPEED    10.9




RELATIVE HUMIDITY (PERCENT)
 HIGHEST    93
 LOWEST     53
 AVERAGE    73

..........................................................


THE NASHVILLE CLIMATE NORMALS FOR TOMORROW
                         NORMAL    RECORD    YEAR
 MAXIMUM TEMPERATURE (F)   65        86      1910
 MINIMUM TEMPERATURE (F)   42        16      1955


SUNRISE AND SUNSET
MARCH 26 2017.........SUNRISE   641 AM CDT   SUNSET   704 PM CDT
MARCH 27 2017.........SUNRISE   640 AM CDT   SUNSET   705 PM CDT


-  INDICATES NEGATIVE NUMBERS.
R  INDICATES RECORD WAS SET OR TIED.
MM INDICATES DATA IS MISSING.
T  INDICATES TRACE AMOUNT.




$$
