000
CDUS44 KOHX 211123
CLIBNA

CLIMATE REPORT
NATIONAL WEATHER SERVICE NASHVILLE TN
622 AM CDT SUN SEP 21 2014


...................................

...THE NASHVILLE CLIMATE SUMMARY FOR SEPTEMBER 20 2014...

CLIMATE NORMAL PERIOD 1981 TO 2010
CLIMATE RECORD PERIOD 1871 TO 2014


WEATHER ITEM   OBSERVED TIME   RECORD YEAR NORMAL DEPARTURE
                VALUE   (LST)  VALUE       VALUE  FROM
                                                  NORMAL
...............................................................
TEMPERATURE (F)
 YESTERDAY
  MAXIMUM         88    200 PM  97    1925  81      7
  MINIMUM         67    556 AM  43    1916  59      8
  AVERAGE         78                        70      8

PRECIPITATION (IN)
  YESTERDAY        0.00          2.88 1954   0.11  -0.11
  MONTH TO DATE    0.21                      2.21  -2.00
  SINCE SEP 1      0.21                      2.21  -2.00
  SINCE JAN 1     35.61                     34.46   1.15

SNOWFALL (IN)
  YESTERDAY        0.0           0.0  2002   0.0    0.0
                                      2001
                                      2000
  MONTH TO DATE    0.0                       0.0    0.0
  SINCE SEP 1      0.0                       0.0    0.0
  SINCE JUL 1      0.0                       0.0    0.0
  SNOW DEPTH       0

DEGREE DAYS
 HEATING
  YESTERDAY        0                               -1
  MONTH TO DATE    2                               -3
  SINCE SEP 1      2                               -3
  SINCE JUL 1      2                               -3

 COOLING
  YESTERDAY       13                                7
  MONTH TO DATE  192                               17
  SINCE SEP 1    192                               17
  SINCE JAN 1   1681                              132
...............................................................


WIND (MPH)
  HIGHEST WIND SPEED    18   HIGHEST WIND DIRECTION     S (170)
  HIGHEST GUST SPEED    24   HIGHEST GUST DIRECTION     S (160)
  AVERAGE WIND SPEED     6.6




RELATIVE HUMIDITY (PERCENT)
 HIGHEST    90
 LOWEST     46
 AVERAGE    68

..........................................................


THE NASHVILLE CLIMATE NORMALS FOR TODAY
                         NORMAL    RECORD    YEAR
 MAXIMUM TEMPERATURE (F)   81        97      1955
 MINIMUM TEMPERATURE (F)   59        41      1918


SUNRISE AND SUNSET
SEPTEMBER 21 2014.....SUNRISE   634 AM CDT   SUNSET   645 PM CDT
SEPTEMBER 22 2014.....SUNRISE   635 AM CDT   SUNSET   644 PM CDT


-  INDICATES NEGATIVE NUMBERS.
R  INDICATES RECORD WAS SET OR TIED.
MM INDICATES DATA IS MISSING.
T  INDICATES TRACE AMOUNT.




$$
