000
CDUS44 KOHX 291332
CLIBNA

CLIMATE REPORT
NATIONAL WEATHER SERVICE NASHVILLE TN
833 AM CDT WED JUL 29 2015


...................................

...THE NASHVILLE CLIMATE SUMMARY FOR JULY 28 2015...

CLIMATE NORMAL PERIOD 1981 TO 2010
CLIMATE RECORD PERIOD 1871 TO 2015


WEATHER ITEM   OBSERVED TIME   RECORD YEAR NORMAL DEPARTURE
                VALUE   (LST)  VALUE       VALUE  FROM
                                                  NORMAL
...............................................................
TEMPERATURE (F)
 YESTERDAY
  MAXIMUM         96    216 PM 107    1952  89      7
  MINIMUM         73    318 PM  55    1962  70      3
  AVERAGE         85                        80      5

PRECIPITATION (IN)
  YESTERDAY        1.36          2.52 1997   0.10   1.26
  MONTH TO DATE    7.07                      3.32   3.75
  SINCE JUN 1     10.45                      7.46   2.99
  SINCE JAN 1     31.45                     28.76   2.69

SNOWFALL (IN)
  YESTERDAY        0.0           0.0  2002   0.0    0.0
                                      2001
  MONTH TO DATE    0.0                       0.0    0.0
  SINCE JUN 1      0.0                       0.0    0.0
  SINCE JUL 1      0.0                       0.0    0.0
  SNOW DEPTH       0

DEGREE DAYS
 HEATING
  YESTERDAY        0                                0
  MONTH TO DATE    0                                0
  SINCE JUN 1      0                               -3
  SINCE JUL 1      0                                0

 COOLING
  YESTERDAY       20                                5
  MONTH TO DATE  451                               43
  SINCE JUN 1    844                              112
  SINCE JAN 1   1100                              189
...............................................................


WIND (MPH)
  HIGHEST WIND SPEED    46   HIGHEST WIND DIRECTION     N (10)
  HIGHEST GUST SPEED    54   HIGHEST GUST DIRECTION     N (10)
  AVERAGE WIND SPEED     4.0




RELATIVE HUMIDITY (PERCENT)
 HIGHEST   100
 LOWEST     46
 AVERAGE    73

..........................................................


THE NASHVILLE CLIMATE NORMALS FOR TODAY
                         NORMAL    RECORD    YEAR
 MAXIMUM TEMPERATURE (F)   89       105      1952
 MINIMUM TEMPERATURE (F)   70        58      1925


SUNRISE AND SUNSET
JULY 29 2015..........SUNRISE   551 AM CDT   SUNSET   755 PM CDT
JULY 30 2015..........SUNRISE   552 AM CDT   SUNSET   754 PM CDT


-  INDICATES NEGATIVE NUMBERS.
R  INDICATES RECORD WAS SET OR TIED.
MM INDICATES DATA IS MISSING.
T  INDICATES TRACE AMOUNT.

&&

THE LOW THIS MORNING 73 DEGREES.
THERE HAS BEEN NO RAINFALL SINCE MIDNIGHT.


$$
