000
CDUS44 KOHX 170703
CLIBNA


CLIMATE REPORT
NATIONAL WEATHER SERVICE NASHVILLE TN
202 AM CDT TUE OCT 17 2017


...................................

...THE NASHVILLE CLIMATE SUMMARY FOR OCTOBER 16 2017...

CLIMATE NORMAL PERIOD 1981 TO 2010
CLIMATE RECORD PERIOD 1871 TO 2017


WEATHER ITEM   OBSERVED TIME   RECORD YEAR NORMAL DEPARTURE
                VALUE   (LST)  VALUE       VALUE  FROM
                                                  NORMAL
...............................................................
TEMPERATURE (F)
 YESTERDAY
  MAXIMUM         67    227 PM  88    1950  72     -5
                                      1897
  MINIMUM         46   1159 PM  29    1876  49     -3
  AVERAGE         57                        60     -3

PRECIPITATION (IN)
  YESTERDAY        0.00          2.98 1932   0.09  -0.09
  MONTH TO DATE    0.67                      1.54  -0.87
  SINCE JAN 1     41.09                     37.20   3.89

SNOWFALL (IN)
  YESTERDAY        0.0           0.0  2002
                                      2001
                                      2000
  MONTH TO DATE    0.0
  SINCE SEP 1      0.0
  SINCE JUL 1      0.0

DEGREE DAYS
 HEATING
  YESTERDAY        8                                2
  MONTH TO DATE   17                              -53
  SINCE SEP 1     29                              -65
  SINCE JUL 1     29                              -65

 COOLING
  YESTERDAY        0                               -1
  MONTH TO DATE   90                               56
  SINCE SEP 1    313                               59
  SINCE JAN 1   1893                              265
...............................................................


WIND (MPH)
  HIGHEST WIND SPEED    18   HIGHEST WIND DIRECTION     N (10)
  HIGHEST GUST SPEED    25   HIGHEST GUST DIRECTION    NE (60)
  AVERAGE WIND SPEED     9.8




RELATIVE HUMIDITY (PERCENT)
 HIGHEST    80
 LOWEST     37

..........................................................


THE NASHVILLE CLIMATE NORMALS FOR TODAY
                         NORMAL    RECORD    YEAR
 MAXIMUM TEMPERATURE (F)   71        86      2016
                                             2007
                                             1965
 MINIMUM TEMPERATURE (F)   48        31      1977
                                             1948


SUNRISE AND SUNSET
OCTOBER 17 2017.......SUNRISE   656 AM CDT   SUNSET   608 PM CDT
OCTOBER 18 2017.......SUNRISE   657 AM CDT   SUNSET   607 PM CDT


-  INDICATES NEGATIVE NUMBERS.
R  INDICATES RECORD WAS SET OR TIED.
MM INDICATES DATA IS MISSING.
T  INDICATES TRACE AMOUNT.




$$
