000
CDUS45 KBOI 290931
CLIBNO


CLIMATE REPORT
NATIONAL WEATHER SERVICE BOISE ID
231 AM MST THU JAN 29 2015


...................................

...THE BURNS OR CLIMATE SUMMARY FOR JANUARY 28 2015...

CLIMATE NORMAL PERIOD 1981 TO 2010
CLIMATE RECORD PERIOD 1939 TO 2015


WEATHER ITEM   OBSERVED TIME   RECORD YEAR NORMAL DEPARTURE LAST
                VALUE   (LST)  VALUE       VALUE  FROM      YEAR
                                                  NORMAL
..................................................................
TEMPERATURE (F)
 YESTERDAY
  MAXIMUM         51R   203 PM  51    1976  36     15       43
  MINIMUM         28   1155 PM -10    1972  16     12       24
  AVERAGE         40                        26     14       34

PRECIPITATION (IN)
  YESTERDAY        0.00          0.42 1958   0.03  -0.03     0.14
  MONTH TO DATE    0.40                      1.08  -0.68     0.34
  SINCE OCT 1      4.90                      4.58   0.32     1.31
  SINCE JAN 1      0.40                      1.08  -0.68     0.34

DEGREE DAYS
 HEATING
  YESTERDAY       25                        39    -14       31
  MONTH TO DATE  945                      1128   -183      981
  SINCE DEC 1   1954                      2394   -440     2391
  SINCE JUL 1   3684                      4395   -711     4314

 COOLING
  YESTERDAY        0                         0      0        0
  MONTH TO DATE    0                         0      0        0
  SINCE DEC 1      0                         0      0        0
  SINCE JAN 1      0                         0      0        0
..................................................................


WIND (MPH)
  HIGHEST WIND SPEED     8   HIGHEST WIND DIRECTION     N (20)
  HIGHEST GUST SPEED    11   HIGHEST GUST DIRECTION    SE (150)
  AVERAGE WIND SPEED     3.3


SKY COVER
  POSSIBLE SUNSHINE  MM
  AVERAGE SKY COVER 0.5


WEATHER CONDITIONS
 THE FOLLOWING WEATHER WAS RECORDED YESTERDAY.
  FOG
  FOG W/VISIBILITY <= 1/4 MILE


RELATIVE HUMIDITY (PERCENT)
 HIGHEST   100           200 AM
 LOWEST     56           300 PM
 AVERAGE    78

..........................................................


THE BURNS OR CLIMATE NORMALS FOR TODAY
                         NORMAL    RECORD    YEAR
 MAXIMUM TEMPERATURE (F)   36        53      1992
 MINIMUM TEMPERATURE (F)   16       -18      1957


SUNRISE AND SUNSET
JANUARY 29 2015.......SUNRISE   715 AM PST   SUNSET   503 PM PST
JANUARY 30 2015.......SUNRISE   714 AM PST   SUNSET   504 PM PST


-  INDICATES NEGATIVE NUMBERS.
R  INDICATES RECORD WAS SET OR TIED.
MM INDICATES DATA IS MISSING.
T  INDICATES TRACE AMOUNT.




$$
