000
CDUS45 KBOI 240125
CLIBOI


CLIMATE REPORT
NATIONAL WEATHER SERVICE BOISE ID
725 PM MDT WED JUL 23 2014


...................................

...THE BOISE ID CLIMATE SUMMARY FOR JULY 23 2014...
VALID TODAY AS OF 0600 PM LOCAL TIME.

CLIMATE NORMAL PERIOD 1981 TO 2010
CLIMATE RECORD PERIOD 1878 TO 2014


WEATHER ITEM   OBSERVED TIME   RECORD YEAR NORMAL DEPARTURE LAST
                VALUE   (LST)  VALUE       VALUE  FROM      YEAR
                                                  NORMAL
..................................................................
TEMPERATURE (F)
 TODAY
  MAXIMUM         96    536 PM 107    2003  93      3       99
  MINIMUM         62    545 AM  42    1892  62      0       61
  AVERAGE         79                        77      2       80

PRECIPITATION (IN)
  TODAY            T             0.24 1913   0.01  -0.01     0.00
  MONTH TO DATE    0.08                      0.26  -0.18     0.13
  SINCE OCT 1     11.36                     10.84   0.52     7.11
  SINCE JAN 1      8.45                      7.19   1.26     4.46

DEGREE DAYS
 HEATING
  TODAY            0                         0      0        0
  MONTH TO DATE    0                         4     -4        0
  SINCE JUN 1     36                        68    -32       35
  SINCE JUL 1      0                         4     -4        0

 COOLING
  TODAY           14                        12      2       15
  MONTH TO DATE  392                       240    152      386
  SINCE JUN 1    504                       379    125      577
  SINCE JAN 1    528                       423    105      624
..................................................................


WIND (MPH)
  HIGHEST WIND SPEED    22   HIGHEST WIND DIRECTION     N (340)
  HIGHEST GUST SPEED    26   HIGHEST GUST DIRECTION     N (340)
  AVERAGE WIND SPEED     4.5



WEATHER CONDITIONS
 THE FOLLOWING WEATHER WAS RECORDED TODAY.
  THUNDERSTORM
  LIGHT RAIN


RELATIVE HUMIDITY (PERCENT)
 HIGHEST    84           600 AM
 LOWEST     17           400 PM
 AVERAGE    51

..........................................................


THE BOISE ID CLIMATE NORMALS FOR TOMORROW
                         NORMAL    RECORD    YEAR
 MAXIMUM TEMPERATURE (F)   93       108      1933
 MINIMUM TEMPERATURE (F)   62        42      1883


SUNRISE AND SUNSET
JULY 23 2014..........SUNRISE   625 AM MDT   SUNSET   917 PM MDT
JULY 24 2014..........SUNRISE   626 AM MDT   SUNSET   916 PM MDT


-  INDICATES NEGATIVE NUMBERS.
R  INDICATES RECORD WAS SET OR TIED.
MM INDICATES DATA IS MISSING.
T  INDICATES TRACE AMOUNT.




$$
