000
CDUS45 KBOI 260931
CLIBOI


CLIMATE REPORT
NATIONAL WEATHER SERVICE BOISE ID
330 AM MDT MON SEP 26 2016


...................................

...THE BOISE ID CLIMATE SUMMARY FOR SEPTEMBER 25 2016...

CLIMATE NORMAL PERIOD 1981 TO 2010
CLIMATE RECORD PERIOD 1875 TO 2016


WEATHER ITEM   OBSERVED TIME   RECORD YEAR NORMAL DEPARTURE LAST
                VALUE   (LST)  VALUE       VALUE  FROM      YEAR
                                                  NORMAL
..................................................................
TEMPERATURE (F)
 YESTERDAY
  MAXIMUM         75    446 PM  95    2015  75      0       95
                                      1963
  MINIMUM         44    556 AM  28    1972  48     -4       56
                                      1926
  AVERAGE         60                        61     -1       76

PRECIPITATION (IN)
  YESTERDAY        0.00          0.51 1998   0.02  -0.02     0.00
  MONTH TO DATE    0.21                      0.46  -0.25     0.51
  SINCE OCT 1      9.52                     11.61  -2.09    12.53
  SINCE JAN 1      5.18                      7.96  -2.78     6.62

SNOWFALL (IN)
  YESTERDAY        0.0           0.0  2006   0.0    0.0      0.0
  MONTH TO DATE    0.0                       0.0    0.0      0.0
  SINCE OCT 1     10.9                      19.2   -8.3     13.3
  SINCE JUL 1      0.0                       0.0    0.0      0.0
  SNOW DEPTH       0

DEGREE DAYS
 HEATING
  YESTERDAY        5                         5      0        0
  MONTH TO DATE   89                        72     17       58
  SINCE SEP 1     89                        72     17       58
  SINCE JUL 1     97                        90      7       58

 COOLING
  YESTERDAY        0                         2     -2       11
  MONTH TO DATE   23                        93    -70      101
  SINCE SEP 1     23                        93    -70      101
  SINCE JAN 1    960                       927     33     1237
..................................................................


WIND (MPH)
  HIGHEST WIND SPEED    12   HIGHEST WIND DIRECTION    SE (140)
  HIGHEST GUST SPEED    13   HIGHEST GUST DIRECTION     W (280)
  AVERAGE WIND SPEED     5.1


SKY COVER
  POSSIBLE SUNSHINE  MM
  AVERAGE SKY COVER 0.0


WEATHER CONDITIONS
 THE FOLLOWING WEATHER WAS RECORDED YESTERDAY.
  HAZE


RELATIVE HUMIDITY (PERCENT)
 HIGHEST    70           600 AM
 LOWEST     20           500 PM
 AVERAGE    45

..........................................................


THE BOISE ID CLIMATE NORMALS FOR TODAY
                         NORMAL    RECORD    YEAR
 MAXIMUM TEMPERATURE (F)   74        93      1963
 MINIMUM TEMPERATURE (F)   47        28      1934


SUNRISE AND SUNSET
SEPTEMBER 26 2016.....SUNRISE   737 AM MDT   SUNSET   734 PM MDT
SEPTEMBER 27 2016.....SUNRISE   738 AM MDT   SUNSET   732 PM MDT


-  INDICATES NEGATIVE NUMBERS.
R  INDICATES RECORD WAS SET OR TIED.
MM INDICATES DATA IS MISSING.
T  INDICATES TRACE AMOUNT.




$$
