000
CDUS45 KBOI 230934
CLIBOI


CLIMATE REPORT
NATIONAL WEATHER SERVICE BOISE ID
334 AM MDT TUE SEP 23 2014


...................................

...THE BOISE ID CLIMATE SUMMARY FOR SEPTEMBER 22 2014...

CLIMATE NORMAL PERIOD 1981 TO 2010
CLIMATE RECORD PERIOD 1878 TO 2014


WEATHER ITEM   OBSERVED TIME   RECORD YEAR NORMAL DEPARTURE LAST
                VALUE   (LST)  VALUE       VALUE  FROM      YEAR
                                                  NORMAL
..................................................................
TEMPERATURE (F)
 YESTERDAY
  MAXIMUM         82    343 PM  99    1966  76      6       68
  MINIMUM         61    740 AM  29    1895  49     12       53
  AVERAGE         72                        62     10       61

PRECIPITATION (IN)
  YESTERDAY        0.01          0.51 1917   0.02  -0.01     0.00
  MONTH TO DATE    0.03                      0.40  -0.37     0.85
  SINCE OCT 1     11.55                     11.55   0.00     8.41
  SINCE JAN 1      8.64                      7.90   0.74     5.76

SNOWFALL (IN)
  YESTERDAY        0.0           0.0  2006   0.0    0.0      0.0
  MONTH TO DATE    0.0                       0.0    0.0      0.0
  SINCE OCT 1     14.4                      19.2   -4.8     16.0
  SINCE JUL 1      0.0                       0.0    0.0      0.0
  SNOW DEPTH       0

DEGREE DAYS
 HEATING
  YESTERDAY        0                         5     -5        4
  MONTH TO DATE   24                        57    -33       15
  SINCE SEP 1     24                        57    -33       15
  SINCE JUL 1     28                        75    -47       15

 COOLING
  YESTERDAY        7                         2      5        0
  MONTH TO DATE  112                        87     25      148
  SINCE SEP 1    112                        87     25      148
  SINCE JAN 1   1095                       921    174     1320
..................................................................


WIND (MPH)
  HIGHEST WIND SPEED    14   HIGHEST WIND DIRECTION     W (270)
  HIGHEST GUST SPEED    17   HIGHEST GUST DIRECTION     W (270)
  AVERAGE WIND SPEED     4.8


SKY COVER
  POSSIBLE SUNSHINE  MM
  AVERAGE SKY COVER 0.3


WEATHER CONDITIONS
 THE FOLLOWING WEATHER WAS RECORDED YESTERDAY.
  LIGHT RAIN


RELATIVE HUMIDITY (PERCENT)
 HIGHEST    84           400 AM
 LOWEST     33           600 PM
 AVERAGE    59

..........................................................


THE BOISE ID CLIMATE NORMALS FOR TODAY
                         NORMAL    RECORD    YEAR
 MAXIMUM TEMPERATURE (F)   76        94      1987
 MINIMUM TEMPERATURE (F)   48        29      1984


SUNRISE AND SUNSET
SEPTEMBER 23 2014.....SUNRISE   733 AM MDT   SUNSET   740 PM MDT
SEPTEMBER 24 2014.....SUNRISE   734 AM MDT   SUNSET   738 PM MDT


-  INDICATES NEGATIVE NUMBERS.
R  INDICATES RECORD WAS SET OR TIED.
MM INDICATES DATA IS MISSING.
T  INDICATES TRACE AMOUNT.




$$
