000
CDUS45 KBOI 240121
CLIBOI


CLIMATE REPORT
NATIONAL WEATHER SERVICE BOISE ID
721 PM MDT SUN JUL 23 2017


...................................

...THE BOISE ID CLIMATE SUMMARY FOR JULY 23 2017...
VALID TODAY AS OF 0600 PM LOCAL TIME.

CLIMATE NORMAL PERIOD 1981 TO 2010
CLIMATE RECORD PERIOD 1875 TO 2017


WEATHER ITEM   OBSERVED TIME   RECORD YEAR NORMAL DEPARTURE LAST
                VALUE   (LST)  VALUE       VALUE  FROM      YEAR
                                                  NORMAL
..................................................................
TEMPERATURE (F)
 TODAY
  MAXIMUM         98    518 PM 107    2003  93      5       86
  MINIMUM         63    629 AM  42    1892  62      1       56
  AVERAGE         81                        77      4       71

PRECIPITATION (IN)
  TODAY            0.00          0.24 1913   0.01  -0.01     0.00
  MONTH TO DATE    0.00                      0.26  -0.26     0.27
  SINCE OCT 1     14.69                     10.84   3.85     9.31
  SINCE JAN 1     11.19                      7.19   4.00     4.97

DEGREE DAYS
 HEATING
  TODAY            0                         0      0        0
  MONTH TO DATE    0                         4     -4        8
  SINCE JUN 1     45                        68    -23       45
  SINCE JUL 1      0                         4     -4        8

 COOLING
  TODAY           16                        12      4        6
  MONTH TO DATE  377                       240    137      207
  SINCE JUN 1    548                       379    169      454
  SINCE JAN 1    610                       423    187      485
..................................................................


WIND (MPH)
  HIGHEST WIND SPEED    13   HIGHEST WIND DIRECTION    NW (310)
  HIGHEST GUST SPEED    17   HIGHEST GUST DIRECTION     W (280)
  AVERAGE WIND SPEED     4.9



WEATHER CONDITIONS
 THE FOLLOWING WEATHER WAS RECORDED TODAY.
  NO SIGNIFICANT WEATHER WAS OBSERVED.


RELATIVE HUMIDITY (PERCENT)
 HIGHEST    40           500 AM
 LOWEST     12           500 PM
 AVERAGE    26

..........................................................


THE BOISE ID CLIMATE NORMALS FOR TOMORROW
                         NORMAL    RECORD    YEAR
 MAXIMUM TEMPERATURE (F)   93       108      1933
 MINIMUM TEMPERATURE (F)   62        42      1883


SUNRISE AND SUNSET
JULY 23 2017..........SUNRISE   625 AM MDT   SUNSET   917 PM MDT
JULY 24 2017..........SUNRISE   626 AM MDT   SUNSET   916 PM MDT


-  INDICATES NEGATIVE NUMBERS.
R  INDICATES RECORD WAS SET OR TIED.
MM INDICATES DATA IS MISSING.
T  INDICATES TRACE AMOUNT.




$$
