000
CDUS45 KBOI 280931
CLIBOI


CLIMATE REPORT
NATIONAL WEATHER SERVICE BOISE ID
231 AM MST SAT FEB 28 2015


...................................

...THE BOISE ID CLIMATE SUMMARY FOR FEBRUARY 27 2015...

CLIMATE NORMAL PERIOD 1981 TO 2010
CLIMATE RECORD PERIOD 1878 TO 2015


WEATHER ITEM   OBSERVED TIME   RECORD YEAR NORMAL DEPARTURE LAST
                VALUE   (LST)  VALUE       VALUE  FROM      YEAR
                                                  NORMAL
..................................................................
TEMPERATURE (F)
 YESTERDAY
  MAXIMUM         53    328 PM  65    1992  49      4       49
  MINIMUM         35   1219 AM  -8    1890  31      4       42
  AVERAGE         44                        40      4       46

PRECIPITATION (IN)
  YESTERDAY        0.00          0.48 1878   0.04  -0.04     0.12
  MONTH TO DATE    1.30                      0.95   0.35     2.20
  SINCE OCT 1      8.04                      5.84   2.20     5.92
  SINCE JAN 1      2.13                      2.19  -0.06     3.01

SNOWFALL (IN)
  YESTERDAY        0.0           2.7  1955   0.0    0.0      0.0
  MONTH TO DATE    0.2                       2.7   -2.5      4.2
  SINCE OCT 1     13.3                      17.5   -4.2     14.4
  SINCE JUL 1     13.3                      17.5   -4.2     14.4
  SNOW DEPTH       0

DEGREE DAYS
 HEATING
  YESTERDAY       21                        25     -4       19
  MONTH TO DATE  556                       773   -217      700
  SINCE DEC 1   2430                      2880   -450     3027
  SINCE JUL 1   3569                      4134   -565     4321

 COOLING
  YESTERDAY        0                         0      0        0
  MONTH TO DATE    0                         0      0        0
  SINCE DEC 1      0                         0      0        0
  SINCE JAN 1      0                         0      0        0
..................................................................


WIND (MPH)
  HIGHEST WIND SPEED    20   HIGHEST WIND DIRECTION    SE (140)
  HIGHEST GUST SPEED    23   HIGHEST GUST DIRECTION    SE (140)
  AVERAGE WIND SPEED     9.0


SKY COVER
  POSSIBLE SUNSHINE  MM
  AVERAGE SKY COVER 0.6


WEATHER CONDITIONS
 THE FOLLOWING WEATHER WAS RECORDED YESTERDAY.
  NO SIGNIFICANT WEATHER WAS OBSERVED.


RELATIVE HUMIDITY (PERCENT)
 HIGHEST    89           100 AM
 LOWEST     41           200 PM
 AVERAGE    65

..........................................................


THE BOISE ID CLIMATE NORMALS FOR TODAY
                         NORMAL    RECORD    YEAR
 MAXIMUM TEMPERATURE (F)   50        66      1992
                                             1988
 MINIMUM TEMPERATURE (F)   31        -1      1890


SUNRISE AND SUNSET
FEBRUARY 28 2015......SUNRISE   723 AM MST   SUNSET   632 PM MST
MARCH  1 2015.........SUNRISE   722 AM MST   SUNSET   633 PM MST


-  INDICATES NEGATIVE NUMBERS.
R  INDICATES RECORD WAS SET OR TIED.
MM INDICATES DATA IS MISSING.
T  INDICATES TRACE AMOUNT.




$$
