000
CDUS45 KBOI 010121
CLIBOI


CLIMATE REPORT
NATIONAL WEATHER SERVICE BOISE ID
721 PM MDT TUE MAY 31 2016


...................................

...THE BOISE ID CLIMATE SUMMARY FOR MAY 31 2016...
VALID TODAY AS OF 0600 PM LOCAL TIME.

CLIMATE NORMAL PERIOD 1981 TO 2010
CLIMATE RECORD PERIOD 1875 TO 2016


WEATHER ITEM   OBSERVED TIME   RECORD YEAR NORMAL DEPARTURE LAST
                VALUE   (LST)  VALUE       VALUE  FROM      YEAR
                                                  NORMAL
..................................................................
TEMPERATURE (F)
 TODAY
  MAXIMUM         81    436 PM  98    1910  76      5       94
  MINIMUM         47    514 AM  32    1978  50     -3       57
                                      1955
  AVERAGE         64                        63      1       76

PRECIPITATION (IN)
  TODAY            0.00          0.82 1923   0.04  -0.04     0.00
  MONTH TO DATE    0.87                      1.39  -0.52     1.50
  SINCE OCT 1      8.86                      9.89  -1.03    10.70
  SINCE JAN 1      4.52                      6.24  -1.72     4.79

DEGREE DAYS
 HEATING
  TODAY            1                         4     -3        0
  MONTH TO DATE  138                       225    -87      117
  SINCE MAR 1    927                      1291   -364      991
  SINCE JUL 1   4676                      5450   -774     4586

 COOLING
  TODAY            0                         2     -2       11
  MONTH TO DATE   26                        41    -15       35
  SINCE MAR 1     31                        44    -13       35
  SINCE JAN 1     31                        44    -13       35
..................................................................


WIND (MPH)
  HIGHEST WIND SPEED    14   HIGHEST WIND DIRECTION    NW (320)
  HIGHEST GUST SPEED    17   HIGHEST GUST DIRECTION    NW (320)
  AVERAGE WIND SPEED     4.6



WEATHER CONDITIONS
 THE FOLLOWING WEATHER WAS RECORDED TODAY.
  NO SIGNIFICANT WEATHER WAS OBSERVED.


RELATIVE HUMIDITY (PERCENT)
 HIGHEST    66           500 AM
 LOWEST     10           300 PM
 AVERAGE    38

..........................................................


THE BOISE ID CLIMATE NORMALS FOR TOMORROW
                         NORMAL    RECORD    YEAR
 MAXIMUM TEMPERATURE (F)   76        99      2001
 MINIMUM TEMPERATURE (F)   51        31      1984


SUNRISE AND SUNSET
MAY 31 2016...........SUNRISE   607 AM MDT   SUNSET   919 PM MDT
JUNE  1 2016..........SUNRISE   606 AM MDT   SUNSET   920 PM MDT


-  INDICATES NEGATIVE NUMBERS.
R  INDICATES RECORD WAS SET OR TIED.
MM INDICATES DATA IS MISSING.
T  INDICATES TRACE AMOUNT.




$$
