000
CDUS45 KBOI 010121
CLIBOI


CLIMATE REPORT
NATIONAL WEATHER SERVICE BOISE ID
721 PM MDT MON AUG 31 2015


...................................

...THE BOISE ID CLIMATE SUMMARY FOR AUGUST 31 2015...
VALID TODAY AS OF 0600 PM LOCAL TIME.

CLIMATE NORMAL PERIOD 1981 TO 2010
CLIMATE RECORD PERIOD 1878 TO 2015


WEATHER ITEM   OBSERVED TIME   RECORD YEAR NORMAL DEPARTURE LAST
                VALUE   (LST)  VALUE       VALUE  FROM      YEAR
                                                  NORMAL
..................................................................
TEMPERATURE (F)
 TODAY
  MAXIMUM         83    435 PM 102    2004  85     -2       74
  MINIMUM         52    651 AM  39    1887  56     -4       48
  AVERAGE         68                        71     -3       61

PRECIPITATION (IN)
  TODAY            0.00          0.46 1964   0.01  -0.01     0.00
  MONTH TO DATE    0.18                      0.24  -0.06     0.16
  SINCE OCT 1     12.02                     11.15   0.87    11.52
  SINCE JAN 1      6.11                      7.50  -1.39     8.61

DEGREE DAYS
 HEATING
  TODAY            0                         1     -1        4
  MONTH TO DATE    0                         6     -6        4
  SINCE JUN 1      2                        82    -80       40
  SINCE JUL 1      0                        18    -18        4

 COOLING
  TODAY            3                         6     -3        0
  MONTH TO DATE  394                       309     85      343
  SINCE JUN 1   1101                       790    311      959
  SINCE JAN 1   1136                       834    302      983
..................................................................


WIND (MPH)
  HIGHEST WIND SPEED     9   HIGHEST WIND DIRECTION    NW (320)
  HIGHEST GUST SPEED    15   HIGHEST GUST DIRECTION    NW (320)
  AVERAGE WIND SPEED     2.9



WEATHER CONDITIONS
 THE FOLLOWING WEATHER WAS RECORDED TODAY.
  HAZE


RELATIVE HUMIDITY (PERCENT)
 HIGHEST    66           400 AM
 LOWEST     21           500 PM
 AVERAGE    44

..........................................................


THE BOISE ID CLIMATE NORMALS FOR TOMORROW
                         NORMAL    RECORD    YEAR
 MAXIMUM TEMPERATURE (F)   85       102      1945
 MINIMUM TEMPERATURE (F)   56        39      1892


SUNRISE AND SUNSET
AUGUST 31 2015........SUNRISE   707 AM MDT   SUNSET   822 PM MDT
SEPTEMBER  1 2015.....SUNRISE   708 AM MDT   SUNSET   821 PM MDT


-  INDICATES NEGATIVE NUMBERS.
R  INDICATES RECORD WAS SET OR TIED.
MM INDICATES DATA IS MISSING.
T  INDICATES TRACE AMOUNT.




$$
