000
CDUS45 KBOI 250120
CLIBOI


CLIMATE REPORT
NATIONAL WEATHER SERVICE BOISE ID
720 PM MDT SUN SEP 24 2017


...................................

...THE BOISE ID CLIMATE SUMMARY FOR SEPTEMBER 24 2017...
VALID TODAY AS OF 0600 PM LOCAL TIME.

CLIMATE NORMAL PERIOD 1981 TO 2010
CLIMATE RECORD PERIOD 1875 TO 2017


WEATHER ITEM   OBSERVED TIME   RECORD YEAR NORMAL DEPARTURE LAST
                VALUE   (LST)  VALUE       VALUE  FROM      YEAR
                                                  NORMAL
..................................................................
TEMPERATURE (F)
 TODAY
  MAXIMUM         67    440 PM  98    2011  75     -8       68
  MINIMUM         36    704 AM  23    1926  48    -12       47
  AVERAGE         52                        62    -10       58

PRECIPITATION (IN)
  TODAY            0.00          0.64 1986   0.02  -0.02     0.00
  MONTH TO DATE    0.53                      0.44   0.09     0.21
  SINCE OCT 1     15.45                     11.59   3.86     9.52
  SINCE JAN 1     11.95                      7.94   4.01     5.18

DEGREE DAYS
 HEATING
  TODAY           13                         5      8        7
  MONTH TO DATE  105                        67     38       84
  SINCE SEP 1    105                        67     38       84
  SINCE JUL 1    105                        85     20       92

 COOLING
  TODAY            0                         2     -2        0
  MONTH TO DATE  175                        91     84       23
  SINCE SEP 1    175                        91     84       23
  SINCE JAN 1   1341                       925    416      960
..................................................................


WIND (MPH)
  HIGHEST WIND SPEED    23   HIGHEST WIND DIRECTION    NW (320)
  HIGHEST GUST SPEED    31   HIGHEST GUST DIRECTION    NW (300)
  AVERAGE WIND SPEED     7.4



WEATHER CONDITIONS
 THE FOLLOWING WEATHER WAS RECORDED TODAY.
  HAZE


RELATIVE HUMIDITY (PERCENT)
 HIGHEST    89           700 AM
 LOWEST     24           300 PM
 AVERAGE    57

..........................................................


THE BOISE ID CLIMATE NORMALS FOR TOMORROW
                         NORMAL    RECORD    YEAR
 MAXIMUM TEMPERATURE (F)   75        95      2015
                                             1963
 MINIMUM TEMPERATURE (F)   48        28      1972
                                             1926


SUNRISE AND SUNSET
SEPTEMBER 24 2017.....SUNRISE   735 AM MDT   SUNSET   738 PM MDT
SEPTEMBER 25 2017.....SUNRISE   736 AM MDT   SUNSET   736 PM MDT


-  INDICATES NEGATIVE NUMBERS.
R  INDICATES RECORD WAS SET OR TIED.
MM INDICATES DATA IS MISSING.
T  INDICATES TRACE AMOUNT.




$$
