000
CDUS45 KBOI 050934
CLIBOI


CLIMATE REPORT
NATIONAL WEATHER SERVICE BOISE ID
334 AM MDT THU MAY 5 2016


...................................

...THE BOISE ID CLIMATE SUMMARY FOR MAY 4 2016...

CLIMATE NORMAL PERIOD 1981 TO 2010
CLIMATE RECORD PERIOD 1875 TO 2016


WEATHER ITEM   OBSERVED TIME   RECORD YEAR NORMAL DEPARTURE LAST
                VALUE   (LST)  VALUE       VALUE  FROM      YEAR
                                                  NORMAL
..................................................................
TEMPERATURE (F)
 YESTERDAY
  MAXIMUM         85    252 PM  93    1966  68     17       84
  MINIMUM         57    717 AM  26    1982  43     14       49
  AVERAGE         71                        56     15       67

PRECIPITATION (IN)
  YESTERDAY        T             1.30 1896   0.05  -0.05      T
  MONTH TO DATE    T                         0.19  -0.19      T
  SINCE OCT 1      7.99                      8.69  -0.70     9.20
  SINCE JAN 1      3.65                      5.04  -1.39     3.29

SNOWFALL (IN)
  YESTERDAY        0.0           T    1978   0.0    0.0      0.0
  MONTH TO DATE    0.0                       0.0    0.0      0.0
  SINCE OCT 1     10.9                      19.2   -8.3     13.3
  SINCE JUL 1     10.9                      19.2   -8.3     13.3
  SNOW DEPTH       0

DEGREE DAYS
 HEATING
  YESTERDAY        0                        10    -10        0
  MONTH TO DATE   12                        42    -30        7
  SINCE MAR 1    801                      1107   -306      881
  SINCE JUL 1   4550                      5266   -716     4476

 COOLING
  YESTERDAY        6                         1      5        2
  MONTH TO DATE    8                         3      5        2
  SINCE MAR 1     13                         6      7        2
  SINCE JAN 1     13                         6      7        2
..................................................................


WIND (MPH)
  HIGHEST WIND SPEED    28   HIGHEST WIND DIRECTION    SE (150)
  HIGHEST GUST SPEED    35   HIGHEST GUST DIRECTION     S (160)
  AVERAGE WIND SPEED     8.4


SKY COVER
  POSSIBLE SUNSHINE  MM
  AVERAGE SKY COVER 0.3


WEATHER CONDITIONS
 THE FOLLOWING WEATHER WAS RECORDED YESTERDAY.
  NO SIGNIFICANT WEATHER WAS OBSERVED.


RELATIVE HUMIDITY (PERCENT)
 HIGHEST    47           700 AM
 LOWEST     16           100 PM
 AVERAGE    32

..........................................................


THE BOISE ID CLIMATE NORMALS FOR TODAY
                         NORMAL    RECORD    YEAR
 MAXIMUM TEMPERATURE (F)   68        94      1966
 MINIMUM TEMPERATURE (F)   44        22      1982


SUNRISE AND SUNSET
MAY  5 2016...........SUNRISE   631 AM MDT   SUNSET   852 PM MDT
MAY  6 2016...........SUNRISE   630 AM MDT   SUNSET   854 PM MDT


-  INDICATES NEGATIVE NUMBERS.
R  INDICATES RECORD WAS SET OR TIED.
MM INDICATES DATA IS MISSING.
T  INDICATES TRACE AMOUNT.




$$
