000
CDUS41 KBOX 312154
CLIBOS


CLIMATE REPORT
NATIONAL WEATHER SERVICE TAUNTON MA
543 PM EDT MON AUG 31 2015


...................................

...THE BOSTON MA CLIMATE SUMMARY FOR AUGUST 31 2015...
VALID AS OF 0500 PM LOCAL TIME.

CLIMATE NORMAL PERIOD 1981 TO 2010
CLIMATE RECORD PERIOD 1872 TO 2015


WEATHER ITEM   OBSERVED TIME   RECORD YEAR NORMAL DEPARTURE LAST
                VALUE   (LST)  VALUE       VALUE  FROM      YEAR
                                                  NORMAL
..................................................................
TEMPERATURE (F)
 TODAY
  MAXIMUM         90    135 PM  97    1953  77     13       85
                                      1881
  MINIMUM         71    513 AM  47    1965  62      9       67
  AVERAGE         81                        70     11       76

PRECIPITATION (IN)
  TODAY            0.00          2.58 1954   0.10  -0.10     0.54
  MONTH TO DATE    2.19                      3.35  -1.16     1.75
  SINCE JUN 1      9.29                     10.46  -1.17     8.94
  SINCE JAN 1     22.78                     28.62  -5.84    26.89

SNOWFALL (IN)
  TODAY            0.0           T    1954   0.0    0.0      0.0
  MONTH TO DATE    0.0                       0.0    0.0      0.0
  SINCE JUN 1      0.0                       0.0    0.0      0.0
  SINCE JUL 1      0.0                       0.0    0.0      0.0
  SNOW DEPTH      MM

DEGREE DAYS
 HEATING
  TODAY            0                         1     -1        0
  MONTH TO DATE    0                         3     -3        0
  SINCE JUN 1     99                        68     31       28
  SINCE JUL 1      1                        13    -12        0

 COOLING
  TODAY           16                         5     11       11
  MONTH TO DATE  307                       227     80      188
  SINCE JUN 1    689                       629     60      617
  SINCE JAN 1    750                       659     91      639
..................................................................


WIND (MPH)
  HIGHEST WIND SPEED    22   HIGHEST WIND DIRECTION     W (260)
  HIGHEST GUST SPEED    32   HIGHEST GUST DIRECTION     W (250)
  AVERAGE WIND SPEED    10.9


SKY COVER
  POSSIBLE SUNSHINE  MM
  AVERAGE SKY COVER 0.4


WEATHER CONDITIONS
 THE FOLLOWING WEATHER WAS RECORDED TODAY.
  NO SIGNIFICANT WEATHER WAS OBSERVED.


RELATIVE HUMIDITY (PERCENT)
 HIGHEST    79           400 AM
 LOWEST     40           100 PM
 AVERAGE    60

..........................................................


THE BOSTON MA CLIMATE NORMALS FOR TOMORROW
                         NORMAL    RECORD    YEAR
 MAXIMUM TEMPERATURE (F)   77        96      1881
 MINIMUM TEMPERATURE (F)   62        50      1887


SUNRISE AND SUNSET
AUGUST 31 2015........SUNRISE   608 AM EDT   SUNSET   720 PM EDT
SEPTEMBER  1 2015.....SUNRISE   609 AM EDT   SUNSET   719 PM EDT


-  INDICATES NEGATIVE NUMBERS.
R  INDICATES RECORD WAS SET OR TIED.
MM INDICATES DATA IS MISSING.
T  INDICATES TRACE AMOUNT.




$$
