000
CDUS41 KBOX 022133
CLIBOS


CLIMATE REPORT
NATIONAL WEATHER SERVICE TAUNTON MA
529 PM EDT TUE SEP 2 2014


...................................

...THE BOSTON MA CLIMATE SUMMARY FOR SEPTEMBER 2 2014...
VALID AS OF 0500 PM LOCAL TIME.

CLIMATE NORMAL PERIOD 1981 TO 2010
CLIMATE RECORD PERIOD 1872 TO 2014


WEATHER ITEM   OBSERVED TIME   RECORD YEAR NORMAL DEPARTURE LAST
                VALUE   (LST)  VALUE       VALUE  FROM      YEAR
                                                  NORMAL
..................................................................
TEMPERATURE (F)
 TODAY
  MAXIMUM         93   1257 PM 100    1953  77     16       81
  MINIMUM         71    533 AM  49    1967  62      9       69
                                      1896
  AVERAGE         82                        69     13       75

PRECIPITATION (IN)
  TODAY            0.01          2.71 1947   0.10  -0.09     0.38
  MONTH TO DATE    0.01                      0.20  -0.19     0.76
  SINCE SEP 1      0.01                      0.20  -0.19     0.76
  SINCE JAN 1     26.90                     28.82  -1.92    30.96

SNOWFALL (IN)
  TODAY            0.0           0.0  2002   0.0    0.0      0.0
                                      2001
                                      2000
  MONTH TO DATE    0.0                       0.0    0.0      0.0
  SINCE SEP 1      0.0                       0.0    0.0      0.0
  SINCE JUL 1      0.0                       0.0    0.0      0.0
  SNOW DEPTH      MM

DEGREE DAYS
 HEATING
  TODAY            0                         1     -1        0
  MONTH TO DATE    0                         2     -2        0
  SINCE SEP 1      0                         2     -2        0
  SINCE JUL 1      0                        15    -15        2

 COOLING
  TODAY           17                         5     12       10
  MONTH TO DATE   31                        10     21       20
  SINCE SEP 1     31                        10     21       20
  SINCE JAN 1    670                       669      1      841
..................................................................


WIND (MPH)
  HIGHEST WIND SPEED    21   HIGHEST WIND DIRECTION     W (280)
  HIGHEST GUST SPEED    26   HIGHEST GUST DIRECTION     W (260)
  AVERAGE WIND SPEED     8.8


SKY COVER
  POSSIBLE SUNSHINE  MM
  AVERAGE SKY COVER 0.4


WEATHER CONDITIONS
 THE FOLLOWING WEATHER WAS RECORDED TODAY.
  THUNDERSTORM
  LIGHT RAIN


RELATIVE HUMIDITY (PERCENT)
 HIGHEST    93           300 AM
 LOWEST     47          1200 PM
 AVERAGE    70

..........................................................


THE BOSTON MA CLIMATE NORMALS FOR TOMORROW
                         NORMAL    RECORD    YEAR
 MAXIMUM TEMPERATURE (F)   76        97      1929
 MINIMUM TEMPERATURE (F)   62        47      1893
                                             1885


SUNRISE AND SUNSET
SEPTEMBER  2 2014.....SUNRISE   610 AM EDT   SUNSET   716 PM EDT
SEPTEMBER  3 2014.....SUNRISE   611 AM EDT   SUNSET   715 PM EDT


-  INDICATES NEGATIVE NUMBERS.
R  INDICATES RECORD WAS SET OR TIED.
MM INDICATES DATA IS MISSING.
T  INDICATES TRACE AMOUNT.




$$
