000
CDUS41 KBOX 290547
CLIBOS


CLIMATE REPORT
NATIONAL WEATHER SERVICE TAUNTON MA
144 AM EDT WED MAR 29 2017


...................................

...THE BOSTON MA CLIMATE SUMMARY FOR MARCH 28 2017...

CLIMATE NORMAL PERIOD 1981 TO 2010
CLIMATE RECORD PERIOD 1872 TO 2017


WEATHER ITEM   OBSERVED TIME   RECORD YEAR NORMAL DEPARTURE LAST
                VALUE   (LST)  VALUE       VALUE  FROM      YEAR
                                                  NORMAL
..................................................................
TEMPERATURE (F)
 YESTERDAY
  MAXIMUM         40    105 PM  85    1998  49     -9       47
  MINIMUM         36    734 AM  11    1923  35      1       38
  AVERAGE         38                        42     -4       43

PRECIPITATION (IN)
  YESTERDAY        0.72          2.43 1932   0.15   0.57     0.41
  MONTH TO DATE    3.25                      3.91  -0.66     3.16
  SINCE MAR 1      3.25                      3.91  -0.66     3.16
  SINCE JAN 1     10.72                     10.52   0.20    10.60

SNOWFALL (IN)
  YESTERDAY        0.0           1.2  1932   0.2   -0.2      0.0
  MONTH TO DATE    9.5                       7.4    2.1      4.1
  SINCE MAR 1      9.5                       7.4    2.1      4.1
  SINCE JUL 1     45.8                      41.5    4.3     29.5
  SNOW DEPTH       0

DEGREE DAYS
 HEATING
  YESTERDAY       27                        23      4       22
  MONTH TO DATE  876                       761    115      642
  SINCE MAR 1    876                       761    115      642
  SINCE JUL 1   4415                      4803   -388     3972

 COOLING
  YESTERDAY        0                         0      0        0
  MONTH TO DATE    0                         0      0        0
  SINCE MAR 1      0                         0      0        0
  SINCE JAN 1      0                         0      0        0
..................................................................


WIND (MPH)
  RESULTANT WIND SPEED   6   RESULTANT WIND DIRECTION  NE (50)
  HIGHEST WIND SPEED    10   HIGHEST WIND DIRECTION     N (360)
  HIGHEST GUST SPEED    12   HIGHEST GUST DIRECTION    NE (40)
  AVERAGE WIND SPEED     6.8


SKY COVER
  POSSIBLE SUNSHINE  MM
  AVERAGE SKY COVER 1.0


WEATHER CONDITIONS
 THE FOLLOWING WEATHER WAS RECORDED YESTERDAY.
  HEAVY RAIN
  RAIN
  LIGHT RAIN
  FOG


RELATIVE HUMIDITY (PERCENT)
 HIGHEST   100          1200 AM
 LOWEST     92           100 AM
 AVERAGE    96

..........................................................


THE BOSTON MA CLIMATE NORMALS FOR TODAY
                         NORMAL    RECORD    YEAR
 MAXIMUM TEMPERATURE (F)   49        86      1945
 MINIMUM TEMPERATURE (F)   35         4      1923


SUNRISE AND SUNSET
MARCH 29 2017.........SUNRISE   631 AM EDT   SUNSET   707 PM EDT
MARCH 30 2017.........SUNRISE   630 AM EDT   SUNSET   708 PM EDT


-  INDICATES NEGATIVE NUMBERS.
R  INDICATES RECORD WAS SET OR TIED.
MM INDICATES DATA IS MISSING.
T  INDICATES TRACE AMOUNT.




$$
