000
CDUS41 KBOX 020549
CLIBOS


CLIMATE REPORT
NATIONAL WEATHER SERVICE TAUNTON MA
1244 AM EST MON MAR 2 2015


...................................

...THE BOSTON MA CLIMATE SUMMARY FOR MARCH 1 2015...

CLIMATE NORMAL PERIOD 1981 TO 2010
CLIMATE RECORD PERIOD 1872 TO 2015


WEATHER ITEM   OBSERVED TIME   RECORD YEAR NORMAL DEPARTURE LAST
                VALUE   (LST)  VALUE       VALUE  FROM      YEAR
                                                  NORMAL
..................................................................
TEMPERATURE (F)
 YESTERDAY
  MAXIMUM         30    128 PM  63    1991  42    -12       36
  MINIMUM         12    541 AM  -1    1886  27    -15       16
  AVERAGE         21                        34    -13       26

PRECIPITATION (IN)
  YESTERDAY        0.17          1.72 1987   0.14   0.03     0.00
  MONTH TO DATE    0.17                      0.14   0.03     0.00
  SINCE MAR 1      0.17                      0.14   0.03     0.00
  SINCE JAN 1      7.11                      6.75   0.36     7.37

SNOWFALL (IN)
  YESTERDAY        1.9           6.1  2005   0.3    1.6      0.0
  MONTH TO DATE    1.9                       0.3    1.6      0.0
  SINCE MAR 1      1.9                       0.3    1.6      0.0
  SINCE JUL 1    103.9                      34.4   69.5     56.4
  SNOW DEPTH      MM

DEGREE DAYS
 HEATING
  YESTERDAY       44                        31     13       39
  MONTH TO DATE   44                        31     13       39
  SINCE MAR 1     44                        31     13       39
  SINCE JUL 1   4359                      4073    286     4187

 COOLING
  YESTERDAY        0                         0      0        0
  MONTH TO DATE    0                         0      0        0
  SINCE MAR 1      0                         0      0        0
  SINCE JAN 1      0                         0      0        0
..................................................................


WIND (MPH)
  RESULTANT WIND SPEED   5   RESULTANT WIND DIRECTION  SW (210)
  HIGHEST WIND SPEED    20   HIGHEST WIND DIRECTION    SW (210)
  HIGHEST GUST SPEED    23   HIGHEST GUST DIRECTION    SW (210)
  AVERAGE WIND SPEED     6.0


SKY COVER
  POSSIBLE SUNSHINE  MM
  AVERAGE SKY COVER 0.8


WEATHER CONDITIONS
 THE FOLLOWING WEATHER WAS RECORDED YESTERDAY.
  LIGHT SNOW
  FOG


RELATIVE HUMIDITY (PERCENT)
 HIGHEST    92           700 PM
 LOWEST     40          1200 AM
 AVERAGE    66

..........................................................


THE BOSTON MA CLIMATE NORMALS FOR TODAY
                         NORMAL    RECORD    YEAR
 MAXIMUM TEMPERATURE (F)   42        66      2004
 MINIMUM TEMPERATURE (F)   28         0      1886


SUNRISE AND SUNSET
MARCH  2 2015.........SUNRISE   618 AM EST   SUNSET   535 PM EST
MARCH  3 2015.........SUNRISE   617 AM EST   SUNSET   536 PM EST


-  INDICATES NEGATIVE NUMBERS.
R  INDICATES RECORD WAS SET OR TIED.
MM INDICATES DATA IS MISSING.
T  INDICATES TRACE AMOUNT.




$$
