000
CDUS45 KRIW 280736
CLIBPI


CLIMATE REPORT
NATIONAL WEATHER SERVICE RIVERTON WY
1235 AM MST TUE FEB 28 2017


...................................

...THE BIG PINEY WY CLIMATE SUMMARY FOR FEBRUARY 27 2017...

CLIMATE NORMAL PERIOD 1981 TO 2010
CLIMATE RECORD PERIOD 1976 TO 2017


WEATHER ITEM   OBSERVED TIME   RECORD YEAR NORMAL DEPARTURE LAST
                VALUE   (LST)  VALUE       VALUE  FROM      YEAR
                                                  NORMAL
..................................................................
TEMPERATURE (F)
 YESTERDAY
  MAXIMUM         20    424 PM  50    2016  33    -13       50
  MINIMUM        -11   1123 PM -28    1993   5    -16       17
  AVERAGE          5                        19    -14       34

PRECIPITATION (IN)
  YESTERDAY        0.07          0.13 2007   0.01   0.06     0.02
  MONTH TO DATE    0.75                      0.34   0.41     0.13
  SINCE DEC 1      2.29                      0.95   1.34     0.28
  SINCE JAN 1      1.74                      0.65   1.09     0.17

DEGREE DAYS
 HEATING
  YESTERDAY       60                        46     14       31
  MONTH TO DATE 1262                      1365   -103     1059
  SINCE DEC 1   4914                      4663    251     4303
  SINCE JUL 1   7363                      7478   -115     6784

 COOLING
  YESTERDAY        0                         0      0        0
  MONTH TO DATE    0                         0      0        0
  SINCE DEC 1      0                         0      0        0
  SINCE JAN 1      0                         0      0        0
..................................................................


WIND (MPH)
  HIGHEST WIND SPEED    20   HIGHEST WIND DIRECTION     N (350)
  HIGHEST GUST SPEED    21   HIGHEST GUST DIRECTION     S (200)
  AVERAGE WIND SPEED     5.9


SKY COVER
  POSSIBLE SUNSHINE  MM
  AVERAGE SKY COVER 0.7


WEATHER CONDITIONS
 THE FOLLOWING WEATHER WAS RECORDED YESTERDAY.
  SNOW
  LIGHT SNOW


RELATIVE HUMIDITY (PERCENT)
 HIGHEST    96           100 PM
 LOWEST     73          1100 AM
 AVERAGE    85

..........................................................


THE BIG PINEY WY CLIMATE NORMALS FOR TODAY
                         NORMAL    RECORD    YEAR
 MAXIMUM TEMPERATURE (F)   34        47      2016
 MINIMUM TEMPERATURE (F)    6       -31      1993


SUNRISE AND SUNSET
FEBRUARY 28 2017......SUNRISE   657 AM MST   SUNSET   609 PM MST
MARCH  1 2017.........SUNRISE   655 AM MST   SUNSET   611 PM MST


-  INDICATES NEGATIVE NUMBERS.
R  INDICATES RECORD WAS SET OR TIED.
MM INDICATES DATA IS MISSING.
T  INDICATES TRACE AMOUNT.




$$
