000
CDUS45 KRIW 040047
CLIBPI


CLIMATE REPORT
NATIONAL WEATHER SERVICE RIVERTON WY
547 PM MST SAT DEC 3 2016


...................................

...THE BIG PINEY WY CLIMATE SUMMARY FOR DECEMBER 3 2016...
VALID TODAY AS OF 0500 PM LOCAL TIME.

CLIMATE NORMAL PERIOD 1981 TO 2010
CLIMATE RECORD PERIOD 1976 TO 2016


WEATHER ITEM   OBSERVED TIME   RECORD YEAR NORMAL DEPARTURE LAST
                VALUE   (LST)  VALUE       VALUE  FROM      YEAR
                                                  NORMAL
..................................................................
TEMPERATURE (F)
 TODAY
  MAXIMUM         31        MM  51    1998  29      2       23
  MINIMUM          3        MM -23    1978   2      1       -2
  AVERAGE         17

PRECIPITATION (IN)
  TODAY            0.00          0.07 1992   0.01  -0.01     0.00
  MONTH TO DATE    0.01                      0.03  -0.02     0.00
  SINCE DEC 1      0.01                      0.03  -0.02     0.00
  SINCE JAN 1     12.05                      6.21   5.84     6.76

DEGREE DAYS
 HEATING
  TODAY           48                        50     -2       54
  MONTH TO DATE  147                       148     -1      170
  SINCE DEC 1    147                       148     -1      170
  SINCE JUL 1   2596                      2963   -367     2651

 COOLING
  TODAY            0                         0      0        0
  MONTH TO DATE    0                         0      0        0
  SINCE DEC 1      0                         0      0        0
  SINCE JAN 1     23                        35    -12       53
..................................................................


WIND (MPH)
  HIGHEST WIND SPEED    23   HIGHEST WIND DIRECTION     N (10)
  HIGHEST GUST SPEED    31   HIGHEST GUST DIRECTION     N (20)
  AVERAGE WIND SPEED     6.2


SKY COVER
  POSSIBLE SUNSHINE  MM
  AVERAGE SKY COVER 0.3


WEATHER CONDITIONS
 THE FOLLOWING WEATHER WAS RECORDED TODAY.
  NO SIGNIFICANT WEATHER WAS OBSERVED.


RELATIVE HUMIDITY (PERCENT)
 HIGHEST    91           500 AM
 LOWEST     49           100 PM
 AVERAGE    70

..........................................................


THE BIG PINEY WY CLIMATE NORMALS FOR TOMORROW
                         NORMAL    RECORD    YEAR
 MAXIMUM TEMPERATURE (F)   28        48      2007
 MINIMUM TEMPERATURE (F)    2       -31      1992


SUNRISE AND SUNSET
DECEMBER  3 2016......SUNRISE   733 AM MST   SUNSET   448 PM MST
DECEMBER  4 2016......SUNRISE   734 AM MST   SUNSET   447 PM MST


-  INDICATES NEGATIVE NUMBERS.
R  INDICATES RECORD WAS SET OR TIED.
MM INDICATES DATA IS MISSING.
T  INDICATES TRACE AMOUNT.




$$
