000
CDUS45 KRIW 280743
CLIBPI


CLIMATE REPORT
NATIONAL WEATHER SERVICE RIVERTON WY
142 AM MDT FRI JUL 28 2017


...................................

...THE BIG PINEY WY CLIMATE SUMMARY FOR JULY 27 2017...

CLIMATE NORMAL PERIOD 1981 TO 2010
CLIMATE RECORD PERIOD 1976 TO 2017


WEATHER ITEM   OBSERVED TIME   RECORD YEAR NORMAL DEPARTURE LAST
                VALUE   (LST)  VALUE       VALUE  FROM      YEAR
                                                  NORMAL
..................................................................
TEMPERATURE (F)
 YESTERDAY
  MAXIMUM         80    230 PM  90    2016  82     -2       90
  MINIMUM         47    512 AM  33    2001  44      3       43
                                      1999
  AVERAGE         64                        63      1       67

PRECIPITATION (IN)
  YESTERDAY        T             0.25 2004   0.03  -0.03     0.00
  MONTH TO DATE    0.85                      0.60   0.25     0.12
  SINCE JUN 1      0.99                      1.39  -0.40     0.85
  SINCE JAN 1      6.45                      3.86   2.59     6.90

DEGREE DAYS
 HEATING
  YESTERDAY        1                         3     -2        0
  MONTH TO DATE   25                       103    -78      104
  SINCE JUN 1    296                       408   -112      282
  SINCE JUL 1     25                       103    -78      104

 COOLING
  YESTERDAY        0                         1     -1        2
  MONTH TO DATE   23                        19      4       13
  SINCE JUN 1     24                        21      3       14
  SINCE JAN 1     24                        21      3       14
..................................................................


WIND (MPH)
  HIGHEST WIND SPEED    22   HIGHEST WIND DIRECTION     N (350)
  HIGHEST GUST SPEED    26   HIGHEST GUST DIRECTION     N (350)
  AVERAGE WIND SPEED     6.8


SKY COVER
  POSSIBLE SUNSHINE  MM
  AVERAGE SKY COVER 0.2


WEATHER CONDITIONS
 THE FOLLOWING WEATHER WAS RECORDED YESTERDAY.
  THUNDERSTORM


RELATIVE HUMIDITY (PERCENT)
 HIGHEST    93           400 AM
 LOWEST     31           500 PM
 AVERAGE    62

..........................................................


THE BIG PINEY WY CLIMATE NORMALS FOR TODAY
                         NORMAL    RECORD    YEAR
 MAXIMUM TEMPERATURE (F)   82        92      2006
 MINIMUM TEMPERATURE (F)   44        29      2015


SUNRISE AND SUNSET
JULY 28 2017..........SUNRISE   609 AM MDT   SUNSET   844 PM MDT
JULY 29 2017..........SUNRISE   610 AM MDT   SUNSET   843 PM MDT


-  INDICATES NEGATIVE NUMBERS.
R  INDICATES RECORD WAS SET OR TIED.
MM INDICATES DATA IS MISSING.
T  INDICATES TRACE AMOUNT.




$$
