000
CDUS45 KRIW 260735
CLIBPI


CLIMATE REPORT
NATIONAL WEATHER SERVICE RIVERTON WY
1234 AM MST FRI DEC 26 2014


...................................

...THE BIG PINEY WY CLIMATE SUMMARY FOR DECEMBER 25 2014...

CLIMATE NORMAL PERIOD 1981 TO 2010
CLIMATE RECORD PERIOD 1976 TO 2014


WEATHER ITEM   OBSERVED TIME   RECORD YEAR NORMAL DEPARTURE LAST
                VALUE   (LST)  VALUE       VALUE  FROM      YEAR
                                                  NORMAL
..................................................................
TEMPERATURE (F)
 YESTERDAY
  MAXIMUM         26   1018 AM  49    2005  26      0       25
                                      1980
  MINIMUM          6   1057 PM -20    2002  -3      9       -9
                                      1997
  AVERAGE         16                        11      5        8

PRECIPITATION (IN)
  YESTERDAY        T             0.10 1994   0.00   0.00     0.00
  MONTH TO DATE    0.12                      0.22  -0.10     0.19
  SINCE DEC 1      0.12                      0.22  -0.10     0.19
  SINCE JAN 1      4.79                      6.40  -1.61     4.70

DEGREE DAYS
 HEATING
  YESTERDAY       49                        54     -5       57
  MONTH TO DATE  966                      1302   -336     1345
  SINCE DEC 1    966                      1302   -336     1345
  SINCE JUL 1   3194                      4117   -923     3810

 COOLING
  YESTERDAY        0                         0      0        0
  MONTH TO DATE    0                         0      0        0
  SINCE DEC 1      0                         0      0        0
  SINCE JAN 1     26                        35     -9       89
..................................................................


WIND (MPH)
  HIGHEST WIND SPEED    23   HIGHEST WIND DIRECTION    SE (130)
  HIGHEST GUST SPEED    28   HIGHEST GUST DIRECTION    SE (130)
  AVERAGE WIND SPEED     5.7


SKY COVER
  POSSIBLE SUNSHINE  MM
  AVERAGE SKY COVER 1.0


WEATHER CONDITIONS
 THE FOLLOWING WEATHER WAS RECORDED YESTERDAY.
  HEAVY SNOW
  SNOW
  LIGHT SNOW
  FOG
  FOG W/VISIBILITY <= 1/4 MILE


RELATIVE HUMIDITY (PERCENT)
 HIGHEST    96          1200 PM
 LOWEST     81           100 AM
 AVERAGE    89

..........................................................


THE BIG PINEY WY CLIMATE NORMALS FOR TODAY
                         NORMAL    RECORD    YEAR
 MAXIMUM TEMPERATURE (F)   26        48      1999
 MINIMUM TEMPERATURE (F)   -3       -25      1997


SUNRISE AND SUNSET
DECEMBER 26 2014......SUNRISE   749 AM MST   SUNSET   453 PM MST
DECEMBER 27 2014......SUNRISE   749 AM MST   SUNSET   454 PM MST


-  INDICATES NEGATIVE NUMBERS.
R  INDICATES RECORD WAS SET OR TIED.
MM INDICATES DATA IS MISSING.
T  INDICATES TRACE AMOUNT.




$$
