000
CDUS45 KRIW 040746
CLIBPI


CLIMATE REPORT
NATIONAL WEATHER SERVICE RIVERTON WY
139 AM MDT TUE AUG 4 2015


...................................

...THE BIG PINEY WY CLIMATE SUMMARY FOR AUGUST 3 2015...

CLIMATE NORMAL PERIOD 1981 TO 2010
CLIMATE RECORD PERIOD 1976 TO 2015


WEATHER ITEM   OBSERVED TIME   RECORD YEAR NORMAL DEPARTURE LAST
                VALUE   (LST)  VALUE       VALUE  FROM      YEAR
                                                  NORMAL
..................................................................
TEMPERATURE (F)
 YESTERDAY
  MAXIMUM         72    208 PM  88    2009  82    -10       84
  MINIMUM         50   1224 AM  28    1987  43      7       46
  AVERAGE         61                        62     -1       65

PRECIPITATION (IN)
  YESTERDAY        0.25R         0.10 2000   0.03   0.22     0.00
  MONTH TO DATE    0.25                      0.07   0.18      T
  SINCE JUN 1      2.21                      1.57   0.64     0.62
  SINCE JAN 1      5.19                      4.04   1.15     1.77

DEGREE DAYS
 HEATING
  YESTERDAY        4                         3      1        0
  MONTH TO DATE    4                         9     -5        1
  SINCE JUN 1    297                       431   -134      402
  SINCE JUL 1    162                       126     36       55

 COOLING
  YESTERDAY        0                         1     -1        0
  MONTH TO DATE    2                         3     -1        0
  SINCE JUN 1     44                        27     17       26
  SINCE JAN 1     44                        27     17       26
..................................................................


WIND (MPH)
  HIGHEST WIND SPEED    22   HIGHEST WIND DIRECTION     S (200)
  HIGHEST GUST SPEED    27   HIGHEST GUST DIRECTION     S (190)
  AVERAGE WIND SPEED     6.8


SKY COVER
  POSSIBLE SUNSHINE  MM
  AVERAGE SKY COVER 0.6


WEATHER CONDITIONS
 THE FOLLOWING WEATHER WAS RECORDED YESTERDAY.
  THUNDERSTORM
  HEAVY RAIN
  RAIN
  LIGHT RAIN
  FOG


RELATIVE HUMIDITY (PERCENT)
 HIGHEST    93           600 PM
 LOWEST     35           200 PM
 AVERAGE    64

..........................................................


THE BIG PINEY WY CLIMATE NORMALS FOR TODAY
                         NORMAL    RECORD    YEAR
 MAXIMUM TEMPERATURE (F)   82        93      1983
 MINIMUM TEMPERATURE (F)   43        28      1980


SUNRISE AND SUNSET
AUGUST  4 2015........SUNRISE   615 AM MDT   SUNSET   837 PM MDT
AUGUST  5 2015........SUNRISE   616 AM MDT   SUNSET   836 PM MDT


-  INDICATES NEGATIVE NUMBERS.
R  INDICATES RECORD WAS SET OR TIED.
MM INDICATES DATA IS MISSING.
T  INDICATES TRACE AMOUNT.




$$
