000
CDUS45 KRIW 250738
CLIBPI


CLIMATE REPORT
NATIONAL WEATHER SERVICE RIVERTON WY
129 AM MDT THU AUG 25 2016


...................................

...THE BIG PINEY WY CLIMATE SUMMARY FOR AUGUST 24 2016...

CLIMATE NORMAL PERIOD 1981 TO 2010
CLIMATE RECORD PERIOD 1976 TO 2016


WEATHER ITEM   OBSERVED TIME   RECORD YEAR NORMAL DEPARTURE LAST
                VALUE   (LST)  VALUE       VALUE  FROM      YEAR
                                                  NORMAL
..................................................................
TEMPERATURE (F)
 YESTERDAY
  MAXIMUM         73    520 PM  89    2015  77     -4       89
  MINIMUM         29    339 AM  24    1992  38     -9       35
  AVERAGE         51                        58     -7       62

PRECIPITATION (IN)
  YESTERDAY        0.00          0.38 1997   0.02  -0.02      T
  MONTH TO DATE    0.38                      0.54  -0.16     0.39
  SINCE JUN 1      1.36                      2.04  -0.68     2.35
  SINCE JAN 1      7.41                      4.51   2.90     5.33

DEGREE DAYS
 HEATING
  YESTERDAY       14                         7      7        3
  MONTH TO DATE  120                       116      4      101
  SINCE JUN 1    402                       538   -136      394
  SINCE JUL 1    224                       233     -9      259

 COOLING
  YESTERDAY        0                         0      0        0
  MONTH TO DATE    2                        12    -10       10
  SINCE JUN 1     23                        36    -13       52
  SINCE JAN 1     23                        36    -13       52
..................................................................


WIND (MPH)
  HIGHEST WIND SPEED    17   HIGHEST WIND DIRECTION    NW (320)
  HIGHEST GUST SPEED    22   HIGHEST GUST DIRECTION    NW (320)
  AVERAGE WIND SPEED     6.6


SKY COVER
  POSSIBLE SUNSHINE  MM
  AVERAGE SKY COVER 0.1


WEATHER CONDITIONS
 THE FOLLOWING WEATHER WAS RECORDED YESTERDAY.
  HAZE


RELATIVE HUMIDITY (PERCENT)
 HIGHEST    53           600 AM
 LOWEST      9           400 PM
 AVERAGE    31

..........................................................


THE BIG PINEY WY CLIMATE NORMALS FOR TODAY
                         NORMAL    RECORD    YEAR
 MAXIMUM TEMPERATURE (F)   77        90      2011
 MINIMUM TEMPERATURE (F)   38        22      1989


SUNRISE AND SUNSET
AUGUST 25 2016........SUNRISE   638 AM MDT   SUNSET   805 PM MDT
AUGUST 26 2016........SUNRISE   640 AM MDT   SUNSET   804 PM MDT


-  INDICATES NEGATIVE NUMBERS.
R  INDICATES RECORD WAS SET OR TIED.
MM INDICATES DATA IS MISSING.
T  INDICATES TRACE AMOUNT.




$$
