000
CDUS45 KRIW 030736
CLIBPI


CLIMATE REPORT
NATIONAL WEATHER SERVICE RIVERTON WY
128 AM MDT WED JUN 3 2015


...................................

...THE BIG PINEY WY CLIMATE SUMMARY FOR JUNE 2 2015...

CLIMATE NORMAL PERIOD 1981 TO 2010
CLIMATE RECORD PERIOD 1976 TO 2015


WEATHER ITEM   OBSERVED TIME   RECORD YEAR NORMAL DEPARTURE LAST
                VALUE   (LST)  VALUE       VALUE  FROM      YEAR
                                                  NORMAL
..................................................................
TEMPERATURE (F)
 YESTERDAY
  MAXIMUM         73    145 PM  85    1977  67      6       78
  MINIMUM         37    509 AM  27    2000  34      3       28
                                      1996
                                      1989
  AVERAGE         55                        51      4       53

PRECIPITATION (IN)
  YESTERDAY        T             0.47 2009   0.03  -0.03     0.00
  MONTH TO DATE    T                         0.06  -0.06     0.00
  SINCE JUN 1      T                         0.06  -0.06     0.00
  SINCE JAN 1      2.98                      2.53   0.45     1.15

DEGREE DAYS
 HEATING
  YESTERDAY       10                        14     -4       12
  MONTH TO DATE   14                        28    -14       24
  SINCE JUN 1     14                        28    -14       24
  SINCE JUL 1   8403                     10154  -1751     9383

 COOLING
  YESTERDAY        0                         0      0        0
  MONTH TO DATE    0                         0      0        0
  SINCE JUN 1      0                         0      0        0
  SINCE JAN 1      0                         0      0        0
..................................................................


WIND (MPH)
  HIGHEST WIND SPEED    22   HIGHEST WIND DIRECTION     W (280)
  HIGHEST GUST SPEED    30   HIGHEST GUST DIRECTION    NW (330)
  AVERAGE WIND SPEED     7.3


SKY COVER
  POSSIBLE SUNSHINE  MM
  AVERAGE SKY COVER 0.0


WEATHER CONDITIONS
 THE FOLLOWING WEATHER WAS RECORDED YESTERDAY.
  THUNDERSTORM


RELATIVE HUMIDITY (PERCENT)
 HIGHEST    92           500 AM
 LOWEST     25           200 PM
 AVERAGE    59

..........................................................


THE BIG PINEY WY CLIMATE NORMALS FOR TODAY
                         NORMAL    RECORD    YEAR
 MAXIMUM TEMPERATURE (F)   68        82      2012
                                             1986
 MINIMUM TEMPERATURE (F)   35        23      2011


SUNRISE AND SUNSET
JUNE  3 2015..........SUNRISE   545 AM MDT   SUNSET   853 PM MDT
JUNE  4 2015..........SUNRISE   544 AM MDT   SUNSET   853 PM MDT


-  INDICATES NEGATIVE NUMBERS.
R  INDICATES RECORD WAS SET OR TIED.
MM INDICATES DATA IS MISSING.
T  INDICATES TRACE AMOUNT.




$$
