000
CDUS45 KRIW 010739
CLIBPI


CLIMATE REPORT
NATIONAL WEATHER SERVICE RIVERTON WY
136 AM MDT WED JUL 1 2015


...................................

...THE BIG PINEY WY CLIMATE SUMMARY FOR JUNE 30 2015...

CLIMATE NORMAL PERIOD 1981 TO 2010
CLIMATE RECORD PERIOD 1976 TO 2015


WEATHER ITEM   OBSERVED TIME   RECORD YEAR NORMAL DEPARTURE LAST
                VALUE   (LST)  VALUE       VALUE  FROM      YEAR
                                                  NORMAL
..................................................................
TEMPERATURE (F)
 YESTERDAY
  MAXIMUM         91    222 PM  92    2013  77     14       74
  MINIMUM         56    529 AM  30    1993  41     15       43
  AVERAGE         74                        59     15       59

PRECIPITATION (IN)
  YESTERDAY        T             0.22 1983   0.02  -0.02     0.00
  MONTH TO DATE    0.23                      0.79  -0.56     0.18
  SINCE JUN 1      0.23                      0.79  -0.56     0.18
  SINCE JAN 1      3.21                      3.26  -0.05     1.33

DEGREE DAYS
 HEATING
  YESTERDAY        0                         6     -6        6
  MONTH TO DATE  135                       304   -169      347
  SINCE JUN 1    135                       305   -170      347
  SINCE JUL 1   8524                     10431  -1907     9706

 COOLING
  YESTERDAY        9                         0      9        0
  MONTH TO DATE   24                         2     22        0
  SINCE JUN 1     24                         2     22        0
  SINCE JAN 1     24                         2     22        0
..................................................................


WIND (MPH)
  HIGHEST WIND SPEED    32   HIGHEST WIND DIRECTION     N (10)
  HIGHEST GUST SPEED    45   HIGHEST GUST DIRECTION     N (10)
  AVERAGE WIND SPEED    10.0


SKY COVER
  POSSIBLE SUNSHINE  MM
  AVERAGE SKY COVER 0.1


WEATHER CONDITIONS
 THE FOLLOWING WEATHER WAS RECORDED YESTERDAY.
  THUNDERSTORM


RELATIVE HUMIDITY (PERCENT)
 HIGHEST    67           500 AM
 LOWEST     17           200 PM
 AVERAGE    42

..........................................................


THE BIG PINEY WY CLIMATE NORMALS FOR TODAY
                         NORMAL    RECORD    YEAR
 MAXIMUM TEMPERATURE (F)   78        92      2013
 MINIMUM TEMPERATURE (F)   41        31      2014


SUNRISE AND SUNSET
JULY  1 2015..........SUNRISE   547 AM MDT   SUNSET   902 PM MDT
JULY  2 2015..........SUNRISE   547 AM MDT   SUNSET   902 PM MDT


-  INDICATES NEGATIVE NUMBERS.
R  INDICATES RECORD WAS SET OR TIED.
MM INDICATES DATA IS MISSING.
T  INDICATES TRACE AMOUNT.




$$
