000
CDUS44 KLCH 072245
CLIBPT


CLIMATE REPORT
NATIONAL WEATHER SERVICE LAKE CHARLES, LA
445 PM CST SUN FEB 7 2016


...................................

...THE BEAUMONT PORT ARTHUR CLIMATE SUMMARY FOR FEBRUARY 7 2016...
VALID TODAY AS OF 0400 PM LOCAL TIME.

CLIMATE NORMAL PERIOD 1981 TO 2010
CLIMATE RECORD PERIOD 1901 TO 2016


WEATHER ITEM   OBSERVED TIME   RECORD YEAR NORMAL DEPARTURE LAST
                VALUE   (LST)  VALUE       VALUE  FROM      YEAR
                                                  NORMAL
..................................................................
TEMPERATURE (F)
 TODAY
  MAXIMUM         63    148 PM  87    1918  64     -1       71
  MINIMUM         31    631 AM  25    1975  45    -14       39
                                      1906
  AVERAGE         47                        54     -7       55

PRECIPITATION (IN)
  TODAY            0.00          1.04 1936   0.13  -0.13     0.00
  MONTH TO DATE    0.12                      0.94  -0.82     0.42
  SINCE DEC 1      8.25                     11.49  -3.24     9.55
  SINCE JAN 1      4.11                      6.20  -2.09     6.41

SNOWFALL (IN)
  TODAY            0.0           0.2  1988   0.0    0.0      0.0
  MONTH TO DATE    0.0                       0.0    0.0      0.0
  SINCE DEC 1      0.0                       T      0.0      0.0
  SINCE JUL 1      0.0                       T      0.0      0.0
  SNOW DEPTH       0

DEGREE DAYS
 HEATING
  TODAY           18                        11      7       10
  MONTH TO DATE   90                        79     11       98
  SINCE DEC 1    646                       827   -181      787
  SINCE JUL 1    710                      1022   -312     1024

 COOLING
  TODAY            0                         1     -1        0
  MONTH TO DATE    5                         1      4        1
  SINCE DEC 1     79                        34     45       21
  SINCE JAN 1     11                        12     -1        1
..................................................................


WIND (MPH)
  HIGHEST WIND SPEED    17   HIGHEST WIND DIRECTION     S (170)
  HIGHEST GUST SPEED    22   HIGHEST GUST DIRECTION     S (170)
  AVERAGE WIND SPEED     4.5


SKY COVER
  POSSIBLE SUNSHINE  MM
  AVERAGE SKY COVER 0.1


WEATHER CONDITIONS
 THE FOLLOWING WEATHER WAS RECORDED TODAY.
  FOG
  FOG W/VISIBILITY <= 1/4 MILE


RELATIVE HUMIDITY (PERCENT)
 HIGHEST   100          1200 AM
 LOWEST     42           200 PM
 AVERAGE    71

..........................................................


THE BEAUMONT PORT ARTHUR CLIMATE NORMALS FOR TOMORROW
                         NORMAL    RECORD    YEAR
 MAXIMUM TEMPERATURE (F)   64        80      1950
                                             1932
 MINIMUM TEMPERATURE (F)   45        18      1933


SUNRISE AND SUNSET
FEBRUARY  7 2016......SUNRISE   703 AM CST   SUNSET   558 PM CST
FEBRUARY  8 2016......SUNRISE   702 AM CST   SUNSET   559 PM CST


-  INDICATES NEGATIVE NUMBERS.
R  INDICATES RECORD WAS SET OR TIED.
MM INDICATES DATA IS MISSING.
T  INDICATES TRACE AMOUNT.




$$
