000
CDUS44 KLCH 170822
CLIBPT


CLIMATE REPORT
NATIONAL WEATHER SERVICE LAKE CHARLES, LA
221 AM CST WED DEC 17 2014


...................................

...THE BEAUMONT PORT ARTHUR CLIMATE SUMMARY FOR DECEMBER 16 2014...

CLIMATE NORMAL PERIOD 1981 TO 2010
CLIMATE RECORD PERIOD 1901 TO 2014


WEATHER ITEM   OBSERVED TIME   RECORD YEAR NORMAL DEPARTURE LAST
                VALUE   (LST)  VALUE       VALUE  FROM      YEAR
                                                  NORMAL
..................................................................
TEMPERATURE (F)
 YESTERDAY
  MAXIMUM         67    131 PM  81    1908  63      4       62
  MINIMUM         44   1130 PM  24    1989  45     -1       31
                                      1955
                                      1951
  AVERAGE         56                        54      2       47

PRECIPITATION (IN)
  YESTERDAY        0.00          1.25 1994   0.17  -0.17     0.00
  MONTH TO DATE    0.05                      2.63  -2.58     0.59
  SINCE DEC 1      0.05                      2.63  -2.58     0.59
  SINCE JAN 1     48.76                     57.81  -9.05    55.42

SNOWFALL (IN)
  YESTERDAY        0.0           0.0    MM   0.0    0.0      0.0
  MONTH TO DATE    0.0                       0.0    0.0      0.0
  SINCE DEC 1      0.0                       0.0    0.0      0.0
  SINCE JUL 1      0.0                       0.0    0.0      0.0
  SNOW DEPTH       0

DEGREE DAYS
 HEATING
  YESTERDAY        9                        12     -3       18
  MONTH TO DATE   79                       167    -88      218
  SINCE DEC 1     79                       167    -88      218
  SINCE JUL 1    316                       362    -46      460

 COOLING
  YESTERDAY        0                         1     -1        0
  MONTH TO DATE   20                        16      4       17
  SINCE DEC 1     20                        16      4       17
  SINCE JAN 1   2931                      2871     60     3012
..................................................................


WIND (MPH)
  HIGHEST WIND SPEED    20   HIGHEST WIND DIRECTION     N (350)
  HIGHEST GUST SPEED    26   HIGHEST GUST DIRECTION     N (360)
  AVERAGE WIND SPEED     9.3


SKY COVER
  POSSIBLE SUNSHINE  MM
  AVERAGE SKY COVER 0.2


WEATHER CONDITIONS
 THE FOLLOWING WEATHER WAS RECORDED YESTERDAY.
  NO SIGNIFICANT WEATHER WAS OBSERVED.


RELATIVE HUMIDITY (PERCENT)
 HIGHEST    76          1100 PM
 LOWEST     34           100 PM
 AVERAGE    55

..........................................................


THE BEAUMONT PORT ARTHUR CLIMATE NORMALS FOR TODAY
                         NORMAL    RECORD    YEAR
 MAXIMUM TEMPERATURE (F)   63        82      1908
 MINIMUM TEMPERATURE (F)   44        24      1972
                                             1901


SUNRISE AND SUNSET
DECEMBER 17 2014......SUNRISE   705 AM CST   SUNSET   519 PM CST
DECEMBER 18 2014......SUNRISE   706 AM CST   SUNSET   519 PM CST


-  INDICATES NEGATIVE NUMBERS.
R  INDICATES RECORD WAS SET OR TIED.
MM INDICATES DATA IS MISSING.
T  INDICATES TRACE AMOUNT.




$$
