000
CDUS44 KLCH 300859
CLIBPT


CLIMATE REPORT
NATIONAL WEATHER SERVICE LAKE CHARLES, LA
258 AM CST FRI JAN 30 2015


...................................

...THE BEAUMONT PORT ARTHUR CLIMATE SUMMARY FOR JANUARY 29 2015...

CLIMATE NORMAL PERIOD 1981 TO 2010
CLIMATE RECORD PERIOD 1901 TO 2015


WEATHER ITEM   OBSERVED TIME   RECORD YEAR NORMAL DEPARTURE LAST
                VALUE   (LST)  VALUE       VALUE  FROM      YEAR
                                                  NORMAL
..................................................................
TEMPERATURE (F)
 YESTERDAY
  MAXIMUM         78    305 PM  80    2002  63     15       41
  MINIMUM         49    201 AM  25    2014  44      5       25
                                      1961
  AVERAGE         64                        53     11       33

PRECIPITATION (IN)
  YESTERDAY        0.00          1.67 2010   0.16  -0.16     0.00
                                      1951
  MONTH TO DATE    5.99                      4.95   1.04     1.27
  SINCE DEC 1      9.13                     10.24  -1.11     2.56
  SINCE JAN 1      5.99                      4.95   1.04     1.27

SNOWFALL (IN)
  YESTERDAY        0.0           T    1979   0.0    0.0      0.0
                                      1949
                                      1936
  MONTH TO DATE    0.0                       0.0    0.0      0.3
  SINCE DEC 1      0.0                       T      0.0      0.3
  SINCE JUL 1      0.0                       T      0.0      0.3
  SNOW DEPTH       0

DEGREE DAYS
 HEATING
  YESTERDAY        1                        12    -11       32
  MONTH TO DATE  424                       370     54      473
  SINCE DEC 1    672                       725    -53      886
  SINCE JUL 1    909                       920    -11     1128

 COOLING
  YESTERDAY        0                         0      0        0
  MONTH TO DATE    0                         0      0        0
  SINCE DEC 1     20                        22     -2       24
  SINCE JAN 1      0                         0      0        0
..................................................................


WIND (MPH)
  HIGHEST WIND SPEED    14   HIGHEST WIND DIRECTION     W (270)
  HIGHEST GUST SPEED    20   HIGHEST GUST DIRECTION    SW (240)
  AVERAGE WIND SPEED     5.4


SKY COVER
  POSSIBLE SUNSHINE  MM
  AVERAGE SKY COVER 0.4


WEATHER CONDITIONS
 THE FOLLOWING WEATHER WAS RECORDED YESTERDAY.
  FOG
  FOG W/VISIBILITY <= 1/4 MILE


RELATIVE HUMIDITY (PERCENT)
 HIGHEST   100          1200 AM
 LOWEST     47           300 PM
 AVERAGE    74

..........................................................


THE BEAUMONT PORT ARTHUR CLIMATE NORMALS FOR TODAY
                         NORMAL    RECORD    YEAR
 MAXIMUM TEMPERATURE (F)   63        82      1911
                                             1903
 MINIMUM TEMPERATURE (F)   44        20      1966


SUNRISE AND SUNSET
JANUARY 30 2015.......SUNRISE   707 AM CST   SUNSET   552 PM CST
JANUARY 31 2015.......SUNRISE   707 AM CST   SUNSET   552 PM CST


-  INDICATES NEGATIVE NUMBERS.
R  INDICATES RECORD WAS SET OR TIED.
MM INDICATES DATA IS MISSING.
T  INDICATES TRACE AMOUNT.




$$
