000
CDUS44 KLCH 180835
CLIBPT


CLIMATE REPORT
NATIONAL WEATHER SERVICE LAKE CHARLES, LA
235 AM CST SAT NOV 18 2017


...................................

...THE BEAUMONT PORT ARTHUR CLIMATE SUMMARY FOR NOVEMBER 17 2017...

CLIMATE NORMAL PERIOD 1981 TO 2010
CLIMATE RECORD PERIOD 1901 TO 2017


WEATHER ITEM   OBSERVED TIME   RECORD YEAR NORMAL DEPARTURE LAST
                VALUE   (LST)  VALUE       VALUE  FROM      YEAR
                                                  NORMAL
..................................................................
TEMPERATURE (F)
 YESTERDAY
  MAXIMUM         81    137 PM  85    1964  71     10       83
                                      1942
                                      1911
  MINIMUM         63    607 AM  32    1959  51     12       54
                                      1920
  AVERAGE         72                        61     11       69

PRECIPITATION (IN)
  YESTERDAY        0.00          2.51 1902   0.13  -0.13     0.00
  MONTH TO DATE    1.86                      2.54  -0.68     2.20
  SINCE SEP 1      8.15                     14.09  -5.94     6.61
  SINCE JAN 1     97.75                     53.32  44.43    64.13

SNOWFALL (IN)
  YESTERDAY        0.0           0.0    MM   0.0    0.0      0.0
  MONTH TO DATE    0.0                       0.0    0.0      0.0
  SINCE SEP 1      0.0                       0.0    0.0      0.0
  SINCE JUL 1      0.0                       0.0    0.0      0.0
  SNOW DEPTH       0

DEGREE DAYS
 HEATING
  YESTERDAY        0                         5     -5        0
  MONTH TO DATE   14                        67    -53       12
  SINCE SEP 1     53                       101    -48       16
  SINCE JUL 1     53                       101    -48       16

 COOLING
  YESTERDAY        7                         2      5        4
  MONTH TO DATE  104                        46     58       88
  SINCE SEP 1    803                       670    133      922
  SINCE JAN 1   3096                      2837    259     3375
..................................................................


WIND (MPH)
  HIGHEST WIND SPEED    20   HIGHEST WIND DIRECTION     S (190)
  HIGHEST GUST SPEED    25   HIGHEST GUST DIRECTION     S (160)
  AVERAGE WIND SPEED     9.4


SKY COVER
  POSSIBLE SUNSHINE  MM
  AVERAGE SKY COVER 0.5


WEATHER CONDITIONS
 THE FOLLOWING WEATHER WAS RECORDED YESTERDAY.
  FOG


RELATIVE HUMIDITY (PERCENT)
 HIGHEST    93          1200 AM
 LOWEST     67          1000 AM
 AVERAGE    80

..........................................................


THE BEAUMONT PORT ARTHUR CLIMATE NORMALS FOR TODAY
                         NORMAL    RECORD    YEAR
 MAXIMUM TEMPERATURE (F)   71        87      1905
 MINIMUM TEMPERATURE (F)   51        27      1959


SUNRISE AND SUNSET
NOVEMBER 18 2017......SUNRISE   644 AM CST   SUNSET   519 PM CST
NOVEMBER 19 2017......SUNRISE   645 AM CST   SUNSET   518 PM CST


-  INDICATES NEGATIVE NUMBERS.
R  INDICATES RECORD WAS SET OR TIED.
MM INDICATES DATA IS MISSING.
T  INDICATES TRACE AMOUNT.




$$
