000
CDUS44 KLCH 210839
CLIBPT


CLIMATE REPORT
NATIONAL WEATHER SERVICE LAKE CHARLES, LA
339 AM CDT TUE OCT 21 2014


...................................

...THE BEAUMONT PORT ARTHUR CLIMATE SUMMARY FOR OCTOBER 20 2014...

CLIMATE NORMAL PERIOD 1981 TO 2010
CLIMATE RECORD PERIOD 1901 TO 2014


WEATHER ITEM   OBSERVED TIME   RECORD YEAR NORMAL DEPARTURE LAST
                VALUE   (LST)  VALUE       VALUE  FROM      YEAR
                                                  NORMAL
..................................................................
TEMPERATURE (F)
 YESTERDAY
  MAXIMUM         83    323 PM  92    1927  80      3       74
  MINIMUM         59   1159 PM  32    1989  59      0       49
  AVERAGE         71                        69      2       62

PRECIPITATION (IN)
  YESTERDAY        0.00          1.24 1905   0.20  -0.20     0.00
  MONTH TO DATE    2.18                      3.64  -1.46     3.92
  SINCE SEP 1      8.93                      9.61  -0.68    12.06
  SINCE JAN 1     44.33                     48.84  -4.51    47.27

SNOWFALL (IN)
  YESTERDAY        0.0           0.0    MM   0.0    0.0      0.0
  MONTH TO DATE    0.0                       0.0    0.0      0.0
  SINCE SEP 1      0.0                       0.0    0.0      0.0
  SINCE JUL 1      0.0                       0.0    0.0      0.0
  SNOW DEPTH       0

DEGREE DAYS
 HEATING
  YESTERDAY        0                         1     -1        3
  MONTH TO DATE    0                        10    -10        6
  SINCE SEP 1      0                        11    -11        6
  SINCE JUL 1      0                        11    -11        6

 COOLING
  YESTERDAY        6                         6      0        0
  MONTH TO DATE  199                       153     46      176
  SINCE SEP 1    679                       572    107      710
  SINCE JAN 1   2822                      2739     83     2900
..................................................................


WIND (MPH)
  HIGHEST WIND SPEED    10   HIGHEST WIND DIRECTION     N (20)
  HIGHEST GUST SPEED    28   HIGHEST GUST DIRECTION    NW (330)
  AVERAGE WIND SPEED     5.3


SKY COVER
  POSSIBLE SUNSHINE  MM
  AVERAGE SKY COVER 0.0


WEATHER CONDITIONS
 THE FOLLOWING WEATHER WAS RECORDED YESTERDAY.
  NO SIGNIFICANT WEATHER WAS OBSERVED.


RELATIVE HUMIDITY (PERCENT)
 HIGHEST    84           600 AM
 LOWEST     37           400 PM
 AVERAGE    61

..........................................................


THE BEAUMONT PORT ARTHUR CLIMATE NORMALS FOR TODAY
                         NORMAL    RECORD    YEAR
 MAXIMUM TEMPERATURE (F)   79        92      1934
                                             1927
 MINIMUM TEMPERATURE (F)   59        36      1976


SUNRISE AND SUNSET
OCTOBER 21 2014.......SUNRISE   722 AM CDT   SUNSET   639 PM CDT
OCTOBER 22 2014.......SUNRISE   723 AM CDT   SUNSET   638 PM CDT


-  INDICATES NEGATIVE NUMBERS.
R  INDICATES RECORD WAS SET OR TIED.
MM INDICATES DATA IS MISSING.
T  INDICATES TRACE AMOUNT.




$$
