000
CDUS44 KLCH 210847
CLIBPT


CLIMATE REPORT
NATIONAL WEATHER SERVICE LAKE CHARLES, LA
247 AM CST SUN JAN 21 2018


...................................

...THE BEAUMONT PORT ARTHUR CLIMATE SUMMARY FOR JANUARY 20 2018...

CLIMATE NORMAL PERIOD 1981 TO 2010
CLIMATE RECORD PERIOD 1901 TO 2018


WEATHER ITEM   OBSERVED TIME   RECORD YEAR NORMAL DEPARTURE LAST
                VALUE   (LST)  VALUE       VALUE  FROM      YEAR
                                                  NORMAL
..................................................................
TEMPERATURE (F)
 YESTERDAY
  MAXIMUM         71    138 PM  82    2017  62      9       82
  MINIMUM         48   1235 AM  23    1985  43      5       62
  AVERAGE         60                        53      7       72

PRECIPITATION (IN)
  YESTERDAY        0.01          1.57 1972   0.17  -0.16     0.00
  MONTH TO DATE    2.44                      3.51  -1.07     0.94
  SINCE DEC 1      8.05                      8.80  -0.75    13.96
  SINCE JAN 1      2.44                      3.51  -1.07     0.94

SNOWFALL (IN)
  YESTERDAY       MM             T    1978   0.0   MM        0.0
                                      1963
  MONTH TO DATE    0.1                       0.0    0.1      0.0
  SINCE DEC 1      3.1                       T      3.1      0.0
  SINCE JUL 1      3.1                       T      3.1      0.0
  SNOW DEPTH       0

DEGREE DAYS
 HEATING
  YESTERDAY        5                        13     -8        0
  MONTH TO DATE  409                       260    149      123
  SINCE DEC 1    776                       615    161      344
  SINCE JUL 1    906                       810     96      414

 COOLING
  YESTERDAY        0                         0      0        7
  MONTH TO DATE    0                         0      0       68
  SINCE DEC 1     18                        22     -4      138
  SINCE JAN 1      0                         0      0       68
..................................................................


WIND (MPH)
  HIGHEST WIND SPEED    21   HIGHEST WIND DIRECTION    SE (140)
  HIGHEST GUST SPEED    25   HIGHEST GUST DIRECTION    SE (150)
  AVERAGE WIND SPEED    11.5


SKY COVER
  POSSIBLE SUNSHINE  MM
  AVERAGE SKY COVER 0.9


WEATHER CONDITIONS
 THE FOLLOWING WEATHER WAS RECORDED YESTERDAY.
  LIGHT RAIN
  FOG


RELATIVE HUMIDITY (PERCENT)
 HIGHEST    96           800 AM
 LOWEST     73           100 PM
 AVERAGE    85

..........................................................


THE BEAUMONT PORT ARTHUR CLIMATE NORMALS FOR TODAY
                         NORMAL    RECORD    YEAR
 MAXIMUM TEMPERATURE (F)   62        81      2012
 MINIMUM TEMPERATURE (F)   43        18      1985


SUNRISE AND SUNSET
JANUARY 21 2018.......SUNRISE   711 AM CST   SUNSET   544 PM CST
JANUARY 22 2018.......SUNRISE   711 AM CST   SUNSET   545 PM CST


-  INDICATES NEGATIVE NUMBERS.
R  INDICATES RECORD WAS SET OR TIED.
MM INDICATES DATA IS MISSING.
T  INDICATES TRACE AMOUNT.




$$
