037
CDUS43 KDVN 280931
CLIBRL


CLIMATE REPORT
NATIONAL WEATHER SERVICE QUAD CITIES IA IL
429 AM CDT FRI APR 28 2017


...................................

...THE BURLINGTON IA CLIMATE SUMMARY FOR APRIL 27 2017...

CLIMATE NORMAL PERIOD 1981 TO 2010
CLIMATE RECORD PERIOD 1897 TO 2017


WEATHER ITEM   OBSERVED TIME   RECORD YEAR NORMAL DEPARTURE LAST
                VALUE   (LST)  VALUE       VALUE  FROM      YEAR
                                                  NORMAL
..................................................................
TEMPERATURE (F)
 YESTERDAY
  MAXIMUM         54    559 PM  87    1956  69    -15       57
  MINIMUM         39    504 AM  30    1953  47     -8       47
  AVERAGE         47                        58    -11       52

PRECIPITATION (IN)
  YESTERDAY        0.33         MM      MM   0.15   0.18     0.55
  MONTH TO DATE    4.07                      3.29   0.78     2.51
  SINCE MAR 1      7.05                      6.08   0.97     5.72
  SINCE JAN 1      8.91                      8.94  -0.03     7.10

DEGREE DAYS
 HEATING
  YESTERDAY       18                         8     10       13
  MONTH TO DATE  234                       334   -100      334
  SINCE MAR 1    925                      1062   -137      916
  SINCE JUL 1   4619                      5440   -821     4798

 COOLING
  YESTERDAY        0                         1     -1        0
  MONTH TO DATE   20                        17      3       17
  SINCE MAR 1     20                        19      1       18
  SINCE JAN 1     20                        19      1       18
..................................................................


WIND (MPH)
  HIGHEST WIND SPEED    18   HIGHEST WIND DIRECTION     W (250)
  HIGHEST GUST SPEED    26   HIGHEST GUST DIRECTION    NW (310)
  AVERAGE WIND SPEED     8.0


SKY COVER
  POSSIBLE SUNSHINE  MM
  AVERAGE SKY COVER 0.8


WEATHER CONDITIONS
 THE FOLLOWING WEATHER WAS RECORDED YESTERDAY.
  RAIN
  LIGHT RAIN
  FOG


RELATIVE HUMIDITY (PERCENT)
 HIGHEST   100           300 AM
 LOWEST     66           300 PM
 AVERAGE    83

..........................................................


THE BURLINGTON IA CLIMATE NORMALS FOR TODAY
                         NORMAL    RECORD    YEAR
 MAXIMUM TEMPERATURE (F)   69        88      1970
 MINIMUM TEMPERATURE (F)   47        34      1950


SUNRISE AND SUNSET
APRIL 28 2017.........SUNRISE   606 AM CDT   SUNSET   758 PM CDT
APRIL 29 2017.........SUNRISE   605 AM CDT   SUNSET   759 PM CDT


-  INDICATES NEGATIVE NUMBERS.
R  INDICATES RECORD WAS SET OR TIED.
MM INDICATES DATA IS MISSING.
T  INDICATES TRACE AMOUNT.




$$
