000
CDUS43 KDVN 261011
CLIBRL


CLIMATE REPORT
NATIONAL WEATHER SERVICE QUAD CITIES IA IL
407 AM CST MON JAN 26 2015


...................................

...THE BURLINGTON IA CLIMATE SUMMARY FOR JANUARY 25 2015...

CLIMATE NORMAL PERIOD 1981 TO 2010
CLIMATE RECORD PERIOD 1897 TO 2015


WEATHER ITEM   OBSERVED TIME   RECORD YEAR NORMAL DEPARTURE LAST
                VALUE   (LST)  VALUE       VALUE  FROM      YEAR
                                                  NORMAL
..................................................................
TEMPERATURE (F)
 YESTERDAY
  MAXIMUM         41    422 AM  63    1981  35      6       38
  MINIMUM         23   1159 PM -12    1940  17      6       15
  AVERAGE         32                        26      6       27

PRECIPITATION (IN)
  YESTERDAY        0.31         MM      MM   0.04   0.27      T
  MONTH TO DATE    1.07                      1.01   0.06     0.93
  SINCE DEC 1      1.73                      3.10  -1.37     2.01
  SINCE JAN 1      1.07                      1.01   0.06     0.93

DEGREE DAYS
 HEATING
  YESTERDAY       33                        39     -6       38
  MONTH TO DATE 1033                       975     58     1166
  SINCE DEC 1   2027                      2088    -61     2446
  SINCE JUL 1   3404                      3161    243     3683

 COOLING
  YESTERDAY        0                         0      0        0
  MONTH TO DATE    0                         0      0        0
  SINCE DEC 1      0                         0      0        0
  SINCE JAN 1      0                         0      0        0
..................................................................


WIND (MPH)
  HIGHEST WIND SPEED    25   HIGHEST WIND DIRECTION    NE (40)
  HIGHEST GUST SPEED    32   HIGHEST GUST DIRECTION    NE (30)
  AVERAGE WIND SPEED    12.9


SKY COVER
  POSSIBLE SUNSHINE  MM
  AVERAGE SKY COVER 0.9


WEATHER CONDITIONS
 THE FOLLOWING WEATHER WAS RECORDED YESTERDAY.
  RAIN
  LIGHT RAIN
  LIGHT SNOW
  FOG
  HAZE


RELATIVE HUMIDITY (PERCENT)
 HIGHEST   100           600 AM
 LOWEST     73          1200 AM
 AVERAGE    87

..........................................................


THE BURLINGTON IA CLIMATE NORMALS FOR TODAY
                         NORMAL    RECORD    YEAR
 MAXIMUM TEMPERATURE (F)   35        63      2002
 MINIMUM TEMPERATURE (F)   17       -15      1904


SUNRISE AND SUNSET
JANUARY 26 2015.......SUNRISE   720 AM CST   SUNSET   514 PM CST
JANUARY 27 2015.......SUNRISE   719 AM CST   SUNSET   516 PM CST


-  INDICATES NEGATIVE NUMBERS.
R  INDICATES RECORD WAS SET OR TIED.
MM INDICATES DATA IS MISSING.
T  INDICATES TRACE AMOUNT.




$$
