000
CDUS43 KDVN 060919
CLIBRL


CLIMATE REPORT
NATIONAL WEATHER SERVICE QUAD CITIES IA IL
418 AM CDT MON JUL 6 2015


...................................

...THE BURLINGTON IA CLIMATE SUMMARY FOR JULY 5 2015...

CLIMATE NORMAL PERIOD 1981 TO 2010
CLIMATE RECORD PERIOD 1897 TO 2015


WEATHER ITEM   OBSERVED TIME   RECORD YEAR NORMAL DEPARTURE LAST
                VALUE   (LST)  VALUE       VALUE  FROM      YEAR
                                                  NORMAL
..................................................................
TEMPERATURE (F)
 YESTERDAY
  MAXIMUM         85    410 PM 108    1936  87     -2       68
  MINIMUM         63    523 AM  47    1972  67     -4       62
  AVERAGE         74                        77     -3       65

PRECIPITATION (IN)
  YESTERDAY        0.00         MM      MM   0.15  -0.15     0.43
  MONTH TO DATE    T                         0.72  -0.72     0.47
  SINCE JUN 1      8.67                      5.19   3.48     9.56
  SINCE JAN 1     17.63                     19.45  -1.82    20.95

DEGREE DAYS
 HEATING
  YESTERDAY        0                         0      0        0
  MONTH TO DATE    0                         0      0        3
  SINCE JUN 1      5                        13     -8        5
  SINCE JUL 1      0                         0      0        3

 COOLING
  YESTERDAY        9                        12     -3        0
  MONTH TO DATE   28                        60    -32       13
  SINCE JUN 1    252                       320    -68      268
  SINCE JAN 1    345                       423    -78      406
..................................................................


WIND (MPH)
  HIGHEST WIND SPEED    13   HIGHEST WIND DIRECTION    SE (150)
  HIGHEST GUST SPEED    19   HIGHEST GUST DIRECTION    SE (140)
  AVERAGE WIND SPEED     7.0


SKY COVER
  POSSIBLE SUNSHINE  MM
  AVERAGE SKY COVER 0.1


WEATHER CONDITIONS
 THE FOLLOWING WEATHER WAS RECORDED YESTERDAY.
  FOG
  HAZE


RELATIVE HUMIDITY (PERCENT)
 HIGHEST   100           400 AM
 LOWEST     61           200 PM
 AVERAGE    81

..........................................................


THE BURLINGTON IA CLIMATE NORMALS FOR TODAY
                         NORMAL    RECORD    YEAR
 MAXIMUM TEMPERATURE (F)   87       105      1936
 MINIMUM TEMPERATURE (F)   67        49      1972


SUNRISE AND SUNSET
JULY  6 2015..........SUNRISE   539 AM CDT   SUNSET   839 PM CDT
JULY  7 2015..........SUNRISE   540 AM CDT   SUNSET   838 PM CDT


-  INDICATES NEGATIVE NUMBERS.
R  INDICATES RECORD WAS SET OR TIED.
MM INDICATES DATA IS MISSING.
T  INDICATES TRACE AMOUNT.




$$
