000
CDUS43 KDVN 111017
CLIBRL


CLIMATE REPORT
NATIONAL WEATHER SERVICE QUAD CITIES IA IL
415 AM CST MON DEC 11 2017


...................................

...THE BURLINGTON IA CLIMATE SUMMARY FOR DECEMBER 10 2017...

CLIMATE NORMAL PERIOD 1981 TO 2010
CLIMATE RECORD PERIOD 1897 TO 2017


WEATHER ITEM   OBSERVED TIME   RECORD YEAR NORMAL DEPARTURE LAST
                VALUE   (LST)  VALUE       VALUE  FROM      YEAR
                                                  NORMAL
..................................................................
TEMPERATURE (F)
 YESTERDAY
  MAXIMUM         44    158 PM  61    1979  39      5       30
  MINIMUM         19    143 AM -12    1919  22     -3       21
  AVERAGE         32                        30      2       26

PRECIPITATION (IN)
  YESTERDAY        0.00         MM      MM   0.08  -0.08      T
  MONTH TO DATE    T                         0.77  -0.77     0.51
  SINCE DEC 1      T                         0.77  -0.77     0.51
  SINCE JAN 1     31.46                     37.16  -5.70    32.13

DEGREE DAYS
 HEATING
  YESTERDAY       33                        35     -2       39
  MONTH TO DATE  294                       328    -34      345
  SINCE DEC 1    294                       328    -34      345
  SINCE JUL 1   1345                      1401    -56     1101

 COOLING
  YESTERDAY        0                         0      0        0
  MONTH TO DATE    0                         0      0        0
  SINCE DEC 1      0                         0      0        0
  SINCE JAN 1   1068                      1207   -139     1276
..................................................................


WIND (MPH)
  HIGHEST WIND SPEED    21   HIGHEST WIND DIRECTION    NW (320)
  HIGHEST GUST SPEED    26   HIGHEST GUST DIRECTION    NW (310)
  AVERAGE WIND SPEED     8.9


SKY COVER
  POSSIBLE SUNSHINE  MM
  AVERAGE SKY COVER 0.1


WEATHER CONDITIONS
 THE FOLLOWING WEATHER WAS RECORDED YESTERDAY.
  HAZE


RELATIVE HUMIDITY (PERCENT)
 HIGHEST    81           400 AM
 LOWEST     49           100 PM
 AVERAGE    65

..........................................................


THE BURLINGTON IA CLIMATE NORMALS FOR TODAY
                         NORMAL    RECORD    YEAR
 MAXIMUM TEMPERATURE (F)   38        67      1949
 MINIMUM TEMPERATURE (F)   22       -10      1972


SUNRISE AND SUNSET
DECEMBER 11 2017......SUNRISE   719 AM CST   SUNSET   437 PM CST
DECEMBER 12 2017......SUNRISE   720 AM CST   SUNSET   437 PM CST


-  INDICATES NEGATIVE NUMBERS.
R  INDICATES RECORD WAS SET OR TIED.
MM INDICATES DATA IS MISSING.
T  INDICATES TRACE AMOUNT.




$$
