000
CDUS44 KBRO 270730
CLIBRO


CLIMATE REPORT
NATIONAL WEATHER SERVICE BROWNSVILLE TX
130 AM CST MON FEB 27 2017


...................................

...THE BROWNSVILLE CLIMATE SUMMARY FOR FEBRUARY 26 2017...

CLIMATE NORMAL PERIOD 1981 TO 2010
CLIMATE RECORD PERIOD 1878 TO 2017


WEATHER ITEM   OBSERVED TIME   RECORD YEAR NORMAL DEPARTURE LAST
                VALUE   (LST)  VALUE       VALUE  FROM      YEAR
                                                  NORMAL
..................................................................
TEMPERATURE (F)
 YESTERDAY
  MAXIMUM         83    223 PM  90    1971  76      7       74
  MINIMUM         66    224 AM  33    1894  56     10       46
  AVERAGE         75                        66      9       60

PRECIPITATION (IN)
  YESTERDAY        0.01          2.40 1973   0.03  -0.02     0.00
  MONTH TO DATE    1.36                      1.00   0.36      T
  SINCE DEC 1      3.21                      3.42  -0.21     2.04
  SINCE JAN 1      1.54                      2.27  -0.73     1.88

SNOWFALL (IN)
  YESTERDAY        0.0           0.0  2002   0.0
                                      2000
  MONTH TO DATE    0.0                       0.0
  SINCE DEC 1      0.0                       0.0
  SINCE JUL 1      0.0                       0.0

DEGREE DAYS
 HEATING
  YESTERDAY        0                         3     -3        5
  MONTH TO DATE    9                       101    -92       71
  SINCE DEC 1    191                       446   -255      336
  SINCE JUL 1    199                       500   -301      358

 COOLING
  YESTERDAY       10                         4      6        0
  MONTH TO DATE  218                        74    144       74
  SINCE DEC 1    535                       213    322      229
  SINCE JAN 1    359                       133    226       95
..................................................................


WIND (MPH)
  HIGHEST WIND SPEED    26   HIGHEST WIND DIRECTION     S (160)
  HIGHEST GUST SPEED    32   HIGHEST GUST DIRECTION     S (160)
  AVERAGE WIND SPEED    12.6


SKY COVER
  POSSIBLE SUNSHINE  MM
  AVERAGE SKY COVER 0.5


WEATHER CONDITIONS
 THE FOLLOWING WEATHER WAS RECORDED YESTERDAY.
  LIGHT RAIN


RELATIVE HUMIDITY (PERCENT)
 HIGHEST    90           600 AM
 LOWEST     62           200 PM
 AVERAGE    76

..........................................................


THE BROWNSVILLE CLIMATE NORMALS FOR TODAY
                         NORMAL    RECORD    YEAR
 MAXIMUM TEMPERATURE (F)   76        94      1954
 MINIMUM TEMPERATURE (F)   57        35      1935
                                             1924
                                             1912


SUNRISE AND SUNSET
FEBRUARY 27 2017......SUNRISE   655 AM CST   SUNSET   630 PM CST
FEBRUARY 28 2017......SUNRISE   654 AM CST   SUNSET   631 PM CST


-  INDICATES NEGATIVE NUMBERS.
R  INDICATES RECORD WAS SET OR TIED.
MM INDICATES DATA IS MISSING.
T  INDICATES TRACE AMOUNT.




$$
