007
CDUS44 KBRO 092226
CLIBRO


CLIMATE REPORT
NATIONAL WEATHER SERVICE BROWNSVILLE TX
426 PM CST TUE FEB 9 2016


...................................

...THE BROWNSVILLE CLIMATE SUMMARY FOR FEBRUARY 9 2016...
VALID TODAY AS OF 0400 PM LOCAL TIME.

CLIMATE NORMAL PERIOD 1981 TO 2010
CLIMATE RECORD PERIOD 1878 TO 2016


WEATHER ITEM   OBSERVED TIME   RECORD YEAR NORMAL DEPARTURE LAST
                VALUE   (LST)  VALUE       VALUE  FROM      YEAR
                                                  NORMAL
..................................................................
TEMPERATURE (F)
 TODAY
  MAXIMUM         75    209 PM  93    1962  73      2       79
  MINIMUM         45    155 AM  24    1895  54     -9       52
  AVERAGE         60                        63     -3       66

PRECIPITATION (IN)
  TODAY            0.00          0.70 1902   0.04  -0.04     0.00
  MONTH TO DATE    0.00                      0.42  -0.42     0.47
  SINCE DEC 1      2.04                      2.84  -0.80     5.46
  SINCE JAN 1      1.88                      1.69   0.19     4.03

SNOWFALL (IN)
  TODAY            0.0           0.0  2002   0.0
                                      2000
  MONTH TO DATE    0.0                       0.0
  SINCE DEC 1      0.0                       0.0
  SINCE JUL 1      0.0                       0.0

DEGREE DAYS
 HEATING
  TODAY            5                         4      1        0
  MONTH TO DATE   51                        43      8       40
  SINCE DEC 1    316                       388    -72      403
  SINCE JUL 1    338                       442   -104      516

 COOLING
  TODAY            0                         3     -3        1
  MONTH TO DATE    9                        22    -13       11
  SINCE DEC 1    164                       161      3      133
  SINCE JAN 1     30                        81    -51       24
..................................................................


WIND (MPH)
  HIGHEST WIND SPEED    15   HIGHEST WIND DIRECTION     E (70)
  HIGHEST GUST SPEED    20   HIGHEST GUST DIRECTION     N (350)
  AVERAGE WIND SPEED     5.7


SKY COVER
  POSSIBLE SUNSHINE  MM
  AVERAGE SKY COVER 0.0


WEATHER CONDITIONS
 THE FOLLOWING WEATHER WAS RECORDED TODAY.
  NO SIGNIFICANT WEATHER WAS OBSERVED.


RELATIVE HUMIDITY (PERCENT)
 HIGHEST    83           200 AM
 LOWEST     17           200 PM
 AVERAGE    50

..........................................................


THE BROWNSVILLE CLIMATE NORMALS FOR TOMORROW
                         NORMAL    RECORD    YEAR
 MAXIMUM TEMPERATURE (F)   73        90      1981
                                             1963
 MINIMUM TEMPERATURE (F)   54        26      1973


SUNRISE AND SUNSET
FEBRUARY  9 2016......SUNRISE   709 AM CST   SUNSET   619 PM CST
FEBRUARY 10 2016......SUNRISE   709 AM CST   SUNSET   619 PM CST


-  INDICATES NEGATIVE NUMBERS.
R  INDICATES RECORD WAS SET OR TIED.
MM INDICATES DATA IS MISSING.
T  INDICATES TRACE AMOUNT.




$$
