000
CDUS44 KBRO 172125
CLIBRO


CLIMATE REPORT
NATIONAL WEATHER SERVICE BROWNSVILLE TX
425 PM CDT THU APR 17 2014


...................................

...THE BROWNSVILLE CLIMATE SUMMARY FOR APRIL 17 2014...
VALID TODAY AS OF 0400 PM LOCAL TIME.

CLIMATE NORMAL PERIOD 1981 TO 2010
CLIMATE RECORD PERIOD 1878 TO 2014


WEATHER ITEM   OBSERVED TIME   RECORD YEAR NORMAL DEPARTURE LAST
                VALUE   (LST)  VALUE       VALUE  FROM      YEAR
                                                  NORMAL
..................................................................
TEMPERATURE (F)
 TODAY
  MAXIMUM         75   1259 PM 100    1920  84     -9       90
  MINIMUM         63    359 AM  46    1910  66     -3       76
  AVERAGE         69                        75     -6       83

PRECIPITATION (IN)
  TODAY            0.28          3.44 1890   0.06   0.22     0.00
  MONTH TO DATE    0.28                      0.88  -0.60     0.01
  SINCE MAR 1      1.74                      2.11  -0.37     0.29
  SINCE JAN 1      2.50                      4.46  -1.96     1.77

SNOWFALL (IN)
  TODAY            0.0           0.0  2002   0.0
                                      2001
  MONTH TO DATE    0.0                       0.0
  SINCE MAR 1      0.0                       0.0
  SINCE JUL 1      0.0                       0.0

DEGREE DAYS
 HEATING
  TODAY            0                         0      0        0
  MONTH TO DATE   10                         6      4        2
  SINCE MAR 1    100                        49     51       26
  SINCE JUL 1    824                       552    272      319

 COOLING
  TODAY            4                        10     -6       18
  MONTH TO DATE  139                       153    -14      169
  SINCE MAR 1    262                       327    -65      335
  SINCE JAN 1    382                       468    -86      556
..................................................................


WIND (MPH)
  HIGHEST WIND SPEED    15   HIGHEST WIND DIRECTION    NE (30)
  HIGHEST GUST SPEED    20   HIGHEST GUST DIRECTION    NE (30)
  AVERAGE WIND SPEED     6.5


SKY COVER
  POSSIBLE SUNSHINE  MM
  AVERAGE SKY COVER 0.4


WEATHER CONDITIONS
 THE FOLLOWING WEATHER WAS RECORDED TODAY.
  THUNDERSTORM
  RAIN
  LIGHT RAIN


RELATIVE HUMIDITY (PERCENT)
 HIGHEST    93           300 AM
 LOWEST     74          1200 PM
 AVERAGE    84

..........................................................


THE BROWNSVILLE CLIMATE NORMALS FOR TOMORROW
                         NORMAL    RECORD    YEAR
 MAXIMUM TEMPERATURE (F)   84       100      1953
                                             1920
 MINIMUM TEMPERATURE (F)   66        46      1921
                                             1901


SUNRISE AND SUNSET
APRIL 17 2014.........SUNRISE   705 AM CDT   SUNSET   754 PM CDT
APRIL 18 2014.........SUNRISE   704 AM CDT   SUNSET   755 PM CDT


-  INDICATES NEGATIVE NUMBERS.
R  INDICATES RECORD WAS SET OR TIED.
MM INDICATES DATA IS MISSING.
T  INDICATES TRACE AMOUNT.




$$
