000
CDUS44 KBRO 040630
CLIBRO


CLIMATE REPORT
NATIONAL WEATHER SERVICE BROWNSVILLE TX
129 AM CDT TUE AUG 4 2015


...................................

...THE BROWNSVILLE CLIMATE SUMMARY FOR AUGUST 3 2015...

CLIMATE NORMAL PERIOD 1981 TO 2010
CLIMATE RECORD PERIOD 1878 TO 2015


WEATHER ITEM   OBSERVED TIME   RECORD YEAR NORMAL DEPARTURE LAST
                VALUE   (LST)  VALUE       VALUE  FROM      YEAR
                                                  NORMAL
..................................................................
TEMPERATURE (F)
 YESTERDAY
  MAXIMUM         95    232 PM 102    1915  95      0       94
  MINIMUM         77    406 AM  70    1974  76      1       75
                                      1901
  AVERAGE         86                        86      0       85

PRECIPITATION (IN)
  YESTERDAY        0.00          1.42 1971   0.06  -0.06     0.00
  MONTH TO DATE    T                         0.17  -0.17     0.00
  SINCE JUN 1      3.12                      4.78  -1.66     2.28
  SINCE JAN 1     23.61                     12.54  11.07     7.61

SNOWFALL (IN)
  YESTERDAY        0.0           0.0  2002   0.0
                                      2001
  MONTH TO DATE    0.0                       0.0
  SINCE JUN 1      0.0                       0.0
  SINCE JUL 1      0.0                       0.0

DEGREE DAYS
 HEATING
  YESTERDAY        0                         0      0        0
  MONTH TO DATE    0                         0      0        0
  SINCE JUN 1      0                         0      0        0
  SINCE JUL 1      0                         0      0        0

 COOLING
  YESTERDAY       21                        21      0       20
  MONTH TO DATE   60                        63     -3       65
  SINCE JUN 1    838                      1248   -410     1286
  SINCE JAN 1   1900                      2341   -441     2208
..................................................................


WIND (MPH)
  HIGHEST WIND SPEED    23   HIGHEST WIND DIRECTION     S (160)
  HIGHEST GUST SPEED    30   HIGHEST GUST DIRECTION     S (160)
  AVERAGE WIND SPEED    12.8


SKY COVER
  POSSIBLE SUNSHINE  MM
  AVERAGE SKY COVER 0.3


WEATHER CONDITIONS
 THE FOLLOWING WEATHER WAS RECORDED YESTERDAY.
  NO SIGNIFICANT WEATHER WAS OBSERVED.


RELATIVE HUMIDITY (PERCENT)
 HIGHEST    94           200 AM
 LOWEST     49          1200 PM
 AVERAGE    72

..........................................................


THE BROWNSVILLE CLIMATE NORMALS FOR TODAY
                         NORMAL    RECORD    YEAR
 MAXIMUM TEMPERATURE (F)   95       100      1905
 MINIMUM TEMPERATURE (F)   76        69      1891


SUNRISE AND SUNSET
AUGUST  4 2015........SUNRISE   657 AM CDT   SUNSET   814 PM CDT
AUGUST  5 2015........SUNRISE   658 AM CDT   SUNSET   813 PM CDT


-  INDICATES NEGATIVE NUMBERS.
R  INDICATES RECORD WAS SET OR TIED.
MM INDICATES DATA IS MISSING.
T  INDICATES TRACE AMOUNT.




$$
