000
CDUS44 KBRO 282126
CLIBRO


CLIMATE REPORT
NATIONAL WEATHER SERVICE BROWNSVILLE TX
426 PM CDT THU APR 28 2016


...................................

...THE BROWNSVILLE CLIMATE SUMMARY FOR APRIL 28 2016...
VALID TODAY AS OF 0400 PM LOCAL TIME.

CLIMATE NORMAL PERIOD 1981 TO 2010
CLIMATE RECORD PERIOD 1878 TO 2016


WEATHER ITEM   OBSERVED TIME   RECORD YEAR NORMAL DEPARTURE LAST
                VALUE   (LST)  VALUE       VALUE  FROM      YEAR
                                                  NORMAL
..................................................................
TEMPERATURE (F)
 TODAY
  MAXIMUM         88    203 PM 100    2014  85      3       81
  MINIMUM         74    208 AM  50    1997  69      5       62
  AVERAGE         81                        77      4       72

PRECIPITATION (IN)
  TODAY            0.00          2.65 2013   0.05  -0.05     0.00
  MONTH TO DATE    3.23                      1.44   1.79     1.73
  SINCE MAR 1      5.90                      2.67   3.23     6.45
  SINCE JAN 1      7.78                      5.02   2.76    10.77

SNOWFALL (IN)
  TODAY            0.0           0.0  2002   0.0
                                      2001
  MONTH TO DATE    0.0                       0.0
  SINCE MAR 1      0.0                       0.0
  SINCE JUL 1      0.0                       0.0

DEGREE DAYS
 HEATING
  TODAY            0                         0      0        0
  MONTH TO DATE    1                         6     -5        0
  SINCE MAR 1     14                        49    -35       67
  SINCE JUL 1    374                       552   -178      690

 COOLING
  TODAY           16                        12      4        7
  MONTH TO DATE  289                       277     12      369
  SINCE MAR 1    532                       451     81      493
  SINCE JAN 1    640                       592     48      550
..................................................................


WIND (MPH)
  HIGHEST WIND SPEED    22   HIGHEST WIND DIRECTION    SE (150)
  HIGHEST GUST SPEED    26   HIGHEST GUST DIRECTION    SE (140)
  AVERAGE WIND SPEED    10.1


SKY COVER
  POSSIBLE SUNSHINE  MM
  AVERAGE SKY COVER 0.9


WEATHER CONDITIONS
 THE FOLLOWING WEATHER WAS RECORDED TODAY.
  FOG
  HAZE


RELATIVE HUMIDITY (PERCENT)
 HIGHEST   100           300 AM
 LOWEST     68           200 PM
 AVERAGE    84

..........................................................


THE BROWNSVILLE CLIMATE NORMALS FOR TOMORROW
                         NORMAL    RECORD    YEAR
 MAXIMUM TEMPERATURE (F)   86        99      1953
                                             1937
 MINIMUM TEMPERATURE (F)   69        50      1916


SUNRISE AND SUNSET
APRIL 28 2016.........SUNRISE   655 AM CDT   SUNSET   800 PM CDT
APRIL 29 2016.........SUNRISE   654 AM CDT   SUNSET   800 PM CDT


-  INDICATES NEGATIVE NUMBERS.
R  INDICATES RECORD WAS SET OR TIED.
MM INDICATES DATA IS MISSING.
T  INDICATES TRACE AMOUNT.




$$
