000
CDUS44 KBRO 240636
CLIBRO


CLIMATE REPORT
NATIONAL WEATHER SERVICE BROWNSVILLE TX
136 AM CDT THU APR 24 2014


...................................

...THE BROWNSVILLE CLIMATE SUMMARY FOR APRIL 23 2014...

CLIMATE NORMAL PERIOD 1981 TO 2010
CLIMATE RECORD PERIOD 1878 TO 2014


WEATHER ITEM   OBSERVED TIME   RECORD YEAR NORMAL DEPARTURE LAST
                VALUE   (LST)  VALUE       VALUE  FROM      YEAR
                                                  NORMAL
..................................................................
TEMPERATURE (F)
 YESTERDAY
  MAXIMUM         87    122 PM  94    1958  85      2       85
  MINIMUM         67    244 AM  50    1884  68     -1       70
  AVERAGE         77                        76      1       78

PRECIPITATION (IN)
  YESTERDAY        0.00          3.69 1956   0.05  -0.05     0.00
  MONTH TO DATE    0.28                      1.19  -0.91     0.01
  SINCE MAR 1      1.74                      2.42  -0.68     0.29
  SINCE JAN 1      2.50                      4.77  -2.27     1.77

SNOWFALL (IN)
  YESTERDAY        0.0           0.0  2002   0.0
                                      2001
  MONTH TO DATE    0.0                       0.0
  SINCE MAR 1      0.0                       0.0
  SINCE JUL 1      0.0                       0.0

DEGREE DAYS
 HEATING
  YESTERDAY        0                         0      0        0
  MONTH TO DATE   10                         6      4        8
  SINCE MAR 1    100                        49     51       32
  SINCE JUL 1    824                       552    272      325

 COOLING
  YESTERDAY       12                        11      1       13
  MONTH TO DATE  196                       218    -22      218
  SINCE MAR 1    319                       392    -73      384
  SINCE JAN 1    439                       533    -94      605
..................................................................


WIND (MPH)
  HIGHEST WIND SPEED    22   HIGHEST WIND DIRECTION    SE (140)
  HIGHEST GUST SPEED    29   HIGHEST GUST DIRECTION    SE (140)
  AVERAGE WIND SPEED    13.6


SKY COVER
  POSSIBLE SUNSHINE  MM
  AVERAGE SKY COVER 0.1


WEATHER CONDITIONS
 THE FOLLOWING WEATHER WAS RECORDED YESTERDAY.
  NO SIGNIFICANT WEATHER WAS OBSERVED.


RELATIVE HUMIDITY (PERCENT)
 HIGHEST   100          1200 AM
 LOWEST     42           200 PM
 AVERAGE    71

..........................................................


THE BROWNSVILLE CLIMATE NORMALS FOR TODAY
                         NORMAL    RECORD    YEAR
 MAXIMUM TEMPERATURE (F)   85        96      2003
                                             1953
 MINIMUM TEMPERATURE (F)   68        52      2013


SUNRISE AND SUNSET
APRIL 24 2014.........SUNRISE   658 AM CDT   SUNSET   758 PM CDT
APRIL 25 2014.........SUNRISE   658 AM CDT   SUNSET   758 PM CDT


-  INDICATES NEGATIVE NUMBERS.
R  INDICATES RECORD WAS SET OR TIED.
MM INDICATES DATA IS MISSING.
T  INDICATES TRACE AMOUNT.




$$
