000
CDUS44 KBRO 240727
CLIBRO


CLIMATE REPORT
NATIONAL WEATHER SERVICE BROWNSVILLE TX
127 AM CST SAT FEB 24 2018


...................................

...THE BROWNSVILLE CLIMATE SUMMARY FOR FEBRUARY 23 2018...

CLIMATE NORMAL PERIOD 1981 TO 2010
CLIMATE RECORD PERIOD 1878 TO 2018


WEATHER ITEM   OBSERVED TIME   RECORD YEAR NORMAL DEPARTURE LAST
                VALUE   (LST)  VALUE       VALUE  FROM      YEAR
                                                  NORMAL
..................................................................
TEMPERATURE (F)
 YESTERDAY
  MAXIMUM         86    212 PM  92    2017  75     11       92
                                      2016
                                      1917
  MINIMUM         59    306 AM  25    1901  56      3       57
  AVERAGE         73                        65      8       75

PRECIPITATION (IN)
  YESTERDAY        0.00          1.02 1923   0.03  -0.03     0.00
  MONTH TO DATE    1.34                      0.91   0.43     1.35
  SINCE DEC 1      3.25                      3.33  -0.08     3.20
  SINCE JAN 1      2.10                      2.18  -0.08     1.53

SNOWFALL (IN)
  YESTERDAY        0.0           0.0  2002   0.0
                                      2000
  MONTH TO DATE    0.0                       0.0
  SINCE DEC 1      0.3                       0.0
  SINCE JUL 1      0.3                       0.0

DEGREE DAYS
 HEATING
  YESTERDAY        0                         3     -3        0
  MONTH TO DATE   54                        92    -38        9
  SINCE DEC 1    466                       437     29      191
  SINCE JUL 1    482                       491     -9      199

 COOLING
  YESTERDAY        8                         3      5       10
  MONTH TO DATE  154                        64     90      188
  SINCE DEC 1    304                       203    101      505
  SINCE JAN 1    197                       123     74      329
..................................................................


WIND (MPH)
  HIGHEST WIND SPEED    31   HIGHEST WIND DIRECTION     S (160)
  HIGHEST GUST SPEED    37   HIGHEST GUST DIRECTION     S (160)
  AVERAGE WIND SPEED    15.8


SKY COVER
  POSSIBLE SUNSHINE  MM
  AVERAGE SKY COVER 0.6


WEATHER CONDITIONS
 THE FOLLOWING WEATHER WAS RECORDED YESTERDAY.
  FOG


RELATIVE HUMIDITY (PERCENT)
 HIGHEST   100          1200 AM
 LOWEST     55           100 PM
 AVERAGE    78

..........................................................


THE BROWNSVILLE CLIMATE NORMALS FOR TODAY
                         NORMAL    RECORD    YEAR
 MAXIMUM TEMPERATURE (F)   75        92      2017
                                             1917
 MINIMUM TEMPERATURE (F)   56        32      1968


SUNRISE AND SUNSET
FEBRUARY 24 2018......SUNRISE   658 AM CST   SUNSET   629 PM CST
FEBRUARY 25 2018......SUNRISE   657 AM CST   SUNSET   629 PM CST


-  INDICATES NEGATIVE NUMBERS.
R  INDICATES RECORD WAS SET OR TIED.
MM INDICATES DATA IS MISSING.
T  INDICATES TRACE AMOUNT.




$$
