000
CDUS44 KBRO 170626
CLIBRO


CLIMATE REPORT
NATIONAL WEATHER SERVICE BROWNSVILLE TX
125 AM CDT THU AUG 17 2017


...................................

...THE BROWNSVILLE CLIMATE SUMMARY FOR AUGUST 16 2017...

CLIMATE NORMAL PERIOD 1981 TO 2010
CLIMATE RECORD PERIOD 1878 TO 2017


WEATHER ITEM   OBSERVED TIME   RECORD YEAR NORMAL DEPARTURE LAST
                VALUE   (LST)  VALUE       VALUE  FROM      YEAR
                                                  NORMAL
..................................................................
TEMPERATURE (F)
 YESTERDAY
  MAXIMUM         96    143 PM 100    1983  95      1       91
                                      1901
                                      1895
  MINIMUM         80    226 AM  69    1931  76      4       75
                                      1879
  AVERAGE         88                        86      2       83

PRECIPITATION (IN)
  YESTERDAY        T             1.40 1903   0.07  -0.07     0.30
  MONTH TO DATE    0.97                      0.99  -0.02     0.30
  SINCE JUN 1      6.77                      5.60   1.17     3.46
  SINCE JAN 1     12.63                     13.36  -0.73    13.45

SNOWFALL (IN)
  YESTERDAY        0.0           0.0    MM   0.0
  MONTH TO DATE    0.0                       0.0
  SINCE JUN 1      0.0                       0.0
  SINCE JUL 1      0.0                       0.0

DEGREE DAYS
 HEATING
  YESTERDAY        0                         0      0        0
  MONTH TO DATE    0                         0      0        0
  SINCE JUN 1      0                         0      0        0
  SINCE JUL 1      0                         0      0        0

 COOLING
  YESTERDAY       23                        21      2       18
  MONTH TO DATE  360                       336     24      365
  SINCE JUN 1   1571                      1521     50     1627
  SINCE JAN 1   3208                      2614    594     2787
..................................................................


WIND (MPH)
  HIGHEST WIND SPEED    26   HIGHEST WIND DIRECTION    SE (140)
  HIGHEST GUST SPEED    34   HIGHEST GUST DIRECTION    SE (140)
  AVERAGE WIND SPEED    16.3


SKY COVER
  POSSIBLE SUNSHINE  MM
  AVERAGE SKY COVER 0.4


WEATHER CONDITIONS
 THE FOLLOWING WEATHER WAS RECORDED YESTERDAY.
  LIGHT RAIN


RELATIVE HUMIDITY (PERCENT)
 HIGHEST   100           600 AM
 LOWEST     60          1200 PM
 AVERAGE    80

..........................................................


THE BROWNSVILLE CLIMATE NORMALS FOR TODAY
                         NORMAL    RECORD    YEAR
 MAXIMUM TEMPERATURE (F)   95       104      1915
 MINIMUM TEMPERATURE (F)   76        66      1931


SUNRISE AND SUNSET
AUGUST 17 2017........SUNRISE   704 AM CDT   SUNSET   803 PM CDT
AUGUST 18 2017........SUNRISE   704 AM CDT   SUNSET   802 PM CDT


-  INDICATES NEGATIVE NUMBERS.
R  INDICATES RECORD WAS SET OR TIED.
MM INDICATES DATA IS MISSING.
T  INDICATES TRACE AMOUNT.




$$
