815
CDAK49 PABR 140909
CLIBRW

CLIMATE REPORT
NATIONAL WEATHER SERVICE BARROW, AK
1209 AM AKST SUN FEB 14 2016

...................................
...THE BARROW WSO AP CLIMATE SUMMARY FOR FEBRUARY 13 2016...

CLIMATE NORMAL PERIOD  1981 TO  2010
CLIMATE RECORD PERIOD  1915 TO  2016

WEATHER ITEM   OBSERVED TIME    RECORD YEAR NORMAL DEPARTURE LAST
               VALUE    (LST)   VALUE       VALUE  FROM      YEAR
                                                   NORMAL
...................................................................
TEMPERATURE
YESTERDAY
 MAXIMUM             0   104 AM    30  1959     -8       8    -19
 MINIMUM            -6   451 PM   -44  1964    -20      14    -27
 AVERAGE            -3                         -14      11    -23

PRECIPITATION
(INCHES)
 YESTERDAY        0.20           0.30  1959   0.00    0.20   0.00
 MONTH TO DATE    0.77                        0.06    0.71   0.08
 SINCE DEC 1      1.11                        0.33    0.78   0.54
 SINCE JAN 1      1.07                        0.19    0.88   0.34

SNOWFALL
(INCHES)
 YESTERDAY         2.0            3.0  1959    0.1     1.9    0.0
 MONTH TO DATE     7.9                         1.2     6.7    1.1
 SINCE DEC 1      15.7                         7.3     8.4    8.7
 SINCE JUL 1      28.9                        27.6     1.3   39.8
 SNOW DEPTH (IN)    11                                          6

DEGREE DAYS
 HEATING
  YESTERDAY         68                          79     -11     88
  MONTH TO DATE    934                        1027     -93   1050
  SINCE DEC 1     5281                        5713    -432   5588
  SINCE JUL 1    11095                       11663    -568  11230

 COOLING
  YESTERDAY          0                           0       0      0
  MONTH TO DATE      0                           0       0      0
  SINCE DEC 1        0                           0       0      0
  SINCE JAN 1        0                           0       0      0
...................................................................

WIND (MPH)
 HIGHEST WIND SPEED    43     HIGHEST WIND DIRECTION     80
 HIGHEST GUST SPEED    48     HIGHEST GUST DIRECTION     80
 AVERAGE WIND SPEED  34.5

SKY COVER
  POSSIBLE SUNSHINE    MM          AVERAGE SKY COVER     MM

WEATHER CONDITIONS
 THE FOLLOWING WEATHER WAS RECORDED YESTERDAY.
  FOG
  BLOWING SNOW
  SNOW

...................................................................

THE BARROW CLIMATE NORMALS FOR TODAY
                           NORMAL    RECORD   YEAR
 MAXIMUM TEMPERATURE (F)     -8        35     2006
 MINIMUM TEMPERATURE (F)    -20       -50     1955

SUNRISE AND SUNSET
 FEB 14 2016..........SUNRISE 1019 AM      SUNSET  505 PM
 FEB 15 2016..........SUNRISE 1014 AM      SUNSET  510 PM

-  INDICATES NEGATIVE NUMBERS.
R  INDICATES RECORD HAS BEEN SET OR TIED.
MM INDICATES DATA IS MISSING.
T  INDICATES TRACE OF PRECIPITATION.

&&
-------------------------------------------------------------------

AMOUNT OF DAYLIGHT TODAY  (HOUR:MIN)........6 HOURS 46 MINUTES
GAIN/LOSS SINCE YESTERDAY (HOUR:MIN:SEC)....+0:10:58

$$
*** FEB 16
