006
CDAK49 PAFG 030943
CLIBRW

CLIMATE REPORT
NATIONAL WEATHER SERVICE FAIRBANKS AK
1243 AM AKST SAT DEC 3 2016


...................................

...THE BARROW AK CLIMATE SUMMARY FOR DECEMBER 2 2016...

CLIMATE NORMAL PERIOD 1981 TO 2010
CLIMATE RECORD PERIOD 1920 TO 2016


WEATHER ITEM   OBSERVED TIME   RECORD YEAR NORMAL DEPARTURE LAST
                VALUE   (LST)  VALUE       VALUE  FROM      YEAR
                                                  NORMAL
..................................................................
TEMPERATURE (F)
 YESTERDAY
  MAXIMUM          3    216 PM  30    2006   1      2       -9
  MINIMUM         -7    843 AM -46    1948 -10      3      -16
  AVERAGE         -2                        -5      3      -12

PRECIPITATION (IN)
  YESTERDAY        T             0.07 1965   0.00   0.00     0.00
  MONTH TO DATE    T                         0.01  -0.01     0.00
  SINCE DEC 1      T                         0.01  -0.01     0.00
  SINCE JAN 1      7.13                      4.40   2.73     5.26

SNOWFALL (IN)
  YESTERDAY        T             0.6  1994   0.2   -0.2      0.0
  MONTH TO DATE    T                         0.3   -0.3      0.0
  SINCE DEC 1      T                         0.3   -0.3      0.0
  SINCE JUL 1     13.0                      20.6   -7.6      3.5
  SNOW DEPTH       6

DEGREE DAYS
 HEATING
  YESTERDAY       67                        70     -3       77
  MONTH TO DATE  136                       140     -4      153
  SINCE DEC 1    136                       140     -4      153
  SINCE JUL 1   5091                      6092  -1001     5214

 COOLING
  YESTERDAY        0                         0      0        0
  MONTH TO DATE    0                         0      0        0
  SINCE DEC 1      0                         0      0        0
  SINCE JAN 1      0                         0      0        0
..................................................................


WIND (MPH)
  HIGHEST GUST SPEED    15   HIGHEST GUST DIRECTION    NW (330)


SKY COVER
  AVERAGE SKY COVER 0.8


WEATHER CONDITIONS
 THE FOLLOWING WEATHER WAS RECORDED YESTERDAY.
  LIGHT SNOW
  HAZE


RELATIVE HUMIDITY (PERCENT)
 HIGHEST    79
 LOWEST     65
 AVERAGE    72

..........................................................


THE BARROW AK CLIMATE NORMALS FOR TODAY
                         NORMAL    RECORD    YEAR
 MAXIMUM TEMPERATURE (F)    1        28      2013
                                             1972
 MINIMUM TEMPERATURE (F)  -11       -41      1948


SUNRISE AND SUNSET
DECEMBER 03 2016......SUN BELOW VISIBLE HORIZON.
DECEMBER 04 2016......SUN BELOW VISIBLE HORIZON.

-  INDICATES NEGATIVE NUMBERS.
R  INDICATES RECORD WAS SET OR TIED.
MM INDICATES DATA IS MISSING.
T  INDICATES TRACE AMOUNT.

&&

SNOW DEPTH IS MEASURED AT 3AM AKST/4AM AKDT.

----------------------------
AVAILABLE DAYLIGHT

AMOUNT OF DAYLIGHT TODAY  (HOUR:MIN)........0:00
GAIN/LOSS SINCE YESTERDAY (HOUR:MIN:SEC)....+0:00:00

$$
DEC 16
