946
CDAK49 PABR 300025
CLIBRW

CLIMATE REPORT
NATIONAL WEATHER SERVICE BARROW, AK
425 PM AKDT SUN MAY 29 2016

...................................
...THE BARROW WSO AP CLIMATE SUMMARY FOR MAY 29 2016...
VALID TODAY AS OF 2:00 PM LOCAL TIME

CLIMATE NORMAL PERIOD  1981 TO  2010
CLIMATE RECORD PERIOD  1915 TO  2016

WEATHER ITEM   OBSERVED TIME    RECORD YEAR NORMAL DEPARTURE LAST
               VALUE    (LST)   VALUE       VALUE  FROM      YEAR
                                                   NORMAL
...................................................................
TEMPERATURE
TODAY
 MAXIMUM            38  0325 PM    46  1996     32       6     41
 MINIMUM            28  0414 AM     4  1926     24       4     32
 AVERAGE            33                          28       5     37

PRECIPITATION
(INCHES)
 TODAY            0.00           0.29  1962   0.00    0.00   0.14
 MONTH TO DATE    0.07                        0.16   -0.09   0.65
 SINCE MAR 1      0.18                        0.41   -0.23   1.39
 SINCE JAN 1      1.33                        0.68    0.65   1.96

SNOWFALL
(INCHES)
 TODAY             0.0            2.9  1962    0.1    -0.1    0.0
 MONTH TO DATE     0.9                         2.6    -1.7    1.1
 SINCE MAR 1       3.1                         7.9    -4.8   11.7
 SINCE JUL 1      33.0                        36.9    -3.9   54.8
 SNOW DEPTH (IN)     0                                          0

DEGREE DAYS
 HEATING
  TODAY             32                          37      -5     28
  MONTH TO DATE   1054                        1288    -234   1074
  SINCE MAR 1     4922                        5587    -665   5163
  SINCE JUL 1    17083                       18435   -1352  17374

 COOLING
  TODAY              0                           0       0      0
  MONTH TO DATE      0                           0       0      0
  SINCE MAR 1        0                           0       0      0
  SINCE JAN 1        0                           0       0      0
...................................................................

WIND (MPH)
 HIGHEST WIND SPEED    25     HIGHEST WIND DIRECTION    110
 HIGHEST GUST SPEED    29     HIGHEST GUST DIRECTION    110
 AVERAGE WIND SPEED    MM

WEATHER CONDITIONS
 THE FOLLOWING WEATHER WAS RECORDED TODAY.
 NO SIGNIFICANT WEATHER WAS OBSERVED.

RELATIVE HUMIDITY
 HIGHEST RH     MM PERCENT       MM
 LOWEST  RH     MM PERCENT       MM
 AVERAGE RH     MM PERCENT       MM
...................................................................

THE BARROW CLIMATE NORMALS FOR TOMORROW
                        NORMAL    RECORD   YEAR
 MAXIMUM TEMPERATURE      33        44     1927
 MINIMUM TEMPERATURE      25         7     1926

SUNRISE AND SUNSET
 THE SUN IS CONTINUOUSLY ABOVE THE HORIZON ALL DAY.

-  INDICATES NEGATIVE NUMBERS.
R  INDICATES RECORD HAS BEEN SET OR TIED.
MM INDICATES DATA IS MISSING.
T  INDICATES TRACE OF PRECIPITATION.

&&
-------------------------------------------------------------------

AMOUNT OF DAYLIGHT TODAY  (HOUR:MIN)........24 HOURS 00 MINUTES
GAIN/LOSS SINCE YESTERDAY (HOUR:MIN:SEC)....+0:00:00

$$
RFL MAY 16
