013
CDAK49 PAFG 300939
CLIBRW

CLIMATE REPORT
NATIONAL WEATHER SERVICE FAIRBANKS AK
139 AM AKDT FRI SEP 30 2016


...................................

...THE BARROW AK CLIMATE SUMMARY FOR SEPTEMBER 29 2016...

CLIMATE NORMAL PERIOD 1981 TO 2010
CLIMATE RECORD PERIOD 1920 TO 2016


WEATHER ITEM   OBSERVED TIME   RECORD YEAR NORMAL DEPARTURE LAST
                VALUE   (LST)  VALUE       VALUE  FROM      YEAR
                                                  NORMAL
..................................................................
TEMPERATURE (F)
 YESTERDAY
  MAXIMUM         43R  1040 PM  43    1989  31     12       34
  MINIMUM         34    706 AM   2    1981  23     11       26
  AVERAGE         39                        27     12       30

PRECIPITATION (IN)
  YESTERDAY        0.27R         0.17 1958   0.01   0.26     0.01
  MONTH TO DATE    0.77                      0.70   0.07     0.36
  SINCE SEP 1      0.77                      0.70   0.07     0.36
  SINCE JAN 1      6.42                      3.75   2.67     4.79

SNOWFALL (IN)
  YESTERDAY        0.0           1.5  1932   0.2   -0.2     MM
  MONTH TO DATE    2.0                       4.2   -2.2      0.8
  SINCE SEP 1      2.0                       4.2   -2.2      0.8
  SINCE JUL 1      3.8                       5.3   -1.5      0.8
  SNOW DEPTH       0

DEGREE DAYS
 HEATING
  YESTERDAY       26                        38    -12       35
  MONTH TO DATE  883                       947    -64      759
  SINCE SEP 1    883                       947    -64      759
  SINCE JUL 1   2312                      2502   -190     1962

 COOLING
  YESTERDAY        0                         0      0        0
  MONTH TO DATE    0                         0      0        0
  SINCE SEP 1      0                         0      0        0
  SINCE JAN 1      0                         0      0        0
..................................................................


WIND (MPH)
  HIGHEST GUST SPEED    35   HIGHEST GUST DIRECTION    SW (210)


SKY COVER
  AVERAGE SKY COVER 0.7


WEATHER CONDITIONS
 THE FOLLOWING WEATHER WAS RECORDED YESTERDAY.
  LIGHT RAIN
  FOG
  HAZE


RELATIVE HUMIDITY (PERCENT)
 HIGHEST    92
 LOWEST     79
 AVERAGE    86

..........................................................


THE BARROW AK CLIMATE NORMALS FOR TODAY
                         NORMAL    RECORD    YEAR
 MAXIMUM TEMPERATURE (F)   30        41      1955
 MINIMUM TEMPERATURE (F)   23         5      1975


SUNRISE AND SUNSET
SEPTEMBER 30 2016.....SUNRISE   844 AM AKDT  SUNSET   748 PM AKDT
OCTOBER 01 2016.......SUNRISE   849 AM AKDT  SUNSET   743 PM AKDT

-  INDICATES NEGATIVE NUMBERS.
R  INDICATES RECORD WAS SET OR TIED.
MM INDICATES DATA IS MISSING.
T  INDICATES TRACE AMOUNT.

&&

SNOW DEPTH IS MEASURED AT 3AM AKST/4AM AKDT.

----------------------------
AVAILABLE DAYLIGHT

AMOUNT OF DAYLIGHT TODAY  (HOUR:MIN)........11:04
GAIN/LOSS SINCE YESTERDAY (HOUR:MIN:SEC)....-0:09:13

$$
SDB SEP 16
