000
CDAK49 PABR 132141
CLIBRW

CLIMATE REPORT
NATIONAL WEATHER SERVICE BARROW, AK
141 PM AKDT SUN JUL 13 2014

...................................
...THE BARROW WSO AP CLIMATE SUMMARY FOR JULY 13 2014...
VALID TODAY AS OF 2:00 PM LOCAL TIME

CLIMATE NORMAL PERIOD  1981 TO  2010
CLIMATE RECORD PERIOD  1915 TO  2014

WEATHER ITEM   OBSERVED TIME    RECORD YEAR NORMAL DEPARTURE LAST
               VALUE    (LST)   VALUE       VALUE  FROM      YEAR
                                                   NORMAL
...................................................................
TEMPERATURE
TODAY
 MAXIMUM            37  0856 AM    79  1993     47     -10     49
 MINIMUM            35  1239 PM    27  1945     35       0     38
 AVERAGE            36                          41      -5     44

PRECIPITATION
(INCHES)
 TODAY            0.01           0.41  1981   0.03   -0.02   0.00
 MONTH TO DATE    0.08                        0.37   -0.29   0.53
 SINCE JUN 1      1.55                        0.69    0.86   1.30
 SINCE JAN 1      3.17                        1.39    1.78   2.52

SNOWFALL
(INCHES)
 TODAY               T            3.0  1934    0.0       T    0.0
 MONTH TO DATE       T                         0.1    -0.1    0.0
 SINCE JUN 1       0.9                         0.8     0.1    0.3
 SINCE JUL 1         T                         0.1    -0.1    0.0
 SNOW DEPTH (IN)     0                                          0

DEGREE DAYS
 HEATING
  TODAY             29                          24       5     21
  MONTH TO DATE    331                         315      16    287
  SINCE JUN 1     1264                        1195      69   1065
  SINCE JUL 1      331                         315      16    287

 COOLING
  TODAY              0                           0       0      0
  MONTH TO DATE      0                           0       0      0
  SINCE JUN 1        0                           0       0      0
  SINCE JAN 1        0                           0       0      0
...................................................................

WIND (MPH)
 HIGHEST WIND SPEED    23     HIGHEST WIND DIRECTION    250
 HIGHEST GUST SPEED    28     HIGHEST GUST DIRECTION    240
 AVERAGE WIND SPEED    MM

WEATHER CONDITIONS
 THE FOLLOWING WEATHER WAS RECORDED TODAY.
FOG
RAIN
SNOW


RELATIVE HUMIDITY
 HIGHEST RH     100 PERCENT       05:54 AM
 LOWEST  RH     85 PERCENT       12:28 PM
 AVERAGE RH     94 PERCENT       MM
...................................................................

THE BARROW CLIMATE NORMALS FOR TOMORROW
                        NORMAL    RECORD   YEAR
 MAXIMUM TEMPERATURE      47        78     1927
 MINIMUM TEMPERATURE      35        24     1934

SUNRISE AND SUNSET
 JUL 13 2014..........SUNRISE  **.**      SUNSET **.**
 JUL 14 2014..........SUNRISE  **.**      SUNSET **.**

-  INDICATES NEGATIVE NUMBERS.
R  INDICATES RECORD HAS BEEN SET OR TIED.
MM INDICATES DATA IS MISSING.
T  INDICATES TRACE OF PRECIPITATION.

&&
-------------------------------------------------------------------

AMOUNT OF DAYLIGHT TODAY  (HOUR:MIN)........24 HOURS 00 MINUTES
GAIN/LOSS SINCE YESTERDAY (HOUR:MIN:SEC)....+0:00:00

$$
DZB JUL 14
