002
CDAK49 PAFG 190045
CLIBRW

CLIMATE REPORT
NATIONAL WEATHER SERVICE FAIRBANKS AK
345 PM AKST SUN FEB 18 2018


...................................

...THE BARROW AK CLIMATE SUMMARY FOR FEBRUARY 18 2018...
VALID TODAY AS OF 0300 PM LOCAL TIME.

CLIMATE NORMAL PERIOD 1981 TO 2010
CLIMATE RECORD PERIOD 1920 TO 2018


WEATHER ITEM   OBSERVED TIME   RECORD YEAR NORMAL DEPARTURE LAST
                VALUE   (LST)  VALUE       VALUE  FROM      YEAR
                                                  NORMAL
..................................................................
TEMPERATURE (F)
 TODAY
  MAXIMUM         23    252 AM  26    1944  -8     31      -12
  MINIMUM         14    215 PM -53    1964 -20     34      -21
  AVERAGE         19                       -14     33      -16

PRECIPITATION (IN)
  TODAY            0.00          0.21 1944   0.01  -0.01      T
  MONTH TO DATE    0.28                      0.09   0.19     0.05
  SINCE DEC 1      0.73                      0.36   0.37     0.82
  SINCE JAN 1      0.35                      0.22   0.13     0.52

SNOWFALL (IN)
  TODAY            0.0           2.5  1944   0.1   -0.1       T
  MONTH TO DATE    2.4                       1.7    0.7      1.1
  SINCE DEC 1      9.8                       7.8    2.0     10.0
  SINCE JUL 1     26.5                      28.1   -1.6     23.1
  SNOW DEPTH       9

DEGREE DAYS
 HEATING
  TODAY           46                        79    -33       81
  MONTH TO DATE 1076                      1422   -346     1220
  SINCE DEC 1   5051                      6109  -1058     5240
  SINCE JUL 1   9979                     12061  -2082    10195

 COOLING
  TODAY            0                         0      0        0
  MONTH TO DATE    0                         0      0        0
  SINCE DEC 1      0                         0      0        0
  SINCE JAN 1      0                         0      0        0
..................................................................


WIND (MPH)
  HIGHEST GUST SPEED    30   HIGHEST GUST DIRECTION     E (110)


SKY COVER
  AVERAGE SKY COVER 0.5


WEATHER CONDITIONS
 THE FOLLOWING WEATHER WAS RECORDED TODAY.
  FOG


RELATIVE HUMIDITY (PERCENT)
 HIGHEST   100
 LOWEST     88
 AVERAGE    94

..........................................................


THE BARROW AK CLIMATE NORMALS FOR TOMORROW
                         NORMAL    RECORD    YEAR
 MAXIMUM TEMPERATURE (F)   -8        30      2006
 MINIMUM TEMPERATURE (F)  -20       -54      1964


SUNRISE AND SUNSET
FEBRUARY 18 2018......SUNRISE   955 AM AKST  SUNSET   529 PM AKST
FEBRUARY 19 2018......SUNRISE   950 AM AKST  SUNSET   534 PM AKST

-  INDICATES NEGATIVE NUMBERS.
R  INDICATES RECORD WAS SET OR TIED.
MM INDICATES DATA IS MISSING.
T  INDICATES TRACE AMOUNT.

&&

SNOW DEPTH IS MEASURED AT 3AM AKST/4AM AKDT.

----------------------------
AVAILABLE DAYLIGHT

AMOUNT OF DAYLIGHT TODAY  (HOUR:MIN)........7:34
GAIN/LOSS SINCE YESTERDAY (HOUR:MIN:SEC)....+0:10:26

$$
FEB 18
