722
CDAK49 PABR 230905
CLIBRW

CLIMATE REPORT
NATIONAL WEATHER SERVICE BARROW, AK
105 AM AKDT TUE AUG 23 2016

...................................
...THE BARROW WSO AP CLIMATE SUMMARY FOR AUGUST 22 2016...

CLIMATE NORMAL PERIOD  1981 TO  2010
CLIMATE RECORD PERIOD  1915 TO  2016

WEATHER ITEM   OBSERVED TIME    RECORD YEAR NORMAL DEPARTURE LAST
               VALUE    (LST)   VALUE       VALUE  FROM      YEAR
                                                   NORMAL
...................................................................
TEMPERATURE
YESTERDAY
 MAXIMUM            37   208 PM    63  2012     43      -6     37
 MINIMUM            33  1159 PM    22  1933     34      -1     34
 AVERAGE            35                          38      -3     36

PRECIPITATION
(INCHES)
 YESTERDAY        0.02           0.34  1937   0.04   -0.02   0.19
 MONTH TO DATE    0.84                        0.76    0.08   0.91
 SINCE JUN 1      2.33                        2.06    0.27   1.97
 SINCE JAN 1      3.66                        2.76    0.90   3.93

SNOWFALL
(INCHES)
 YESTERDAY         0.2            1.5  1955    0.1     0.1    0.0
 MONTH TO DATE     2.1                         0.5     1.6    0.2
 SINCE JUN 1       4.8                         1.4     3.4    1.2
 SINCE JUL 1       2.1                         0.7     1.4    0.2
 SNOW DEPTH (IN)     0                                          0

DEGREE DAYS
 HEATING
  YESTERDAY         30                          27       3     29
  MONTH TO DATE    570                         560      10    575
  SINCE JUN 1     2033                        2187    -154   2068
  SINCE JUL 1     1223                        1307     -84   1326

 COOLING
  YESTERDAY          0                           0       0      0
  MONTH TO DATE      0                           0       0      0
  SINCE JUN 1        0                           0       0      0
  SINCE JAN 1        0                           0       0      0
...................................................................

WIND (MPH)
 HIGHEST WIND SPEED    23     HIGHEST WIND DIRECTION    360
 HIGHEST GUST SPEED    28     HIGHEST GUST DIRECTION     10
 AVERAGE WIND SPEED  14.1

SKY COVER
  POSSIBLE SUNSHINE    MM          AVERAGE SKY COVER     MM

WEATHER CONDITIONS
 THE FOLLOWING WEATHER WAS RECORDED YESTERDAY.
  FOG
  RAIN
  SNOW

...................................................................

THE BARROW CLIMATE NORMALS FOR TODAY
                           NORMAL    RECORD   YEAR
 MAXIMUM TEMPERATURE (F)     43        65     1954
 MINIMUM TEMPERATURE (F)     34        22     1956

SUNRISE AND SUNSET
 AUG 23 2016..........SUNRISE  554 AM      SUNSET 1102 PM
 AUG 24 2016..........SUNRISE  559 AM      SUNSET 1056 PM

-  INDICATES NEGATIVE NUMBERS.
R  INDICATES RECORD HAS BEEN SET OR TIED.
MM INDICATES DATA IS MISSING.
T  INDICATES TRACE OF PRECIPITATION.

&&
-------------------------------------------------------------------

AMOUNT OF DAYLIGHT TODAY  (HOUR:MIN)........17 HOURS 8 MINUTES
GAIN/LOSS SINCE YESTERDAY (HOUR:MIN:SEC)....-0:10:49

$$
*** AUG 16
