000
CDAK49 PABR 190941
CLIBRW

CLIMATE REPORT
NATIONAL WEATHER SERVICE BARROW, AK
141 AM AKDT FRI SEP 19 2014

...................................
...THE BARROW WSO AP CLIMATE SUMMARY FOR SEPTEMBER 18 2014...

CLIMATE NORMAL PERIOD  1981 TO  2010
CLIMATE RECORD PERIOD  1915 TO  2014

WEATHER ITEM   OBSERVED TIME    RECORD YEAR NORMAL DEPARTURE LAST
               VALUE    (LST)   VALUE       VALUE  FROM      YEAR
                                                   NORMAL
...................................................................
TEMPERATURE
YESTERDAY
 MAXIMUM            37  1240 PM    57  1995     35       2     31
 MINIMUM            34  1159 PM     9  1948     28       6     27
 AVERAGE            36                          32       4     29

PRECIPITATION
(INCHES)
 YESTERDAY           T           0.28  2002   0.02   -0.02   0.03
 MONTH TO DATE    0.52                        0.48    0.04   0.87
 SINCE SEP 1      0.52                        0.48    0.04   0.87
 SINCE JAN 1      5.07                        3.53    1.54   5.89

SNOWFALL
(INCHES)
 YESTERDAY           T            2.3  2002    0.1    -0.1    0.3
 MONTH TO DATE     4.6                         2.0     2.6    1.4
 SINCE SEP 1       4.6                         2.0     2.6    1.4
 SINCE JUL 1       6.0                         3.1     2.9    2.5
 SNOW DEPTH (IN)     0                                          T

DEGREE DAYS
 HEATING
  YESTERDAY         29                          33      -4     36
  MONTH TO DATE    535                         552     -17    541
  SINCE SEP 1      535                         552     -17    541
  SINCE JUL 1     2201                        2106      95   1950

 COOLING
  YESTERDAY          0                           0       0      0
  MONTH TO DATE      0                           0       0      0
  SINCE SEP 1        0                           0       0      0
  SINCE JAN 1        0                           0       0      0
...................................................................

WIND (MPH)
 HIGHEST WIND SPEED    25     HIGHEST WIND DIRECTION     80
 HIGHEST GUST SPEED    31     HIGHEST GUST DIRECTION     70
 AVERAGE WIND SPEED  18.2

WEATHER CONDITIONS
 THE FOLLOWING WEATHER WAS RECORDED YESTERDAY.
  FOG
 DRIZZLE
 RAIN
 SNOW

RELATIVE HUMIDITY
 HIGHEST RH    100 PERCENT  AT  1153 PM AST
 LOWEST  RH     92 PERCENT  AT  1053 PM AST
 AVERAGE RH     98 PERCENT
...................................................................

THE BARROW CLIMATE NORMALS FOR TODAY
                           NORMAL    RECORD   YEAR
 MAXIMUM TEMPERATURE (F)     35        62     1995
 MINIMUM TEMPERATURE (F)     28         6     1948

SUNRISE AND SUNSET
 SEP 19 2014..........SUNRISE  7:55 AM      SUNSET  8:45 PM
 SEP 20 2014..........SUNRISE  7:59 AM      SUNSET  8:40 PM

-  INDICATES NEGATIVE NUMBERS.
R  INDICATES RECORD HAS BEEN SET OR TIED.
MM INDICATES DATA IS MISSING.
T  INDICATES TRACE OF PRECIPITATION.
&&
-------------------------------------------------------------------

AMOUNT OF DAYLIGHT TODAY  (HOUR:MIN)........12 HOURS 50 MINUTES
GAIN/LOSS SINCE YESTERDAY (HOUR:MIN:SEC)....-0:09:13

$$
RFL SEP 14
