000
CDUS43 KGRR 270553
CLIBTL


CLIMATE REPORT
NATIONAL WEATHER SERVICE GRAND RAPIDS, MI
152 AM EDT SAT AUG 27 2016


...................................

...THE BATTLE CREEK MI CLIMATE SUMMARY FOR AUGUST 26 2016...

CLIMATE NORMAL PERIOD 1981 TO 2010
CLIMATE RECORD PERIOD 1998 TO 2016


WEATHER ITEM   OBSERVED TIME   NORMAL DEPARTURE LAST
                VALUE   (LST)  VALUE  FROM      YEAR
                                      NORMAL
......................................................
TEMPERATURE (F)
 YESTERDAY
  MAXIMUM         80    312 PM  80      0       67
  MINIMUM         60    548 AM  57      3       54
  AVERAGE         70            68      2       61

PRECIPITATION (IN)
  YESTERDAY        0.00          0.11  -0.11     0.02
  MONTH TO DATE    7.55          2.90   4.65     1.92
  SINCE JUN 1     13.09          9.49   3.60    14.70
  SINCE JAN 1     22.93         20.97   1.96    22.95

DEGREE DAYS
 HEATING
  YESTERDAY        0             1     -1        4
  MONTH TO DATE    3            26    -23       10
  SINCE JUN 1     42            98    -56       40
  SINCE JUL 1      8            41    -33       17

 COOLING
  YESTERDAY        5             4      1        0
  MONTH TO DATE  170           140     30      146
  SINCE JUN 1    525           463     62      490
  SINCE JAN 1    580           501     79      563
......................................................


WIND (MPH)
  RESULTANT WIND SPEED   2   RESULTANT WIND DIRECTION   W (270)
  HIGHEST WIND SPEED     9   HIGHEST WIND DIRECTION    SW (240)
  HIGHEST GUST SPEED    13   HIGHEST GUST DIRECTION     W (270)
  AVERAGE WIND SPEED     4.5


SKY COVER
  AVERAGE SKY COVER 0.1


WEATHER CONDITIONS
 THE FOLLOWING WEATHER WAS RECORDED YESTERDAY.
  NO SIGNIFICANT WEATHER WAS OBSERVED.


RELATIVE HUMIDITY (PERCENT)
 HIGHEST   100           100 AM
 LOWEST     58           200 PM
 AVERAGE    79

..........................................................


THE BATTLE CREEK MI CLIMATE NORMALS FOR TODAY
                         NORMAL
 MAXIMUM TEMPERATURE (F)   80
 MINIMUM TEMPERATURE (F)   57


SUNRISE AND SUNSET
AUGUST 27 2016........SUNRISE   701 AM EDT   SUNSET   822 PM EDT
AUGUST 28 2016........SUNRISE   702 AM EDT   SUNSET   821 PM EDT


-  INDICATES NEGATIVE NUMBERS.
R  INDICATES RECORD WAS SET OR TIED.
MM INDICATES DATA IS MISSING.
T  INDICATES TRACE AMOUNT.




$$
