000
CDUS43 KGRR 130515
CLIBTL


CLIMATE REPORT
NATIONAL WEATHER SERVICE GRAND RAPIDS, MI
113 AM EDT SUN JUL 13 2014


...................................

...THE BATTLE CREEK MI CLIMATE SUMMARY FOR JULY 12 2014...

CLIMATE NORMAL PERIOD 1981 TO 2010
CLIMATE RECORD PERIOD 9999 TO 9999


WEATHER ITEM   OBSERVED TIME   NORMAL DEPARTURE LAST
                VALUE   (LST)  VALUE  FROM      YEAR
                                      NORMAL
......................................................
TEMPERATURE (F)
 YESTERDAY
  MAXIMUM         83   1249 PM  83      0       80
  MINIMUM         64    555 AM  59      5       56
  AVERAGE         74            71      3       68

PRECIPITATION (IN)
  YESTERDAY        T             0.10  -0.10     0.00
  MONTH TO DATE    3.28          1.28   2.00     1.69
  SINCE JUN 1      8.85          4.51   4.34     5.43
  SINCE JAN 1     16.81         15.99   0.82    18.21

DEGREE DAYS
 HEATING
  YESTERDAY        0             0      0        0
  MONTH TO DATE    2             6     -4        1
  SINCE JUN 1     20            63    -43       43
  SINCE JUL 1      2             6     -4        1

 COOLING
  YESTERDAY        9             7      2        3
  MONTH TO DATE   36            80    -44       82
  SINCE JUN 1    212           206      6      228
  SINCE JAN 1    264           244     20      305
......................................................


WIND (MPH)
  RESULTANT WIND SPEED   8   RESULTANT WIND DIRECTION   S (190)
  HIGHEST WIND SPEED    21   HIGHEST WIND DIRECTION    SW (210)
  HIGHEST GUST SPEED    26   HIGHEST GUST DIRECTION     S (200)
  AVERAGE WIND SPEED     9.2


SKY COVER
  AVERAGE SKY COVER 0.5


WEATHER CONDITIONS
 THE FOLLOWING WEATHER WAS RECORDED YESTERDAY.
  LIGHT RAIN


RELATIVE HUMIDITY (PERCENT)
 HIGHEST    84           600 AM
 LOWEST     58          1100 AM
 AVERAGE    71

..........................................................


THE BATTLE CREEK MI CLIMATE NORMALS FOR TODAY
                         NORMAL
 MAXIMUM TEMPERATURE (F)   83
 MINIMUM TEMPERATURE (F)   59


SUNRISE AND SUNSET
JULY 13 2014..........SUNRISE   616 AM EDT   SUNSET   917 PM EDT
JULY 14 2014..........SUNRISE   617 AM EDT   SUNSET   916 PM EDT


-  INDICATES NEGATIVE NUMBERS.
R  INDICATES RECORD WAS SET OR TIED.
MM INDICATES DATA IS MISSING.
T  INDICATES TRACE AMOUNT.




$$
