000
CDUS43 KGRR 201324
CLIBTL


CLIMATE REPORT
NATIONAL WEATHER SERVICE GRAND RAPIDS, MI
924 AM EDT FRI OCT 20 2017


...................................

...THE BATTLE CREEK MI CLIMATE SUMMARY FOR OCTOBER 20 2017...
VALID AS OF 0900 AM LOCAL TIME.

CLIMATE NORMAL PERIOD 1981 TO 2010
CLIMATE RECORD PERIOD 1998 TO 2017


WEATHER ITEM   OBSERVED TIME   NORMAL DEPARTURE LAST
                VALUE   (LST)  VALUE  FROM      YEAR
                                      NORMAL
......................................................
TEMPERATURE (F)
 TODAY
  MAXIMUM         51    759 AM  60     -9       57
  MINIMUM         41    318 AM  38      3       49
  AVERAGE         46            49     -3       53

PRECIPITATION (IN)
  TODAY            0.00          0.09  -0.09     0.03
  MONTH TO DATE    8.24          2.05   6.19     1.69
  SINCE SEP 1      8.65          5.70   2.95     3.74
  SINCE JAN 1     30.25         27.24   3.01    27.20

DEGREE DAYS
 HEATING
  TODAY           19            16      3       12
  MONTH TO DATE  117           267   -150      111
  SINCE SEP 1    204           423   -219      154
  SINCE JUL 1    224           464   -240      162

 COOLING
  TODAY            0             0      0        0
  MONTH TO DATE   13             2     11       19
  SINCE SEP 1    146            57     89      111
  SINCE JAN 1    733           575    158      727
......................................................


WIND (MPH)
  RESULTANT WIND SPEED   2   RESULTANT WIND DIRECTION   S (170)
  HIGHEST WIND SPEED     7   HIGHEST WIND DIRECTION     S (180)
  HIGHEST GUST SPEED     9   HIGHEST GUST DIRECTION     S (180)
  AVERAGE WIND SPEED     2.3


SKY COVER
  AVERAGE SKY COVER 0.0


WEATHER CONDITIONS
 THE FOLLOWING WEATHER WAS RECORDED TODAY.
  NO SIGNIFICANT WEATHER WAS OBSERVED.


RELATIVE HUMIDITY (PERCENT)
 HIGHEST    82           200 AM
 LOWEST     63           800 AM
 AVERAGE    73

..........................................................


THE BATTLE CREEK MI CLIMATE NORMALS FOR TOMORROW
                         NORMAL
 MAXIMUM TEMPERATURE (F)   59
 MINIMUM TEMPERATURE (F)   38


SUNRISE AND SUNSET
OCTOBER 20 2017.......SUNRISE   800 AM EDT   SUNSET   651 PM EDT
OCTOBER 21 2017.......SUNRISE   801 AM EDT   SUNSET   649 PM EDT


-  INDICATES NEGATIVE NUMBERS.
R  INDICATES RECORD WAS SET OR TIED.
MM INDICATES DATA IS MISSING.
T  INDICATES TRACE AMOUNT.




$$
