000
CDUS43 KGRR 290522
CLIBTL


CLIMATE REPORT
NATIONAL WEATHER SERVICE GRAND RAPIDS, MI
121 AM EDT THU JUN 29 2017


...................................

...THE BATTLE CREEK MI CLIMATE SUMMARY FOR JUNE 28 2017...

CLIMATE NORMAL PERIOD 1981 TO 2010
CLIMATE RECORD PERIOD 1998 TO 2017


WEATHER ITEM   OBSERVED TIME   NORMAL DEPARTURE LAST
                VALUE   (LST)  VALUE  FROM      YEAR
                                      NORMAL
......................................................
TEMPERATURE (F)
 YESTERDAY
  MAXIMUM         77   1208 PM  82     -5       68
  MINIMUM         51    238 AM  58     -7       53
  AVERAGE         64            70     -6       61

PRECIPITATION (IN)
  YESTERDAY        0.03          0.10  -0.07     0.00
  MONTH TO DATE    1.00          3.03  -2.03     1.40
  SINCE JUN 1      1.00          3.03  -2.03     1.40
  SINCE JAN 1     16.48         14.51   1.97    11.24

DEGREE DAYS
 HEATING
  YESTERDAY        1             1      0        4
  MONTH TO DATE   23            56    -33       30
  SINCE JUN 1     23            56    -33       30
  SINCE JUL 1   5436          6690  -1254     5445

 COOLING
  YESTERDAY        0             6     -6        0
  MONTH TO DATE  147           114     33      136
  SINCE JUN 1    147           114     33      136
  SINCE JAN 1    184           152     32      191
......................................................


WIND (MPH)
  RESULTANT WIND SPEED  11   RESULTANT WIND DIRECTION   S (190)
  HIGHEST WIND SPEED    24   HIGHEST WIND DIRECTION     S (170)
  HIGHEST GUST SPEED    31   HIGHEST GUST DIRECTION     S (170)
  AVERAGE WIND SPEED    12.5


SKY COVER
  AVERAGE SKY COVER 0.3


WEATHER CONDITIONS
 THE FOLLOWING WEATHER WAS RECORDED YESTERDAY.
  RAIN
  LIGHT RAIN


RELATIVE HUMIDITY (PERCENT)
 HIGHEST    72          1200 AM
 LOWEST     41          1000 AM
 AVERAGE    57

..........................................................


THE BATTLE CREEK MI CLIMATE NORMALS FOR TODAY
                         NORMAL
 MAXIMUM TEMPERATURE (F)   83
 MINIMUM TEMPERATURE (F)   58


SUNRISE AND SUNSET
JUNE 29 2017..........SUNRISE   607 AM EDT   SUNSET   922 PM EDT
JUNE 30 2017..........SUNRISE   608 AM EDT   SUNSET   921 PM EDT


-  INDICATES NEGATIVE NUMBERS.
R  INDICATES RECORD WAS SET OR TIED.
MM INDICATES DATA IS MISSING.
T  INDICATES TRACE AMOUNT.




$$
