000
CDUS43 KGRR 292126
CLIBTL


CLIMATE REPORT
NATIONAL WEATHER SERVICE GRAND RAPIDS, MI
526 PM EDT FRI APR 29 2016


...................................

...THE BATTLE CREEK MI CLIMATE SUMMARY FOR APRIL 29 2016...
VALID TODAY AS OF 0500 PM LOCAL TIME.

CLIMATE NORMAL PERIOD 1981 TO 2010
CLIMATE RECORD PERIOD 1998 TO 2016


WEATHER ITEM   OBSERVED TIME   NORMAL DEPARTURE LAST
                VALUE   (LST)  VALUE  FROM      YEAR
                                      NORMAL
......................................................
TEMPERATURE (F)
 TODAY
  MAXIMUM         53    343 PM  65    -12       65
  MINIMUM         43    904 AM  41      2       37
  AVERAGE         48            53     -5       51

PRECIPITATION (IN)
  TODAY            T             0.10  -0.10      T
  MONTH TO DATE    2.07          2.70  -0.63     1.80
  SINCE MAR 1      5.01          4.61   0.40     2.07
  SINCE JAN 1      6.61          7.61  -1.00     3.08

DEGREE DAYS
 HEATING
  TODAY           17            12      5       14
  MONTH TO DATE  516           501     15      462
  SINCE MAR 1   1243          1411   -168     1420
  SINCE JUL 1   5158          6376  -1218     6625

 COOLING
  TODAY            0             0      0        0
  MONTH TO DATE    2             0      2        0
  SINCE MAR 1      2             0      2        0
  SINCE JAN 1      2             0      2        0
......................................................


WIND (MPH)
  RESULTANT WIND SPEED   5   RESULTANT WIND DIRECTION  NE (40)
  HIGHEST WIND SPEED    14   HIGHEST WIND DIRECTION    NE (40)
  HIGHEST GUST SPEED    17   HIGHEST GUST DIRECTION    NE (40)
  AVERAGE WIND SPEED     5.9


SKY COVER
  AVERAGE SKY COVER 1.0


WEATHER CONDITIONS
 THE FOLLOWING WEATHER WAS RECORDED TODAY.
  LIGHT RAIN


RELATIVE HUMIDITY (PERCENT)
 HIGHEST    82           400 AM
 LOWEST     59           300 PM
 AVERAGE    71

..........................................................


THE BATTLE CREEK MI CLIMATE NORMALS FOR TOMORROW
                         NORMAL
 MAXIMUM TEMPERATURE (F)   66
 MINIMUM TEMPERATURE (F)   41


SUNRISE AND SUNSET
APRIL 29 2016.........SUNRISE   638 AM EDT   SUNSET   839 PM EDT
APRIL 30 2016.........SUNRISE   637 AM EDT   SUNSET   840 PM EDT


-  INDICATES NEGATIVE NUMBERS.
R  INDICATES RECORD WAS SET OR TIED.
MM INDICATES DATA IS MISSING.
T  INDICATES TRACE AMOUNT.




$$
