000
CDUS43 KGRR 200519
CLIBTL


CLIMATE REPORT
NATIONAL WEATHER SERVICE GRAND RAPIDS, MI
118 AM EDT SAT SEP 20 2014


...................................

...THE BATTLE CREEK MI CLIMATE SUMMARY FOR SEPTEMBER 19 2014...

CLIMATE NORMAL PERIOD 1981 TO 2010
CLIMATE RECORD PERIOD 1998 TO 2014


WEATHER ITEM   OBSERVED TIME   NORMAL DEPARTURE LAST
                VALUE   (LST)  VALUE  FROM      YEAR
                                      NORMAL
......................................................
TEMPERATURE (F)
 YESTERDAY
  MAXIMUM         70    438 PM  72     -2       72
  MINIMUM         48    714 AM  49     -1       62
  AVERAGE         59            60     -1       67

PRECIPITATION (IN)
  YESTERDAY        0.00          0.13  -0.13     0.11
  MONTH TO DATE    2.07          2.29  -0.22     1.43
  SINCE SEP 1      2.07          2.29  -0.22     1.43
  SINCE JAN 1     22.01         23.83  -1.82    27.60

DEGREE DAYS
 HEATING
  YESTERDAY        6             6      0        0
  MONTH TO DATE   93            67     26       61
  SINCE SEP 1     93            67     26       61
  SINCE JUL 1    122           108     14       99

 COOLING
  YESTERDAY        0             1     -1        2
  MONTH TO DATE   54            45      9       66
  SINCE SEP 1     54            45      9       66
  SINCE JAN 1    591           563     28      671
......................................................


WIND (MPH)
  RESULTANT WIND SPEED   6   RESULTANT WIND DIRECTION   S (160)
  HIGHEST WIND SPEED    15   HIGHEST WIND DIRECTION     S (180)
  HIGHEST GUST SPEED    19   HIGHEST GUST DIRECTION     S (190)
  AVERAGE WIND SPEED     7.3


SKY COVER
  AVERAGE SKY COVER 0.1


WEATHER CONDITIONS
 THE FOLLOWING WEATHER WAS RECORDED YESTERDAY.
  FOG


RELATIVE HUMIDITY (PERCENT)
 HIGHEST    93           400 AM
 LOWEST     47           400 PM
 AVERAGE    70

..........................................................


THE BATTLE CREEK MI CLIMATE NORMALS FOR TODAY
                         NORMAL
 MAXIMUM TEMPERATURE (F)   72
 MINIMUM TEMPERATURE (F)   48


SUNRISE AND SUNSET
SEPTEMBER 20 2014.....SUNRISE   726 AM EDT   SUNSET   742 PM EDT
SEPTEMBER 21 2014.....SUNRISE   727 AM EDT   SUNSET   740 PM EDT


-  INDICATES NEGATIVE NUMBERS.
R  INDICATES RECORD WAS SET OR TIED.
MM INDICATES DATA IS MISSING.
T  INDICATES TRACE AMOUNT.




$$
