000
CDUS43 KGRR 300518
CLIBTL


CLIMATE REPORT
NATIONAL WEATHER SERVICE GRAND RAPIDS, MI
117 AM EDT SAT AUG 30 2014


...................................

...THE BATTLE CREEK MI CLIMATE SUMMARY FOR AUGUST 29 2014...

CLIMATE NORMAL PERIOD 1981 TO 2010
CLIMATE RECORD PERIOD 1998 TO 2014


WEATHER ITEM   OBSERVED TIME   NORMAL DEPARTURE LAST
                VALUE   (LST)  VALUE  FROM      YEAR
                                      NORMAL
......................................................
TEMPERATURE (F)
 YESTERDAY
  MAXIMUM         82    334 PM  79      3       86
  MINIMUM         63    718 AM  56      7       64
  AVERAGE         73            68      5       75

PRECIPITATION (IN)
  YESTERDAY        T             0.11  -0.11     0.00
  MONTH TO DATE    2.05          3.23  -1.18     4.75
  SINCE JUN 1     11.83          9.82   2.01    13.39
  SINCE JAN 1     19.79         21.30  -1.51    26.17

DEGREE DAYS
 HEATING
  YESTERDAY        0             1     -1        0
  MONTH TO DATE   11            29    -18       21
  SINCE JUN 1     47           101    -54       80
  SINCE JUL 1     29            44    -15       38

 COOLING
  YESTERDAY        8             4      4       10
  MONTH TO DATE  182           152     30      131
  SINCE JUN 1    463           475    -12      506
  SINCE JAN 1    515           513      2      583
......................................................


WIND (MPH)
  RESULTANT WIND SPEED   9   RESULTANT WIND DIRECTION  SE (140)
  HIGHEST WIND SPEED    16   HIGHEST WIND DIRECTION     W (250)
  HIGHEST GUST SPEED    21   HIGHEST GUST DIRECTION     W (260)
  AVERAGE WIND SPEED     8.7


SKY COVER
  AVERAGE SKY COVER 0.3


WEATHER CONDITIONS
 THE FOLLOWING WEATHER WAS RECORDED YESTERDAY.
  LIGHT RAIN


RELATIVE HUMIDITY (PERCENT)
 HIGHEST    79          1000 PM
 LOWEST     60           600 AM
 AVERAGE    70

..........................................................


THE BATTLE CREEK MI CLIMATE NORMALS FOR TODAY
                         NORMAL
 MAXIMUM TEMPERATURE (F)   79
 MINIMUM TEMPERATURE (F)   56


SUNRISE AND SUNSET
AUGUST 30 2014........SUNRISE   704 AM EDT   SUNSET   818 PM EDT
AUGUST 31 2014........SUNRISE   705 AM EDT   SUNSET   817 PM EDT


-  INDICATES NEGATIVE NUMBERS.
R  INDICATES RECORD WAS SET OR TIED.
MM INDICATES DATA IS MISSING.
T  INDICATES TRACE AMOUNT.




$$
