000
CDUS45 KMSO 272234
CLIBTM


CLIMATE REPORT
NATIONAL WEATHER SERVICE MISSOULA, MT
432 PM MDT WED MAY 27 2015


...................................

...THE BUTTE MT CLIMATE SUMMARY FOR MAY 27 2015...
VALID TODAY AS OF 0400 PM LOCAL TIME.

CLIMATE NORMAL PERIOD 1981 TO 2010
CLIMATE RECORD PERIOD 1895 TO 2015


WEATHER ITEM   OBSERVED TIME   RECORD YEAR NORMAL DEPARTURE LAST
                VALUE   (LST)  VALUE       VALUE  FROM      YEAR
                                                  NORMAL
..................................................................
TEMPERATURE (F)
 TODAY
  MAXIMUM         58    254 PM  87    1986  64     -6       72
  MINIMUM         45    501 AM  25    1973  37      8       36
  AVERAGE         52                        51      1       54

PRECIPITATION (IN)
  TODAY            0.07          0.58 1994   0.09  -0.02     0.02
  MONTH TO DATE    1.47                      1.72  -0.25     0.82
  SINCE OCT 1      5.45                      6.44  -0.99     5.32
  SINCE JAN 1      3.06                      4.55  -1.49     4.28

SNOWFALL (IN)
  TODAY           MM
  MONTH TO DATE   MM
  SINCE JAN 1     MM
  SINCE JUL 1     MM
  SNOW DEPTH      MM

DEGREE DAYS
 HEATING
  TODAY           13                        14     -1       11
  MONTH TO DATE  481                       486     -5      480
  SINCE MAR 1   2105                      2308   -203     2323
  SINCE JUL 1   7986                      8877   -891     8701

 COOLING
  TODAY            0                         0      0        0
  MONTH TO DATE    0                         0      0        0
  SINCE MAR 1      0                         0      0        0
  SINCE JAN 1      0                         0      0        0
..................................................................


WIND (MPH)
  HIGHEST WIND SPEED    16   HIGHEST WIND DIRECTION     E (110)
  HIGHEST GUST SPEED    20   HIGHEST GUST DIRECTION     E (110)
  AVERAGE WIND SPEED     4.2


SKY COVER
  POSSIBLE SUNSHINE  MM
  AVERAGE SKY COVER 0.8


WEATHER CONDITIONS
 THE FOLLOWING WEATHER WAS RECORDED TODAY.
  THUNDERSTORM
  HEAVY RAIN
  LIGHT RAIN


RELATIVE HUMIDITY (PERCENT)
 HIGHEST    86           300 AM
 LOWEST     57           300 PM
 AVERAGE    72

..........................................................


THE BUTTE MT CLIMATE NORMALS FOR TOMORROW
                         NORMAL    RECORD    YEAR
 MAXIMUM TEMPERATURE (F)   64        90      1919
 MINIMUM TEMPERATURE (F)   38        21      1947


SUNRISE AND SUNSET
MAY 27 2015...........SUNRISE   546 AM MDT   SUNSET   908 PM MDT
MAY 28 2015...........SUNRISE   546 AM MDT   SUNSET   909 PM MDT


-  INDICATES NEGATIVE NUMBERS.
R  INDICATES RECORD WAS SET OR TIED.
MM INDICATES DATA IS MISSING.
T  INDICATES TRACE AMOUNT.




$$
