000
CDUS45 KMSO 070737
CLIBTM


CLIMATE REPORT
NATIONAL WEATHER SERVICE MISSOULA, MT
137 AM MDT TUE JUL 7 2015


...................................

...THE BUTTE MT CLIMATE SUMMARY FOR JULY 6 2015...

CLIMATE NORMAL PERIOD 1981 TO 2010
CLIMATE RECORD PERIOD 1895 TO 2015


WEATHER ITEM   OBSERVED TIME   RECORD YEAR NORMAL DEPARTURE LAST
                VALUE   (LST)  VALUE       VALUE  FROM      YEAR
                                                  NORMAL
..................................................................
TEMPERATURE (F)
 YESTERDAY
  MAXIMUM         81    511 PM  96    2007  78      3       87
  MINIMUM         50    251 AM  31    1986  45      5       46
  AVERAGE         66                        62      4       67

PRECIPITATION (IN)
  YESTERDAY        0.00          0.98 1994   0.05  -0.05     0.00
  MONTH TO DATE    0.00                      0.29  -0.29     0.03
  SINCE OCT 1      6.67                      9.35  -2.68     8.78
  SINCE JAN 1      4.28                      7.46  -3.18     7.74

SNOWFALL (IN)
  YESTERDAY       MM
  MONTH TO DATE   MM
  SINCE JAN 1     MM
  SINCE JUL 1     MM
  SNOW DEPTH      MM

DEGREE DAYS
 HEATING
  YESTERDAY        0                         4     -4        0
  MONTH TO DATE    3                        30    -27        9
  SINCE JUN 1    151                       317   -166      362
  SINCE JUL 1      3                        30    -27        9

 COOLING
  YESTERDAY        1                         1      0        2
  MONTH TO DATE   19                         6     13       16
  SINCE JUN 1     65                        13     52       16
  SINCE JAN 1     65                        13     52       16
..................................................................


WIND (MPH)
  HIGHEST WIND SPEED    18   HIGHEST WIND DIRECTION    NW (320)
  HIGHEST GUST SPEED    25   HIGHEST GUST DIRECTION    NW (330)
  AVERAGE WIND SPEED     5.5


SKY COVER
  POSSIBLE SUNSHINE  MM
  AVERAGE SKY COVER 0.6


WEATHER CONDITIONS
 THE FOLLOWING WEATHER WAS RECORDED YESTERDAY.
  NO SIGNIFICANT WEATHER WAS OBSERVED.


RELATIVE HUMIDITY (PERCENT)
 HIGHEST    74           200 AM
 LOWEST     22           900 PM
 AVERAGE    48

..........................................................


THE BUTTE MT CLIMATE NORMALS FOR TODAY
                         NORMAL    RECORD    YEAR
 MAXIMUM TEMPERATURE (F)   79        93      1989
 MINIMUM TEMPERATURE (F)   45        28      1971


SUNRISE AND SUNSET
JULY  7 2015..........SUNRISE   547 AM MDT   SUNSET   922 PM MDT
JULY  8 2015..........SUNRISE   548 AM MDT   SUNSET   922 PM MDT


-  INDICATES NEGATIVE NUMBERS.
R  INDICATES RECORD WAS SET OR TIED.
MM INDICATES DATA IS MISSING.
T  INDICATES TRACE AMOUNT.




$$
