000
CDUS45 KMSO 050739
CLIBTM


CLIMATE REPORT
NATIONAL WEATHER SERVICE MISSOULA, MT
1239 AM MST THU MAR 5 2015


...................................

...THE BUTTE MT CLIMATE SUMMARY FOR MARCH 4 2015...

CLIMATE NORMAL PERIOD 1981 TO 2010
CLIMATE RECORD PERIOD 1895 TO 2015


WEATHER ITEM   OBSERVED TIME   RECORD YEAR NORMAL DEPARTURE LAST
                VALUE   (LST)  VALUE       VALUE  FROM      YEAR
                                                  NORMAL
..................................................................
TEMPERATURE (F)
 YESTERDAY
  MAXIMUM         33    507 PM  59    1921  40     -7       42
  MINIMUM         -4    804 AM -25    1989  15    -19       19
  AVERAGE         15                        27    -12       31

PRECIPITATION (IN)
  YESTERDAY        0.00          1.20 1918   0.02  -0.02     0.00
  MONTH TO DATE    T                         0.08  -0.08     0.17
  SINCE OCT 1      2.69                      2.87  -0.18     2.07
  SINCE JAN 1      0.30                      0.98  -0.68     1.03

SNOWFALL (IN)
  YESTERDAY       MM
  MONTH TO DATE   MM
  SINCE JAN 1     MM
  SINCE JUL 1     MM
  SNOW DEPTH      MM

DEGREE DAYS
 HEATING
  YESTERDAY       50                        38     12       34
  MONTH TO DATE  198                       154     44      182
  SINCE MAR 1    198                       154     44      182
  SINCE JUL 1   6079                      6723   -644     6560

 COOLING
  YESTERDAY        0                         0      0        0
  MONTH TO DATE    0                         0      0        0
  SINCE MAR 1      0                         0      0        0
  SINCE JAN 1      0                         0      0        0
..................................................................


WIND (MPH)
  HIGHEST WIND SPEED    12   HIGHEST WIND DIRECTION     N (10)
  HIGHEST GUST SPEED    15   HIGHEST GUST DIRECTION    NW (300)
  AVERAGE WIND SPEED     3.8


SKY COVER
  POSSIBLE SUNSHINE  MM
  AVERAGE SKY COVER 0.1


WEATHER CONDITIONS
 THE FOLLOWING WEATHER WAS RECORDED YESTERDAY.
  NO SIGNIFICANT WEATHER WAS OBSERVED.


RELATIVE HUMIDITY (PERCENT)
 HIGHEST    86           100 AM
 LOWEST     29           500 PM
 AVERAGE    58

..........................................................


THE BUTTE MT CLIMATE NORMALS FOR TODAY
                         NORMAL    RECORD    YEAR
 MAXIMUM TEMPERATURE (F)   40        59      1987
 MINIMUM TEMPERATURE (F)   15       -26      1945


SUNRISE AND SUNSET
MARCH  5 2015.........SUNRISE   702 AM MST   SUNSET   622 PM MST
MARCH  6 2015.........SUNRISE   700 AM MST   SUNSET   623 PM MST


-  INDICATES NEGATIVE NUMBERS.
R  INDICATES RECORD WAS SET OR TIED.
MM INDICATES DATA IS MISSING.
T  INDICATES TRACE AMOUNT.




$$
