000
CDUS45 KMSO 272331
CLIBTM


CLIMATE REPORT
NATIONAL WEATHER SERVICE MISSOULA, MT
431 PM MST TUE JAN 27 2015


...................................

...THE BUTTE MT CLIMATE SUMMARY FOR JANUARY 27 2015...
VALID TODAY AS OF 0400 PM LOCAL TIME.

CLIMATE NORMAL PERIOD 1981 TO 2010
CLIMATE RECORD PERIOD 1895 TO 2015


WEATHER ITEM   OBSERVED TIME   RECORD YEAR NORMAL DEPARTURE LAST
                VALUE   (LST)  VALUE       VALUE  FROM      YEAR
                                                  NORMAL
..................................................................
TEMPERATURE (F)
 TODAY
  MAXIMUM         50    256 PM  51    1971  33     17       27
  MINIMUM         24    821 AM -34    1951   8     16       -2
  AVERAGE         37                        20     17       13

PRECIPITATION (IN)
  TODAY            0.00          0.36 1929   0.01  -0.01     0.00
  MONTH TO DATE    0.17                      0.41  -0.24     0.11
  SINCE OCT 1      2.56                      2.30   0.26     1.15
  SINCE JAN 1      0.17                      0.41  -0.24     0.11

SNOWFALL (IN)
  TODAY           MM
  MONTH TO DATE   MM
  SINCE JAN 1     MM
  SINCE JUL 1     MM
  SNOW DEPTH      MM

DEGREE DAYS
 HEATING
  TODAY           28                        45    -17       52
  MONTH TO DATE 1103                      1229   -126     1062
  SINCE DEC 1   2418                      2703   -285     2520
  SINCE JUL 1   4748                      5193   -445     4780

 COOLING
  TODAY            0                         0      0        0
  MONTH TO DATE    0                         0      0        0
  SINCE DEC 1      0                         0      0        0
  SINCE JAN 1      0                         0      0        0
..................................................................


WIND (MPH)
  HIGHEST WIND SPEED     7   HIGHEST WIND DIRECTION     N (340)
  HIGHEST GUST SPEED     9   HIGHEST GUST DIRECTION     E (110)
  AVERAGE WIND SPEED     1.6


SKY COVER
  POSSIBLE SUNSHINE  MM
  AVERAGE SKY COVER 0.0


WEATHER CONDITIONS
 THE FOLLOWING WEATHER WAS RECORDED TODAY.
  NO SIGNIFICANT WEATHER WAS OBSERVED.


RELATIVE HUMIDITY (PERCENT)
 HIGHEST    92           200 AM
 LOWEST     42           300 PM
 AVERAGE    67

..........................................................


THE BUTTE MT CLIMATE NORMALS FOR TOMORROW
                         NORMAL    RECORD    YEAR
 MAXIMUM TEMPERATURE (F)   33        53      1920
 MINIMUM TEMPERATURE (F)    8       -43      1951


SUNRISE AND SUNSET
JANUARY 27 2015.......SUNRISE   758 AM MST   SUNSET   528 PM MST
JANUARY 28 2015.......SUNRISE   757 AM MST   SUNSET   529 PM MST


-  INDICATES NEGATIVE NUMBERS.
R  INDICATES RECORD WAS SET OR TIED.
MM INDICATES DATA IS MISSING.
T  INDICATES TRACE AMOUNT.




$$
