000
CDUS45 KMSO 282230
CLIBTM


CLIMATE REPORT
NATIONAL WEATHER SERVICE MISSOULA, MT
430 PM MDT WED JUN 28 2017


...................................

...THE BUTTE MT CLIMATE SUMMARY FOR JUNE 28 2017...
VALID TODAY AS OF 0400 PM LOCAL TIME.

CLIMATE NORMAL PERIOD 1981 TO 2010
CLIMATE RECORD PERIOD 1895 TO 2017


WEATHER ITEM   OBSERVED TIME   RECORD YEAR NORMAL DEPARTURE LAST
                VALUE   (LST)  VALUE       VALUE  FROM      YEAR
                                                  NORMAL
..................................................................
TEMPERATURE (F)
 TODAY
  MAXIMUM         71    259 PM  95    2015  75     -4       88
  MINIMUM         45    509 AM  31    1947  43      2       58
  AVERAGE         58                        59     -1       73

PRECIPITATION (IN)
  TODAY            T             0.94 1920   0.06  -0.06     0.00
  MONTH TO DATE    2.78                      2.16   0.62     0.93
  SINCE OCT 1     11.33                      8.96   2.37     7.20
  SINCE JAN 1      8.11                      7.07   1.04     4.46

SNOWFALL (IN)
  TODAY           MM
  MONTH TO DATE   MM
  SINCE JAN 1     MM
  SINCE JUL 1     MM
  SNOW DEPTH      MM

DEGREE DAYS
 HEATING
  TODAY            7                         6      1        0
  MONTH TO DATE  219                       275    -56      189
  SINCE JUN 1    219                       275    -56      189
  SINCE JUL 1   9106                      9207   -101     8762

 COOLING
  TODAY            0                         1     -1        8
  MONTH TO DATE   12                         1     11       13
  SINCE JUN 1     12                         1     11       13
  SINCE JAN 1     12                         1     11       13
..................................................................


WIND (MPH)
  HIGHEST WIND SPEED    18   HIGHEST WIND DIRECTION    NW (310)
  HIGHEST GUST SPEED    22   HIGHEST GUST DIRECTION    NW (320)
  AVERAGE WIND SPEED     4.8


SKY COVER
  POSSIBLE SUNSHINE  MM
  AVERAGE SKY COVER 0.4


WEATHER CONDITIONS
 THE FOLLOWING WEATHER WAS RECORDED TODAY.
  THUNDERSTORM
  LIGHT RAIN


RELATIVE HUMIDITY (PERCENT)
 HIGHEST    92           500 AM
 LOWEST     26           300 PM
 AVERAGE    59

..........................................................


THE BUTTE MT CLIMATE NORMALS FOR TOMORROW
                         NORMAL    RECORD    YEAR
 MAXIMUM TEMPERATURE (F)   76        93      2015
                                             1937
 MINIMUM TEMPERATURE (F)   44        29      1947


SUNRISE AND SUNSET
JUNE 28 2017..........SUNRISE   542 AM MDT   SUNSET   925 PM MDT
JUNE 29 2017..........SUNRISE   542 AM MDT   SUNSET   925 PM MDT


-  INDICATES NEGATIVE NUMBERS.
R  INDICATES RECORD WAS SET OR TIED.
MM INDICATES DATA IS MISSING.
T  INDICATES TRACE AMOUNT.




$$
