000
CDUS44 KLIX 010701
CLIBTR


CLIMATE REPORT
NATIONAL WEATHER SERVICE NEW ORLEANS
200 AM CDT SAT OCT 1 2016


...................................

...THE BATON ROUGE  ASOS CLIMATE SUMMARY FOR SEPTEMBER 30 2016...

CLIMATE NORMAL PERIOD 1981 TO 2010
CLIMATE RECORD PERIOD 1894 TO 2016


WEATHER ITEM   OBSERVED TIME   RECORD YEAR NORMAL DEPARTURE LAST
                VALUE   (LST)  VALUE       VALUE  FROM      YEAR
                                                  NORMAL
..................................................................
TEMPERATURE (F)
 YESTERDAY
  MAXIMUM         82    339 PM  95    1904  85     -3       91
  MINIMUM         56    611 AM  44    1967  64     -8       71
  AVERAGE         69                        74     -5       81

PRECIPITATION (IN)
  YESTERDAY        0.00          2.82 1915   0.14  -0.14     0.00
  MONTH TO DATE    2.48                      4.54  -2.06     2.21
  SINCE SEP 1      2.48                      4.54  -2.06     2.21
  SINCE JAN 1     76.71                     46.25  30.46    49.60

SNOWFALL (IN)
  YESTERDAY        0.0
  MONTH TO DATE    0.0
  SINCE SEP 1      0.0
  SINCE JUL 1      0.0
  SNOW DEPTH       0

DEGREE DAYS
 HEATING
  YESTERDAY        0                         0      0        0
  MONTH TO DATE    0                         0      0        0
  SINCE SEP 1      0                         2     -2        0
  SINCE JUL 1      0                         2     -2        0

 COOLING
  YESTERDAY        4                        10     -6       16
  MONTH TO DATE  507                       410     97      442
  SINCE SEP 1    507                       410     97      442
  SINCE JAN 1   2771                      2571    200     2815
..................................................................


WIND (MPH)
  HIGHEST WIND SPEED    15   HIGHEST WIND DIRECTION     S (200)
  HIGHEST GUST SPEED    18   HIGHEST GUST DIRECTION     S (200)
  AVERAGE WIND SPEED     3.1


SKY COVER
  POSSIBLE SUNSHINE  MM
  AVERAGE SKY COVER 0.1


WEATHER CONDITIONS
 THE FOLLOWING WEATHER WAS RECORDED YESTERDAY.
  NO SIGNIFICANT WEATHER WAS OBSERVED.


RELATIVE HUMIDITY (PERCENT)
 HIGHEST    93           600 AM
 LOWEST     37           200 PM
 AVERAGE    65

..........................................................


THE BATON ROUGE  ASOS CLIMATE NORMALS FOR TODAY
                         NORMAL    RECORD    YEAR
 MAXIMUM TEMPERATURE (F)   85        98      1904
 MINIMUM TEMPERATURE (F)   63        44      1984


SUNRISE AND SUNSET
OCTOBER  1 2016.......SUNRISE   658 AM CDT   SUNSET   649 PM CDT
OCTOBER  2 2016.......SUNRISE   659 AM CDT   SUNSET   648 PM CDT


-  INDICATES NEGATIVE NUMBERS.
R  INDICATES RECORD WAS SET OR TIED.
MM INDICATES DATA IS MISSING.
T  INDICATES TRACE AMOUNT.




$$
