000
CDUS44 KLIX 220720
CLIBTR


CLIMATE REPORT
NATIONAL WEATHER SERVICE NEW ORLEANS
220 AM CDT FRI MAY 22 2015


...................................

...THE BATON ROUGE  ASOS CLIMATE SUMMARY FOR MAY 21 2015...

CLIMATE NORMAL PERIOD 1981 TO 2010
CLIMATE RECORD PERIOD 1894 TO 2015


WEATHER ITEM   OBSERVED TIME   RECORD YEAR NORMAL DEPARTURE LAST
                VALUE   (LST)  VALUE       VALUE  FROM      YEAR
                                                  NORMAL
..................................................................
TEMPERATURE (F)
 YESTERDAY
  MAXIMUM         87   1138 AM  95    1922  87      0       89
  MINIMUM         66   1159 PM  48    1894  67     -1       66
  AVERAGE         77                        77      0       78

PRECIPITATION (IN)
  YESTERDAY        T             2.32 1932   0.15  -0.15     0.00
  MONTH TO DATE    2.80                      3.21  -0.41     4.42
  SINCE MAR 1     14.26                     12.08   2.18    11.17
  SINCE JAN 1     24.01                     22.84   1.17    20.44

SNOWFALL (IN)
  YESTERDAY        0.0
  MONTH TO DATE    0.0
  SINCE MAR 1      T
  SINCE JUL 1      T
  SNOW DEPTH       0

DEGREE DAYS
 HEATING
  YESTERDAY        0                         0      0        0
  MONTH TO DATE    0                         0      0        6
  SINCE MAR 1     99                       218   -119      278
  SINCE JUL 1   1641                      1553     88     1984

 COOLING
  YESTERDAY       12                        12      0       13
  MONTH TO DATE  240                       203     37      173
  SINCE MAR 1    547                       403    144      366
  SINCE JAN 1    551                       434    117      386
..................................................................


WIND (MPH)
  HIGHEST WIND SPEED    17   HIGHEST WIND DIRECTION    NW (310)
  HIGHEST GUST SPEED    25   HIGHEST GUST DIRECTION    NW (310)
  AVERAGE WIND SPEED     5.7


SKY COVER
  POSSIBLE SUNSHINE  MM
  AVERAGE SKY COVER 0.4


WEATHER CONDITIONS
 THE FOLLOWING WEATHER WAS RECORDED YESTERDAY.
  FOG


RELATIVE HUMIDITY (PERCENT)
 HIGHEST    94           700 AM
 LOWEST     61          1100 AM
 AVERAGE    78

..........................................................


THE BATON ROUGE  ASOS CLIMATE NORMALS FOR TODAY
                         NORMAL    RECORD    YEAR
 MAXIMUM TEMPERATURE (F)   88        95      1922
                                             1915
 MINIMUM TEMPERATURE (F)   67        51      2002
                                             1954


SUNRISE AND SUNSET
MAY 22 2015...........SUNRISE   606 AM CDT   SUNSET   756 PM CDT
MAY 23 2015...........SUNRISE   606 AM CDT   SUNSET   757 PM CDT


-  INDICATES NEGATIVE NUMBERS.
R  INDICATES RECORD WAS SET OR TIED.
MM INDICATES DATA IS MISSING.
T  INDICATES TRACE AMOUNT.




$$
