000
CDUS44 KLIX 240702
CLIBTR


CLIMATE REPORT
NATIONAL WEATHER SERVICE NEW ORLEANS
201 AM CDT TUE OCT 24 2017


...................................

...THE BATON ROUGE  ASOS CLIMATE SUMMARY FOR OCTOBER 23 2017...

CLIMATE NORMAL PERIOD 1981 TO 2010
CLIMATE RECORD PERIOD 1894 TO 2017


WEATHER ITEM   OBSERVED TIME   RECORD YEAR NORMAL DEPARTURE LAST
                VALUE   (LST)  VALUE       VALUE  FROM      YEAR
                                                  NORMAL
..................................................................
TEMPERATURE (F)
 YESTERDAY
  MAXIMUM         74    251 PM  91    1939  79     -5       79
  MINIMUM         53   1135 PM  37    1937  56     -3       45
  AVERAGE         64                        67     -3       62

PRECIPITATION (IN)
  YESTERDAY        0.00          2.73 1913   0.16  -0.16     0.00
  MONTH TO DATE    3.17                      3.47  -0.30     0.61
  SINCE SEP 1      3.25                      8.01  -4.76     3.09
  SINCE JAN 1     58.64                     49.72   8.92    78.24

SNOWFALL (IN)
  YESTERDAY        0.0
  MONTH TO DATE    0.0
  SINCE SEP 1      0.0
  SINCE JUL 1      0.0
  SNOW DEPTH       0

DEGREE DAYS
 HEATING
  YESTERDAY        1                         2     -1        3
  MONTH TO DATE    3                        23    -20        7
  SINCE SEP 1      3                        25    -22        7
  SINCE JUL 1      3                        25    -22        7

 COOLING
  YESTERDAY        0                         4     -4        0
  MONTH TO DATE  235                       149     86      217
  SINCE SEP 1    637                       559     78      724
  SINCE JAN 1   2896                      2720    176     3000
..................................................................


WIND (MPH)
  HIGHEST WIND SPEED    15   HIGHEST WIND DIRECTION     N (20)
  HIGHEST GUST SPEED    20   HIGHEST GUST DIRECTION     N (360)
  AVERAGE WIND SPEED     5.2


SKY COVER
  POSSIBLE SUNSHINE  MM
  AVERAGE SKY COVER 0.1


WEATHER CONDITIONS
 THE FOLLOWING WEATHER WAS RECORDED YESTERDAY.
  NO SIGNIFICANT WEATHER WAS OBSERVED.


RELATIVE HUMIDITY (PERCENT)
 HIGHEST   100           200 AM
 LOWEST     29           300 PM
 AVERAGE    65

..........................................................


THE BATON ROUGE  ASOS CLIMATE NORMALS FOR TODAY
                         NORMAL    RECORD    YEAR
 MAXIMUM TEMPERATURE (F)   79        91      1894
 MINIMUM TEMPERATURE (F)   55        33      1917


SUNRISE AND SUNSET
OCTOBER 24 2017.......SUNRISE   713 AM CDT   SUNSET   624 PM CDT
OCTOBER 25 2017.......SUNRISE   714 AM CDT   SUNSET   623 PM CDT


-  INDICATES NEGATIVE NUMBERS.
R  INDICATES RECORD WAS SET OR TIED.
MM INDICATES DATA IS MISSING.
T  INDICATES TRACE AMOUNT.




$$
