000
CDUS44 KLIX 170803
CLIBTR


CLIMATE REPORT
NATIONAL WEATHER SERVICE NEW ORLEANS
203 AM CST TUE JAN 17 2017


...................................

...THE BATON ROUGE  ASOS CLIMATE SUMMARY FOR JANUARY 16 2017...

CLIMATE NORMAL PERIOD 1981 TO 2010
CLIMATE RECORD PERIOD 1894 TO 2017


WEATHER ITEM   OBSERVED TIME   RECORD YEAR NORMAL DEPARTURE LAST
                VALUE   (LST)  VALUE       VALUE  FROM      YEAR
                                                  NORMAL
..................................................................
TEMPERATURE (F)
 YESTERDAY
  MAXIMUM         81R   101 PM  81    1943  62     19       66
                                      1907
  MINIMUM         62    138 AM  20    1905  41     21       42
  AVERAGE         72                        52     20       54

PRECIPITATION (IN)
  YESTERDAY        T             3.42 1924   0.18  -0.18     0.28
  MONTH TO DATE    2.94                      2.88   0.06     3.08
  SINCE DEC 1     12.65                      8.48   4.17     9.41
  SINCE JAN 1      2.94                      2.88   0.06     3.08

SNOWFALL (IN)
  YESTERDAY        0.0
  MONTH TO DATE    0.0
  SINCE DEC 1      0.0
  SINCE JUL 1      0.0
  SNOW DEPTH       0

DEGREE DAYS
 HEATING
  YESTERDAY        0                        14    -14       11
  MONTH TO DATE  135                       224    -89      236
  SINCE DEC 1    406                       605   -199      415
  SINCE JUL 1    519                       840   -321      526

 COOLING
  YESTERDAY        7                         0      7        0
  MONTH TO DATE   28                         3     25        0
  SINCE DEC 1     93                        25     68       87
  SINCE JAN 1     28                         3     25        0
..................................................................


WIND (MPH)
  HIGHEST WIND SPEED    22   HIGHEST WIND DIRECTION    SE (150)
  HIGHEST GUST SPEED    27   HIGHEST GUST DIRECTION    SE (140)
  AVERAGE WIND SPEED    10.4


SKY COVER
  POSSIBLE SUNSHINE  MM
  AVERAGE SKY COVER 0.8


WEATHER CONDITIONS
 THE FOLLOWING WEATHER WAS RECORDED YESTERDAY.
  FOG


RELATIVE HUMIDITY (PERCENT)
 HIGHEST   100          1200 AM
 LOWEST     62          1100 AM
 AVERAGE    81

..........................................................


THE BATON ROUGE  ASOS CLIMATE NORMALS FOR TODAY
                         NORMAL    RECORD    YEAR
 MAXIMUM TEMPERATURE (F)   62        83      1907
 MINIMUM TEMPERATURE (F)   41        18      1977


SUNRISE AND SUNSET
JANUARY 17 2017.......SUNRISE   702 AM CST   SUNSET   528 PM CST
JANUARY 18 2017.......SUNRISE   702 AM CST   SUNSET   529 PM CST


-  INDICATES NEGATIVE NUMBERS.
R  INDICATES RECORD WAS SET OR TIED.
MM INDICATES DATA IS MISSING.
T  INDICATES TRACE AMOUNT.




$$
