000
CDUS44 KLIX 252121
CLIBTR


CLIMATE REPORT
NATIONAL WEATHER SERVICE NEW ORLEANS
421 PM CDT THU AUG 25 2016


...................................

...THE BATON ROUGE  ASOS CLIMATE SUMMARY FOR AUGUST 25 2016...
VALID TODAY AS OF 0400 PM LOCAL TIME.

CLIMATE NORMAL PERIOD 1981 TO 2010
CLIMATE RECORD PERIOD 1894 TO 2016


WEATHER ITEM   OBSERVED TIME   RECORD YEAR NORMAL DEPARTURE LAST
                VALUE   (LST)  VALUE       VALUE  FROM      YEAR
                                                  NORMAL
..................................................................
TEMPERATURE (F)
 TODAY
  MAXIMUM         93   1136 AM 102    1921  92      1       90
  MINIMUM         76    614 AM  63    2009  73      3       68
                                      1997
                                      1913
  AVERAGE         85

PRECIPITATION (IN)
  TODAY            0.40          2.02 2014   0.18   0.22     0.00
  MONTH TO DATE   27.63                      4.80  22.83     5.30
  SINCE JUN 1     41.61                     16.17  25.44    15.01
  SINCE JAN 1     71.82                     40.69  31.13    47.39

SNOWFALL (IN)
  TODAY            0.0
  MONTH TO DATE    0.0
  SINCE JUN 1      0.0
  SINCE JUL 1      0.0
  SNOW DEPTH       0

DEGREE DAYS
 HEATING
  TODAY            0                         0      0        0
  MONTH TO DATE    0                         0      0        0
  SINCE JUN 1      0                         0      0        0
  SINCE JUL 1      0                         0      0        0

 COOLING
  TODAY           20                        18      2       14
  MONTH TO DATE  453                       450      3      494
  SINCE JUN 1   1578                      1490     88     1625
  SINCE JAN 1   2154                      2055     99     2296
..................................................................


WIND (MPH)
  HIGHEST WIND SPEED    18   HIGHEST WIND DIRECTION     E (100)
  HIGHEST GUST SPEED    23   HIGHEST GUST DIRECTION     E (100)
  AVERAGE WIND SPEED     5.0


SKY COVER
  POSSIBLE SUNSHINE  MM
  AVERAGE SKY COVER 0.3


WEATHER CONDITIONS
 THE FOLLOWING WEATHER WAS RECORDED TODAY.
  THUNDERSTORM
  HEAVY RAIN
  LIGHT RAIN
  FOG


RELATIVE HUMIDITY (PERCENT)
 HIGHEST    94           100 AM
 LOWEST     66          1100 AM
 AVERAGE    80

..........................................................


THE BATON ROUGE  ASOS CLIMATE NORMALS FOR TOMORROW
                         NORMAL    RECORD    YEAR
 MAXIMUM TEMPERATURE (F)   92       102      1924
 MINIMUM TEMPERATURE (F)   73        62      2015
                                             1966


SUNRISE AND SUNSET
AUGUST 25 2016........SUNRISE   637 AM CDT   SUNSET   735 PM CDT
AUGUST 26 2016........SUNRISE   638 AM CDT   SUNSET   734 PM CDT


-  INDICATES NEGATIVE NUMBERS.
R  INDICATES RECORD WAS SET OR TIED.
MM INDICATES DATA IS MISSING.
T  INDICATES TRACE AMOUNT.




$$
