000
CDUS44 KLIX 230802
CLIBTR


CLIMATE REPORT
NATIONAL WEATHER SERVICE NEW ORLEANS
201 AM CST TUE JAN 23 2018


...................................

...THE BATON ROUGE  ASOS CLIMATE SUMMARY FOR JANUARY 22 2018...

CLIMATE NORMAL PERIOD 1981 TO 2010
CLIMATE RECORD PERIOD 1894 TO 2018


WEATHER ITEM   OBSERVED TIME   RECORD YEAR NORMAL DEPARTURE LAST
                VALUE   (LST)  VALUE       VALUE  FROM      YEAR
                                                  NORMAL
..................................................................
TEMPERATURE (F)
 YESTERDAY
  MAXIMUM         72    112 PM  83    1920  62     10       70
  MINIMUM         50   1130 PM  19    1935  41      9       55
  AVERAGE         61                        52      9       63

PRECIPITATION (IN)
  YESTERDAY        0.51          2.44 1945   0.19   0.32     0.08
  MONTH TO DATE    2.66                      4.02  -1.36     9.59
  SINCE DEC 1      8.60                      9.62  -1.02    19.30
  SINCE JAN 1      2.66                      4.02  -1.36     9.59

SNOWFALL (IN)
  YESTERDAY        0.0
  MONTH TO DATE    0.0
  SINCE DEC 1      3.5
  SINCE JUL 1      3.5
  SNOW DEPTH       0

DEGREE DAYS
 HEATING
  YESTERDAY        4                        14    -10        2
  MONTH TO DATE  460                       308    152      137
  SINCE DEC 1    856                       689    167      408
  SINCE JUL 1   1063                       924    139      521

 COOLING
  YESTERDAY        0                         0      0        0
  MONTH TO DATE    0                         3     -3       53
  SINCE DEC 1     18                        25     -7      118
  SINCE JAN 1      0                         3     -3       53
..................................................................


WIND (MPH)
  HIGHEST WIND SPEED    21   HIGHEST WIND DIRECTION    SW (220)
  HIGHEST GUST SPEED    31   HIGHEST GUST DIRECTION    SW (210)
  AVERAGE WIND SPEED     8.9


SKY COVER
  POSSIBLE SUNSHINE  MM
  AVERAGE SKY COVER 0.5


WEATHER CONDITIONS
 THE FOLLOWING WEATHER WAS RECORDED YESTERDAY.
  THUNDERSTORM
  RAIN
  LIGHT RAIN
  FOG


RELATIVE HUMIDITY (PERCENT)
 HIGHEST    93           300 AM
 LOWEST     26           200 PM
 AVERAGE    60

..........................................................


THE BATON ROUGE  ASOS CLIMATE NORMALS FOR TODAY
                         NORMAL    RECORD    YEAR
 MAXIMUM TEMPERATURE (F)   62        84      1943
                                             1920
 MINIMUM TEMPERATURE (F)   41        18      1930


SUNRISE AND SUNSET
JANUARY 23 2018.......SUNRISE   700 AM CST   SUNSET   533 PM CST
JANUARY 24 2018.......SUNRISE   700 AM CST   SUNSET   534 PM CST


-  INDICATES NEGATIVE NUMBERS.
R  INDICATES RECORD WAS SET OR TIED.
MM INDICATES DATA IS MISSING.
T  INDICATES TRACE AMOUNT.




$$
