000
CDUS44 KLIX 170701
CLIBTR


CLIMATE REPORT
NATIONAL WEATHER SERVICE NEW ORLEANS
201 AM CDT THU AUG 17 2017


...................................

...THE BATON ROUGE  ASOS CLIMATE SUMMARY FOR AUGUST 16 2017...

CLIMATE NORMAL PERIOD 1981 TO 2010
CLIMATE RECORD PERIOD 1894 TO 2017


WEATHER ITEM   OBSERVED TIME   RECORD YEAR NORMAL DEPARTURE LAST
                VALUE   (LST)  VALUE       VALUE  FROM      YEAR
                                                  NORMAL
..................................................................
TEMPERATURE (F)
 YESTERDAY
  MAXIMUM         89   1133 AM  99    2006  93     -4       93
                                      1943
  MINIMUM         75   1159 PM  60    2004  74      1       75
  AVERAGE         82                        83     -1       84

PRECIPITATION (IN)
  YESTERDAY        0.23          2.00 1922   0.19   0.04     1.05
  MONTH TO DATE    3.27                      3.09   0.18    23.03
  SINCE JUN 1     19.27                     14.46   4.81    37.01
  SINCE JAN 1     50.92                     38.98  11.94    67.22

SNOWFALL (IN)
  YESTERDAY        0.0
  MONTH TO DATE    0.0
  SINCE JUN 1      0.0
  SINCE JUL 1      0.0
  SNOW DEPTH       0

DEGREE DAYS
 HEATING
  YESTERDAY        0                         0      0        0
  MONTH TO DATE    0                         0      0        0
  SINCE JUN 1      0                         0      0        0
  SINCE JUL 1      0                         0      0        0

 COOLING
  YESTERDAY       17                        18     -1       19
  MONTH TO DATE  279                       288     -9      289
  SINCE JUN 1   1279                      1328    -49     1414
  SINCE JAN 1   2016                      1893    123     1990
..................................................................


WIND (MPH)
  HIGHEST WIND SPEED    20   HIGHEST WIND DIRECTION    SE (120)
  HIGHEST GUST SPEED    23   HIGHEST GUST DIRECTION     S (170)
  AVERAGE WIND SPEED     5.4


SKY COVER
  POSSIBLE SUNSHINE  MM
  AVERAGE SKY COVER 0.2


WEATHER CONDITIONS
 THE FOLLOWING WEATHER WAS RECORDED YESTERDAY.
  THUNDERSTORM
  RAIN
  LIGHT RAIN
  FOG


RELATIVE HUMIDITY (PERCENT)
 HIGHEST   100          1000 PM
 LOWEST     72          1100 AM
 AVERAGE    86

..........................................................


THE BATON ROUGE  ASOS CLIMATE NORMALS FOR TODAY
                         NORMAL    RECORD    YEAR
 MAXIMUM TEMPERATURE (F)   93        99      2000
                                             1918
                                             1902
 MINIMUM TEMPERATURE (F)   74        61      2004


SUNRISE AND SUNSET
AUGUST 17 2017........SUNRISE   633 AM CDT   SUNSET   744 PM CDT
AUGUST 18 2017........SUNRISE   633 AM CDT   SUNSET   743 PM CDT


-  INDICATES NEGATIVE NUMBERS.
R  INDICATES RECORD WAS SET OR TIED.
MM INDICATES DATA IS MISSING.
T  INDICATES TRACE AMOUNT.




$$
