000
CDUS44 KLIX 100820
CLIBTR


CLIMATE REPORT
NATIONAL WEATHER SERVICE NEW ORLEANS
220 AM CST WED FEB 10 2016


...................................

...THE BATON ROUGE  ASOS CLIMATE SUMMARY FOR FEBRUARY 9 2016...

CLIMATE NORMAL PERIOD 1981 TO 2010
CLIMATE RECORD PERIOD 1894 TO 2016


WEATHER ITEM   OBSERVED TIME   RECORD YEAR NORMAL DEPARTURE LAST
                VALUE   (LST)  VALUE       VALUE  FROM      YEAR
                                                  NORMAL
..................................................................
TEMPERATURE (F)
 YESTERDAY
  MAXIMUM         57    404 PM  83    1911  65     -8       79
                                      1904
  MINIMUM         40    712 AM  17    1933  43     -3       54
  AVERAGE         49                        54     -5       67

PRECIPITATION (IN)
  YESTERDAY        0.00          1.77 1984   0.18  -0.18     0.00
  MONTH TO DATE    1.85                      1.69   0.16     0.78
  SINCE DEC 1     13.91                     13.01   0.90    12.82
  SINCE JAN 1      7.58                      7.41   0.17     7.15

SNOWFALL (IN)
  YESTERDAY        0.0
  MONTH TO DATE    0.0
  SINCE DEC 1      0.0
  SINCE JUL 1      0.0
  SNOW DEPTH       0

DEGREE DAYS
 HEATING
  YESTERDAY       16                        12      4        0
  MONTH TO DATE  119                       111      8      125
  SINCE DEC 1    735                       916   -181      902
  SINCE JUL 1    846                      1151   -305     1243

 COOLING
  YESTERDAY        0                         1     -1        2
  MONTH TO DATE    7                         7      0        2
  SINCE DEC 1     98                        42     56       17
  SINCE JAN 1     11                        20     -9        3
..................................................................


WIND (MPH)
  HIGHEST WIND SPEED    25   HIGHEST WIND DIRECTION     W (280)
  HIGHEST GUST SPEED    34   HIGHEST GUST DIRECTION     W (280)
  AVERAGE WIND SPEED    13.8


SKY COVER
  POSSIBLE SUNSHINE  MM
  AVERAGE SKY COVER 0.0


WEATHER CONDITIONS
 THE FOLLOWING WEATHER WAS RECORDED YESTERDAY.
  NO SIGNIFICANT WEATHER WAS OBSERVED.


RELATIVE HUMIDITY (PERCENT)
 HIGHEST    45          1000 PM
 LOWEST     19           100 PM
 AVERAGE    32

..........................................................


THE BATON ROUGE  ASOS CLIMATE NORMALS FOR TODAY
                         NORMAL    RECORD    YEAR
 MAXIMUM TEMPERATURE (F)   65        83      1957
 MINIMUM TEMPERATURE (F)   44        21      1979


SUNRISE AND SUNSET
FEBRUARY 10 2016......SUNRISE   650 AM CST   SUNSET   548 PM CST
FEBRUARY 11 2016......SUNRISE   649 AM CST   SUNSET   549 PM CST


-  INDICATES NEGATIVE NUMBERS.
R  INDICATES RECORD WAS SET OR TIED.
MM INDICATES DATA IS MISSING.
T  INDICATES TRACE AMOUNT.




$$
