598
CDUS44 KLIX 220706
CLIBTR


CLIMATE REPORT
NATIONAL WEATHER SERVICE NEW ORLEANS
206 AM CDT MON MAY 22 2017


...................................

...THE BATON ROUGE  ASOS CLIMATE SUMMARY FOR MAY 21 2017...

CLIMATE NORMAL PERIOD 1981 TO 2010
CLIMATE RECORD PERIOD 1894 TO 2017


WEATHER ITEM   OBSERVED TIME   RECORD YEAR NORMAL DEPARTURE LAST
                VALUE   (LST)  VALUE       VALUE  FROM      YEAR
                                                  NORMAL
..................................................................
TEMPERATURE (F)
 YESTERDAY
  MAXIMUM         85   1239 PM  95    1922  87     -2       90
  MINIMUM         67   1046 PM  48    1894  67      0       67
  AVERAGE         76                        77     -1       79

PRECIPITATION (IN)
  YESTERDAY        1.53          2.32 1932   0.15   1.38     0.00
  MONTH TO DATE    5.75                      3.21   2.54     6.11
  SINCE MAR 1     16.89                     12.08   4.81    20.85
  SINCE JAN 1     28.32                     22.84   5.48    30.16

SNOWFALL (IN)
  YESTERDAY        0.0
  MONTH TO DATE    0.0
  SINCE MAR 1      0.0
  SINCE JUL 1      0.0
  SNOW DEPTH       0

DEGREE DAYS
 HEATING
  YESTERDAY        0                         0      0        0
  MONTH TO DATE   10                         0     10        0
  SINCE MAR 1    105                       218   -113       88
  SINCE JUL 1    809                      1553   -744     1079

 COOLING
  YESTERDAY       11                        12     -1       14
  MONTH TO DATE  157                       203    -46      160
  SINCE MAR 1    495                       403     92      416
  SINCE JAN 1    638                       434    204      433
..................................................................


WIND (MPH)
  HIGHEST WIND SPEED    24   HIGHEST WIND DIRECTION     N (350)
  HIGHEST GUST SPEED    35   HIGHEST GUST DIRECTION     N (10)
  AVERAGE WIND SPEED     6.5


SKY COVER
  POSSIBLE SUNSHINE  MM
  AVERAGE SKY COVER 0.7


WEATHER CONDITIONS
 THE FOLLOWING WEATHER WAS RECORDED YESTERDAY.
  THUNDERSTORM
  HEAVY RAIN
  RAIN
  LIGHT RAIN
  FOG


RELATIVE HUMIDITY (PERCENT)
 HIGHEST   100          1200 AM
 LOWEST     70           100 PM
 AVERAGE    85

..........................................................


THE BATON ROUGE  ASOS CLIMATE NORMALS FOR TODAY
                         NORMAL    RECORD    YEAR
 MAXIMUM TEMPERATURE (F)   88        95      1922
                                             1915
 MINIMUM TEMPERATURE (F)   67        51      2002
                                             1954


SUNRISE AND SUNSET
MAY 22 2017...........SUNRISE   606 AM CDT   SUNSET   757 PM CDT
MAY 23 2017...........SUNRISE   606 AM CDT   SUNSET   757 PM CDT


-  INDICATES NEGATIVE NUMBERS.
R  INDICATES RECORD WAS SET OR TIED.
MM INDICATES DATA IS MISSING.
T  INDICATES TRACE AMOUNT.




$$
