000
CDUS41 KBTV 200534
CLIBTV

CLIMATE REPORT
NATIONAL WEATHER SERVICE BURLINGTON VT
133 AM EDT FRI OCT 20 2017

...................................

...THE BURLINGTON VT CLIMATE SUMMARY FOR OCTOBER 19 2017...

CLIMATE NORMAL PERIOD 1981 TO 2010
CLIMATE RECORD PERIOD 1884 TO 2017


WEATHER ITEM   OBSERVED TIME   RECORD YEAR NORMAL DEPARTURE LAST
                VALUE   (LST)  VALUE       VALUE  FROM      YEAR
                                                  NORMAL
..................................................................
TEMPERATURE (F)
 YESTERDAY
  MAXIMUM         72    257 PM  80    1963  56     16       71
                                      1947
  MINIMUM         57    647 AM  20    1922  38     19       47
  AVERAGE         65                        47     18       59

PRECIPITATION (IN)
  YESTERDAY        0.00          1.72 2012   0.11  -0.11     0.00
  MONTH TO DATE    1.47                      2.27  -0.80     0.31
  SINCE SEP 1      4.26                      5.91  -1.65     1.70
  SINCE JAN 1     33.96                     29.98   3.98    20.90

SNOWFALL (IN)
  YESTERDAY        0.0           0.0  2002   0.1   -0.1      0.0
                                      2001
  MONTH TO DATE    0.0                       0.1   -0.1      0.0
  SINCE SEP 1      0.0                       0.1   -0.1      0.0
  SINCE JUL 1      0.0                       0.1   -0.1      0.0
  SNOW DEPTH       0

DEGREE DAYS
 HEATING
  YESTERDAY        0                        18    -18        6
  MONTH TO DATE  126                       282   -156      155
  SINCE SEP 1    212                       457   -245      234
  SINCE JUL 1    235                       499   -264      239

 COOLING
  YESTERDAY        0                         0      0        0
  MONTH TO DATE   13                         0     13        3
  SINCE SEP 1    127                        41     86      111
  SINCE JAN 1    644                       489    155      855
..................................................................


WIND (MPH)
  HIGHEST WIND SPEED    25   HIGHEST WIND DIRECTION     S (190)
  HIGHEST GUST SPEED    33   HIGHEST GUST DIRECTION     S (200)
  AVERAGE WIND SPEED    13.6


SKY COVER
  POSSIBLE SUNSHINE  MM
  AVERAGE SKY COVER 0.3


WEATHER CONDITIONS
 THE FOLLOWING WEATHER WAS RECORDED YESTERDAY.
  NO SIGNIFICANT WEATHER WAS OBSERVED.


RELATIVE HUMIDITY (PERCENT)
 HIGHEST    67           400 AM
 LOWEST     33           500 PM
 AVERAGE    50

..........................................................


THE BURLINGTON VT CLIMATE NORMALS FOR TODAY
                         NORMAL    RECORD    YEAR
 MAXIMUM TEMPERATURE (F)   56        78      1963
 MINIMUM TEMPERATURE (F)   38        15      1972


SUNRISE AND SUNSET
OCTOBER 20 2017.......SUNRISE   714 AM EDT   SUNSET   600 PM EDT
OCTOBER 21 2017.......SUNRISE   716 AM EDT   SUNSET   558 PM EDT


-  INDICATES NEGATIVE NUMBERS.
R  INDICATES RECORD WAS SET OR TIED.
MM INDICATES DATA IS MISSING.
T  INDICATES TRACE AMOUNT.

&&

LAKE CHAMPLAIN DATA:
LEVEL...............94.42 FEET
TEMPERATURE.........59 DEGREES

MOUNT MANSFIELD DATA:
HIGH................54 DEGREES
LOW.................46 DEGREES
PRECIPITATION.......NONE

$$
