000
CDUS41 KBTV 282132
CLIBTV

CLIMATE REPORT
NATIONAL WEATHER SERVICE BURLINGTON VT
531 PM EDT WED SEP 28 2016

...................................

...THE BURLINGTON VT CLIMATE SUMMARY FOR SEPTEMBER 28 2016...
VALID TODAY AS OF 0500 PM LOCAL TIME.

CLIMATE NORMAL PERIOD 1981 TO 2010
CLIMATE RECORD PERIOD 1884 TO 2016


WEATHER ITEM   OBSERVED TIME   RECORD YEAR NORMAL DEPARTURE LAST
                VALUE   (LST)  VALUE       VALUE  FROM      YEAR
                                                  NORMAL
..................................................................
TEMPERATURE (F)
 TODAY
  MAXIMUM         72    159 PM  83    2014  65      7       75
  MINIMUM         53    158 AM  26    1947  46      7       61
  AVERAGE         63                        55      8       68

PRECIPITATION (IN)
  TODAY            0.00          2.01 2003   0.13  -0.13     0.01
  MONTH TO DATE    1.39                      3.39  -2.00     1.51
  SINCE SEP 1      1.39                      3.39  -2.00     1.51
  SINCE JAN 1     20.59                     27.46  -6.87    25.67

SNOWFALL (IN)
  TODAY            0.0           0.0  2002   0.0    0.0      0.0
                                      2001
  MONTH TO DATE    0.0                       0.0    0.0      0.0
  SINCE SEP 1      0.0                       0.0    0.0      0.0
  SINCE JUL 1      0.0                       0.0    0.0      0.0
  SNOW DEPTH       0

DEGREE DAYS
 HEATING
  TODAY            2                        10     -8        0
  MONTH TO DATE   68                       153    -85       54
  SINCE SEP 1     68                       153    -85       54
  SINCE JUL 1     73                       195   -122       60

 COOLING
  TODAY            0                         0      0        3
  MONTH TO DATE  108                        41     67      144
  SINCE SEP 1    108                        41     67      144
  SINCE JAN 1    852                       489    363      766
..................................................................


WIND (MPH)
  HIGHEST WIND SPEED    16   HIGHEST WIND DIRECTION     E (110)
  HIGHEST GUST SPEED    19   HIGHEST GUST DIRECTION     E (110)
  AVERAGE WIND SPEED     5.2


SKY COVER
  POSSIBLE SUNSHINE  MM
  AVERAGE SKY COVER 0.5


WEATHER CONDITIONS
 THE FOLLOWING WEATHER WAS RECORDED TODAY.
  NO SIGNIFICANT WEATHER WAS OBSERVED.


RELATIVE HUMIDITY (PERCENT)
 HIGHEST    83          1200 AM
 LOWEST     41           300 PM
 AVERAGE    62

..........................................................


THE BURLINGTON VT CLIMATE NORMALS FOR TOMORROW
                         NORMAL    RECORD    YEAR
 MAXIMUM TEMPERATURE (F)   64        82      1948
 MINIMUM TEMPERATURE (F)   45        25      1914


SUNRISE AND SUNSET
SEPTEMBER 28 2016.....SUNRISE   647 AM EDT   SUNSET   638 PM EDT
SEPTEMBER 29 2016.....SUNRISE   649 AM EDT   SUNSET   636 PM EDT


-  INDICATES NEGATIVE NUMBERS.
R  INDICATES RECORD WAS SET OR TIED.
MM INDICATES DATA IS MISSING.
T  INDICATES TRACE AMOUNT.


$$
