680
CDUS41 KBTV 280550
CLIBTV


CLIMATE REPORT
NATIONAL WEATHER SERVICE BURLINGTON VT
145 AM EDT SAT MAY 28 2016


...................................

...THE BURLINGTON VT CLIMATE SUMMARY FOR MAY 27 2016...

CLIMATE NORMAL PERIOD 1981 TO 2010
CLIMATE RECORD PERIOD 1884 TO 2016


WEATHER ITEM   OBSERVED TIME   RECORD YEAR NORMAL DEPARTURE LAST
                VALUE   (LST)  VALUE       VALUE  FROM      YEAR
                                                  NORMAL
..................................................................
TEMPERATURE (F)
 YESTERDAY
  MAXIMUM         91R   348 PM  91    1944  71     20       88
  MINIMUM         MM        MM  28    1969  49     MM       70
  AVERAGE         MM                        60     MM       79

PRECIPITATION (IN)
  YESTERDAY       MM             2.09 1956   0.12  MM        0.03
  MONTH TO DATE    1.79                      2.96  -1.17     1.42
  SINCE MAR 1      5.85                      8.00  -2.15     4.96
  SINCE JAN 1     10.18                     11.82  -1.64     7.34

SNOWFALL (IN)
  YESTERDAY        0.0           T    1961   0.0    0.0      0.0
  MONTH TO DATE    T                         0.0    0.0      0.0
  SINCE MAR 1      5.3                      20.4  -15.1      7.5
  SINCE JUL 1     34.3                      81.2  -46.9     83.4
  SNOW DEPTH       0

DEGREE DAYS
 HEATING
  YESTERDAY       MM                         6     MM        0
  MONTH TO DATE  231                       264    -33      124
  SINCE MAR 1   1794                      1928   -134     1913
  SINCE JUL 1   6178                      7338  -1160     7430

 COOLING
  YESTERDAY       MM                         1     MM       14
  MONTH TO DATE   10                        10      0       71
  SINCE MAR 1     10                        12     -2       71
  SINCE JAN 1     10                        12     -2       71
..................................................................


WIND (MPH)
  HIGHEST WIND SPEED    16   HIGHEST WIND DIRECTION     S (190)
  HIGHEST GUST SPEED    28   HIGHEST GUST DIRECTION     S (200)
  AVERAGE WIND SPEED     9.7


SKY COVER
  POSSIBLE SUNSHINE  MM
  AVERAGE SKY COVER 0.4


WEATHER CONDITIONS
 THE FOLLOWING WEATHER WAS RECORDED YESTERDAY.
  NO SIGNIFICANT WEATHER WAS OBSERVED.


RELATIVE HUMIDITY (PERCENT)
 HIGHEST    87           500 AM
 LOWEST     38           200 PM
 AVERAGE    63

..........................................................


THE BURLINGTON VT CLIMATE NORMALS FOR TODAY
                         NORMAL    RECORD    YEAR
 MAXIMUM TEMPERATURE (F)   71        92      1978
 MINIMUM TEMPERATURE (F)   49        30      1961


SUNRISE AND SUNSET
MAY 28 2016...........SUNRISE   513 AM EDT   SUNSET   827 PM EDT
MAY 29 2016...........SUNRISE   513 AM EDT   SUNSET   828 PM EDT


-  INDICATES NEGATIVE NUMBERS.
R  INDICATES RECORD WAS SET OR TIED.
MM INDICATES DATA IS MISSING.
T  INDICATES TRACE AMOUNT.

&&

LAKE CHAMPLAIN DATA:
LEVEL...............96.12 FEET
TEMPERATURE.........58 DEGREES

MOUNT MANSFIELD DATA:
HIGH................72 DEGREES
LOW.................55 DEGREES
PRECIPITATION.......NONE

$$
