000
CDUS41 KBTV 310535
CLIBTV


CLIMATE REPORT
NATIONAL WEATHER SERVICE BURLINGTON VT
134 AM EDT FRI JUL 31 2015


...................................

...THE BURLINGTON VT CLIMATE SUMMARY FOR JULY 30 2015...

CLIMATE NORMAL PERIOD 1981 TO 2010
CLIMATE RECORD PERIOD 1884 TO 2015


WEATHER ITEM   OBSERVED TIME   RECORD YEAR NORMAL DEPARTURE LAST
                VALUE   (LST)  VALUE       VALUE  FROM      YEAR
                                                  NORMAL
..................................................................
TEMPERATURE (F)
 YESTERDAY
  MAXIMUM         82    943 AM  96    1959  81      1       77
  MINIMUM         69    444 AM  45    1968  60      9       52
                                      1952
  AVERAGE         76                        70      6       65

PRECIPITATION (IN)
  YESTERDAY        0.08          2.10 1905   0.14  -0.06     0.00
  MONTH TO DATE    4.67                      4.03   0.64     5.23
  SINCE JUN 1     13.34                      7.72   5.62     9.58
  SINCE JAN 1     22.18                     20.03   2.15    23.34

SNOWFALL (IN)
  YESTERDAY        0.0           0.0  2002   0.0    0.0      0.0
                                      2001
  MONTH TO DATE    0.0                       0.0    0.0      0.0
  SINCE JUN 1      0.0                       0.0    0.0      0.0
  SINCE JUL 1      0.0                       0.0    0.0      0.0
  SNOW DEPTH       0

DEGREE DAYS
 HEATING
  YESTERDAY        0                         0      0        0
  MONTH TO DATE    5                         8     -3        1
  SINCE JUN 1     76                        81     -5       21
  SINCE JUL 1      5                         8     -3        1

 COOLING
  YESTERDAY       11                         6      5        0
  MONTH TO DATE  210                       180     30      207
  SINCE JUN 1    285                       277      8      327
  SINCE JAN 1    378                       296     82      349
..................................................................


WIND (MPH)
  HIGHEST WIND SPEED    18   HIGHEST WIND DIRECTION     S (180)
  HIGHEST GUST SPEED    25   HIGHEST GUST DIRECTION     S (190)
  AVERAGE WIND SPEED     8.0


SKY COVER
  POSSIBLE SUNSHINE  MM
  AVERAGE SKY COVER 0.4


WEATHER CONDITIONS
 THE FOLLOWING WEATHER WAS RECORDED YESTERDAY.
  RAIN
  LIGHT RAIN
  FOG
  HAZE


RELATIVE HUMIDITY (PERCENT)
 HIGHEST    90           100 AM
 LOWEST     62           700 AM
 AVERAGE    76

..........................................................


THE BURLINGTON VT CLIMATE NORMALS FOR TODAY
                         NORMAL    RECORD    YEAR
 MAXIMUM TEMPERATURE (F)   81        96      1999
 MINIMUM TEMPERATURE (F)   60        42      1964


SUNRISE AND SUNSET
JULY 31 2015..........SUNRISE   538 AM EDT   SUNSET   819 PM EDT
AUGUST  1 2015........SUNRISE   539 AM EDT   SUNSET   818 PM EDT


-  INDICATES NEGATIVE NUMBERS.
R  INDICATES RECORD WAS SET OR TIED.
MM INDICATES DATA IS MISSING.
T  INDICATES TRACE AMOUNT.

&&

LAKE CHAMPLAIN DATA:
LEVEL...............97.19 FEET
TEMPERATURE.........77 DEGREES

MOUNT MANSFIELD DATA:
HIGH................76 DEGREES
LOW.................59 DEGREES
PRECIPITATION.......0.11 INCHES

$$
