240
CDUS41 KBTV 250611
CLIBTV


CLIMATE REPORT
NATIONAL WEATHER SERVICE BURLINGTON VT
209 AM EDT SUN JUN 25 2017


...................................

...THE BURLINGTON VT CLIMATE SUMMARY FOR JUNE 24 2017...

CLIMATE NORMAL PERIOD 1981 TO 2010
CLIMATE RECORD PERIOD 1884 TO 2017


WEATHER ITEM   OBSERVED TIME   RECORD YEAR NORMAL DEPARTURE LAST
                VALUE   (LST)  VALUE       VALUE  FROM      YEAR
                                                  NORMAL
..................................................................
TEMPERATURE (F)
 YESTERDAY
  MAXIMUM         84    310 PM  96    2003  79      5       80
  MINIMUM         64   1159 PM  40    1988  58      6       52
  AVERAGE         74                        68      6       66

PRECIPITATION (IN)
  YESTERDAY        0.19          1.07 1960   0.13   0.06     0.00
  MONTH TO DATE    4.61                      2.94   1.67     2.44
  SINCE JUN 1      4.61                      2.94   1.67     2.44
  SINCE JAN 1     21.29                     15.25   6.04    13.29

SNOWFALL (IN)
  YESTERDAY        0.0           0.0  2002   0.0    0.0      0.0
                                      2001
  MONTH TO DATE    0.0                       0.0    0.0      0.0
  SINCE JUN 1      0.0                       0.0    0.0      0.0
  SINCE JUL 1    100.4                      81.2   19.2     34.3
  SNOW DEPTH       0

DEGREE DAYS
 HEATING
  YESTERDAY        0                         1     -1        0
  MONTH TO DATE   50                        67    -17       48
  SINCE JUN 1     50                        67    -17       48
  SINCE JUL 1   6326                      7428  -1102     6226

 COOLING
  YESTERDAY        9                         4      5        1
  MONTH TO DATE  116                        67     49       82
  SINCE JUN 1    116                        67     49       82
  SINCE JAN 1    158                        86     72      154
..................................................................


WIND (MPH)
  HIGHEST WIND SPEED    16   HIGHEST WIND DIRECTION     W (260)
  HIGHEST GUST SPEED    21   HIGHEST GUST DIRECTION     W (270)
  AVERAGE WIND SPEED     7.3


SKY COVER
  POSSIBLE SUNSHINE  MM
  AVERAGE SKY COVER 0.7


WEATHER CONDITIONS
 THE FOLLOWING WEATHER WAS RECORDED YESTERDAY.
  RAIN
  LIGHT RAIN
  FOG


RELATIVE HUMIDITY (PERCENT)
 HIGHEST   100           300 AM
 LOWEST     35           600 PM
 AVERAGE    68

..........................................................


THE BURLINGTON VT CLIMATE NORMALS FOR TODAY
                         NORMAL    RECORD    YEAR
 MAXIMUM TEMPERATURE (F)   79        94      1995
 MINIMUM TEMPERATURE (F)   58        39      1979


SUNRISE AND SUNSET
JUNE 25 2017..........SUNRISE   509 AM EDT   SUNSET   841 PM EDT
JUNE 26 2017..........SUNRISE   510 AM EDT   SUNSET   841 PM EDT


-  INDICATES NEGATIVE NUMBERS.
R  INDICATES RECORD WAS SET OR TIED.
MM INDICATES DATA IS MISSING.
T  INDICATES TRACE AMOUNT.







&&

LAKE CHAMPLAIN DATA:
LEVEL...............97.01 FEET
TEMPERATURE.........64 DEGREES

MOUNT MANSFIELD DATA:
HIGH................64 DEGREES
LOW.................53 DEGREES
PRECIPITATION.......1.37 INCHES

$$
