000
CDUS41 KBTV 280543
CLIBTV


CLIMATE REPORT
NATIONAL WEATHER SERVICE BURLINGTON VT
137 AM EDT TUE MAR 28 2017


...................................

...THE BURLINGTON VT CLIMATE SUMMARY FOR MARCH 27 2017...

CLIMATE NORMAL PERIOD 1981 TO 2010
CLIMATE RECORD PERIOD 1884 TO 2017


WEATHER ITEM   OBSERVED TIME   RECORD YEAR NORMAL DEPARTURE LAST
                VALUE   (LST)  VALUE       VALUE  FROM      YEAR
                                                  NORMAL
..................................................................
TEMPERATURE (F)
 YESTERDAY
  MAXIMUM         42    539 PM  71    1976  45     -3       61
                                      1921
  MINIMUM         36    840 AM  -1    1923  27      9       27
  AVERAGE         39                        36      3       44

PRECIPITATION (IN)
  YESTERDAY        0.31          1.49 1913   0.07   0.24     0.00
  MONTH TO DATE    2.67                      1.91   0.76     1.66
  SINCE MAR 1      2.67                      1.91   0.76     1.66
  SINCE JAN 1      7.34                      5.73   1.61     5.99

SNOWFALL (IN)
  YESTERDAY        0.0           1.8  1983   0.3   -0.3      0.0
  MONTH TO DATE   34.3                      14.5   19.8      1.8
  SINCE MAR 1     34.3                      14.5   19.8      1.8
  SINCE JUL 1     93.5                      75.3   18.2     30.8
  SNOW DEPTH       5

DEGREE DAYS
 HEATING
  YESTERDAY       26                        29     -3       21
  MONTH TO DATE 1052                       941    111      787
  SINCE MAR 1   1052                       941    111      787
  SINCE JUL 1   5430                      6351   -921     5171

 COOLING
  YESTERDAY        0                         0      0        0
  MONTH TO DATE    0                         0      0        0
  SINCE MAR 1      0                         0      0        0
  SINCE JAN 1      0                         0      0        0
..................................................................


WIND (MPH)
  HIGHEST WIND SPEED    23   HIGHEST WIND DIRECTION     S (180)
  HIGHEST GUST SPEED    29   HIGHEST GUST DIRECTION     S (180)
  AVERAGE WIND SPEED     8.4


SKY COVER
  POSSIBLE SUNSHINE  MM
  AVERAGE SKY COVER 1.0


WEATHER CONDITIONS
 THE FOLLOWING WEATHER WAS RECORDED YESTERDAY.
  LIGHT RAIN
  LIGHT SNOW
  FOG


RELATIVE HUMIDITY (PERCENT)
 HIGHEST   100           800 PM
 LOWEST     70          1200 AM
 AVERAGE    85

..........................................................


THE BURLINGTON VT CLIMATE NORMALS FOR TODAY
                         NORMAL    RECORD    YEAR
 MAXIMUM TEMPERATURE (F)   45        79      1945
 MINIMUM TEMPERATURE (F)   27        -5      1923


SUNRISE AND SUNSET
MARCH 28 2017.........SUNRISE   641 AM EDT   SUNSET   715 PM EDT
MARCH 29 2017.........SUNRISE   639 AM EDT   SUNSET   717 PM EDT


-  INDICATES NEGATIVE NUMBERS.
R  INDICATES RECORD WAS SET OR TIED.
MM INDICATES DATA IS MISSING.
T  INDICATES TRACE AMOUNT.

&&

LAKE CHAMPLAIN DATA:
LEVEL...............96.68 FEET
TEMPERATURE.........35 DEGREES

MOUNT MANSFIELD DATA:
HIGH................33 DEGREES
LOW.................11 DEGREES
PRECIPITATION.......0.50 INCHES
NEW SNOW............TRACE
SNOW AT STAKE.......99 INCHES

$$
