000
CDUS41 KBUF 231049
CLIBUF


CLIMATE REPORT
NATIONAL WEATHER SERVICE BUFFALO NY
548 AM EST THU FEB 23 2017


...................................

...THE BUFFALO NY CLIMATE SUMMARY FOR FEBRUARY 22 2017...

CLIMATE NORMAL PERIOD 1981 TO 2010
CLIMATE RECORD PERIOD 1871 TO 2017


WEATHER ITEM   OBSERVED TIME   RECORD YEAR NORMAL DEPARTURE LAST
                VALUE   (LST)  VALUE       VALUE  FROM      YEAR
                                                  NORMAL
..................................................................
TEMPERATURE (F)
 YESTERDAY
  MAXIMUM         58   1216 PM  66    1930  35     23       34
  MINIMUM         41    514 AM  -3    1885  20     21       23
  AVERAGE         50                        27     23       29

PRECIPITATION (IN)
  YESTERDAY        0.00          1.21 1990   0.09  -0.09     0.00
  MONTH TO DATE    1.44                      1.93  -0.49     2.18
  SINCE DEC 1      8.42                      9.00  -0.58     6.89
  SINCE JAN 1      4.36                      5.11  -0.75     3.99

SNOWFALL (IN)
  YESTERDAY        0.0           5.9  1914   0.6   -0.6      0.0
  MONTH TO DATE    4.6                      13.9   -9.3     18.7
  SINCE DEC 1     45.7                      66.6  -20.9     45.3
  SINCE JUL 1     46.6                      75.4  -28.8     45.3
  SNOW DEPTH       0

DEGREE DAYS
 HEATING
  YESTERDAY       15                        38    -23       36
  MONTH TO DATE  722                       864   -142      802
  SINCE DEC 1   2807                      3190   -383     2678
  SINCE JUL 1   3777                      4523   -746     3722

 COOLING
  YESTERDAY        0                         0      0        0
  MONTH TO DATE    0                         0      0        0
  SINCE DEC 1      0                         0      0        0
  SINCE JAN 1      0                         0      0        0
..................................................................


WIND (MPH)
  HIGHEST WIND SPEED    14   HIGHEST WIND DIRECTION     W (250)
  HIGHEST GUST SPEED    22   HIGHEST GUST DIRECTION     W (250)
  AVERAGE WIND SPEED     6.7


SKY COVER
  AVERAGE SKY COVER 0.9


WEATHER CONDITIONS
 THE FOLLOWING WEATHER WAS RECORDED YESTERDAY.
  FOG
  HAZE


RELATIVE HUMIDITY (PERCENT)
 HIGHEST    96           400 AM
 LOWEST     61          1000 AM
 AVERAGE    79

..........................................................


THE BUFFALO NY CLIMATE NORMALS FOR TODAY
                         NORMAL    RECORD    YEAR
 MAXIMUM TEMPERATURE (F)   35        62      1984
 MINIMUM TEMPERATURE (F)   20        -7      2015


SUNRISE AND SUNSET
FEBRUARY 23 2017......SUNRISE   700 AM EST   SUNSET   557 PM EST
FEBRUARY 24 2017......SUNRISE   658 AM EST   SUNSET   558 PM EST


-  INDICATES NEGATIVE NUMBERS.
R  INDICATES RECORD WAS SET OR TIED.
MM INDICATES DATA IS MISSING.
T  INDICATES TRACE AMOUNT.




$$
