000
CDUS41 KBUF 102140
CLIBUF


CLIMATE REPORT
NATIONAL WEATHER SERVICE BUFFALO NY
439 PM EST SAT DEC 10 2016


...................................

...THE BUFFALO NY CLIMATE SUMMARY FOR DECEMBER 10 2016...
VALID TODAY AS OF 0400 PM LOCAL TIME.

CLIMATE NORMAL PERIOD 1981 TO 2010
CLIMATE RECORD PERIOD 1871 TO 2016


WEATHER ITEM   OBSERVED TIME   RECORD YEAR NORMAL DEPARTURE LAST
                VALUE   (LST)  VALUE       VALUE  FROM      YEAR
                                                  NORMAL
..................................................................
TEMPERATURE (F)
 TODAY
  MAXIMUM         32   1153 AM  62    1911  38     -6       54
  MINIMUM         23    352 AM   2    1876  26     -3       44
  AVERAGE         28                        32     -4       49

PRECIPITATION (IN)
  TODAY            T             1.31 1878   0.13  -0.13      T
  MONTH TO DATE    0.89                      1.25  -0.36     0.15
  SINCE DEC 1      0.89                      1.25  -0.36     0.15
  SINCE JAN 1     30.70                     37.84  -7.14    34.04

SNOWFALL (IN)
  TODAY            T            33.9  1995   0.8   -0.8      0.0
  MONTH TO DATE    0.3                       6.8   -6.5      0.0
  SINCE DEC 1      0.3                       6.8   -6.5      0.0
  SINCE JUL 1      1.2                      15.6  -14.4       T
  SNOW DEPTH       T

DEGREE DAYS
 HEATING
  TODAY           37                        33      4       16
  MONTH TO DATE  292                       317    -25      239
  SINCE DEC 1    292                       317    -25      239
  SINCE JUL 1   1262                      1650   -388     1283

 COOLING
  TODAY            0                         0      0        0
  MONTH TO DATE    0                         0      0        0
  SINCE DEC 1      0                         0      0        0
  SINCE JAN 1    939                       544    395      657
..................................................................


WIND (MPH)
  HIGHEST WIND SPEED    20   HIGHEST WIND DIRECTION     W (280)
  HIGHEST GUST SPEED    25   HIGHEST GUST DIRECTION     W (270)
  AVERAGE WIND SPEED     7.5


SKY COVER
  AVERAGE SKY COVER 0.7


WEATHER CONDITIONS
 THE FOLLOWING WEATHER WAS RECORDED TODAY.
  LIGHT SNOW
  FOG


RELATIVE HUMIDITY (PERCENT)
 HIGHEST    88           800 AM
 LOWEST     49           300 PM
 AVERAGE    69

..........................................................


THE BUFFALO NY CLIMATE NORMALS FOR TOMORROW
                         NORMAL    RECORD    YEAR
 MAXIMUM TEMPERATURE (F)   37        61      1899
 MINIMUM TEMPERATURE (F)   25        -6      1960


SUNRISE AND SUNSET
DECEMBER 10 2016......SUNRISE   735 AM EST   SUNSET   440 PM EST
DECEMBER 11 2016......SUNRISE   736 AM EST   SUNSET   441 PM EST


-  INDICATES NEGATIVE NUMBERS.
R  INDICATES RECORD WAS SET OR TIED.
MM INDICATES DATA IS MISSING.
T  INDICATES TRACE AMOUNT.

$$
