000
CDUS41 KBUF 182126
CLIBUF


CLIMATE REPORT
NATIONAL WEATHER SERVICE BUFFALO NY
424 PM EST MON DEC 18 2017


...................................

...THE BUFFALO NY CLIMATE SUMMARY FOR DECEMBER 18 2017...
VALID TODAY AS OF 0400 PM LOCAL TIME.

CLIMATE NORMAL PERIOD 1981 TO 2010
CLIMATE RECORD PERIOD 1871 TO 2017


WEATHER ITEM   OBSERVED TIME   RECORD YEAR NORMAL DEPARTURE LAST
                VALUE   (LST)  VALUE       VALUE  FROM      YEAR
                                                  NORMAL
..................................................................
TEMPERATURE (F)
 TODAY
  MAXIMUM         38    359 PM  58    1967  35      3       33
  MINIMUM         25   1254 AM  -1    1919  23      2       17
  AVERAGE         32                        29      3       25

PRECIPITATION (IN)
  TODAY            0.03          0.99 1990   0.12  -0.09     0.19
  MONTH TO DATE    1.65                      2.27  -0.62     3.10
  SINCE DEC 1      1.65                      2.27  -0.62     3.10
  SINCE JAN 1     47.20                     38.86   8.34    32.91

SNOWFALL (IN)
  TODAY            0.0           7.4  1914   1.0   -1.0       T
  MONTH TO DATE   19.9                      14.3    5.6     24.9
  SINCE DEC 1     19.9                      14.3    5.6     24.9
  SINCE JUL 1     20.1                      23.1   -3.0     25.8
  SNOW DEPTH       5

DEGREE DAYS
 HEATING
  TODAY           33                        36     -3       40
  MONTH TO DATE  642                       595     47      620
  SINCE DEC 1    642                       595     47      620
  SINCE JUL 1   1757                      1928   -171     1590

 COOLING
  TODAY            0                         0      0        0
  MONTH TO DATE    0                         0      0        0
  SINCE DEC 1      0                         0      0        0
  SINCE JAN 1    603                       544     59      939
..................................................................


WIND (MPH)
  HIGHEST WIND SPEED    18   HIGHEST WIND DIRECTION    SW (220)
  HIGHEST GUST SPEED    23   HIGHEST GUST DIRECTION    SW (220)
  AVERAGE WIND SPEED     6.9


SKY COVER
  AVERAGE SKY COVER 1.0


WEATHER CONDITIONS
 THE FOLLOWING WEATHER WAS RECORDED TODAY.
  LIGHT RAIN
  FOG


RELATIVE HUMIDITY (PERCENT)
 HIGHEST   100          1000 AM
 LOWEST     78           300 AM
 AVERAGE    89

..........................................................


THE BUFFALO NY CLIMATE NORMALS FOR TOMORROW
                         NORMAL    RECORD    YEAR
 MAXIMUM TEMPERATURE (F)   35        61      1957
 MINIMUM TEMPERATURE (F)   23        -6      1875


SUNRISE AND SUNSET
DECEMBER 18 2017......SUNRISE   741 AM EST   SUNSET   442 PM EST
DECEMBER 19 2017......SUNRISE   742 AM EST   SUNSET   443 PM EST


-  INDICATES NEGATIVE NUMBERS.
R  INDICATES RECORD WAS SET OR TIED.
MM INDICATES DATA IS MISSING.
T  INDICATES TRACE AMOUNT.

$$
