000
CDUS41 KBUF 282056
CLIBUF


CLIMATE REPORT
NATIONAL WEATHER SERVICE BUFFALO NY
454 PM EDT WED JUN 28 2017


...................................

...THE BUFFALO NY CLIMATE SUMMARY FOR JUNE 28 2017...
VALID TODAY AS OF 0400 PM LOCAL TIME.

CLIMATE NORMAL PERIOD 1981 TO 2010
CLIMATE RECORD PERIOD 1871 TO 2017


WEATHER ITEM   OBSERVED TIME   RECORD YEAR NORMAL DEPARTURE LAST
                VALUE   (LST)  VALUE       VALUE  FROM      YEAR
                                                  NORMAL
..................................................................
TEMPERATURE (F)
 TODAY
  MAXIMUM         73    222 PM  95    1944  78     -5       76
  MINIMUM         55    352 AM  49    1962  61     -6       63
                                      1891
  AVERAGE         64                        70     -6       70

PRECIPITATION (IN)
  TODAY            T             1.58 1957   0.10  -0.10     0.00
  MONTH TO DATE    1.98                      3.44  -1.46     1.31
  SINCE JUN 1      1.98                      3.44  -1.46     1.31
  SINCE JAN 1     24.25                     18.45   5.80    12.55

SNOWFALL (IN)
  TODAY            0.0           0.0    MM   0.0    0.0      0.0
  MONTH TO DATE    0.0                       0.0    0.0      0.0
  SINCE JUN 1      0.0                       0.0    0.0      0.0
  SINCE JUL 1     76.1                      94.7  -18.6     55.1
  SNOW DEPTH       0

DEGREE DAYS
 HEATING
  TODAY            1                         1      0        0
  MONTH TO DATE   49                        63    -14       42
  SINCE JUN 1     49                        63    -14       42
  SINCE JUL 1   5643                      6616   -973     5637

 COOLING
  TODAY            0                         5     -5        5
  MONTH TO DATE  110                        92     18      123
  SINCE JUN 1    110                        92     18      123
  SINCE JAN 1    137                       118     19      182
..................................................................


WIND (MPH)
  HIGHEST WIND SPEED    22   HIGHEST WIND DIRECTION    SW (230)
  HIGHEST GUST SPEED    30   HIGHEST GUST DIRECTION    SW (240)
  AVERAGE WIND SPEED    11.6


SKY COVER
  AVERAGE SKY COVER 0.5


WEATHER CONDITIONS
 THE FOLLOWING WEATHER WAS RECORDED TODAY.
  NO SIGNIFICANT WEATHER WAS OBSERVED.


RELATIVE HUMIDITY (PERCENT)
 HIGHEST    80           300 AM
 LOWEST     41           100 PM
 AVERAGE    61

..........................................................


THE BUFFALO NY CLIMATE NORMALS FOR TOMORROW
                         NORMAL    RECORD    YEAR
 MAXIMUM TEMPERATURE (F)   79        97      1933
 MINIMUM TEMPERATURE (F)   61        45      1988


SUNRISE AND SUNSET
JUNE 28 2017..........SUNRISE   539 AM EDT   SUNSET   858 PM EDT
JUNE 29 2017..........SUNRISE   539 AM EDT   SUNSET   858 PM EDT


-  INDICATES NEGATIVE NUMBERS.
R  INDICATES RECORD WAS SET OR TIED.
MM INDICATES DATA IS MISSING.
T  INDICATES TRACE AMOUNT.




$$
