000
CDUS46 KLOX 200857
CLIBUR


CLIMATE REPORT
NATIONAL WEATHER SERVICE LOS ANGELES/OXNARD CA
1257 AM PST MON NOV 20 2017


...................................

...THE BOB HOPE AIRPORT (BURBANK) CA CLIMATE SUMMARY FOR NOVEMBER 19 2017...

CLIMATE NORMAL PERIOD 1981 TO 2010
CLIMATE RECORD PERIOD 1939 TO 2017


WEATHER ITEM   OBSERVED TIME   RECORD YEAR NORMAL DEPARTURE LAST
                VALUE   (LST)  VALUE       VALUE  FROM      YEAR
                                                  NORMAL
..................................................................
TEMPERATURE (F)
 YESTERDAY
  MAXIMUM         79    241 PM  90    2006  72      7       74
  MINIMUM         49    653 AM  33    1978  45      4       44
                                      1975
                                      1941
  AVERAGE         64                        58      6       59

PRECIPITATION (IN)
  YESTERDAY        0.00          1.95 1967   0.03  -0.03     0.00
  MONTH TO DATE    T                         0.59  -0.59     0.00
  SINCE OCT 1      0.08                      1.56  -1.48     0.22
  SINCE JAN 1      9.70                     14.43  -4.73     6.78

SNOWFALL (IN)
  YESTERDAY        0.0
  MONTH TO DATE    0.0
  SINCE SEP 1      0.0
  SINCE JUL 1      0.0

DEGREE DAYS
 HEATING
  YESTERDAY        1                         7     -6        6
  MONTH TO DATE   23                        88    -65       22
  SINCE SEP 1     28                       137   -109       28
  SINCE JUL 1     28                       137   -109       28

 COOLING
  YESTERDAY        0                         0      0        0
  MONTH TO DATE   13                        12      1       87
  SINCE SEP 1    555                       361    194      517
  SINCE JAN 1   1883                      1243    640     1730
..................................................................


WIND (MPH)
  HIGHEST WIND SPEED     9   HIGHEST WIND DIRECTION     S (180)
  HIGHEST GUST SPEED    12   HIGHEST GUST DIRECTION     S (200)
  AVERAGE WIND SPEED     3.3


SKY COVER
  POSSIBLE SUNSHINE  MM
  AVERAGE SKY COVER 0.0


WEATHER CONDITIONS
 THE FOLLOWING WEATHER WAS RECORDED YESTERDAY.
  NO SIGNIFICANT WEATHER WAS OBSERVED.


RELATIVE HUMIDITY (PERCENT)
 HIGHEST    50           700 AM
 LOWEST      8           300 PM
 AVERAGE    29

..........................................................


THE BOB HOPE AIRPORT (BURBANK) CA CLIMATE NORMALS FOR TODAY
                         NORMAL    RECORD    YEAR
 MAXIMUM TEMPERATURE (F)   72        90      1954
 MINIMUM TEMPERATURE (F)   45        31      1971


SUNRISE AND SUNSET
NOVEMBER 20 2017......SUNRISE   631 AM PST   SUNSET   447 PM PST
NOVEMBER 21 2017......SUNRISE   632 AM PST   SUNSET   446 PM PST


-  INDICATES NEGATIVE NUMBERS.
R  INDICATES RECORD WAS SET OR TIED.
MM INDICATES DATA IS MISSING.
T  INDICATES TRACE AMOUNT.




$$
