000
CDUS46 KLOX 120908
CLIBUR


CLIMATE REPORT
NATIONAL WEATHER SERVICE LOS ANGELES/OXNARD CA
107 AM PST FRI FEB 12 2016


...................................

...THE BOB HOPE AIRPORT (BURBANK) CA CLIMATE SUMMARY FOR FEBRUARY 11 2016...

CLIMATE NORMAL PERIOD 1981 TO 2010
CLIMATE RECORD PERIOD 1939 TO 2016


WEATHER ITEM   OBSERVED TIME   RECORD YEAR NORMAL DEPARTURE LAST
                VALUE   (LST)  VALUE       VALUE  FROM      YEAR
                                                  NORMAL
..................................................................
TEMPERATURE (F)
 YESTERDAY
  MAXIMUM         87    322 PM  88    1971  68     19       84
  MINIMUM         52    653 AM  33    1979  44      8       51
  AVERAGE         70                        56     14       68

PRECIPITATION (IN)
  YESTERDAY        0.00          3.85 1992   0.15  -0.15     0.00
  MONTH TO DATE    T                         1.63  -1.63     0.01
  SINCE OCT 1      4.84                      9.60  -4.76     5.62
  SINCE JAN 1      3.74                      5.16  -1.42     1.12

SNOWFALL (IN)
  YESTERDAY        0.0
  MONTH TO DATE    0.0
  SINCE DEC 1      0.0
  SINCE JUL 1      0.0

DEGREE DAYS
 HEATING
  YESTERDAY        0                         9     -9        0
  MONTH TO DATE   65                       109    -44       22
  SINCE DEC 1    705                       764    -59      429
  SINCE JUL 1    881                       992   -111      489

 COOLING
  YESTERDAY        5                         0      5        3
  MONTH TO DATE   23                         0     23        8
  SINCE DEC 1     27                         3     24       17
  SINCE JAN 1     23                         2     21       14
..................................................................


WIND (MPH)
  HIGHEST WIND SPEED    10   HIGHEST WIND DIRECTION     S (160)
  HIGHEST GUST SPEED    MM   HIGHEST GUST DIRECTION    MM
  AVERAGE WIND SPEED     1.3


SKY COVER
  POSSIBLE SUNSHINE  MM
  AVERAGE SKY COVER 0.0


WEATHER CONDITIONS
 THE FOLLOWING WEATHER WAS RECORDED YESTERDAY.
  NO SIGNIFICANT WEATHER WAS OBSERVED.


RELATIVE HUMIDITY (PERCENT)
 HIGHEST    44           700 AM
 LOWEST     10           200 PM
 AVERAGE    27

..........................................................


THE BOB HOPE AIRPORT (BURBANK) CA CLIMATE NORMALS FOR TODAY
                         NORMAL    RECORD    YEAR
 MAXIMUM TEMPERATURE (F)   68        89      1971
 MINIMUM TEMPERATURE (F)   44        29      1978


SUNRISE AND SUNSET
FEBRUARY 12 2016......SUNRISE   642 AM PST   SUNSET   534 PM PST
FEBRUARY 13 2016......SUNRISE   641 AM PST   SUNSET   535 PM PST


-  INDICATES NEGATIVE NUMBERS.
R  INDICATES RECORD WAS SET OR TIED.
MM INDICATES DATA IS MISSING.
T  INDICATES TRACE AMOUNT.




$$
