000
CDUS46 KLOX 300858
CLIBUR


CLIMATE REPORT
NATIONAL WEATHER SERVICE LOS ANGELES/OXNARD CA
1258 AM PST FRI JAN 30 2015


...................................

...THE BOB HOPE AIRPORT (BURBANK) CA CLIMATE SUMMARY FOR JANUARY 29 2015...

CLIMATE NORMAL PERIOD 1981 TO 2010
CLIMATE RECORD PERIOD 1939 TO 2015


WEATHER ITEM   OBSERVED TIME   RECORD YEAR NORMAL DEPARTURE LAST
                VALUE   (LST)  VALUE       VALUE  FROM      YEAR
                                                  NORMAL
..................................................................
TEMPERATURE (F)
 YESTERDAY
  MAXIMUM         73    321 PM  86    1971  68      5       79
  MINIMUM         57    720 AM  22    1979  43     14       51
  AVERAGE         65                        55     10       65

PRECIPITATION (IN)
  YESTERDAY        T             2.93 1980   0.13  -0.13     0.00
  MONTH TO DATE    0.88                      3.27  -2.39      T
  SINCE OCT 1      5.38                      7.71  -2.33     0.63
  SINCE JAN 1      0.88                      3.27  -2.39      T

SNOWFALL (IN)
  YESTERDAY        0.0
  MONTH TO DATE    0.0
  SINCE DEC 1      0.0
  SINCE JUL 1      0.0

DEGREE DAYS
 HEATING
  YESTERDAY        0                        10    -10        0
  MONTH TO DATE  163                       296   -133       57
  SINCE DEC 1    401                       635   -234      267
  SINCE JUL 1    461                       863   -402      355

 COOLING
  YESTERDAY        0                         0      0        0
  MONTH TO DATE    6                         0      6       37
  SINCE DEC 1      9                         1      8       51
  SINCE JAN 1      6                         0      6       37
..................................................................


WIND (MPH)
  HIGHEST WIND SPEED     9   HIGHEST WIND DIRECTION    NW (330)
  HIGHEST GUST SPEED    14   HIGHEST GUST DIRECTION    SE (130)
  AVERAGE WIND SPEED     2.6


SKY COVER
  POSSIBLE SUNSHINE  MM
  AVERAGE SKY COVER 0.2


WEATHER CONDITIONS
 THE FOLLOWING WEATHER WAS RECORDED YESTERDAY.
  LIGHT RAIN


RELATIVE HUMIDITY (PERCENT)
 HIGHEST    62           500 AM
 LOWEST     31           400 PM
 AVERAGE    47

..........................................................


THE BOB HOPE AIRPORT (BURBANK) CA CLIMATE NORMALS FOR TODAY
                         NORMAL    RECORD    YEAR
 MAXIMUM TEMPERATURE (F)   68        85      2003
 MINIMUM TEMPERATURE (F)   43        29      1969


SUNRISE AND SUNSET
JANUARY 30 2015.......SUNRISE   652 AM PST   SUNSET   522 PM PST
JANUARY 31 2015.......SUNRISE   652 AM PST   SUNSET   523 PM PST


-  INDICATES NEGATIVE NUMBERS.
R  INDICATES RECORD WAS SET OR TIED.
MM INDICATES DATA IS MISSING.
T  INDICATES TRACE AMOUNT.




$$
