000
CDUS46 KLOX 270856
CLIBUR


CLIMATE REPORT
NATIONAL WEATHER SERVICE LOS ANGELES/OXNARD CA
156 AM PDT WED MAY 27 2015


...................................

...THE BOB HOPE AIRPORT (BURBANK) CA CLIMATE SUMMARY FOR MAY 26 2015...

CLIMATE NORMAL PERIOD 1981 TO 2010
CLIMATE RECORD PERIOD 1939 TO 2015


WEATHER ITEM   OBSERVED TIME   RECORD YEAR NORMAL DEPARTURE LAST
                VALUE   (LST)  VALUE       VALUE  FROM      YEAR
                                                  NORMAL
..................................................................
TEMPERATURE (F)
 YESTERDAY
  MAXIMUM         71    341 PM 100    1974  77     -6       84
  MINIMUM         57   1140 PM  42    1977  56      1       60
  AVERAGE         64                        66     -2       72

PRECIPITATION (IN)
  YESTERDAY        0.00          0.01 1985   0.01  -0.01     0.00
  MONTH TO DATE    0.30                      0.32  -0.02      T
  SINCE OCT 1      7.58                     16.85  -9.27     5.54
  SINCE JAN 1      3.08                     12.41  -9.33     4.91

SNOWFALL (IN)
  YESTERDAY        0.0
  MONTH TO DATE    0.0
  SINCE MAR 1      0.0
  SINCE JUL 1      0.0

DEGREE DAYS
 HEATING
  YESTERDAY        1                         1      0        0
  MONTH TO DATE   65                        52     13       22
  SINCE MAR 1    177                       408   -231      182
  SINCE JUL 1    734                      1549   -815      659

 COOLING
  YESTERDAY        0                         3     -3        7
  MONTH TO DATE   26                        55    -29      163
  SINCE MAR 1    221                       100    121      264
  SINCE JAN 1    247                       106    141      324
..................................................................


WIND (MPH)
  HIGHEST WIND SPEED    13   HIGHEST WIND DIRECTION     S (180)
  HIGHEST GUST SPEED    15   HIGHEST GUST DIRECTION     S (160)
  AVERAGE WIND SPEED     5.0


SKY COVER
  POSSIBLE SUNSHINE  MM
  AVERAGE SKY COVER 0.6


WEATHER CONDITIONS
 THE FOLLOWING WEATHER WAS RECORDED YESTERDAY.
  NO SIGNIFICANT WEATHER WAS OBSERVED.


RELATIVE HUMIDITY (PERCENT)
 HIGHEST    80          1000 PM
 LOWEST     53           200 PM
 AVERAGE    67

..........................................................


THE BOB HOPE AIRPORT (BURBANK) CA CLIMATE NORMALS FOR TODAY
                         NORMAL    RECORD    YEAR
 MAXIMUM TEMPERATURE (F)   77       100      1973
 MINIMUM TEMPERATURE (F)   56        46      1946


SUNRISE AND SUNSET
MAY 27 2015...........SUNRISE   545 AM PDT   SUNSET   757 PM PDT
MAY 28 2015...........SUNRISE   544 AM PDT   SUNSET   758 PM PDT


-  INDICATES NEGATIVE NUMBERS.
R  INDICATES RECORD WAS SET OR TIED.
MM INDICATES DATA IS MISSING.
T  INDICATES TRACE AMOUNT.




$$
