000
CDUS46 KLOX 220902
CLIBUR


CLIMATE REPORT
NATIONAL WEATHER SERVICE LOS ANGELES/OXNARD CA
202 AM PDT WED OCT 22 2014


...................................

...THE BOB HOPE AIRPORT (BURBANK) CA CLIMATE SUMMARY FOR OCTOBER 21 2014...

CLIMATE NORMAL PERIOD 1981 TO 2010
CLIMATE RECORD PERIOD 1939 TO 2014


WEATHER ITEM   OBSERVED TIME   RECORD YEAR NORMAL DEPARTURE LAST
                VALUE   (LST)  VALUE       VALUE  FROM      YEAR
                                                  NORMAL
..................................................................
TEMPERATURE (F)
 YESTERDAY
  MAXIMUM         81   1137 AM 101    2003  79      2       81
  MINIMUM         61   1159 PM  41    1949  53      8       54
  AVERAGE         71                        66      5       68

PRECIPITATION (IN)
  YESTERDAY        0.00          0.44 1941   0.03  -0.03     0.00
  MONTH TO DATE    0.00                      0.60  -0.60     0.10
  SINCE JUL 1      0.04                      0.92  -0.88     0.11
  SINCE JAN 1      4.95                     13.47  -8.52     2.71

SNOWFALL (IN)
  YESTERDAY        0.0
  MONTH TO DATE    0.0
  SINCE SEP 1      0.0
  SINCE JUL 1      0.0

DEGREE DAYS
 HEATING
  YESTERDAY        0                         2     -2        0
  MONTH TO DATE    0                        23    -23       13
  SINCE SEP 1      0                        29    -29       13
  SINCE JUL 1      0                        29    -29       13

 COOLING
  YESTERDAY        6                         3      3        3
  MONTH TO DATE  163                        82     81      115
  SINCE SEP 1    559                       331    228      516
  SINCE JAN 1   1859                      1213    646     1945
..................................................................


WIND (MPH)
  HIGHEST WIND SPEED    13   HIGHEST WIND DIRECTION     S (160)
  HIGHEST GUST SPEED    18   HIGHEST GUST DIRECTION    SW (240)
  AVERAGE WIND SPEED     3.2


SKY COVER
  POSSIBLE SUNSHINE  MM
  AVERAGE SKY COVER 0.3


WEATHER CONDITIONS
 THE FOLLOWING WEATHER WAS RECORDED YESTERDAY.
  FOG
  FOG W/VISIBILITY <= 1/4 MILE
  HAZE


RELATIVE HUMIDITY (PERCENT)
 HIGHEST    97           400 AM
 LOWEST     36          1100 AM
 AVERAGE    67

..........................................................


THE BOB HOPE AIRPORT (BURBANK) CA CLIMATE NORMALS FOR TODAY
                         NORMAL    RECORD    YEAR
 MAXIMUM TEMPERATURE (F)   79        99      2003
                                             1965
 MINIMUM TEMPERATURE (F)   53        42      1996


SUNRISE AND SUNSET
OCTOBER 22 2014.......SUNRISE   705 AM PDT   SUNSET   611 PM PDT
OCTOBER 23 2014.......SUNRISE   705 AM PDT   SUNSET   610 PM PDT


-  INDICATES NEGATIVE NUMBERS.
R  INDICATES RECORD WAS SET OR TIED.
MM INDICATES DATA IS MISSING.
T  INDICATES TRACE AMOUNT.




$$
