000
CDUS43 KLMK 180627
CLIBWG


CLIMATE REPORT
NATIONAL WEATHER SERVICE LOUISVILLE KY
127 AM EST SAT NOV 18 2017


...................................

...THE BOWLING GREEN KY CLIMATE SUMMARY FOR NOVEMBER 17 2017...

CLIMATE NORMAL PERIOD 1981 TO 2010
CLIMATE RECORD PERIOD 1870 TO 2017


WEATHER ITEM   OBSERVED TIME   RECORD YEAR NORMAL DEPARTURE LAST
                VALUE   (LST)  VALUE       VALUE  FROM      YEAR
                                                  NORMAL
..................................................................
TEMPERATURE (F)
 YESTERDAY
  MAXIMUM         62   1100 PM  80    2016  59      3       80
                                      1958
  MINIMUM         31   1258 AM  11    1901  37     -6       39
  AVERAGE         47                        48     -1       60

PRECIPITATION (IN)
  YESTERDAY        0.00          2.09 1980   0.14  -0.14     0.00
  MONTH TO DATE    1.53                      2.23  -0.70     0.02
  SINCE SEP 1     11.47                      9.54   1.93     2.15
  SINCE JAN 1     48.55                     43.10   5.45    40.07

SNOWFALL (IN)
  YESTERDAY        0.0           1.0  1937   0.0    0.0      0.0
  MONTH TO DATE    0.0                       0.0    0.0      0.0
  SINCE SEP 1      T                         T      0.0      0.0
  SINCE JUL 1      T                         T      0.0      0.0
  SNOW DEPTH       0

DEGREE DAYS
 HEATING
  YESTERDAY       18                        17      1        5
  MONTH TO DATE  223                       243    -20      169
  SINCE SEP 1    443                       505    -62      255
  SINCE JUL 1    443                       506    -63      255

 COOLING
  YESTERDAY        0                         0      0        0
  MONTH TO DATE   12                         0     12       15
  SINCE SEP 1    248                       219     29      420
  SINCE JAN 1   1600                      1488    112     1979
..................................................................


WIND (MPH)
  HIGHEST WIND SPEED    20   HIGHEST WIND DIRECTION     S (180)
  HIGHEST GUST SPEED    27   HIGHEST GUST DIRECTION     S (180)
  AVERAGE WIND SPEED     8.2


SKY COVER
  POSSIBLE SUNSHINE  MM
  AVERAGE SKY COVER 0.5


WEATHER CONDITIONS
 THE FOLLOWING WEATHER WAS RECORDED YESTERDAY.
  FOG
  HAZE


RELATIVE HUMIDITY (PERCENT)
 HIGHEST   100           100 AM
 LOWEST     34           900 PM
 AVERAGE    67

..........................................................


THE BOWLING GREEN KY CLIMATE NORMALS FOR TODAY
                         NORMAL    RECORD    YEAR
 MAXIMUM TEMPERATURE (F)   58        82      1930
 MINIMUM TEMPERATURE (F)   37        10      1891


SUNRISE AND SUNSET
NOVEMBER 18 2017......SUNRISE   628 AM CST   SUNSET   434 PM CST
NOVEMBER 19 2017......SUNRISE   629 AM CST   SUNSET   433 PM CST


-  INDICATES NEGATIVE NUMBERS.
R  INDICATES RECORD WAS SET OR TIED.
MM INDICATES DATA IS MISSING.
T  INDICATES TRACE AMOUNT.




$$
