000
CDUS43 KLMK 282144
CLIBWG


CLIMATE REPORT
NATIONAL WEATHER SERVICE LOUISVILLE KY
442 PM EST SUN DEC 28 2014


...................................

...THE BOWLING GREEN CLIMATE SUMMARY FOR DECEMBER 28 2014...
VALID TODAY AS OF 0400 PM LOCAL TIME.

CLIMATE NORMAL PERIOD 1981 TO 2010
CLIMATE RECORD PERIOD 1870 TO 2014


WEATHER ITEM   OBSERVED TIME   RECORD YEAR NORMAL DEPARTURE LAST
                VALUE   (LST)  VALUE       VALUE  FROM      YEAR
                                                  NORMAL
..................................................................
TEMPERATURE (F)
 TODAY
  MAXIMUM         49    136 AM  69    1946  45      4       47
  MINIMUM         37    326 PM  -1    1894  27     10       21
  AVERAGE         43                        36      7       34

PRECIPITATION (IN)
  TODAY            0.04          1.25 1916   0.13  -0.09     0.14
  MONTH TO DATE    1.69                      4.40  -2.71     4.68
  SINCE DEC 1      1.69                      4.40  -2.71     4.68
  SINCE JAN 1     46.12                     49.49  -3.37    59.33

SNOWFALL (IN)
  TODAY            0.0           3.0  1967   0.1   -0.1      0.0
  MONTH TO DATE    T                         1.0   -1.0      0.1
  SINCE DEC 1      T                         1.0   -1.0      0.1
  SINCE JUL 1      0.3                       1.0   -0.7      1.2
  SNOW DEPTH       0

DEGREE DAYS
 HEATING
  TODAY           22                        29     -7       31
  MONTH TO DATE  619                       732   -113      712
  SINCE DEC 1    619                       732   -113      712
  SINCE JUL 1   1516                      1495     21     1592

 COOLING
  TODAY            0                         0      0        0
  MONTH TO DATE    0                         0      0        2
  SINCE DEC 1      0                         0      0        2
  SINCE JAN 1   1488                      1491     -3     1501
..................................................................


WIND (MPH)
  HIGHEST WIND SPEED    14   HIGHEST WIND DIRECTION    NW (320)
  HIGHEST GUST SPEED    21   HIGHEST GUST DIRECTION    NW (320)
  AVERAGE WIND SPEED     4.1


SKY COVER
  POSSIBLE SUNSHINE  MM
  AVERAGE SKY COVER 0.9


WEATHER CONDITIONS
 THE FOLLOWING WEATHER WAS RECORDED TODAY.
  LIGHT RAIN
  FOG


RELATIVE HUMIDITY (PERCENT)
 HIGHEST    93           200 AM
 LOWEST     79           100 PM
 AVERAGE    86

..........................................................


THE BOWLING GREEN CLIMATE NORMALS FOR TOMORROW
                         NORMAL    RECORD    YEAR
 MAXIMUM TEMPERATURE (F)   45        69      1907
 MINIMUM TEMPERATURE (F)   27        -5      1880


SUNRISE AND SUNSET
DECEMBER 28 2014......SUNRISE   658 AM CST   SUNSET   437 PM CST
DECEMBER 29 2014......SUNRISE   658 AM CST   SUNSET   437 PM CST


-  INDICATES NEGATIVE NUMBERS.
R  INDICATES RECORD WAS SET OR TIED.
MM INDICATES DATA IS MISSING.
T  INDICATES TRACE AMOUNT.




$$
