000
CDUS43 KLMK 290627
CLIBWG


CLIMATE REPORT
NATIONAL WEATHER SERVICE LOUISVILLE KY
227 AM EDT SUN MAY 29 2016


...................................

...THE BOWLING GREEN KY CLIMATE SUMMARY FOR MAY 28 2016...

CLIMATE NORMAL PERIOD 1981 TO 2010
CLIMATE RECORD PERIOD 1870 TO 2016


WEATHER ITEM   OBSERVED TIME   RECORD YEAR NORMAL DEPARTURE LAST
                VALUE   (LST)  VALUE       VALUE  FROM      YEAR
                                                  NORMAL
..................................................................
TEMPERATURE (F)
 YESTERDAY
  MAXIMUM         82   1053 AM 100    1911  81      1       83
  MINIMUM         68   1159 PM  38    1907  59      9       64
  AVERAGE         75                        70      5       74

PRECIPITATION (IN)
  YESTERDAY        0.00          1.62 1976   0.18  -0.18     0.00
  MONTH TO DATE    7.24                      5.09   2.15     2.77
  SINCE MAR 1     12.59                     13.84  -1.25    18.12
  SINCE JAN 1     19.17                     21.41  -2.24    24.00

SNOWFALL (IN)
  YESTERDAY        0.0           0.0    MM   0.0    0.0      0.0
  MONTH TO DATE    0.0                       0.0    0.0      0.0
  SINCE MAR 1      T                         1.3   -1.3      7.2
  SINCE JUL 1     24.0                       9.1   14.9     23.5
  SNOW DEPTH       0

DEGREE DAYS
 HEATING
  YESTERDAY        0                         1     -1        0
  MONTH TO DATE   93                        71     22       38
  SINCE MAR 1    630                       842   -212      750
  SINCE JUL 1   3230                      4040   -810     4285

 COOLING
  YESTERDAY       10                         6      4        9
  MONTH TO DATE   90                        99     -9      138
  SINCE MAR 1    134                       135     -1      173
  SINCE JAN 1    134                       135     -1      173
..................................................................


WIND (MPH)
  HIGHEST WIND SPEED    16   HIGHEST WIND DIRECTION     S (190)
  HIGHEST GUST SPEED    19   HIGHEST GUST DIRECTION     S (190)
  AVERAGE WIND SPEED     5.8


SKY COVER
  POSSIBLE SUNSHINE  MM
  AVERAGE SKY COVER 0.2


WEATHER CONDITIONS
 THE FOLLOWING WEATHER WAS RECORDED YESTERDAY.
  NO SIGNIFICANT WEATHER WAS OBSERVED.


RELATIVE HUMIDITY (PERCENT)
 HIGHEST    90          1200 AM
 LOWEST     58          1100 AM
 AVERAGE    74

..........................................................


THE BOWLING GREEN KY CLIMATE NORMALS FOR TODAY
                         NORMAL    RECORD    YEAR
 MAXIMUM TEMPERATURE (F)   82        98      1911
 MINIMUM TEMPERATURE (F)   59        41      1902


SUNRISE AND SUNSET
MAY 29 2016...........SUNRISE   529 AM CDT   SUNSET   758 PM CDT
MAY 30 2016...........SUNRISE   528 AM CDT   SUNSET   759 PM CDT


-  INDICATES NEGATIVE NUMBERS.
R  INDICATES RECORD WAS SET OR TIED.
MM INDICATES DATA IS MISSING.
T  INDICATES TRACE AMOUNT.




$$
