000
CDUS43 KLMK 232128
CLIBWG


CLIMATE REPORT
NATIONAL WEATHER SERVICE LOUISVILLE KY
428 PM EST TUE JAN 23 2018


...................................

...THE BOWLING GREEN CLIMATE SUMMARY FOR JANUARY 23 2018...
VALID TODAY AS OF 0400 PM LOCAL TIME.

CLIMATE NORMAL PERIOD 1981 TO 2010
CLIMATE RECORD PERIOD 1870 TO 2018


WEATHER ITEM   OBSERVED TIME   RECORD YEAR NORMAL DEPARTURE LAST
                VALUE   (LST)  VALUE       VALUE  FROM      YEAR
                                                  NORMAL
..................................................................
TEMPERATURE (F)
 TODAY
  MAXIMUM         48    201 AM  75    1909  45      3       59
  MINIMUM         41    735 AM -21    1963  26     15       42
  AVERAGE         45                        36      9       51

PRECIPITATION (IN)
  TODAY            0.00          2.30 1937   0.11  -0.11      T
  MONTH TO DATE    1.48                      2.63  -1.15     4.16
  SINCE DEC 1      4.97                      7.43  -2.46     9.80
  SINCE JAN 1      1.48                      2.63  -1.15     4.16

SNOWFALL (IN)
  TODAY            0.0           5.0  1963   0.1   -0.1      0.0
  MONTH TO DATE    8.2                       2.3    5.9      0.7
  SINCE DEC 1      8.2                       3.5    4.7      0.7
  SINCE JUL 1      8.2                       3.5    4.7      0.7
  SNOW DEPTH       0

DEGREE DAYS
 HEATING
  TODAY           20                        29     -9       14
  MONTH TO DATE  799                       680    119      452
  SINCE DEC 1   1636                      1501    135     1247
  SINCE JUL 1   2337                      2264     73     1733

 COOLING
  TODAY            0                         0      0        0
  MONTH TO DATE    0                         0      0        0
  SINCE DEC 1      0                         1     -1        0
  SINCE JAN 1      0                         0      0        0
..................................................................


WIND (MPH)
  HIGHEST WIND SPEED    21   HIGHEST WIND DIRECTION     W (260)
  HIGHEST GUST SPEED    30   HIGHEST GUST DIRECTION     W (260)
  AVERAGE WIND SPEED    12.4


SKY COVER
  POSSIBLE SUNSHINE  MM
  AVERAGE SKY COVER 0.8


WEATHER CONDITIONS
 THE FOLLOWING WEATHER WAS RECORDED TODAY.
  NO SIGNIFICANT WEATHER WAS OBSERVED.


RELATIVE HUMIDITY (PERCENT)
 HIGHEST    62           900 AM
 LOWEST     50           200 AM
 AVERAGE    56

..........................................................


THE BOWLING GREEN CLIMATE NORMALS FOR TOMORROW
                         NORMAL    RECORD    YEAR
 MAXIMUM TEMPERATURE (F)   45        78      1943
 MINIMUM TEMPERATURE (F)   26       -21      1963


SUNRISE AND SUNSET
JANUARY 23 2018.......SUNRISE   654 AM CST   SUNSET   501 PM CST
JANUARY 24 2018.......SUNRISE   654 AM CST   SUNSET   502 PM CST


-  INDICATES NEGATIVE NUMBERS.
R  INDICATES RECORD WAS SET OR TIED.
MM INDICATES DATA IS MISSING.
T  INDICATES TRACE AMOUNT.




$$
