000
CDUS43 KLMK 290627
CLIBWG


CLIMATE REPORT
NATIONAL WEATHER SERVICE LOUISVILLE KY
226 AM EDT MON MAY 29 2017


...................................

...THE BOWLING GREEN KY CLIMATE SUMMARY FOR MAY 28 2017...

CLIMATE NORMAL PERIOD 1981 TO 2010
CLIMATE RECORD PERIOD 1870 TO 2017


WEATHER ITEM   OBSERVED TIME   RECORD YEAR NORMAL DEPARTURE LAST
                VALUE   (LST)  VALUE       VALUE  FROM      YEAR
                                                  NORMAL
..................................................................
TEMPERATURE (F)
 YESTERDAY
  MAXIMUM         79    256 PM 100    1911  81     -2       82
  MINIMUM         65    621 AM  38    1907  59      6       68
  AVERAGE         72                        70      2       75

PRECIPITATION (IN)
  YESTERDAY        0.06          1.62 1976   0.18  -0.12     0.00
  MONTH TO DATE    5.34                      5.09   0.25     7.24
  SINCE MAR 1     13.71                     13.84  -0.13    12.59
  SINCE JAN 1     20.29                     21.41  -1.12    19.17

SNOWFALL (IN)
  YESTERDAY        0.0           0.0    MM   0.0    0.0      0.0
  MONTH TO DATE    0.0                       0.0    0.0      0.0
  SINCE MAR 1      T                         1.3   -1.3       T
  SINCE JUL 1      0.7                       9.1   -8.4     24.0
  SNOW DEPTH       0

DEGREE DAYS
 HEATING
  YESTERDAY        0                         1     -1        0
  MONTH TO DATE   60                        71    -11       93
  SINCE MAR 1    608                       842   -234      630
  SINCE JUL 1   2989                      4040  -1051     3230

 COOLING
  YESTERDAY        7                         6      1       10
  MONTH TO DATE  128                        99     29       90
  SINCE MAR 1    218                       135     83      134
  SINCE JAN 1    222                       135     87      134
..................................................................


WIND (MPH)
  HIGHEST WIND SPEED    20   HIGHEST WIND DIRECTION     S (170)
  HIGHEST GUST SPEED    25   HIGHEST GUST DIRECTION     W (250)
  AVERAGE WIND SPEED     8.8


SKY COVER
  POSSIBLE SUNSHINE  MM
  AVERAGE SKY COVER 0.5


WEATHER CONDITIONS
 THE FOLLOWING WEATHER WAS RECORDED YESTERDAY.
  LIGHT RAIN


RELATIVE HUMIDITY (PERCENT)
 HIGHEST   100           200 AM
 LOWEST     60           200 PM
 AVERAGE    80

..........................................................


THE BOWLING GREEN KY CLIMATE NORMALS FOR TODAY
                         NORMAL    RECORD    YEAR
 MAXIMUM TEMPERATURE (F)   82        98      1911
 MINIMUM TEMPERATURE (F)   59        41      1902


SUNRISE AND SUNSET
MAY 29 2017...........SUNRISE   529 AM CDT   SUNSET   758 PM CDT
MAY 30 2017...........SUNRISE   528 AM CDT   SUNSET   759 PM CDT


-  INDICATES NEGATIVE NUMBERS.
R  INDICATES RECORD WAS SET OR TIED.
MM INDICATES DATA IS MISSING.
T  INDICATES TRACE AMOUNT.




$$
