000
CDUS43 KLMK 242132
CLIBWG


CLIMATE REPORT
NATIONAL WEATHER SERVICE LOUISVILLE KY
431 PM EST TUE JAN 24 2017


...................................

...THE BOWLING GREEN CLIMATE SUMMARY FOR JANUARY 24 2017...
VALID TODAY AS OF 0400 PM LOCAL TIME.

CLIMATE NORMAL PERIOD 1981 TO 2010
CLIMATE RECORD PERIOD 1870 TO 2017


WEATHER ITEM   OBSERVED TIME   RECORD YEAR NORMAL DEPARTURE LAST
                VALUE   (LST)  VALUE       VALUE  FROM      YEAR
                                                  NORMAL
..................................................................
TEMPERATURE (F)
 TODAY
  MAXIMUM         50    317 PM  78    1943  45      5       32
  MINIMUM         42   1045 AM -21    1963  26     16        2
  AVERAGE         46                        36     10       17

PRECIPITATION (IN)
  TODAY            0.00          1.75 1899   0.12  -0.12     0.00
  MONTH TO DATE    4.16                      2.75   1.41     1.61
  SINCE DEC 1      9.80                      7.55   2.25     6.84
  SINCE JAN 1      4.16                      2.75   1.41     1.61

SNOWFALL (IN)
  TODAY            0.0           5.5  1948   0.1   -0.1      0.0
  MONTH TO DATE    0.7                       2.4   -1.7     14.8
  SINCE DEC 1      0.7                       3.6   -2.9     14.8
  SINCE JUL 1      0.7                       3.6   -2.9     14.8
  SNOW DEPTH       0

DEGREE DAYS
 HEATING
  TODAY           19                        29    -10       48
  MONTH TO DATE  471                       709   -238      780
  SINCE DEC 1   1266                      1530   -264     1221
  SINCE JUL 1   1752                      2293   -541     1759

 COOLING
  TODAY            0                         0      0        0
  MONTH TO DATE    0                         0      0        0
  SINCE DEC 1      0                         1     -1        2
  SINCE JAN 1      0                         0      0        0
..................................................................


WIND (MPH)
  HIGHEST WIND SPEED    12   HIGHEST WIND DIRECTION     W (290)
  HIGHEST GUST SPEED    19   HIGHEST GUST DIRECTION    NW (310)
  AVERAGE WIND SPEED     6.2


SKY COVER
  POSSIBLE SUNSHINE  MM
  AVERAGE SKY COVER 0.9


WEATHER CONDITIONS
 THE FOLLOWING WEATHER WAS RECORDED TODAY.
  NO SIGNIFICANT WEATHER WAS OBSERVED.


RELATIVE HUMIDITY (PERCENT)
 HIGHEST    76          1200 AM
 LOWEST     56           300 PM
 AVERAGE    66

..........................................................


THE BOWLING GREEN CLIMATE NORMALS FOR TOMORROW
                         NORMAL    RECORD    YEAR
 MAXIMUM TEMPERATURE (F)   46        76      1950
 MINIMUM TEMPERATURE (F)   26       -14      1963


SUNRISE AND SUNSET
JANUARY 24 2017.......SUNRISE   654 AM CST   SUNSET   503 PM CST
JANUARY 25 2017.......SUNRISE   653 AM CST   SUNSET   504 PM CST


-  INDICATES NEGATIVE NUMBERS.
R  INDICATES RECORD WAS SET OR TIED.
MM INDICATES DATA IS MISSING.
T  INDICATES TRACE AMOUNT.




$$
