930
CDUS41 KLWX 240523
CLIBWI


CLIMATE REPORT
NATIONAL WEATHER SERVICE BALTIMORE MD/WASHINGTON DC
123 AM EDT SUN SEP 24 2017


...................................

...THE BALTIMORE MD CLIMATE SUMMARY FOR SEPTEMBER 23 2017...

CLIMATE NORMAL PERIOD 1981 TO 2010
CLIMATE RECORD PERIOD 1871 TO 2017


WEATHER ITEM   OBSERVED TIME   RECORD YEAR NORMAL DEPARTURE LAST
                VALUE   (LST)  VALUE       VALUE  FROM      YEAR
                                                  NORMAL
..................................................................
TEMPERATURE (F)
 YESTERDAY
  MAXIMUM         89    216 PM  98    1970  75     14       90
  MINIMUM         57    602 AM  40    1983  55      2       59
                                      1904
  AVERAGE         73                        65      8       75

PRECIPITATION (IN)
  YESTERDAY        0.00          3.19 2011   0.13  -0.13     0.00
  MONTH TO DATE    1.95                      3.02  -1.07     0.73
  SINCE SEP 1      1.95                      3.02  -1.07     0.73
  SINCE JAN 1     32.19                     30.87   1.32    31.83

SNOWFALL (IN)
  YESTERDAY        0.0          MM      MM   0.0    0.0
  MONTH TO DATE    0.0                       0.0    0.0
  SINCE JUL 1      0.0                       0.0    0.0
  SNOW DEPTH       0

DEGREE DAYS
 HEATING
  YESTERDAY        0                         3     -3        0
  MONTH TO DATE   19                        24     -5        0
  SINCE SEP 1     19                        24     -5        0
  SINCE JUL 1     19                        25     -6        0

 COOLING
  YESTERDAY        8                         3      5       10
  MONTH TO DATE  107                       120    -13      241
  SINCE SEP 1    107                       120    -13      241
  SINCE JAN 1   1199                      1130     69     1508
..................................................................


WIND (MPH)
  HIGHEST WIND SPEED    13   HIGHEST WIND DIRECTION     N (340)
  HIGHEST GUST SPEED    24   HIGHEST GUST DIRECTION     N (360)
  AVERAGE WIND SPEED     4.2


SKY COVER
  POSSIBLE SUNSHINE  MM
  AVERAGE SKY COVER 0.3


WEATHER CONDITIONS
 THE FOLLOWING WEATHER WAS RECORDED YESTERDAY.
  NO SIGNIFICANT WEATHER WAS OBSERVED.


RELATIVE HUMIDITY (PERCENT)
 HIGHEST   100          1200 AM
 LOWEST     32           500 PM
 AVERAGE    66

..........................................................


THE BALTIMORE MD CLIMATE NORMALS FOR TODAY
                         NORMAL    RECORD    YEAR
 MAXIMUM TEMPERATURE (F)   75        95      2010
                                             1970
 MINIMUM TEMPERATURE (F)   54        39      1983
                                             1974
                                             1963


SUNRISE AND SUNSET
SEPTEMBER 24 2017.....SUNRISE   656 AM EDT   SUNSET   700 PM EDT
SEPTEMBER 25 2017.....SUNRISE   657 AM EDT   SUNSET   658 PM EDT


-  INDICATES NEGATIVE NUMBERS.
R  INDICATES RECORD WAS SET OR TIED.
MM INDICATES DATA IS MISSING.
T  INDICATES TRACE AMOUNT.




$$
