000
CDUS41 KLWX 310523
CLIBWI


CLIMATE REPORT
NATIONAL WEATHER SERVICE BALTIMORE MD/WASHINGTON DC
123 AM EDT WED AUG 31 2016


...................................

...THE BALTIMORE MD CLIMATE SUMMARY FOR AUGUST 30 2016...

CLIMATE NORMAL PERIOD 1981 TO 2010
CLIMATE RECORD PERIOD 1870 TO 2016


WEATHER ITEM   OBSERVED TIME   RECORD YEAR NORMAL DEPARTURE LAST
                VALUE   (LST)  VALUE       VALUE  FROM      YEAR
                                                  NORMAL
..................................................................
TEMPERATURE (F)
 YESTERDAY
  MAXIMUM         90    324 PM 101    1953  83      7       86
  MINIMUM         67    444 AM  45    1986  63      4       64
  AVERAGE         79                        73      6       75

PRECIPITATION (IN)
  YESTERDAY        0.00          3.23 2001   0.10  -0.10     0.00
  MONTH TO DATE    3.96                      3.19   0.77     2.46
  SINCE JUN 1     13.25                     10.72   2.53    19.04
  SINCE JAN 1     31.10                     27.75   3.35    36.24

SNOWFALL (IN)
  YESTERDAY        0.0          MM      MM   0.0    0.0
  MONTH TO DATE    0.0                       0.0    0.0
  SINCE JUL 1      0.0                       0.0    0.0
  SNOW DEPTH       0

DEGREE DAYS
 HEATING
  YESTERDAY        0                         0      0        0
  MONTH TO DATE    0                         0      0        0
  SINCE JUN 1      4                        15    -11       14
  SINCE JUL 1      0                         0      0        0

 COOLING
  YESTERDAY       14                         8      6       10
  MONTH TO DATE  435                       308    127      306
  SINCE JUN 1   1152                       918    234      984
  SINCE JAN 1   1254                      1002    252     1173
..................................................................


WIND (MPH)
  HIGHEST WIND SPEED    12   HIGHEST WIND DIRECTION    NE (60)
  HIGHEST GUST SPEED    15   HIGHEST GUST DIRECTION    NE (50)
  AVERAGE WIND SPEED     4.0


SKY COVER
  POSSIBLE SUNSHINE  MM
  AVERAGE SKY COVER 0.2


WEATHER CONDITIONS
 THE FOLLOWING WEATHER WAS RECORDED YESTERDAY.
  NO SIGNIFICANT WEATHER WAS OBSERVED.


RELATIVE HUMIDITY (PERCENT)
 HIGHEST    84          1000 PM
 LOWEST     36           100 PM
 AVERAGE    60

..........................................................


THE BALTIMORE MD CLIMATE NORMALS FOR TODAY
                         NORMAL    RECORD    YEAR
 MAXIMUM TEMPERATURE (F)   83       102      1953
 MINIMUM TEMPERATURE (F)   63        49      1986


SUNRISE AND SUNSET
AUGUST 31 2016........SUNRISE   635 AM EDT   SUNSET   738 PM EDT
SEPTEMBER  1 2016.....SUNRISE   636 AM EDT   SUNSET   736 PM EDT


-  INDICATES NEGATIVE NUMBERS.
R  INDICATES RECORD WAS SET OR TIED.
MM INDICATES DATA IS MISSING.
T  INDICATES TRACE AMOUNT.




$$
