000
CDUS41 KLWX 270523
CLIBWI


CLIMATE REPORT
NATIONAL WEATHER SERVICE BALTIMORE MD/WASHINGTON DC
123 AM EDT WED AUG 27 2014


...................................

...THE BALTIMORE MD CLIMATE SUMMARY FOR AUGUST 26 2014...

CLIMATE NORMAL PERIOD 1981 TO 2010
CLIMATE RECORD PERIOD 1870 TO 2014


WEATHER ITEM   OBSERVED TIME   RECORD YEAR NORMAL DEPARTURE LAST
                VALUE   (LST)  VALUE       VALUE  FROM      YEAR
                                                  NORMAL
..................................................................
TEMPERATURE (F)
 YESTERDAY
  MAXIMUM         86    202 PM 101    1948  84      2       89
  MINIMUM         60    548 AM  52    1977  64     -4       61
                                      1874
  AVERAGE         73                        74     -1       75

PRECIPITATION (IN)
  YESTERDAY        0.00          3.36 2012   0.10  -0.10     0.00
  MONTH TO DATE    7.36                      2.80   4.56     1.12
  SINCE JUN 1     14.11                     10.33   3.78    11.70
  SINCE JAN 1     37.73                     27.36  10.37    25.56

SNOWFALL (IN)
  YESTERDAY        0.0          MM      MM   0.0    0.0
  MONTH TO DATE    0.0                       0.0    0.0
  SINCE JUL 1      0.0                       0.0    0.0
  SNOW DEPTH       0

DEGREE DAYS
 HEATING
  YESTERDAY        0                         0      0        0
  MONTH TO DATE    0                         0      0        0
  SINCE JUN 1      2                        15    -13        0
  SINCE JUL 1      0                         0      0        0

 COOLING
  YESTERDAY        8                         9     -1       10
  MONTH TO DATE  195                       273    -78      219
  SINCE JUN 1    786                       883    -97      941
  SINCE JAN 1    871                       967    -96     1072
..................................................................


WIND (MPH)
  HIGHEST WIND SPEED    12   HIGHEST WIND DIRECTION     E (100)
  HIGHEST GUST SPEED    20   HIGHEST GUST DIRECTION     N (20)
  AVERAGE WIND SPEED     1.9


SKY COVER
  POSSIBLE SUNSHINE  MM
  AVERAGE SKY COVER 0.3


WEATHER CONDITIONS
 THE FOLLOWING WEATHER WAS RECORDED YESTERDAY.
  NO SIGNIFICANT WEATHER WAS OBSERVED.


RELATIVE HUMIDITY (PERCENT)
 HIGHEST    97           500 AM
 LOWEST     40           500 PM
 AVERAGE    69

..........................................................


THE BALTIMORE MD CLIMATE NORMALS FOR TODAY
                         NORMAL    RECORD    YEAR
 MAXIMUM TEMPERATURE (F)   84       102      1948
 MINIMUM TEMPERATURE (F)   64        53      1885


SUNRISE AND SUNSET
AUGUST 27 2014........SUNRISE   631 AM EDT   SUNSET   745 PM EDT
AUGUST 28 2014........SUNRISE   632 AM EDT   SUNSET   743 PM EDT


-  INDICATES NEGATIVE NUMBERS.
R  INDICATES RECORD WAS SET OR TIED.
MM INDICATES DATA IS MISSING.
T  INDICATES TRACE AMOUNT.




$$
