000
CDUS41 KLWX 202125
CLIBWI


CLIMATE REPORT
NATIONAL WEATHER SERVICE BALTIMORE MD/WASHINGTON DC
524 PM EDT SUN APR 20 2014


...................................

...THE BALTIMORE MD CLIMATE SUMMARY FOR APRIL 20 2014...
VALID TODAY AS OF 0500 PM LOCAL TIME.

CLIMATE NORMAL PERIOD 1981 TO 2010
CLIMATE RECORD PERIOD 1870 TO 2014


WEATHER ITEM   OBSERVED TIME   RECORD YEAR NORMAL DEPARTURE LAST
                VALUE   (LST)  VALUE       VALUE  FROM      YEAR
                                                  NORMAL
..................................................................
TEMPERATURE (F)
 TODAY
  MAXIMUM         61    334 PM  94    1941  66     -5       59
  MINIMUM         47    212 AM  27    1904  44      3       46
  AVERAGE         54                        55     -1       53

PRECIPITATION (IN)
  TODAY            0.00          2.24 1940   0.10  -0.10     0.07
  MONTH TO DATE    3.09                      2.15   0.94     1.72
  SINCE MAR 1      7.47                      6.05   1.42     4.36
  SINCE JAN 1     14.76                     12.00   2.76     9.95

SNOWFALL (IN)
  TODAY            0.0           T    1983   0.0    0.0
                                      1953
  MONTH TO DATE    T                         0.0    0.0
  SINCE JUL 1     39.0                      20.1   18.9
  SNOW DEPTH       0

DEGREE DAYS
 HEATING
  TODAY           11                        10      1       12
  MONTH TO DATE  252                       265    -13      192
  SINCE MAR 1   1065                       931    134      941
  SINCE JUL 1   4822                      4526    296     4233

 COOLING
  TODAY            0                         1     -1        0
  MONTH TO DATE    7                         2      5       26
  SINCE MAR 1      7                         3      4       26
  SINCE JAN 1      7                         3      4       26
..................................................................


WIND (MPH)
  HIGHEST WIND SPEED    23   HIGHEST WIND DIRECTION     E (70)
  HIGHEST GUST SPEED    28   HIGHEST GUST DIRECTION    NE (60)
  AVERAGE WIND SPEED     9.5


SKY COVER
  POSSIBLE SUNSHINE  MM
  AVERAGE SKY COVER 0.8


WEATHER CONDITIONS
 THE FOLLOWING WEATHER WAS RECORDED TODAY.
  HAZE


RELATIVE HUMIDITY (PERCENT)
 HIGHEST    66           200 AM
 LOWEST     40           200 PM
 AVERAGE    53

..........................................................


THE BALTIMORE MD CLIMATE NORMALS FOR TOMORROW
                         NORMAL    RECORD    YEAR
 MAXIMUM TEMPERATURE (F)   67        88      1957
 MINIMUM TEMPERATURE (F)   44        29      1956


SUNRISE AND SUNSET
APRIL 20 2014.........SUNRISE   623 AM EDT   SUNSET   749 PM EDT
APRIL 21 2014.........SUNRISE   621 AM EDT   SUNSET   750 PM EDT


-  INDICATES NEGATIVE NUMBERS.
R  INDICATES RECORD WAS SET OR TIED.
MM INDICATES DATA IS MISSING.
T  INDICATES TRACE AMOUNT.




$$
