000
CDUS41 KLWX 270525
CLIBWI


CLIMATE REPORT
NATIONAL WEATHER SERVICE BALTIMORE MD/WASHINGTON DC
124 AM EDT TUE SEP 27 2016


...................................

...THE BALTIMORE MD CLIMATE SUMMARY FOR SEPTEMBER 26 2016...

CLIMATE NORMAL PERIOD 1981 TO 2010
CLIMATE RECORD PERIOD 1870 TO 2016


WEATHER ITEM   OBSERVED TIME   RECORD YEAR NORMAL DEPARTURE LAST
                VALUE   (LST)  VALUE       VALUE  FROM      YEAR
                                                  NORMAL
..................................................................
TEMPERATURE (F)
 YESTERDAY
  MAXIMUM         68    831 PM  95    1970  74     -6       73
  MINIMUM         51    148 AM  40    1879  53     -2       62
  AVERAGE         60                        64     -4       68

PRECIPITATION (IN)
  YESTERDAY        0.01          3.29 1902   0.15  -0.14      T
  MONTH TO DATE    0.74                      3.46  -2.72     0.54
  SINCE SEP 1      0.74                      3.46  -2.72     0.54
  SINCE JAN 1     31.84                     31.31   0.53    36.78

SNOWFALL (IN)
  YESTERDAY        0.0          MM      MM   0.0    0.0
  MONTH TO DATE    0.0                       0.0    0.0
  SINCE JUL 1      0.0                       0.0    0.0
  SNOW DEPTH       0

DEGREE DAYS
 HEATING
  YESTERDAY        5                         3      2        0
  MONTH TO DATE    8                        33    -25        1
  SINCE SEP 1      8                        33    -25        1
  SINCE JUL 1      8                        34    -26        1

 COOLING
  YESTERDAY        0                         2     -2        3
  MONTH TO DATE  241                       126    115      192
  SINCE SEP 1    241                       126    115      192
  SINCE JAN 1   1508                      1136    372     1381
..................................................................


WIND (MPH)
  HIGHEST WIND SPEED    12   HIGHEST WIND DIRECTION     S (160)
  HIGHEST GUST SPEED    16   HIGHEST GUST DIRECTION    SE (150)
  AVERAGE WIND SPEED     3.8


SKY COVER
  POSSIBLE SUNSHINE  MM
  AVERAGE SKY COVER 0.8


WEATHER CONDITIONS
 THE FOLLOWING WEATHER WAS RECORDED YESTERDAY.
  LIGHT RAIN
  FOG


RELATIVE HUMIDITY (PERCENT)
 HIGHEST    89          1200 AM
 LOWEST     63           500 PM
 AVERAGE    76

..........................................................


THE BALTIMORE MD CLIMATE NORMALS FOR TODAY
                         NORMAL    RECORD    YEAR
 MAXIMUM TEMPERATURE (F)   74        95      1998
 MINIMUM TEMPERATURE (F)   53        39      1957


SUNRISE AND SUNSET
SEPTEMBER 27 2016.....SUNRISE   659 AM EDT   SUNSET   655 PM EDT
SEPTEMBER 28 2016.....SUNRISE   700 AM EDT   SUNSET   653 PM EDT


-  INDICATES NEGATIVE NUMBERS.
R  INDICATES RECORD WAS SET OR TIED.
MM INDICATES DATA IS MISSING.
T  INDICATES TRACE AMOUNT.




$$
