000
CDUS41 KLWX 242127
CLIBWI


CLIMATE REPORT
NATIONAL WEATHER SERVICE BALTIMORE MD/WASHINGTON DC
426 PM EST SAT FEB 24 2018


...................................

...THE BALTIMORE MD CLIMATE SUMMARY FOR FEBRUARY 24 2018...
VALID TODAY AS OF 0400 PM LOCAL TIME.

CLIMATE NORMAL PERIOD 1981 TO 2010
CLIMATE RECORD PERIOD 1871 TO 2018


WEATHER ITEM   OBSERVED TIME   RECORD YEAR NORMAL DEPARTURE LAST
                VALUE   (LST)  VALUE       VALUE  FROM      YEAR
                                                  NORMAL
..................................................................
TEMPERATURE (F)
 TODAY
  MAXIMUM         50    321 PM  79    1985  47      3       74
  MINIMUM         42   1254 AM   2    1873  28     14       46
  AVERAGE         46                        38      8       60

PRECIPITATION (IN)
  TODAY            0.02          2.61 2016   0.11  -0.09     0.00
  MONTH TO DATE    4.91                      2.48   2.43     0.46
  SINCE DEC 1      6.86                      8.90  -2.04     5.92
  SINCE JAN 1      5.91                      5.53   0.38     3.15

SNOWFALL (IN)
  TODAY            0.0           8.1  1966   0.2   -0.2
  MONTH TO DATE    2.2                       7.2   -5.0
  SINCE JUL 1      8.7                      17.4   -8.7
  SNOW DEPTH       0

DEGREE DAYS
 HEATING
  TODAY           19                        27     -8        5
  MONTH TO DATE  570                       712   -142      505
  SINCE DEC 1   2492                      2584    -92     2121
  SINCE JUL 1   3239                      3488   -249     2820

 COOLING
  TODAY            0                         0      0        0
  MONTH TO DATE    1                         0      1        0
  SINCE DEC 1      1                         0      1        0
  SINCE JAN 1      1                         0      1        0
..................................................................


WIND (MPH)
  HIGHEST WIND SPEED    15   HIGHEST WIND DIRECTION    NE (60)
  HIGHEST GUST SPEED    19   HIGHEST GUST DIRECTION    NE (50)
  AVERAGE WIND SPEED     3.5


SKY COVER
  POSSIBLE SUNSHINE  MM
  AVERAGE SKY COVER 1.0


WEATHER CONDITIONS
 THE FOLLOWING WEATHER WAS RECORDED TODAY.
  LIGHT RAIN
  FOG
  FOG W/VISIBILITY <= 1/4 MILE


RELATIVE HUMIDITY (PERCENT)
 HIGHEST   100          1200 AM
 LOWEST     93           400 PM
 AVERAGE    97

..........................................................


THE BALTIMORE MD CLIMATE NORMALS FOR TOMORROW
                         NORMAL    RECORD    YEAR
 MAXIMUM TEMPERATURE (F)   47        83      1930
 MINIMUM TEMPERATURE (F)   28         8      1914
                                             1900
                                             1894


SUNRISE AND SUNSET
FEBRUARY 24 2018......SUNRISE   646 AM EST   SUNSET   554 PM EST
FEBRUARY 25 2018......SUNRISE   645 AM EST   SUNSET   555 PM EST


-  INDICATES NEGATIVE NUMBERS.
R  INDICATES RECORD WAS SET OR TIED.
MM INDICATES DATA IS MISSING.
T  INDICATES TRACE AMOUNT.




$$
