000
CDUS41 KLWX 290523
CLIBWI


CLIMATE REPORT
NATIONAL WEATHER SERVICE BALTIMORE MD/WASHINGTON DC
123 AM EDT MON MAY 29 2017


...................................

...THE BALTIMORE MD CLIMATE SUMMARY FOR MAY 28 2017...

CLIMATE NORMAL PERIOD 1981 TO 2010
CLIMATE RECORD PERIOD 1870 TO 2017


WEATHER ITEM   OBSERVED TIME   RECORD YEAR NORMAL DEPARTURE LAST
                VALUE   (LST)  VALUE       VALUE  FROM      YEAR
                                                  NORMAL
..................................................................
TEMPERATURE (F)
 YESTERDAY
  MAXIMUM         75   1130 AM  97    1941  77     -2       88
  MINIMUM         56    413 AM  38    1961  56      0       66
  AVERAGE         66                        67     -1       77

PRECIPITATION (IN)
  YESTERDAY        0.19          2.46 1968   0.13   0.06     0.00
  MONTH TO DATE    5.16                      3.59   1.57     4.92
  SINCE MAR 1     12.50                     10.68   1.82     8.33
  SINCE JAN 1     16.65                     16.63   0.02    17.53

SNOWFALL (IN)
  YESTERDAY        0.0          MM      MM   0.0    0.0
  MONTH TO DATE    0.0                       0.0    0.0
  SINCE JUL 1      3.0                      20.1  -17.1
  SNOW DEPTH       0

DEGREE DAYS
 HEATING
  YESTERDAY        0                         2     -2        0
  MONTH TO DATE  129                       128      1      175
  SINCE MAR 1    958                      1148   -190      979
  SINCE JUL 1   3849                      4743   -894     4000

 COOLING
  YESTERDAY        1                         4     -3       12
  MONTH TO DATE   47                        58    -11       47
  SINCE MAR 1     96                        72     24       74
  SINCE JAN 1     96                        72     24       74
..................................................................


WIND (MPH)
  HIGHEST WIND SPEED    14   HIGHEST WIND DIRECTION    NE (60)
  HIGHEST GUST SPEED    18   HIGHEST GUST DIRECTION     E (110)
  AVERAGE WIND SPEED     6.2


SKY COVER
  POSSIBLE SUNSHINE  MM
  AVERAGE SKY COVER 0.8


WEATHER CONDITIONS
 THE FOLLOWING WEATHER WAS RECORDED YESTERDAY.
  RAIN
  LIGHT RAIN
  FOG


RELATIVE HUMIDITY (PERCENT)
 HIGHEST   100           200 AM
 LOWEST     64          1100 AM
 AVERAGE    82

..........................................................


THE BALTIMORE MD CLIMATE NORMALS FOR TODAY
                         NORMAL    RECORD    YEAR
 MAXIMUM TEMPERATURE (F)   78        97      1969
 MINIMUM TEMPERATURE (F)   56        41      1997


SUNRISE AND SUNSET
MAY 29 2017...........SUNRISE   544 AM EDT   SUNSET   825 PM EDT
MAY 30 2017...........SUNRISE   543 AM EDT   SUNSET   826 PM EDT


-  INDICATES NEGATIVE NUMBERS.
R  INDICATES RECORD WAS SET OR TIED.
MM INDICATES DATA IS MISSING.
T  INDICATES TRACE AMOUNT.




$$
