000
CDUS41 KLWX 070528
CLIBWI


CLIMATE REPORT
NATIONAL WEATHER SERVICE BALTIMORE MD/WASHINGTON DC
127 AM EDT TUE JUL 7 2015


...................................

...THE BALTIMORE MD CLIMATE SUMMARY FOR JULY 6 2015...

CLIMATE NORMAL PERIOD 1981 TO 2010
CLIMATE RECORD PERIOD 1870 TO 2015


WEATHER ITEM   OBSERVED TIME   RECORD YEAR NORMAL DEPARTURE LAST
                VALUE   (LST)  VALUE       VALUE  FROM      YEAR
                                                  NORMAL
..................................................................
TEMPERATURE (F)
 YESTERDAY
  MAXIMUM         85    408 PM 105    2010  87     -2       86
  MINIMUM         72   1159 PM  51    1979  67      5       58
  AVERAGE         79                        77      2       72

PRECIPITATION (IN)
  YESTERDAY        0.67          1.34 1931   0.11   0.56     0.00
  MONTH TO DATE    1.74                      0.72   1.02     0.96
  SINCE JUN 1     14.83                      4.18  10.65     4.91
  SINCE JAN 1     32.03                     21.21  10.82    28.53

SNOWFALL (IN)
  YESTERDAY        0.0          MM      MM   0.0    0.0
  MONTH TO DATE    0.0                       0.0    0.0
  SINCE JUL 1      0.0                       0.0    0.0
  SNOW DEPTH       0

DEGREE DAYS
 HEATING
  YESTERDAY        0                         0      0        0
  MONTH TO DATE    0                         0      0        0
  SINCE JUN 1     14                        15     -1        2
  SINCE JUL 1      0                         0      0        0

 COOLING
  YESTERDAY       14                        12      2        7
  MONTH TO DATE   51                        70    -19       68
  SINCE JUN 1    347                       308     39      324
  SINCE JAN 1    536                       392    144      409
..................................................................


WIND (MPH)
  HIGHEST WIND SPEED    17   HIGHEST WIND DIRECTION     S (190)
  HIGHEST GUST SPEED    28   HIGHEST GUST DIRECTION    SW (210)
  AVERAGE WIND SPEED     5.6


SKY COVER
  POSSIBLE SUNSHINE  MM
  AVERAGE SKY COVER 0.8


WEATHER CONDITIONS
 THE FOLLOWING WEATHER WAS RECORDED YESTERDAY.
  THUNDERSTORM
  HEAVY RAIN
  RAIN
  LIGHT RAIN
  FOG


RELATIVE HUMIDITY (PERCENT)
 HIGHEST    93           400 AM
 LOWEST     61           500 PM
 AVERAGE    77

..........................................................


THE BALTIMORE MD CLIMATE NORMALS FOR TODAY
                         NORMAL    RECORD    YEAR
 MAXIMUM TEMPERATURE (F)   87       104      2012
 MINIMUM TEMPERATURE (F)   67        53      1980


SUNRISE AND SUNSET
JULY  7 2015..........SUNRISE   547 AM EDT   SUNSET   836 PM EDT
JULY  8 2015..........SUNRISE   548 AM EDT   SUNSET   835 PM EDT


-  INDICATES NEGATIVE NUMBERS.
R  INDICATES RECORD WAS SET OR TIED.
MM INDICATES DATA IS MISSING.
T  INDICATES TRACE AMOUNT.




$$
