000
CDUS41 KLWX 230554
CLIBWI


CLIMATE REPORT
NATIONAL WEATHER SERVICE BALTIMORE MD/WASHINGTON DC
154 AM EDT THU MAR 23 2017


...................................

...THE BALTIMORE MD CLIMATE SUMMARY FOR MARCH 22 2017...

CLIMATE NORMAL PERIOD 1981 TO 2010
CLIMATE RECORD PERIOD 1870 TO 2017


WEATHER ITEM   OBSERVED TIME   RECORD YEAR NORMAL DEPARTURE LAST
                VALUE   (LST)  VALUE       VALUE  FROM      YEAR
                                                  NORMAL
..................................................................
TEMPERATURE (F)
 YESTERDAY
  MAXIMUM         53    311 AM  86    1907  56     -3       61
  MINIMUM         31   1158 PM  19    1885  35     -4       28
                                      1875
  AVERAGE         42                        45     -3       45

PRECIPITATION (IN)
  YESTERDAY        0.00          1.45 1950   0.13  -0.13     0.00
  MONTH TO DATE    2.05                      2.71  -0.66     1.78
  SINCE MAR 1      2.05                      2.71  -0.66     1.78
  SINCE JAN 1      6.20                      8.66  -2.46    10.98

SNOWFALL (IN)
  YESTERDAY        0.0           3.4  1914   0.0    0.0
  MONTH TO DATE    2.3                       1.7    0.6
  SINCE JUL 1      3.0                      19.9  -16.9
  SNOW DEPTH       0

DEGREE DAYS
 HEATING
  YESTERDAY       23                        20      3       20
  MONTH TO DATE  525                       505     20      365
  SINCE MAR 1    525                       505     20      365
  SINCE JUL 1   3416                      4100   -684     3386

 COOLING
  YESTERDAY        0                         0      0        0
  MONTH TO DATE    0                         0      0        4
  SINCE MAR 1      0                         0      0        4
  SINCE JAN 1      0                         0      0        4
..................................................................


WIND (MPH)
  HIGHEST WIND SPEED    28   HIGHEST WIND DIRECTION    NW (300)
  HIGHEST GUST SPEED    35   HIGHEST GUST DIRECTION    NW (300)
  AVERAGE WIND SPEED    12.7


SKY COVER
  POSSIBLE SUNSHINE  MM
  AVERAGE SKY COVER 0.3


WEATHER CONDITIONS
 THE FOLLOWING WEATHER WAS RECORDED YESTERDAY.
  NO SIGNIFICANT WEATHER WAS OBSERVED.


RELATIVE HUMIDITY (PERCENT)
 HIGHEST    76           100 AM
 LOWEST     18           500 PM
 AVERAGE    47

..........................................................


THE BALTIMORE MD CLIMATE NORMALS FOR TODAY
                         NORMAL    RECORD    YEAR
 MAXIMUM TEMPERATURE (F)   56        82      1907
 MINIMUM TEMPERATURE (F)   36        16      1934
                                             1888


SUNRISE AND SUNSET
MARCH 23 2017.........SUNRISE   705 AM EDT   SUNSET   722 PM EDT
MARCH 24 2017.........SUNRISE   703 AM EDT   SUNSET   723 PM EDT


-  INDICATES NEGATIVE NUMBERS.
R  INDICATES RECORD WAS SET OR TIED.
MM INDICATES DATA IS MISSING.
T  INDICATES TRACE AMOUNT.




$$
