000
CDUS45 KRIW 220742
CLIBYG


CLIMATE REPORT
NATIONAL WEATHER SERVICE RIVERTON WY
127 AM MDT SAT JUL 22 2017


...................................

...THE BUFFALO WY CLIMATE SUMMARY FOR JULY 21 2017...

CLIMATE NORMAL PERIOD 1981 TO 2010
CLIMATE RECORD PERIOD 1998 TO 2017


WEATHER ITEM   OBSERVED TIME   RECORD YEAR NORMAL DEPARTURE LAST
                VALUE   (LST)  VALUE       VALUE  FROM      YEAR
                                                  NORMAL
..................................................................
TEMPERATURE (F)
 YESTERDAY
  MAXIMUM         87    431 PM  99    2016  86      1       99
                                      2007
  MINIMUM         60    203 AM  50    2009  58      2       66
  AVERAGE         74                        72      2       83

PRECIPITATION (IN)
  YESTERDAY        0.00          0.15 2002   0.05  -0.05     0.00
  MONTH TO DATE    0.90                      1.14  -0.24     0.14
  SINCE JUN 1      2.60                      3.42  -0.82     0.53
  SINCE JAN 1     10.88                      8.94   1.94     5.45

DEGREE DAYS
 HEATING
  YESTERDAY        0                         1     -1        0
  MONTH TO DATE    0                        24    -24        1
  SINCE JUN 1     98                       187    -89       16
  SINCE JUL 1      0                        24    -24        1

 COOLING
  YESTERDAY        9                         8      1       18
  MONTH TO DATE  227                       126    101      152
  SINCE JUN 1    274                       177     97      287
  SINCE JAN 1    285                       184    101      292
..................................................................


WIND (MPH)
  HIGHEST WIND SPEED    23   HIGHEST WIND DIRECTION    NW (320)
  HIGHEST GUST SPEED    32   HIGHEST GUST DIRECTION    NW (320)
  AVERAGE WIND SPEED     9.9


SKY COVER
  POSSIBLE SUNSHINE  MM
  AVERAGE SKY COVER 0.0


WEATHER CONDITIONS
 THE FOLLOWING WEATHER WAS RECORDED YESTERDAY.
  NO SIGNIFICANT WEATHER WAS OBSERVED.


RELATIVE HUMIDITY (PERCENT)
 HIGHEST    63           100 AM
 LOWEST     16           300 PM
 AVERAGE    40

..........................................................


THE BUFFALO WY CLIMATE NORMALS FOR TODAY
                         NORMAL    RECORD    YEAR
 MAXIMUM TEMPERATURE (F)   86       101      2016
 MINIMUM TEMPERATURE (F)   58        51      2010


SUNRISE AND SUNSET
JULY 22 2017..........SUNRISE   544 AM MDT   SUNSET   842 PM MDT
JULY 23 2017..........SUNRISE   545 AM MDT   SUNSET   841 PM MDT


-  INDICATES NEGATIVE NUMBERS.
R  INDICATES RECORD WAS SET OR TIED.
MM INDICATES DATA IS MISSING.
T  INDICATES TRACE AMOUNT.




$$
