000
CDUS45 KRIW 310733
CLIBYG


CLIMATE REPORT
NATIONAL WEATHER SERVICE RIVERTON WY
126 AM MDT FRI OCT 31 2014


...................................

...THE BUFFALO WY CLIMATE SUMMARY FOR OCTOBER 30 2014...

CLIMATE NORMAL PERIOD 1981 TO 2010
CLIMATE RECORD PERIOD 1998 TO 2014


WEATHER ITEM   OBSERVED TIME   RECORD YEAR NORMAL DEPARTURE LAST
                VALUE   (LST)  VALUE       VALUE  FROM      YEAR
                                                  NORMAL
..................................................................
TEMPERATURE (F)
 YESTERDAY
  MAXIMUM         58    213 PM  69    2008  53      5       49
  MINIMUM         34    606 AM   8    2002  30      4       24
  AVERAGE         46                        42      4       37

PRECIPITATION (IN)
  YESTERDAY        0.00          0.09 1998   0.01  -0.01     0.00
  MONTH TO DATE    0.21                      0.92  -0.71     2.22
  SINCE SEP 1      1.31                      2.23  -0.92     5.56
  SINCE JAN 1     11.52                     12.50  -0.98     9.98

DEGREE DAYS
 HEATING
  YESTERDAY       19                        24     -5       28
  MONTH TO DATE  388                       568   -180      662
  SINCE SEP 1    626                       817   -191      813
  SINCE JUL 1    685                       882   -197      814

 COOLING
  YESTERDAY        0                         0      0        0
  MONTH TO DATE    2                         0      2        0
  SINCE SEP 1     53                        45      8       95
  SINCE JAN 1    387                       491   -104      709
..................................................................


WIND (MPH)
  HIGHEST WIND SPEED    22   HIGHEST WIND DIRECTION    SE (150)
  HIGHEST GUST SPEED    26   HIGHEST GUST DIRECTION     S (160)
  AVERAGE WIND SPEED     7.4


SKY COVER
  POSSIBLE SUNSHINE  MM
  AVERAGE SKY COVER 0.0


WEATHER CONDITIONS
 THE FOLLOWING WEATHER WAS RECORDED YESTERDAY.
  NO SIGNIFICANT WEATHER WAS OBSERVED.


RELATIVE HUMIDITY (PERCENT)
 HIGHEST    54           200 AM
 LOWEST     28           200 PM
 AVERAGE    41

..........................................................


THE BUFFALO WY CLIMATE NORMALS FOR TODAY
                         NORMAL    RECORD    YEAR
 MAXIMUM TEMPERATURE (F)   53        77      1999
 MINIMUM TEMPERATURE (F)   30         3      2002


SUNRISE AND SUNSET
OCTOBER 31 2014.......SUNRISE   743 AM MDT   SUNSET   558 PM MDT
NOVEMBER  1 2014......SUNRISE   744 AM MDT   SUNSET   556 PM MDT


-  INDICATES NEGATIVE NUMBERS.
R  INDICATES RECORD WAS SET OR TIED.
MM INDICATES DATA IS MISSING.
T  INDICATES TRACE AMOUNT.




$$
