000
CDUS45 KRIW 250736
CLIBYG


CLIMATE REPORT
NATIONAL WEATHER SERVICE RIVERTON WY
127 AM MDT FRI APR 25 2014


...................................

...THE BUFFALO WY CLIMATE SUMMARY FOR APRIL 24 2014...

CLIMATE NORMAL PERIOD 1981 TO 2010
CLIMATE RECORD PERIOD 1998 TO 2014


WEATHER ITEM   OBSERVED TIME   RECORD YEAR NORMAL DEPARTURE LAST
                VALUE   (LST)  VALUE       VALUE  FROM      YEAR
                                                  NORMAL
..................................................................
TEMPERATURE (F)
 YESTERDAY
  MAXIMUM         60    438 PM  80    2012  57      3       45
  MINIMUM         32    436 AM  23    2002  35     -3       24
  AVERAGE         46                        46      0       35

PRECIPITATION (IN)
  YESTERDAY        0.00          0.22 2003   0.05  -0.05      T
                                      2000
  MONTH TO DATE    0.59                      0.84  -0.25     0.66
  SINCE MAR 1      1.20                      1.76  -0.56     0.74
  SINCE JAN 1      1.56                      2.53  -0.97     1.35

DEGREE DAYS
 HEATING
  YESTERDAY       19                        19      0       30
  MONTH TO DATE  537                       546     -9      731
  SINCE MAR 1   1533                      1496     37     1666
  SINCE JUL 1   6777                      6736     41     6615

 COOLING
  YESTERDAY        0                         0      0        0
  MONTH TO DATE    0                         0      0        0
  SINCE MAR 1      0                         0      0        0
  SINCE JAN 1      0                         0      0        0
..................................................................


WIND (MPH)
  HIGHEST WIND SPEED    13   HIGHEST WIND DIRECTION    NE (30)
  HIGHEST GUST SPEED    19   HIGHEST GUST DIRECTION     E (70)
  AVERAGE WIND SPEED     5.0


SKY COVER
  POSSIBLE SUNSHINE  MM
  AVERAGE SKY COVER 0.1


WEATHER CONDITIONS
 THE FOLLOWING WEATHER WAS RECORDED YESTERDAY.
  NO SIGNIFICANT WEATHER WAS OBSERVED.


RELATIVE HUMIDITY (PERCENT)
 HIGHEST    53          1100 PM
 LOWEST     23          1200 PM
 AVERAGE    38

..........................................................


THE BUFFALO WY CLIMATE NORMALS FOR TODAY
                         NORMAL    RECORD    YEAR
 MAXIMUM TEMPERATURE (F)   57        74      2012
 MINIMUM TEMPERATURE (F)   36        19      2008


SUNRISE AND SUNSET
APRIL 25 2014.........SUNRISE   607 AM MDT   SUNSET   804 PM MDT
APRIL 26 2014.........SUNRISE   605 AM MDT   SUNSET   805 PM MDT


-  INDICATES NEGATIVE NUMBERS.
R  INDICATES RECORD WAS SET OR TIED.
MM INDICATES DATA IS MISSING.
T  INDICATES TRACE AMOUNT.




$$
