000
CDUS45 KRIW 270739
CLIBYG


CLIMATE REPORT
NATIONAL WEATHER SERVICE RIVERTON WY
139 AM MDT WED MAY 27 2015


...................................

...THE BUFFALO WY CLIMATE SUMMARY FOR MAY 26 2015...

CLIMATE NORMAL PERIOD 1981 TO 2010
CLIMATE RECORD PERIOD 1998 TO 2015


WEATHER ITEM   OBSERVED TIME   RECORD YEAR NORMAL DEPARTURE LAST
                VALUE   (LST)  VALUE       VALUE  FROM      YEAR
                                                  NORMAL
..................................................................
TEMPERATURE (F)
 YESTERDAY
  MAXIMUM         67    346 PM  83    2006  66      1       81
  MINIMUM         42    443 AM  31    2007  43     -1       53
  AVERAGE         55                        54      1       67

PRECIPITATION (IN)
  YESTERDAY        T             0.78 2008   0.07  -0.07      T
  MONTH TO DATE    5.41                      2.14   3.27     1.63
  SINCE MAR 1      6.27                      4.36   1.91     3.35
  SINCE JAN 1      6.91                      5.13   1.78     3.71

DEGREE DAYS
 HEATING
  YESTERDAY       10                        11     -1        0
  MONTH TO DATE  434                       359     75      377
  SINCE MAR 1   1689                      1963   -274     2035
  SINCE JUL 1   6385                      7203   -818     7279

 COOLING
  YESTERDAY        0                         0      0        2
  MONTH TO DATE    0                         0      0        2
  SINCE MAR 1      0                         0      0        2
  SINCE JAN 1      0                         0      0        2
..................................................................


WIND (MPH)
  HIGHEST WIND SPEED    17   HIGHEST WIND DIRECTION     W (280)
  HIGHEST GUST SPEED    21   HIGHEST GUST DIRECTION     W (290)
  AVERAGE WIND SPEED     6.4


SKY COVER
  POSSIBLE SUNSHINE  MM
  AVERAGE SKY COVER 0.3


WEATHER CONDITIONS
 THE FOLLOWING WEATHER WAS RECORDED YESTERDAY.
  THUNDERSTORM
  LIGHT RAIN


RELATIVE HUMIDITY (PERCENT)
 HIGHEST    89           200 AM
 LOWEST     48           300 PM
 AVERAGE    69

..........................................................


THE BUFFALO WY CLIMATE NORMALS FOR TODAY
                         NORMAL    RECORD    YEAR
 MAXIMUM TEMPERATURE (F)   67        84      2010
 MINIMUM TEMPERATURE (F)   43        33      2008


SUNRISE AND SUNSET
MAY 27 2015...........SUNRISE   529 AM MDT   SUNSET   840 PM MDT
MAY 28 2015...........SUNRISE   528 AM MDT   SUNSET   841 PM MDT


-  INDICATES NEGATIVE NUMBERS.
R  INDICATES RECORD WAS SET OR TIED.
MM INDICATES DATA IS MISSING.
T  INDICATES TRACE AMOUNT.




$$
