000
CDUS45 KRIW 200739
CLIBYG


CLIMATE REPORT
NATIONAL WEATHER SERVICE RIVERTON WY
137 AM MDT SUN APR 20 2014


...................................

...THE BUFFALO WY CLIMATE SUMMARY FOR APRIL 19 2014...

CLIMATE NORMAL PERIOD 1981 TO 2010
CLIMATE RECORD PERIOD 1998 TO 2014


WEATHER ITEM   OBSERVED TIME   RECORD YEAR NORMAL DEPARTURE LAST
                VALUE   (LST)  VALUE       VALUE  FROM      YEAR
                                                  NORMAL
..................................................................
TEMPERATURE (F)
 YESTERDAY
  MAXIMUM         65    409 PM  73    2008  55     10       49
  MINIMUM         31   1258 AM  23    2011  34     -3       29
                                      2002
  AVERAGE         48                        44      4       39

PRECIPITATION (IN)
  YESTERDAY        0.00          0.28 2000   0.04  -0.04     0.00
  MONTH TO DATE    0.59                      0.62  -0.03     0.36
  SINCE MAR 1      1.20                      1.54  -0.34     0.44
  SINCE JAN 1      1.56                      2.31  -0.75     1.05

DEGREE DAYS
 HEATING
  YESTERDAY       17                        21     -4       26
  MONTH TO DATE  464                       448     16      558
  SINCE MAR 1   1460                      1398     62     1493
  SINCE JUL 1   6704                      6638     66     6442

 COOLING
  YESTERDAY        0                         0      0        0
  MONTH TO DATE    0                         0      0        0
  SINCE MAR 1      0                         0      0        0
  SINCE JAN 1      0                         0      0        0
..................................................................


WIND (MPH)
  HIGHEST WIND SPEED    21   HIGHEST WIND DIRECTION    SE (140)
  HIGHEST GUST SPEED    27   HIGHEST GUST DIRECTION    SE (150)
  AVERAGE WIND SPEED     8.0


SKY COVER
  POSSIBLE SUNSHINE  MM
  AVERAGE SKY COVER 0.0


WEATHER CONDITIONS
 THE FOLLOWING WEATHER WAS RECORDED YESTERDAY.
  NO SIGNIFICANT WEATHER WAS OBSERVED.


RELATIVE HUMIDITY (PERCENT)
 HIGHEST    70          1200 AM
 LOWEST     23           800 AM
 AVERAGE    47

..........................................................


THE BUFFALO WY CLIMATE NORMALS FOR TODAY
                         NORMAL    RECORD    YEAR
 MAXIMUM TEMPERATURE (F)   55        68      2012
                                             2009
 MINIMUM TEMPERATURE (F)   34        17      2008


SUNRISE AND SUNSET
APRIL 20 2014.........SUNRISE   615 AM MDT   SUNSET   758 PM MDT
APRIL 21 2014.........SUNRISE   613 AM MDT   SUNSET   759 PM MDT


-  INDICATES NEGATIVE NUMBERS.
R  INDICATES RECORD WAS SET OR TIED.
MM INDICATES DATA IS MISSING.
T  INDICATES TRACE AMOUNT.




$$
