000
CDUS45 KPIH 260734
CLIBYI


CLIMATE REPORT
NATIONAL WEATHER SERVICE POCATELLO ID
1233 AM MST FRI DEC 26 2014


...................................

...THE BURLEY ID CLIMATE SUMMARY FOR DECEMBER 25 2014...

CLIMATE NORMAL PERIOD 1981 TO 2010
CLIMATE RECORD PERIOD 1948 TO 2014


WEATHER ITEM   OBSERVED TIME   RECORD YEAR NORMAL DEPARTURE LAST
                VALUE   (LST)  VALUE       VALUE  FROM      YEAR
                                                  NORMAL
..................................................................
TEMPERATURE (F)
 YESTERDAY
  MAXIMUM         MM        MM  54    1955  34     MM       40
  MINIMUM         25   1159 PM -12    1951  18      7       16
  AVERAGE         MM                        26     MM       28

PRECIPITATION (IN)
  YESTERDAY       MM             0.24 1959   0.03  MM        0.00
  MONTH TO DATE    0.68                      0.92  -0.24     0.17
  SINCE OCT 1      2.02                      2.62  -0.60     0.61
  SINCE JAN 1     11.94                      9.93   2.01     4.69

SNOWFALL (IN)
  YESTERDAY       MM
  MONTH TO DATE   MM
  SINCE DEC 1     MM
  SINCE JUL 1     MM
  SNOW DEPTH      MM

DEGREE DAYS
 HEATING
  YESTERDAY       MM                        39     MM       37
  MONTH TO DATE  585                       953   -368     1055
  SINCE DEC 1    585                       953   -368     1055
  SINCE JUL 1   1966                      2641   -675     2623

 COOLING
  YESTERDAY       MM                         0     MM        0
  MONTH TO DATE    0                         0      0        0
  SINCE DEC 1      0                         0      0        0
  SINCE JAN 1    428                       365     63      642
..................................................................


WIND (MPH)
  HIGHEST WIND SPEED    MM   HIGHEST WIND DIRECTION    MM
  HIGHEST GUST SPEED    MM   HIGHEST GUST DIRECTION    MM
  AVERAGE WIND SPEED    MM


SKY COVER
  POSSIBLE SUNSHINE  MM
  AVERAGE SKY COVER 1.0


WEATHER CONDITIONS
 THE FOLLOWING WEATHER WAS RECORDED YESTERDAY.
  NO SIGNIFICANT WEATHER WAS OBSERVED.


RELATIVE HUMIDITY (PERCENT)
 HIGHEST    MM           800 PM
 LOWEST     MM           500 PM
 AVERAGE    MM

..........................................................


THE BURLEY ID CLIMATE NORMALS FOR TODAY
                         NORMAL    RECORD    YEAR
 MAXIMUM TEMPERATURE (F)   34        62      1980
 MINIMUM TEMPERATURE (F)   18        -4      1985


SUNRISE AND SUNSET
DECEMBER 26 2014......SUNRISE   804 AM MST   SUNSET   508 PM MST
DECEMBER 27 2014......SUNRISE   804 AM MST   SUNSET   509 PM MST


-  INDICATES NEGATIVE NUMBERS.
R  INDICATES RECORD WAS SET OR TIED.
MM INDICATES DATA IS MISSING.
T  INDICATES TRACE AMOUNT.




$$
