000
CDUS45 KPIH 230730
CLIBYI


CLIMATE REPORT
NATIONAL WEATHER SERVICE POCATELLO ID
130 AM MDT SAT AUG 23 2014


...................................

...THE BURLEY ID CLIMATE SUMMARY FOR AUGUST 22 2014...

CLIMATE NORMAL PERIOD 1981 TO 2010
CLIMATE RECORD PERIOD 1948 TO 2014


WEATHER ITEM   OBSERVED TIME   RECORD YEAR NORMAL DEPARTURE LAST
                VALUE   (LST)  VALUE       VALUE  FROM      YEAR
                                                  NORMAL
..................................................................
TEMPERATURE (F)
 YESTERDAY
  MAXIMUM         72    103 PM  99    1997  84    -12       91
  MINIMUM         50   1159 PM  39    1966  50      0       60
  AVERAGE         61                        67     -6       76

PRECIPITATION (IN)
  YESTERDAY        0.79R         0.45 1973   0.02   0.77     0.02
  MONTH TO DATE    2.65                      0.27   2.38     0.02
  SINCE OCT 1     10.03                      9.46   0.57     5.95
  SINCE JAN 1      9.42                      6.63   2.79     2.35

SNOWFALL (IN)
  YESTERDAY       MM
  MONTH TO DATE   MM
  SINCE JUN 1     MM
  SINCE JUL 1     MM
  SNOW DEPTH      MM

DEGREE DAYS
 HEATING
  YESTERDAY        4                         1      3        0
  MONTH TO DATE    5                        15    -10        0
  SINCE JUN 1    112                       171    -59      101
  SINCE JUL 1      8                        37    -29        0

 COOLING
  YESTERDAY        0                         3     -3       11
  MONTH TO DATE  119                       108     11      154
  SINCE JUN 1    390                       315     75      518
  SINCE JAN 1    391                       321     70      528
..................................................................


WIND (MPH)
  HIGHEST WIND SPEED    23   HIGHEST WIND DIRECTION     W (260)
  HIGHEST GUST SPEED    33   HIGHEST GUST DIRECTION     W (280)
  AVERAGE WIND SPEED     8.2


SKY COVER
  POSSIBLE SUNSHINE  MM
  AVERAGE SKY COVER 0.5


WEATHER CONDITIONS
 THE FOLLOWING WEATHER WAS RECORDED YESTERDAY.
  THUNDERSTORM
  HEAVY RAIN
  RAIN
  LIGHT RAIN
  FOG


RELATIVE HUMIDITY (PERCENT)
 HIGHEST    93           500 AM
 LOWEST     57           100 PM
 AVERAGE    75

..........................................................


THE BURLEY ID CLIMATE NORMALS FOR TODAY
                         NORMAL    RECORD    YEAR
 MAXIMUM TEMPERATURE (F)   83        97      1981
 MINIMUM TEMPERATURE (F)   50        37      1978


SUNRISE AND SUNSET
AUGUST 23 2014........SUNRISE   650 AM MDT   SUNSET   824 PM MDT
AUGUST 24 2014........SUNRISE   652 AM MDT   SUNSET   822 PM MDT


-  INDICATES NEGATIVE NUMBERS.
R  INDICATES RECORD WAS SET OR TIED.
MM INDICATES DATA IS MISSING.
T  INDICATES TRACE AMOUNT.




$$
