372
CDUS45 KPIH 230730
CLIBYI


CLIMATE REPORT
NATIONAL WEATHER SERVICE POCATELLO ID
1229 AM MST TUE JAN 23 2018


...................................

...THE BURLEY ID CLIMATE SUMMARY FOR JANUARY 22 2018...

CLIMATE NORMAL PERIOD 1981 TO 2010
CLIMATE RECORD PERIOD 1948 TO 2018


WEATHER ITEM   OBSERVED TIME   RECORD YEAR NORMAL DEPARTURE LAST
                VALUE   (LST)  VALUE       VALUE  FROM      YEAR
                                                  NORMAL
..................................................................
TEMPERATURE (F)
 YESTERDAY
  MAXIMUM         39    320 PM  54    1994  35      4       39
  MINIMUM         32   1159 PM -30    1962  19     13       30
  AVERAGE         36                        27      9       35

PRECIPITATION (IN)
  YESTERDAY        T             0.57 1972   0.03  -0.03      T
  MONTH TO DATE    1.24                      0.68   0.56     1.77
  SINCE OCT 1      2.86                      3.51  -0.65     6.56
  SINCE JAN 1      1.24                      0.68   0.56     1.77

SNOWFALL (IN)
  YESTERDAY       MM
  MONTH TO DATE   MM
  SINCE DEC 1     MM
  SINCE JUL 1     MM
  SNOW DEPTH      MM

DEGREE DAYS
 HEATING
  YESTERDAY       29                        38     -9       30
  MONTH TO DATE  636                       848   -212      946
  SINCE DEC 1   1669                      2040   -371     2193
  SINCE JUL 1   3223                      3728   -505     3591

 COOLING
  YESTERDAY        0                         0      0        0
  MONTH TO DATE    0                         0      0        0
  SINCE DEC 1      0                         0      0        0
  SINCE JAN 1      0                         0      0        0
..................................................................


WIND (MPH)
  HIGHEST WIND SPEED    23   HIGHEST WIND DIRECTION     S (200)
  HIGHEST GUST SPEED    33   HIGHEST GUST DIRECTION    SW (210)
  AVERAGE WIND SPEED    13.3


SKY COVER
  POSSIBLE SUNSHINE  MM
  AVERAGE SKY COVER 0.7


WEATHER CONDITIONS
 THE FOLLOWING WEATHER WAS RECORDED YESTERDAY.
  LIGHT SNOW
  FOG


RELATIVE HUMIDITY (PERCENT)
 HIGHEST    89           100 PM
 LOWEST     51           100 AM
 AVERAGE    70

..........................................................


THE BURLEY ID CLIMATE NORMALS FOR TODAY
                         NORMAL    RECORD    YEAR
 MAXIMUM TEMPERATURE (F)   35        57      1994
 MINIMUM TEMPERATURE (F)   19       -25      1962


SUNRISE AND SUNSET
JANUARY 23 2018.......SUNRISE   757 AM MST   SUNSET   537 PM MST
JANUARY 24 2018.......SUNRISE   756 AM MST   SUNSET   539 PM MST


-  INDICATES NEGATIVE NUMBERS.
R  INDICATES RECORD WAS SET OR TIED.
MM INDICATES DATA IS MISSING.
T  INDICATES TRACE AMOUNT.




$$
