000
CDUS45 KPIH 260735
CLIBYI


CLIMATE REPORT
NATIONAL WEATHER SERVICE POCATELLO ID
133 AM MDT MON SEP 26 2016


...................................

...THE BURLEY ID CLIMATE SUMMARY FOR SEPTEMBER 25 2016...

CLIMATE NORMAL PERIOD 1981 TO 2010
CLIMATE RECORD PERIOD 1948 TO 2016


WEATHER ITEM   OBSERVED TIME   RECORD YEAR NORMAL DEPARTURE LAST
                VALUE   (LST)  VALUE       VALUE  FROM      YEAR
                                                  NORMAL
..................................................................
TEMPERATURE (F)
 YESTERDAY
  MAXIMUM         65    455 PM  93    2015  70     -5       93
  MINIMUM         35    652 AM  23    1970  40     -5       48
  AVERAGE         50                        55     -5       71

PRECIPITATION (IN)
  YESTERDAY        0.00          0.44 1948   0.02  -0.02     0.00
  MONTH TO DATE    3.31                      0.44   2.87     0.43
  SINCE OCT 1     11.50                     10.03   1.47     8.92
  SINCE JAN 1      8.70                      7.20   1.50     6.87

SNOWFALL (IN)
  YESTERDAY       MM
  MONTH TO DATE   MM
  SINCE SEP 1     MM
  SINCE JUL 1     MM
  SNOW DEPTH      MM

DEGREE DAYS
 HEATING
  YESTERDAY       15                        10      5        0
  MONTH TO DATE  199                       156     43      115
  SINCE SEP 1    199                       156     43      115
  SINCE JUL 1    255                       213     42      144

 COOLING
  YESTERDAY        0                         0      0        6
  MONTH TO DATE    9                        19    -10       13
  SINCE SEP 1      9                        19    -10       13
  SINCE JAN 1    352                       363    -11      459
..................................................................


WIND (MPH)
  HIGHEST WIND SPEED     9   HIGHEST WIND DIRECTION     W (270)
  HIGHEST GUST SPEED    13   HIGHEST GUST DIRECTION    NW (300)
  AVERAGE WIND SPEED     4.2


SKY COVER
  POSSIBLE SUNSHINE  MM
  AVERAGE SKY COVER 0.0


WEATHER CONDITIONS
 THE FOLLOWING WEATHER WAS RECORDED YESTERDAY.
  NO SIGNIFICANT WEATHER WAS OBSERVED.


RELATIVE HUMIDITY (PERCENT)
 HIGHEST    92           600 AM
 LOWEST     34           300 PM
 AVERAGE    63

..........................................................


THE BURLEY ID CLIMATE NORMALS FOR TODAY
                         NORMAL    RECORD    YEAR
 MAXIMUM TEMPERATURE (F)   70        91      1952
 MINIMUM TEMPERATURE (F)   40        27      1970


SUNRISE AND SUNSET
SEPTEMBER 26 2016.....SUNRISE   727 AM MDT   SUNSET   724 PM MDT
SEPTEMBER 27 2016.....SUNRISE   728 AM MDT   SUNSET   722 PM MDT


-  INDICATES NEGATIVE NUMBERS.
R  INDICATES RECORD WAS SET OR TIED.
MM INDICATES DATA IS MISSING.
T  INDICATES TRACE AMOUNT.




$$
