000
CDUS45 KPIH 250739
CLIBYI


CLIMATE REPORT
NATIONAL WEATHER SERVICE POCATELLO ID
138 AM MDT MON JUL 25 2016


...................................

...THE BURLEY ID CLIMATE SUMMARY FOR JULY 24 2016...

CLIMATE NORMAL PERIOD 1981 TO 2010
CLIMATE RECORD PERIOD 1948 TO 2016


WEATHER ITEM   OBSERVED TIME   RECORD YEAR NORMAL DEPARTURE LAST
                VALUE   (LST)  VALUE       VALUE  FROM      YEAR
                                                  NORMAL
..................................................................
TEMPERATURE (F)
 YESTERDAY
  MAXIMUM         87    523 PM  98    1978  87      0       81
  MINIMUM         48    529 AM  43    1970  55     -7       58
  AVERAGE         68                        71     -3       70

PRECIPITATION (IN)
  YESTERDAY        0.00          0.28 1982   0.01  -0.01     0.05
  MONTH TO DATE    0.24                      0.23   0.01     1.03
  SINCE OCT 1      8.17                      9.12  -0.95     8.25
  SINCE JAN 1      5.37                      6.29  -0.92     6.20

SNOWFALL (IN)
  YESTERDAY       MM
  MONTH TO DATE   MM
  SINCE JUN 1     MM
  SINCE JUL 1     MM
  SNOW DEPTH      MM

DEGREE DAYS
 HEATING
  YESTERDAY        0                         0      0        0
  MONTH TO DATE   26                        20      6        2
  SINCE JUN 1     76                       154    -78       28
  SINCE JUL 1     26                        20      6        2

 COOLING
  YESTERDAY        3                         6     -3        5
  MONTH TO DATE   79                       118    -39      135
  SINCE JUN 1    179                       165     14      283
  SINCE JAN 1    183                       171     12      288
..................................................................


WIND (MPH)
  HIGHEST WIND SPEED    13   HIGHEST WIND DIRECTION    SW (220)
  HIGHEST GUST SPEED    15   HIGHEST GUST DIRECTION    SW (220)
  AVERAGE WIND SPEED     3.7


SKY COVER
  POSSIBLE SUNSHINE  MM
  AVERAGE SKY COVER 0.0


WEATHER CONDITIONS
 THE FOLLOWING WEATHER WAS RECORDED YESTERDAY.
  NO SIGNIFICANT WEATHER WAS OBSERVED.


RELATIVE HUMIDITY (PERCENT)
 HIGHEST    67          1100 PM
 LOWEST     15           400 PM
 AVERAGE    41

..........................................................


THE BURLEY ID CLIMATE NORMALS FOR TODAY
                         NORMAL    RECORD    YEAR
 MAXIMUM TEMPERATURE (F)   87       103      1994
 MINIMUM TEMPERATURE (F)   55        45      2014
                                             1964


SUNRISE AND SUNSET
JULY 25 2016..........SUNRISE   621 AM MDT   SUNSET   902 PM MDT
JULY 26 2016..........SUNRISE   622 AM MDT   SUNSET   901 PM MDT


-  INDICATES NEGATIVE NUMBERS.
R  INDICATES RECORD WAS SET OR TIED.
MM INDICATES DATA IS MISSING.
T  INDICATES TRACE AMOUNT.




$$
