000
CDUS45 KPIH 260734
CLIBYI


CLIMATE REPORT
NATIONAL WEATHER SERVICE POCATELLO ID
132 AM MDT THU MAY 26 2016


...................................

...THE BURLEY ID CLIMATE SUMMARY FOR MAY 25 2016...

CLIMATE NORMAL PERIOD 1981 TO 2010
CLIMATE RECORD PERIOD 1948 TO 2016


WEATHER ITEM   OBSERVED TIME   RECORD YEAR NORMAL DEPARTURE LAST
                VALUE   (LST)  VALUE       VALUE  FROM      YEAR
                                                  NORMAL
..................................................................
TEMPERATURE (F)
 YESTERDAY
  MAXIMUM         64    509 PM  89    1958  70     -6       72
  MINIMUM         47    302 AM  28    1975  43      4       43
  AVERAGE         56                        57     -1       58

PRECIPITATION (IN)
  YESTERDAY        0.00          0.42 1987   0.05  -0.05     0.00
  MONTH TO DATE    1.27                      1.15   0.12     3.58
  SINCE OCT 1      7.90                      7.78   0.12     7.15
  SINCE JAN 1      5.10                      4.95   0.15     5.10

SNOWFALL (IN)
  YESTERDAY       MM
  MONTH TO DATE   MM
  SINCE MAR 1     MM
  SINCE JUL 1     MM
  SNOW DEPTH      MM

DEGREE DAYS
 HEATING
  YESTERDAY        9                         9      0        7
  MONTH TO DATE  248                       295    -47      244
  SINCE MAR 1   1351                      1661   -310     1367
  SINCE JUL 1   5858                      6683   -825     5344

 COOLING
  YESTERDAY        0                         0      0        0
  MONTH TO DATE    4                         0      4        0
  SINCE MAR 1      4                         0      4        0
  SINCE JAN 1      4                         0      4        0
..................................................................


WIND (MPH)
  HIGHEST WIND SPEED    20   HIGHEST WIND DIRECTION     W (250)
  HIGHEST GUST SPEED    24   HIGHEST GUST DIRECTION    SW (220)
  AVERAGE WIND SPEED    10.0


SKY COVER
  POSSIBLE SUNSHINE  MM
  AVERAGE SKY COVER 0.5


WEATHER CONDITIONS
 THE FOLLOWING WEATHER WAS RECORDED YESTERDAY.
  THUNDERSTORM


RELATIVE HUMIDITY (PERCENT)
 HIGHEST    77          1200 AM
 LOWEST     43           100 PM
 AVERAGE    60

..........................................................


THE BURLEY ID CLIMATE NORMALS FOR TODAY
                         NORMAL    RECORD    YEAR
 MAXIMUM TEMPERATURE (F)   70        91      1958
 MINIMUM TEMPERATURE (F)   44        27      1978


SUNRISE AND SUNSET
MAY 26 2016...........SUNRISE   603 AM MDT   SUNSET   901 PM MDT
MAY 27 2016...........SUNRISE   603 AM MDT   SUNSET   902 PM MDT


-  INDICATES NEGATIVE NUMBERS.
R  INDICATES RECORD WAS SET OR TIED.
MM INDICATES DATA IS MISSING.
T  INDICATES TRACE AMOUNT.




$$
