000
CDUS45 KPIH 200734
CLIBYI


CLIMATE REPORT
NATIONAL WEATHER SERVICE POCATELLO ID
1233 AM MST MON NOV 20 2017


...................................

...THE BURLEY ID CLIMATE SUMMARY FOR NOVEMBER 19 2017...

CLIMATE NORMAL PERIOD 1981 TO 2010
CLIMATE RECORD PERIOD 1948 TO 2017


WEATHER ITEM   OBSERVED TIME   RECORD YEAR NORMAL DEPARTURE LAST
                VALUE   (LST)  VALUE       VALUE  FROM      YEAR
                                                  NORMAL
..................................................................
TEMPERATURE (F)
 YESTERDAY
  MAXIMUM         49    347 PM  67    1954  44      5       54
  MINIMUM         24    822 AM   7    2000  25     -1       24
  AVERAGE         37                        34      3       39

PRECIPITATION (IN)
  YESTERDAY        0.00          0.32 1972   0.04  -0.04     0.00
  MONTH TO DATE    0.67                      0.57   0.10     0.01
  SINCE OCT 1      0.80                      1.33  -0.53     2.96
  SINCE JAN 1     10.99                      8.64   2.35    11.66

SNOWFALL (IN)
  YESTERDAY       MM
  MONTH TO DATE   MM
  SINCE SEP 1     MM
  SINCE JUL 1     MM
  SNOW DEPTH      MM

DEGREE DAYS
 HEATING
  YESTERDAY       28                        31     -3       26
  MONTH TO DATE  468                       513    -45      384
  SINCE SEP 1   1313                      1264     49     1044
  SINCE JUL 1   1319                      1321     -2     1100

 COOLING
  YESTERDAY        0                         0      0        0
  MONTH TO DATE    0                         0      0        0
  SINCE SEP 1     68                        21     47       10
  SINCE JAN 1    601                       365    236      353
..................................................................


WIND (MPH)
  HIGHEST WIND SPEED    10   HIGHEST WIND DIRECTION    NE (40)
  HIGHEST GUST SPEED    14   HIGHEST GUST DIRECTION    NE (50)
  AVERAGE WIND SPEED     3.9


SKY COVER
  POSSIBLE SUNSHINE  MM
  AVERAGE SKY COVER 0.0


WEATHER CONDITIONS
 THE FOLLOWING WEATHER WAS RECORDED YESTERDAY.
  NO SIGNIFICANT WEATHER WAS OBSERVED.


RELATIVE HUMIDITY (PERCENT)
 HIGHEST    92           100 AM
 LOWEST     36           300 PM
 AVERAGE    64

..........................................................


THE BURLEY ID CLIMATE NORMALS FOR TODAY
                         NORMAL    RECORD    YEAR
 MAXIMUM TEMPERATURE (F)   43        67      1966
 MINIMUM TEMPERATURE (F)   24         9      1977


SUNRISE AND SUNSET
NOVEMBER 20 2017......SUNRISE   733 AM MST   SUNSET   508 PM MST
NOVEMBER 21 2017......SUNRISE   734 AM MST   SUNSET   508 PM MST


-  INDICATES NEGATIVE NUMBERS.
R  INDICATES RECORD WAS SET OR TIED.
MM INDICATES DATA IS MISSING.
T  INDICATES TRACE AMOUNT.




$$
