000
CDUS45 KTFX 301031
CLIBZN


CLIMATE REPORT
NATIONAL WEATHER SERVICE GREAT FALLS MT
431 AM MDT WED JUL 30 2014


...................................

...THE BOZEMAN/GALLATIN FIELD MT CLIMATE SUMMARY FOR JULY 29 2014...

CLIMATE NORMAL PERIOD 1981 TO 2010
CLIMATE RECORD PERIOD 1935 TO 2014


WEATHER ITEM   OBSERVED TIME   RECORD YEAR NORMAL DEPARTURE
                VALUE   (LST)  VALUE       VALUE  FROM
                                                  NORMAL
...............................................................
TEMPERATURE (F)
 YESTERDAY
  MAXIMUM         89    157 PM 102    2007  90     -1
  MINIMUM         53    319 AM  39    1959  52      1
  AVERAGE         71                        71      0

PRECIPITATION (IN)
  YESTERDAY        0.00          0.77 1950   0.03  -0.03
  MONTH TO DATE    0.38                      1.06  -0.68
  SINCE OCT 1     10.43                     11.74  -1.31
  SINCE JAN 1      9.38                      9.36   0.02

SNOWFALL (IN)
  YESTERDAY        0.0           0.0  2000   0.0    0.0
                                      2001
                                      1994
  MONTH TO DATE    0.0                       0.0    0.0
  SINCE JUN 1      0.0                       0.0    0.0
  SINCE JUL 1      0.0                       0.0    0.0
  SNOW DEPTH       0

DEGREE DAYS
 HEATING
  YESTERDAY        0                                0
  MONTH TO DATE   13                              -14
  SINCE JUN 1    249                               81
  SINCE JUL 1     13                              -14

 COOLING
  YESTERDAY        6                                0
  MONTH TO DATE  115                              -35
  SINCE JUN 1    115                              -73
  SINCE JAN 1    115                              -77
...............................................................


WIND (MPH)
  HIGHEST WIND SPEED    23   HIGHEST WIND DIRECTION    SE (140)
  HIGHEST GUST SPEED    29   HIGHEST GUST DIRECTION    NE (50)
  AVERAGE WIND SPEED     6.4



WEATHER CONDITIONS
 THE FOLLOWING WEATHER WAS RECORDED YESTERDAY.
  NO SIGNIFICANT WEATHER WAS OBSERVED.


RELATIVE HUMIDITY (PERCENT)
 HIGHEST    72
 LOWEST     22
 AVERAGE    47

..........................................................


THE BOZEMAN/GALLATIN FIELD MT CLIMATE NORMALS FOR TODAY
                         NORMAL    RECORD    YEAR
 MAXIMUM TEMPERATURE (F)   90       101      2007
 MINIMUM TEMPERATURE (F)   52        38      1971


SUNRISE AND SUNSET
JULY 30 2014..........SUNRISE   605 AM MDT   SUNSET   856 PM MDT
JULY 31 2014..........SUNRISE   607 AM MDT   SUNSET   855 PM MDT


-  INDICATES NEGATIVE NUMBERS.
R  INDICATES RECORD WAS SET OR TIED.
MM INDICATES DATA IS MISSING.
T  INDICATES TRACE AMOUNT.




$$
