000
CDUS45 KTFX 110741
CLIBZN


CLIMATE REPORT
NATIONAL WEATHER SERVICE GREAT FALLS MT
141 AM MDT FRI JUL 11 2014


...................................

...THE BOZEMAN/GALLATIN FIELD MT CLIMATE SUMMARY FOR JULY 10 2014...

CLIMATE NORMAL PERIOD 1981 TO 2010
CLIMATE RECORD PERIOD 1935 TO 2014


WEATHER ITEM   OBSERVED TIME   RECORD YEAR NORMAL DEPARTURE
                VALUE   (LST)  VALUE       VALUE  FROM
                                                  NORMAL
...............................................................
TEMPERATURE (F)
 YESTERDAY
  MAXIMUM         89    537 PM 100    1973  87      2
  MINIMUM         55    519 AM  40    2011  51      4
                                      1946
  AVERAGE         72                        69      3

PRECIPITATION (IN)
  YESTERDAY        0.00          1.11 1997   0.04  -0.04
  MONTH TO DATE    0.06                      0.43  -0.37
  SINCE OCT 1     10.11                     11.11  -1.00
  SINCE JAN 1      9.06                      8.73   0.33

SNOWFALL (IN)
  YESTERDAY        0.0           0.0  1999   0.0    0.0
                                      2001
                                      1994
  MONTH TO DATE    0.0                       0.0    0.0
  SINCE JUN 1      0.0                       0.0    0.0
  SINCE JUL 1      0.0                       0.0    0.0
  SNOW DEPTH       0

DEGREE DAYS
 HEATING
  YESTERDAY        0                               -1
  MONTH TO DATE    6                              -10
  SINCE JUN 1    242                               85
  SINCE JUL 1      6                              -10

 COOLING
  YESTERDAY        7                                2
  MONTH TO DATE   42                                2
  SINCE JUN 1     42                              -36
  SINCE JAN 1     42                              -40
...............................................................


WIND (MPH)
  HIGHEST WIND SPEED    12   HIGHEST WIND DIRECTION     E (80)
  HIGHEST GUST SPEED    14   HIGHEST GUST DIRECTION     E (70)
  AVERAGE WIND SPEED     3.7



WEATHER CONDITIONS
 THE FOLLOWING WEATHER WAS RECORDED YESTERDAY.
  NO SIGNIFICANT WEATHER WAS OBSERVED.


RELATIVE HUMIDITY (PERCENT)
 HIGHEST    93
 LOWEST     24
 AVERAGE    59

..........................................................


THE BOZEMAN/GALLATIN FIELD MT CLIMATE NORMALS FOR TODAY
                         NORMAL    RECORD    YEAR
 MAXIMUM TEMPERATURE (F)   87        97      2002
 MINIMUM TEMPERATURE (F)   51        38      1994


SUNRISE AND SUNSET
JULY 11 2014..........SUNRISE   546 AM MDT   SUNSET   914 PM MDT
JULY 12 2014..........SUNRISE   547 AM MDT   SUNSET   913 PM MDT


-  INDICATES NEGATIVE NUMBERS.
R  INDICATES RECORD WAS SET OR TIED.
MM INDICATES DATA IS MISSING.
T  INDICATES TRACE AMOUNT.




$$
