000
CDUS45 KTFX 250911
CLIBZN


CLIMATE REPORT
NATIONAL WEATHER SERVICE GREAT FALLS MT
310 AM MDT TUE APR 25 2017


...................................

...THE BOZEMAN/GALLATIN FIELD MT CLIMATE SUMMARY FOR APRIL 24 2017...

CLIMATE NORMAL PERIOD 1981 TO 2010
CLIMATE RECORD PERIOD 1935 TO 2017


WEATHER ITEM   OBSERVED TIME   RECORD YEAR NORMAL DEPARTURE LAST
                VALUE   (LST)  VALUE       VALUE  FROM      YEAR
                                                  NORMAL
..................................................................
TEMPERATURE (F)
 YESTERDAY
  MAXIMUM         54    340 PM  81    1962  62     -8       50
  MINIMUM         37    349 AM  17    2002  33      4       43
  AVERAGE         46                        47     -1       47

PRECIPITATION (IN)
  YESTERDAY        0.04          0.64 1940   0.05  -0.01     0.11
  MONTH TO DATE    1.55                      1.23   0.32     0.67
  SINCE OCT 1      6.73                      5.46   1.27     5.07
  SINCE JAN 1      3.40                      3.08   0.32     2.22

SNOWFALL (IN)
  YESTERDAY        0.0           2.8  1960   0.2   -0.2      0.0
  MONTH TO DATE    2.5                       6.5   -4.0       T
  SINCE MAR 1      4.3                      14.2   -9.9      2.1
  SINCE JUL 1     43.5                      36.5    7.0     25.7
  SNOW DEPTH       0

DEGREE DAYS
 HEATING
  YESTERDAY       19                        18      1       18
  MONTH TO DATE  523                       498     25      417
  SINCE MAR 1   1237                      1382   -145     1242
  SINCE JUL 1   7430                      6962    468     6927

 COOLING
  YESTERDAY        0                         0      0        0
  MONTH TO DATE    0                         0      0        0
  SINCE MAR 1      0                         0      0        0
  SINCE JAN 1      0                         0      0        0
..................................................................


WIND (MPH)
  HIGHEST WIND SPEED    17   HIGHEST WIND DIRECTION     W (280)
  HIGHEST GUST SPEED    21   HIGHEST GUST DIRECTION     W (280)
  AVERAGE WIND SPEED     5.2


SKY COVER
  AVERAGE SKY COVER 0.5


WEATHER CONDITIONS
 THE FOLLOWING WEATHER WAS RECORDED YESTERDAY.
  LIGHT RAIN
  FOG


RELATIVE HUMIDITY (PERCENT)
 HIGHEST   100
 LOWEST     44
 AVERAGE    72

..........................................................


THE BOZEMAN/GALLATIN FIELD MT CLIMATE NORMALS FOR TODAY
                         NORMAL    RECORD    YEAR
 MAXIMUM TEMPERATURE (F)   62        83      1946
 MINIMUM TEMPERATURE (F)   33        16      2002


SUNRISE AND SUNSET
APRIL 25 2017.........SUNRISE   621 AM MDT   SUNSET   825 PM MDT
APRIL 26 2017.........SUNRISE   619 AM MDT   SUNSET   826 PM MDT


-  INDICATES NEGATIVE NUMBERS.
R  INDICATES RECORD WAS SET OR TIED.
MM INDICATES DATA IS MISSING.
T  INDICATES TRACE AMOUNT.




$$
