000
CDUS45 KTFX 040944
CLIBZN


CLIMATE REPORT
NATIONAL WEATHER SERVICE GREAT FALLS MT
343 AM MDT FRI SEP 4 2015


...................................

...THE BOZEMAN/GALLATIN FIELD MT CLIMATE SUMMARY FOR SEPTEMBER 3 2015...

CLIMATE NORMAL PERIOD 1981 TO 2010
CLIMATE RECORD PERIOD 1935 TO 2015


WEATHER ITEM   OBSERVED TIME   RECORD YEAR NORMAL DEPARTURE LAST
                VALUE   (LST)  VALUE       VALUE  FROM      YEAR
                                                  NORMAL
..................................................................
TEMPERATURE (F)
 YESTERDAY
  MAXIMUM         77    245 PM  96    2007  81     -4       67
  MINIMUM         48    417 AM  32    1968  45      3       40
  AVERAGE         63                        63      0       54

PRECIPITATION (IN)
  YESTERDAY        0.02          0.42 1947   0.03  -0.01     0.00
  MONTH TO DATE    0.02                      0.10  -0.08     0.00
  SINCE OCT 1     11.02                     12.98  -1.96    13.36
  SINCE JAN 1      9.09                     10.60  -1.51    12.31

SNOWFALL (IN)
  YESTERDAY        0.0           0.0  1999   0.0    0.0      0.0
                                      1994
  MONTH TO DATE    0.0                       0.0    0.0      0.0
  SINCE SEP 1      0.0                       0.0    0.0      0.0
  SINCE JUL 1      0.0                       T      0.0      0.0
  SNOW DEPTH       0

DEGREE DAYS
 HEATING
  YESTERDAY        2                         4     -2       11
  MONTH TO DATE    5                        11     -6       23
  SINCE SEP 1      5                        11     -6       23
  SINCE JUL 1    104                        78     26      109

 COOLING
  YESTERDAY        0                         2     -2        0
  MONTH TO DATE    3                         6     -3        0
  SINCE SEP 1      3                         6     -3        0
  SINCE JAN 1    237                       352   -115      182
..................................................................


WIND (MPH)
  HIGHEST WIND SPEED    21   HIGHEST WIND DIRECTION    SW (220)
  HIGHEST GUST SPEED    27   HIGHEST GUST DIRECTION    SW (220)
  AVERAGE WIND SPEED     7.2


SKY COVER
  AVERAGE SKY COVER 0.2


WEATHER CONDITIONS
 THE FOLLOWING WEATHER WAS RECORDED YESTERDAY.
  RAIN
  LIGHT RAIN


RELATIVE HUMIDITY (PERCENT)
 HIGHEST    77
 LOWEST     33
 AVERAGE    55

..........................................................


THE BOZEMAN/GALLATIN FIELD MT CLIMATE NORMALS FOR TODAY
                         NORMAL    RECORD    YEAR
 MAXIMUM TEMPERATURE (F)   81        94      1998
 MINIMUM TEMPERATURE (F)   44        27      1969


SUNRISE AND SUNSET
SEPTEMBER  4 2015.....SUNRISE   649 AM MDT   SUNSET   757 PM MDT
SEPTEMBER  5 2015.....SUNRISE   650 AM MDT   SUNSET   755 PM MDT


-  INDICATES NEGATIVE NUMBERS.
R  INDICATES RECORD WAS SET OR TIED.
MM INDICATES DATA IS MISSING.
T  INDICATES TRACE AMOUNT.




$$
