000
CDUS45 KTFX 191151
CLIBZN


CLIMATE REPORT
NATIONAL WEATHER SERVICE GREAT FALLS MT
450 AM MST SUN NOV 19 2017


...................................

...THE BOZEMAN/GALLATIN FIELD MT CLIMATE SUMMARY FOR NOVEMBER 18 2017...

CLIMATE NORMAL PERIOD 1981 TO 2010
CLIMATE RECORD PERIOD 1935 TO 2017


WEATHER ITEM   OBSERVED TIME   RECORD YEAR NORMAL DEPARTURE LAST
                VALUE   (LST)  VALUE       VALUE  FROM      YEAR
                                                  NORMAL
..................................................................
TEMPERATURE (F)
 YESTERDAY
  MAXIMUM         35    328 PM  73    2008  43     -8       38
  MINIMUM         14   1112 PM  -4    1958  19     -5       16
  AVERAGE         25                        31     -6       27

PRECIPITATION (IN)
  YESTERDAY        0.00          0.23 1978   0.03  -0.03     0.00
  MONTH TO DATE    1.50                      0.48   1.02     0.39
  SINCE OCT 1      1.91                      1.58   0.33     2.84
  SINCE JAN 1     12.01                     13.19  -1.18    12.73

SNOWFALL (IN)
  YESTERDAY        0.0           4.4  1978   0.2   -0.2      0.0
  MONTH TO DATE   15.9                       2.6   13.3      0.2
  SINCE SEP 1     16.2                       4.8   11.4      3.2
  SINCE JUL 1     16.2                       4.8   11.4      3.2
  SNOW DEPTH       3

DEGREE DAYS
 HEATING
  YESTERDAY       40                        34      6       38
  MONTH TO DATE  763                       532    231      420
  SINCE SEP 1   1776                      1362    414     1285
  SINCE JUL 1   1787                      1429    358     1394

 COOLING
  YESTERDAY        0                         0      0        0
  MONTH TO DATE    0                         0      0        0
  SINCE SEP 1     27                        22      5       10
  SINCE JAN 1    327                       368    -41      232
..................................................................


WIND (MPH)
  HIGHEST WIND SPEED    15   HIGHEST WIND DIRECTION     N (360)
  HIGHEST GUST SPEED    18   HIGHEST GUST DIRECTION     N (20)
  AVERAGE WIND SPEED     5.1


SKY COVER
  AVERAGE SKY COVER 0.1


WEATHER CONDITIONS
 THE FOLLOWING WEATHER WAS RECORDED YESTERDAY.
  NO SIGNIFICANT WEATHER WAS OBSERVED.


RELATIVE HUMIDITY (PERCENT)
 HIGHEST    84
 LOWEST     47
 AVERAGE    66

..........................................................


THE BOZEMAN/GALLATIN FIELD MT CLIMATE NORMALS FOR TODAY
                         NORMAL    RECORD    YEAR
 MAXIMUM TEMPERATURE (F)   43        67      1989
 MINIMUM TEMPERATURE (F)   18        -7      1975


SUNRISE AND SUNSET
NOVEMBER 19 2017......SUNRISE   730 AM MST   SUNSET   449 PM MST
NOVEMBER 20 2017......SUNRISE   732 AM MST   SUNSET   448 PM MST


-  INDICATES NEGATIVE NUMBERS.
R  INDICATES RECORD WAS SET OR TIED.
MM INDICATES DATA IS MISSING.
T  INDICATES TRACE AMOUNT.




$$
