000
CDUS45 KTFX 100857
CLIBZN


CLIMATE REPORT
NATIONAL WEATHER SERVICE GREAT FALLS MT
157 AM MST WED FEB 10 2016


...................................

...THE BOZEMAN/GALLATIN FIELD MT CLIMATE SUMMARY FOR FEBRUARY 9 2016...

CLIMATE NORMAL PERIOD 1981 TO 2010
CLIMATE RECORD PERIOD 1935 TO 2016


WEATHER ITEM   OBSERVED TIME   RECORD YEAR NORMAL DEPARTURE LAST
                VALUE   (LST)  VALUE       VALUE  FROM      YEAR
                                                  NORMAL
..................................................................
TEMPERATURE (F)
 YESTERDAY
  MAXIMUM         42    513 PM  57    1996  38      4       55
  MINIMUM         13    700 AM -27    1973  14     -1       32
  AVERAGE         28                        26      2       44

PRECIPITATION (IN)
  YESTERDAY        0.00          0.12 2007   0.01  -0.01      T
  MONTH TO DATE    T                         0.12  -0.12     0.04
  SINCE OCT 1      3.21                      2.98   0.23     2.19
  SINCE JAN 1      0.36                      0.60  -0.24     0.26

SNOWFALL (IN)
  YESTERDAY        0.0           3.5  2014   0.1   -0.1      0.0
  MONTH TO DATE    T                         1.4   -1.4      0.4
  SINCE DEC 1     17.0                      11.4    5.6     13.3
  SINCE JUL 1     23.6                      18.8    4.8     28.9
  SNOW DEPTH       9

DEGREE DAYS
 HEATING
  YESTERDAY       37                        39     -2       21
  MONTH TO DATE  392                       357     35      240
  SINCE DEC 1   3143                      2998    145     2784
  SINCE JUL 1   5107                      4879    228     4911

 COOLING
  YESTERDAY        0                         0      0        0
  MONTH TO DATE    0                         0      0        0
  SINCE DEC 1      0                         0      0        0
  SINCE JAN 1      0                         0      0        0
..................................................................


WIND (MPH)
  HIGHEST WIND SPEED     8   HIGHEST WIND DIRECTION    SE (140)
  HIGHEST GUST SPEED    10   HIGHEST GUST DIRECTION     W (270)
  AVERAGE WIND SPEED     3.5


SKY COVER
  AVERAGE SKY COVER 0.0


WEATHER CONDITIONS
 THE FOLLOWING WEATHER WAS RECORDED YESTERDAY.
  NO SIGNIFICANT WEATHER WAS OBSERVED.


RELATIVE HUMIDITY (PERCENT)
 HIGHEST    92
 LOWEST     55
 AVERAGE    74

..........................................................


THE BOZEMAN/GALLATIN FIELD MT CLIMATE NORMALS FOR TODAY
                         NORMAL    RECORD    YEAR
 MAXIMUM TEMPERATURE (F)   38        62      1961
 MINIMUM TEMPERATURE (F)   14       -39      1981


SUNRISE AND SUNSET
FEBRUARY 10 2016......SUNRISE   735 AM MST   SUNSET   543 PM MST
FEBRUARY 11 2016......SUNRISE   733 AM MST   SUNSET   545 PM MST


-  INDICATES NEGATIVE NUMBERS.
R  INDICATES RECORD WAS SET OR TIED.
MM INDICATES DATA IS MISSING.
T  INDICATES TRACE AMOUNT.




$$
