000
CDUS45 KTFX 261146
CLIBZN


CLIMATE REPORT
NATIONAL WEATHER SERVICE GREAT FALLS MT
546 AM MDT TUE SEP 26 2017


...................................

...THE BOZEMAN/GALLATIN FIELD MT CLIMATE SUMMARY FOR SEPTEMBER 25 2017...

CLIMATE NORMAL PERIOD 1981 TO 2010
CLIMATE RECORD PERIOD 1935 TO 2017


WEATHER ITEM   OBSERVED TIME   RECORD YEAR NORMAL DEPARTURE LAST
                VALUE   (LST)  VALUE       VALUE  FROM      YEAR
                                                  NORMAL
..................................................................
TEMPERATURE (F)
 YESTERDAY
  MAXIMUM         59    339 PM  90    2015  71    -12       68
                                      2014
                                      2011
  MINIMUM         29    600 AM  22    2000  37     -8       31
  AVERAGE         44                        54    -10       50

PRECIPITATION (IN)
  YESTERDAY        0.00          0.73 1981   0.03  -0.03     0.00
  MONTH TO DATE    1.58                      0.91   0.67     1.10
  SINCE OCT 1     13.30                     13.79  -0.49    12.74
  SINCE JAN 1      9.97                     11.41  -1.44     9.89

SNOWFALL (IN)
  YESTERDAY        0.0           1.0  1972   0.0    0.0      0.0
  MONTH TO DATE    T                         0.2   -0.2      0.0
  SINCE SEP 1      T                         0.2   -0.2      0.0
  SINCE JUL 1      T                         0.2   -0.2      0.0
  SNOW DEPTH       0

DEGREE DAYS
 HEATING
  YESTERDAY       21                        11     10       15
  MONTH TO DATE  256                       177     79      273
  SINCE SEP 1    256                       177     79      273
  SINCE JUL 1    267                       244     23      382

 COOLING
  YESTERDAY        0                         0      0        0
  MONTH TO DATE   27                        20      7       10
  SINCE SEP 1     27                        20      7       10
  SINCE JAN 1    327                       366    -39      232
..................................................................


WIND (MPH)
  HIGHEST WIND SPEED    14   HIGHEST WIND DIRECTION    NW (300)
  HIGHEST GUST SPEED    17   HIGHEST GUST DIRECTION     W (250)
  AVERAGE WIND SPEED     5.0


SKY COVER
  AVERAGE SKY COVER 0.7


WEATHER CONDITIONS
 THE FOLLOWING WEATHER WAS RECORDED YESTERDAY.
  NO SIGNIFICANT WEATHER WAS OBSERVED.


RELATIVE HUMIDITY (PERCENT)
 HIGHEST    92
 LOWEST     36
 AVERAGE    64

..........................................................


THE BOZEMAN/GALLATIN FIELD MT CLIMATE NORMALS FOR TODAY
                         NORMAL    RECORD    YEAR
 MAXIMUM TEMPERATURE (F)   70        92      2010
 MINIMUM TEMPERATURE (F)   37        23      1961


SUNRISE AND SUNSET
SEPTEMBER 26 2017.....SUNRISE   717 AM MDT   SUNSET   714 PM MDT
SEPTEMBER 27 2017.....SUNRISE   718 AM MDT   SUNSET   712 PM MDT


-  INDICATES NEGATIVE NUMBERS.
R  INDICATES RECORD WAS SET OR TIED.
MM INDICATES DATA IS MISSING.
T  INDICATES TRACE AMOUNT.




$$
