000
CDUS45 KTFX 241010
CLIBZN


CLIMATE REPORT
NATIONAL WEATHER SERVICE GREAT FALLS MT
409 AM MDT THU APR 24 2014


...................................

...THE BOZEMAN/GALLATIN FIELD MT CLIMATE SUMMARY FOR APRIL 23 2014...

CLIMATE NORMAL PERIOD 1981 TO 2010
CLIMATE RECORD PERIOD 1935 TO 2014


WEATHER ITEM   OBSERVED TIME   RECORD YEAR NORMAL DEPARTURE
                VALUE   (LST)  VALUE       VALUE  FROM
                                                  NORMAL
...............................................................
TEMPERATURE (F)
 YESTERDAY
  MAXIMUM         50    221 PM  83    2012  61    -11
  MINIMUM         32    501 AM  14    2013  33     -1
  AVERAGE         41                        47     -6

PRECIPITATION (IN)
  YESTERDAY        0.02          0.74 1993   0.06  -0.04
  MONTH TO DATE    0.46                      1.18  -0.72
  SINCE OCT 1      3.95                      5.41  -1.46
  SINCE JAN 1      2.90                      3.03  -0.13

SNOWFALL (IN)
  YESTERDAY        T             3.0  1961   0.2   -0.2
  MONTH TO DATE    0.3                       6.3   -6.0
  SINCE MAR 1      4.8                      14.0   -9.2
  SINCE JUL 1     29.8                      36.3   -6.5
  SNOW DEPTH       0

DEGREE DAYS
 HEATING
  YESTERDAY       24                                6
  MONTH TO DATE  518                               38
  SINCE MAR 1   1489                              125
  SINCE JUL 1   7504                              560

 COOLING
  YESTERDAY        0                                0
  MONTH TO DATE    0                                0
  SINCE MAR 1      0                                0
  SINCE JAN 1      0                                0
...............................................................


WIND (MPH)
  HIGHEST WIND SPEED    33   HIGHEST WIND DIRECTION    SW (220)
  HIGHEST GUST SPEED    40   HIGHEST GUST DIRECTION    SW (240)
  AVERAGE WIND SPEED    13.8



WEATHER CONDITIONS
 THE FOLLOWING WEATHER WAS RECORDED YESTERDAY.
  LIGHT RAIN
  LIGHT SNOW
  FOG


RELATIVE HUMIDITY (PERCENT)
 HIGHEST    89
 LOWEST     37
 AVERAGE    63

..........................................................


THE BOZEMAN/GALLATIN FIELD MT CLIMATE NORMALS FOR TODAY
                         NORMAL    RECORD    YEAR
 MAXIMUM TEMPERATURE (F)   62        81      1962
 MINIMUM TEMPERATURE (F)   33        17      2002


SUNRISE AND SUNSET
APRIL 24 2014.........SUNRISE   623 AM MDT   SUNSET   823 PM MDT
APRIL 25 2014.........SUNRISE   621 AM MDT   SUNSET   824 PM MDT


-  INDICATES NEGATIVE NUMBERS.
R  INDICATES RECORD WAS SET OR TIED.
MM INDICATES DATA IS MISSING.
T  INDICATES TRACE AMOUNT.




$$
