000
CDUS45 KTFX 260946
CLIBZN


CLIMATE REPORT
NATIONAL WEATHER SERVICE GREAT FALLS MT
346 AM MDT FRI MAY 26 2017


...................................

...THE BOZEMAN/GALLATIN FIELD MT CLIMATE SUMMARY FOR MAY 25 2017...

CLIMATE NORMAL PERIOD 1981 TO 2010
CLIMATE RECORD PERIOD 1935 TO 2017


WEATHER ITEM   OBSERVED TIME   RECORD YEAR NORMAL DEPARTURE LAST
                VALUE   (LST)  VALUE       VALUE  FROM      YEAR
                                                  NORMAL
..................................................................
TEMPERATURE (F)
 YESTERDAY
  MAXIMUM         56    452 PM  86    1988  71    -15       66
  MINIMUM         37   1159 PM  25    1950  42     -5       37
  AVERAGE         47                        56     -9       52

PRECIPITATION (IN)
  YESTERDAY        0.05          1.91 1980   0.09  -0.04     0.00
  MONTH TO DATE    1.72                      1.88  -0.16     2.27
  SINCE OCT 1      8.88                      7.71   1.17     7.51
  SINCE JAN 1      5.55                      5.33   0.22     4.66

SNOWFALL (IN)
  YESTERDAY        0.0           0.0  1999   0.0    0.0      0.0
  MONTH TO DATE    1.0                       2.2   -1.2       T
  SINCE MAR 1      5.3                      17.4  -12.1      2.1
  SINCE JUL 1     44.5                      39.7    4.8     25.7
  SNOW DEPTH       0

DEGREE DAYS
 HEATING
  YESTERDAY       18                         9      9       13
  MONTH TO DATE  355                       306     49      364
  SINCE MAR 1   1723                      1787    -64     1738
  SINCE JUL 1   7916                      7367    549     7423

 COOLING
  YESTERDAY        0                         0      0        0
  MONTH TO DATE    0                         0      0        0
  SINCE MAR 1      0                         0      0        0
  SINCE JAN 1      0                         0      0        0
..................................................................


WIND (MPH)
  HIGHEST WIND SPEED    17   HIGHEST WIND DIRECTION    NE (50)
  HIGHEST GUST SPEED    24   HIGHEST GUST DIRECTION     N (360)
  AVERAGE WIND SPEED     4.9


SKY COVER
  AVERAGE SKY COVER 0.7


WEATHER CONDITIONS
 THE FOLLOWING WEATHER WAS RECORDED YESTERDAY.
  LIGHT RAIN
  FOG


RELATIVE HUMIDITY (PERCENT)
 HIGHEST    92
 LOWEST     43
 AVERAGE    68

..........................................................


THE BOZEMAN/GALLATIN FIELD MT CLIMATE NORMALS FOR TODAY
                         NORMAL    RECORD    YEAR
 MAXIMUM TEMPERATURE (F)   71        90      1969
 MINIMUM TEMPERATURE (F)   42        23      1975


SUNRISE AND SUNSET
MAY 26 2017...........SUNRISE   542 AM MDT   SUNSET   902 PM MDT
MAY 27 2017...........SUNRISE   541 AM MDT   SUNSET   903 PM MDT


-  INDICATES NEGATIVE NUMBERS.
R  INDICATES RECORD WAS SET OR TIED.
MM INDICATES DATA IS MISSING.
T  INDICATES TRACE AMOUNT.




$$
