000
CDUS42 KCAE 252228
CLICAE


CLIMATE REPORT
NATIONAL WEATHER SERVICE COLUMBIA SC
527 PM EST SUN FEB 25 2018


...................................

...THE COLUMBIA METRO AIRPORT SC CLIMATE SUMMARY FOR FEBRUARY 25 2018...
VALID TODAY AS OF 0500 PM LOCAL TIME.

CLIMATE NORMAL PERIOD 1981 TO 2010
CLIMATE RECORD PERIOD 1887 TO 2018


WEATHER ITEM   OBSERVED TIME   RECORD YEAR NORMAL DEPARTURE LAST
                VALUE   (LST)  VALUE       VALUE  FROM      YEAR
                                                  NORMAL
..................................................................
TEMPERATURE (F)
 TODAY
  MAXIMUM         76   1259 PM  83    1930  63     13       80
  MINIMUM         63    718 AM  13    1967  39     24       53
  AVERAGE         70                        51     19       67

PRECIPITATION (IN)
  TODAY            0.07          1.73 1897   0.13  -0.06     0.00
  MONTH TO DATE    1.31                      3.22  -1.91     1.60
  SINCE DEC 1      7.02                     10.02  -3.00    11.99
  SINCE JAN 1      3.73                      6.80  -3.07     8.64

SNOWFALL (IN)
  TODAY            0.0          MM      MM   0.1             0.0
  MONTH TO DATE    0.0                       0.5             0.0
  SINCE DEC 1      T                         1.4             0.1
  SINCE JUL 1      T                         1.4             0.1

DEGREE DAYS
 HEATING
  TODAY            0                        14    -14        0
  MONTH TO DATE  172                       422   -250      198
  SINCE DEC 1   1321                      1617   -296     1012
  SINCE JUL 1   1699                      2058   -359     1314

 COOLING
  TODAY            5                         0      5        2
  MONTH TO DATE   58                         0     58       11
  SINCE DEC 1     60                         4     56       18
  SINCE JAN 1     60                         1     59       15
..................................................................


WIND (MPH)
  HIGHEST WIND SPEED    26   HIGHEST WIND DIRECTION     W (290)
  HIGHEST GUST SPEED    36   HIGHEST GUST DIRECTION     W (290)
  AVERAGE WIND SPEED     8.4


SKY COVER
  AVERAGE SKY COVER 0.5


WEATHER CONDITIONS
 THE FOLLOWING WEATHER WAS RECORDED TODAY.
  RAIN
  FOG


RELATIVE HUMIDITY (PERCENT)
 HIGHEST    93           500 AM
 LOWEST     64           100 PM
 AVERAGE    79

..........................................................


THE COLUMBIA METRO AIRPORT SC CLIMATE NORMALS FOR TOMORROW
                         NORMAL    RECORD    YEAR
 MAXIMUM TEMPERATURE (F)   63        84      1996
                                             1977
 MINIMUM TEMPERATURE (F)   39         9      1967


SUNRISE AND SUNSET
FEBRUARY 25 2018......SUNRISE   658 AM EST   SUNSET   617 PM EST
FEBRUARY 26 2018......SUNRISE   657 AM EST   SUNSET   618 PM EST


-  INDICATES NEGATIVE NUMBERS.
R  INDICATES RECORD WAS SET OR TIED.
MM INDICATES DATA IS MISSING.
T  INDICATES TRACE AMOUNT.




$$
