000
CDUS42 KCAE 280655
CLICAE


CLIMATE REPORT
NATIONAL WEATHER SERVICE COLUMBIA SC
155 AM EST TUE FEB 28 2017


...................................

...THE COLUMBIA METRO AIRPORT SC CLIMATE SUMMARY FOR FEBRUARY 27 2017...

CLIMATE NORMAL PERIOD 1981 TO 2010
CLIMATE RECORD PERIOD 1887 TO 2017


WEATHER ITEM   OBSERVED TIME   RECORD YEAR NORMAL DEPARTURE LAST
                VALUE   (LST)  VALUE       VALUE  FROM      YEAR
                                                  NORMAL
..................................................................
TEMPERATURE (F)
 YESTERDAY
  MAXIMUM         72    314 PM  84    1997  63      9       60
  MINIMUM         33    641 AM  17    1968  39     -6       28
  AVERAGE         53                        51      2       44

PRECIPITATION (IN)
  YESTERDAY        0.00          1.63 1984   0.13  -0.13     0.00
  MONTH TO DATE    1.60                      3.48  -1.88     4.69
  SINCE DEC 1     11.99                     10.28   1.71    13.08
  SINCE JAN 1      8.64                      7.06   1.58     6.63

SNOWFALL (IN)
  YESTERDAY        0.0          MM      MM   0.0             0.0
  MONTH TO DATE    0.0                       0.5              T
  SINCE DEC 1      0.1                       1.4              T
  SINCE JUL 1      0.1                       1.4              T

DEGREE DAYS
 HEATING
  YESTERDAY       12                        14     -2       21
  MONTH TO DATE  225                       450   -225      442
  SINCE DEC 1   1039                      1645   -606     1274
  SINCE JUL 1   1341                      2086   -745     1544

 COOLING
  YESTERDAY        0                         0      0        0
  MONTH TO DATE   11                         0     11        4
  SINCE DEC 1     18                         4     14       63
  SINCE JAN 1     15                         1     14        4
..................................................................


WIND (MPH)
  HIGHEST WIND SPEED    16   HIGHEST WIND DIRECTION    SE (150)
  HIGHEST GUST SPEED    21   HIGHEST GUST DIRECTION     S (160)
  AVERAGE WIND SPEED     4.6


SKY COVER
  AVERAGE SKY COVER 0.4


WEATHER CONDITIONS
 THE FOLLOWING WEATHER WAS RECORDED YESTERDAY.
  FOG


RELATIVE HUMIDITY (PERCENT)
 HIGHEST    89           600 AM
 LOWEST     32          1200 PM
 AVERAGE    61

..........................................................


THE COLUMBIA METRO AIRPORT SC CLIMATE NORMALS FOR TODAY
                         NORMAL    RECORD    YEAR
 MAXIMUM TEMPERATURE (F)   64        84      2011
                                             1962
 MINIMUM TEMPERATURE (F)   39        17      2002


SUNRISE AND SUNSET
FEBRUARY 28 2017......SUNRISE   654 AM EST   SUNSET   620 PM EST
MARCH  1 2017.........SUNRISE   653 AM EST   SUNSET   621 PM EST


-  INDICATES NEGATIVE NUMBERS.
R  INDICATES RECORD WAS SET OR TIED.
MM INDICATES DATA IS MISSING.
T  INDICATES TRACE AMOUNT.




$$
