000
CDUS42 KCAE 162218
CLICAE


CLIMATE REPORT
NATIONAL WEATHER SERVICE COLUMBIA SC
517 PM EST MON JAN 16 2017


...................................

...THE COLUMBIA METRO AIRPORT SC CLIMATE SUMMARY FOR JANUARY 16 2017...
VALID TODAY AS OF 0500 PM LOCAL TIME.

CLIMATE NORMAL PERIOD 1981 TO 2010
CLIMATE RECORD PERIOD 1887 TO 2017


WEATHER ITEM   OBSERVED TIME   RECORD YEAR NORMAL DEPARTURE LAST
                VALUE   (LST)  VALUE       VALUE  FROM      YEAR
                                                  NORMAL
..................................................................
TEMPERATURE (F)
 TODAY
  MAXIMUM         59    239 PM  79    1950  56      3       65
  MINIMUM         55    632 AM  11    1893  34     21       43
  AVERAGE         57                        45     12       54

PRECIPITATION (IN)
  TODAY            0.00          2.06 1925   0.12  -0.12     0.00
  MONTH TO DATE    4.53                      1.82   2.71     0.99
  SINCE DEC 1      7.88                      5.04   2.84     7.44
  SINCE JAN 1      4.53                      1.82   2.71     0.99

SNOWFALL (IN)
  TODAY            0.0          MM      MM   0.0             0.0
  MONTH TO DATE    0.1                       0.4             0.0
  SINCE DEC 1      0.1                       0.5             0.0
  SINCE JUL 1      0.1                       0.5             0.0

DEGREE DAYS
 HEATING
  TODAY            8                        20    -12       11
  MONTH TO DATE  210                       333   -123      306
  SINCE DEC 1    679                       902   -223      506
  SINCE JUL 1    981                      1343   -362      776

 COOLING
  TODAY            0                         0      0        0
  MONTH TO DATE    1                         0      1        0
  SINCE DEC 1      4                         3      1       59
  SINCE JAN 1      1                         0      1        0
..................................................................


WIND (MPH)
  HIGHEST WIND SPEED    10   HIGHEST WIND DIRECTION     E (70)
  HIGHEST GUST SPEED    12   HIGHEST GUST DIRECTION    NE (60)
  AVERAGE WIND SPEED     5.4


SKY COVER
  AVERAGE SKY COVER 0.8


WEATHER CONDITIONS
 THE FOLLOWING WEATHER WAS RECORDED TODAY.
  FOG
  HAZE


RELATIVE HUMIDITY (PERCENT)
 HIGHEST   100           900 AM
 LOWEST     80          1200 AM
 AVERAGE    90

..........................................................


THE COLUMBIA METRO AIRPORT SC CLIMATE NORMALS FOR TOMORROW
                         NORMAL    RECORD    YEAR
 MAXIMUM TEMPERATURE (F)   56        79      1974
 MINIMUM TEMPERATURE (F)   34         9      1977


SUNRISE AND SUNSET
JANUARY 16 2017.......SUNRISE   729 AM EST   SUNSET   540 PM EST
JANUARY 17 2017.......SUNRISE   729 AM EST   SUNSET   541 PM EST


-  INDICATES NEGATIVE NUMBERS.
R  INDICATES RECORD WAS SET OR TIED.
MM INDICATES DATA IS MISSING.
T  INDICATES TRACE AMOUNT.




$$
