864
CDUS42 KCAE 220824
CLICAE


CLIMATE REPORT
NATIONAL WEATHER SERVICE COLUMBIA SC
424 AM EDT FRI MAY 22 2015


...................................

...THE COLUMBIA METRO AIRPORT SC CLIMATE SUMMARY FOR MAY 21 2015...

CLIMATE NORMAL PERIOD 1981 TO 2010
CLIMATE RECORD PERIOD 1887 TO 2015


WEATHER ITEM   OBSERVED TIME   RECORD YEAR NORMAL DEPARTURE LAST
                VALUE   (LST)  VALUE       VALUE  FROM      YEAR
                                                  NORMAL
..................................................................
TEMPERATURE (F)
 YESTERDAY
  MAXIMUM         93    356 PM  97    1996  85      8       91
                                      1962
                                      1948
  MINIMUM         70    422 AM  42    1894  61      9       63
  AVERAGE         82                        73      9       77

PRECIPITATION (IN)
  YESTERDAY        0.00          3.58 1901   0.10  -0.10     0.00
  MONTH TO DATE    1.71                      1.92  -0.21     2.07
  SINCE MAR 1      8.52                      8.27   0.25     8.99
  SINCE JAN 1     15.88                     15.46   0.42    15.31

SNOWFALL (IN)
  YESTERDAY        0.0          MM      MM   0.0             0.0
  MONTH TO DATE    0.0                       0.0             0.0
  SINCE MAR 1      0.0                       0.1             0.0
  SINCE JUL 1      T                         1.5             4.2

DEGREE DAYS
 HEATING
  YESTERDAY        0                         0      0        0
  MONTH TO DATE    6                        18    -12       10
  SINCE MAR 1    274                       450   -176      476
  SINCE JUL 1   2463                      2549    -86     2560

 COOLING
  YESTERDAY       17                         8      9       12
  MONTH TO DATE  182                       127     55      167
  SINCE MAR 1    325                       218    107      268
  SINCE JAN 1    325                       222    103      275
..................................................................


WIND (MPH)
  HIGHEST WIND SPEED    22   HIGHEST WIND DIRECTION     W (270)
  HIGHEST GUST SPEED    29   HIGHEST GUST DIRECTION     W (270)
  AVERAGE WIND SPEED    10.2


SKY COVER
  AVERAGE SKY COVER 0.4


WEATHER CONDITIONS
 THE FOLLOWING WEATHER WAS RECORDED YESTERDAY.
  NO SIGNIFICANT WEATHER WAS OBSERVED.


RELATIVE HUMIDITY (PERCENT)
 HIGHEST    90           400 AM
 LOWEST     28           400 PM
 AVERAGE    59

..........................................................


THE COLUMBIA METRO AIRPORT SC CLIMATE NORMALS FOR TODAY
                         NORMAL    RECORD    YEAR
 MAXIMUM TEMPERATURE (F)   85       100      1941
 MINIMUM TEMPERATURE (F)   62        41      1954


SUNRISE AND SUNSET
MAY 22 2015...........SUNRISE   619 AM EDT   SUNSET   824 PM EDT
MAY 23 2015...........SUNRISE   618 AM EDT   SUNSET   824 PM EDT


-  INDICATES NEGATIVE NUMBERS.
R  INDICATES RECORD WAS SET OR TIED.
MM INDICATES DATA IS MISSING.
T  INDICATES TRACE AMOUNT.




$$
