000
CDUS42 KCAE 220627
CLICAE


CLIMATE REPORT
NATIONAL WEATHER SERVICE COLUMBIA SC
226 AM EDT FRI AUG 22 2014


...................................

...THE COLUMBIA METRO AIRPORT SC CLIMATE SUMMARY FOR AUGUST 21 2014...

CLIMATE NORMAL PERIOD 1981 TO 2010
CLIMATE RECORD PERIOD 1887 TO 2014


WEATHER ITEM   OBSERVED TIME   RECORD YEAR NORMAL DEPARTURE LAST
                VALUE   (LST)  VALUE       VALUE  FROM      YEAR
                                                  NORMAL
..................................................................
TEMPERATURE (F)
 YESTERDAY
  MAXIMUM         98    335 PM 107    1983  90      8       88
  MINIMUM         73    611 AM  59    1998  71      2       72
  AVERAGE         86                        80      6       80

PRECIPITATION (IN)
  YESTERDAY        0.00          2.25 1927   0.17  -0.17     0.30
  MONTH TO DATE    4.79                      3.74   1.05     7.51
  SINCE JUN 1      9.03                     13.89  -4.86    24.89
  SINCE JAN 1     27.99                     30.40  -2.41    43.51

SNOWFALL (IN)
  YESTERDAY        0.0          MM      MM   0.0             0.0
  MONTH TO DATE    0.0                       0.0             0.0
  SINCE JUN 1      0.0                       0.0             0.0
  SINCE JUL 1      0.0                       0.0             0.0

DEGREE DAYS
 HEATING
  YESTERDAY        0                         0      0        0
  MONTH TO DATE    0                         0      0        0
  SINCE JUN 1      0                         1     -1        0
  SINCE JUL 1      0                         0      0        0

 COOLING
  YESTERDAY       21                        16      5       15
  MONTH TO DATE  355                       346      9      310
  SINCE JUN 1   1442                      1302    140     1232
  SINCE JAN 1   1856                      1623    233     1552
..................................................................


WIND (MPH)
  HIGHEST WIND SPEED    12   HIGHEST WIND DIRECTION    NE (60)
  HIGHEST GUST SPEED    15   HIGHEST GUST DIRECTION     N (10)
  AVERAGE WIND SPEED     4.5


SKY COVER
  AVERAGE SKY COVER 0.3


WEATHER CONDITIONS
 THE FOLLOWING WEATHER WAS RECORDED YESTERDAY.
  NO SIGNIFICANT WEATHER WAS OBSERVED.


RELATIVE HUMIDITY (PERCENT)
 HIGHEST    82           300 AM
 LOWEST     33           100 PM
 AVERAGE    58

..........................................................


THE COLUMBIA METRO AIRPORT SC CLIMATE NORMALS FOR TODAY
                         NORMAL    RECORD    YEAR
 MAXIMUM TEMPERATURE (F)   90       106      1983
 MINIMUM TEMPERATURE (F)   71        58      1998


SUNRISE AND SUNSET
AUGUST 22 2014........SUNRISE   651 AM EDT   SUNSET   803 PM EDT
AUGUST 23 2014........SUNRISE   652 AM EDT   SUNSET   802 PM EDT


-  INDICATES NEGATIVE NUMBERS.
R  INDICATES RECORD WAS SET OR TIED.
MM INDICATES DATA IS MISSING.
T  INDICATES TRACE AMOUNT.




$$
