000
CDUS42 KCAE 262142
CLICAE


CLIMATE REPORT
NATIONAL WEATHER SERVICE COLUMBIA SC
541 PM EDT WED APR 26 2017


...................................

...THE COLUMBIA METRO AIRPORT SC CLIMATE SUMMARY FOR APRIL 26 2017...
VALID TODAY AS OF 0500 PM LOCAL TIME.

CLIMATE NORMAL PERIOD 1981 TO 2010
CLIMATE RECORD PERIOD 1887 TO 2017


WEATHER ITEM   OBSERVED TIME   RECORD YEAR NORMAL DEPARTURE LAST
                VALUE   (LST)  VALUE       VALUE  FROM      YEAR
                                                  NORMAL
..................................................................
TEMPERATURE (F)
 TODAY
  MAXIMUM         87    339 PM  93    1990  79      8       87
  MINIMUM         58    609 AM  34    1910  53      5       60
  AVERAGE         73                        66      7       74

PRECIPITATION (IN)
  TODAY            0.00          2.30 1967   0.09  -0.09     0.00
  MONTH TO DATE    6.09                      2.27   3.82     2.80
  SINCE MAR 1      8.47                      6.00   2.47     4.68
  SINCE JAN 1     17.11                     13.19   3.92    11.31

SNOWFALL (IN)
  TODAY            0.0          MM      MM   0.0             0.0
  MONTH TO DATE    0.0                       0.0             0.0
  SINCE MAR 1      T                         0.1             0.0
  SINCE JUL 1      0.1                       1.5              T

DEGREE DAYS
 HEATING
  TODAY            0                         2     -2        0
  MONTH TO DATE   38                       114    -76       75
  SINCE MAR 1    312                       424   -112      222
  SINCE JUL 1   1653                      2523   -870     1785

 COOLING
  TODAY            8                         3      5        9
  MONTH TO DATE  122                        57     65       59
  SINCE MAR 1    171                        75     96      132
  SINCE JAN 1    189                        79    110      136
..................................................................


WIND (MPH)
  HIGHEST WIND SPEED    14   HIGHEST WIND DIRECTION     S (160)
  HIGHEST GUST SPEED    18   HIGHEST GUST DIRECTION    SW (240)
  AVERAGE WIND SPEED     3.7


SKY COVER
  AVERAGE SKY COVER 0.4


WEATHER CONDITIONS
 THE FOLLOWING WEATHER WAS RECORDED TODAY.
  FOG


RELATIVE HUMIDITY (PERCENT)
 HIGHEST    90           300 AM
 LOWEST     35           300 PM
 AVERAGE    63

..........................................................


THE COLUMBIA METRO AIRPORT SC CLIMATE NORMALS FOR TOMORROW
                         NORMAL    RECORD    YEAR
 MAXIMUM TEMPERATURE (F)   79        94      1986
 MINIMUM TEMPERATURE (F)   53        35      1972


SUNRISE AND SUNSET
APRIL 26 2017.........SUNRISE   640 AM EDT   SUNSET   804 PM EDT
APRIL 27 2017.........SUNRISE   639 AM EDT   SUNSET   805 PM EDT


-  INDICATES NEGATIVE NUMBERS.
R  INDICATES RECORD WAS SET OR TIED.
MM INDICATES DATA IS MISSING.
T  INDICATES TRACE AMOUNT.




$$
