000
CDUS45 KGJT 180737
CLICAG


CLIMATE REPORT
NATIONAL WEATHER SERVICE GRAND JUNCTION CO
135 AM MDT THU SEP 18 2014


...................................

...THE CRAIG CO CLIMATE SUMMARY FOR SEPTEMBER 17 2014...

CLIMATE NORMAL PERIOD 1981 TO 2010
CLIMATE RECORD PERIOD 9999 TO 9999


WEATHER ITEM   OBSERVED TIME   RECORD YEAR NORMAL DEPARTURE LAST
                VALUE   (LST)  VALUE       VALUE  FROM      YEAR
                                                  NORMAL
..................................................................
TEMPERATURE (F)
 YESTERDAY
  MAXIMUM         86    210 PM  MM      MM  74     12       80
  MINIMUM         40    629 AM  MM      MM  36      4       45
  AVERAGE         63                        55      8       63

PRECIPITATION (IN)
  YESTERDAY        0.00         MM      MM   0.07  -0.07      T
  MONTH TO DATE    0.63                      1.05  -0.42     2.12
  SINCE SEP 1      0.63                      1.05  -0.42     2.12
  SINCE JAN 1     10.65                     11.11  -0.46     8.24

SNOWFALL (IN)
  YESTERDAY       MM            MM      MM  MM     MM       MM
  MONTH TO DATE   MM                        MM     MM       MM
  SINCE SEP 1     MM                        MM     MM       MM
  SINCE JUL 1     MM                        MM     MM       MM
  SNOW DEPTH      MM

DEGREE DAYS
 HEATING
  YESTERDAY        2                        10     -8        2
  MONTH TO DATE  110                       120    -10       19
  SINCE SEP 1    110                       120    -10       19
  SINCE JUL 1    213                       197     16       24

 COOLING
  YESTERDAY        0                         0      0        0
  MONTH TO DATE    1                         0      1       45
  SINCE SEP 1      1                         0      1       45
  SINCE JAN 1     71                       140    -69      377
..................................................................


WIND (MPH)
  HIGHEST WIND SPEED    12   HIGHEST WIND DIRECTION     W (250)
  HIGHEST GUST SPEED    14   HIGHEST GUST DIRECTION     W (290)
  AVERAGE WIND SPEED     2.9


SKY COVER
  POSSIBLE SUNSHINE  MM
  AVERAGE SKY COVER 0.0


WEATHER CONDITIONS
 THE FOLLOWING WEATHER WAS RECORDED YESTERDAY.
  NO SIGNIFICANT WEATHER WAS OBSERVED.


RELATIVE HUMIDITY (PERCENT)
 HIGHEST    85           600 AM
 LOWEST     17           200 PM
 AVERAGE    51

..........................................................


THE CRAIG CO CLIMATE NORMALS FOR TODAY
                         NORMAL    RECORD    YEAR
 MAXIMUM TEMPERATURE (F)   73        MM        MM
 MINIMUM TEMPERATURE (F)   36        MM        MM


SUNRISE AND SUNSET
SEPTEMBER 18 2014.....SUNRISE   654 AM MDT   SUNSET   714 PM MDT
SEPTEMBER 19 2014.....SUNRISE   655 AM MDT   SUNSET   712 PM MDT


-  INDICATES NEGATIVE NUMBERS.
R  INDICATES RECORD WAS SET OR TIED.
MM INDICATES DATA IS MISSING.
T  INDICATES TRACE AMOUNT.




$$
