000
CDUS45 KGJT 160731
CLICAG


CLIMATE REPORT
NATIONAL WEATHER SERVICE GRAND JUNCTION CO
1228 AM MST MON JAN 16 2017


...................................

...THE CRAIG CO CLIMATE SUMMARY FOR JANUARY 15 2017...

CLIMATE NORMAL PERIOD 1981 TO 2010
CLIMATE RECORD PERIOD 9999 TO 9999


WEATHER ITEM   OBSERVED TIME   RECORD YEAR NORMAL DEPARTURE LAST
                VALUE   (LST)  VALUE       VALUE  FROM      YEAR
                                                  NORMAL
..................................................................
TEMPERATURE (F)
 YESTERDAY
  MAXIMUM         28    218 AM  MM      MM  29     -1       27
  MINIMUM         19   1159 PM  MM      MM   2     17       11
  AVERAGE         24                        16      8       19

PRECIPITATION (IN)
  YESTERDAY        0.00         MM      MM   0.03  -0.03     0.11
  MONTH TO DATE    1.40                      0.40   1.00     0.46
  SINCE DEC 1      2.60                      1.40   1.20     1.83
  SINCE JAN 1      1.40                      0.40   1.00     0.46

SNOWFALL (IN)
  YESTERDAY       MM            MM      MM  MM     MM       MM
  MONTH TO DATE   MM                        MM     MM       MM
  SINCE DEC 1     MM                        MM     MM       MM
  SINCE JUL 1     MM                        MM     MM       MM
  SNOW DEPTH      MM

DEGREE DAYS
 HEATING
  YESTERDAY       41                        50     -9       46
  MONTH TO DATE  691                       750    -59      875
  SINCE DEC 1   2109                      2221   -112     2472
  SINCE JUL 1   3747                      4306   -559     4149

 COOLING
  YESTERDAY        0                         0      0        0
  MONTH TO DATE    0                         0      0        0
  SINCE DEC 1      0                         0      0        0
  SINCE JAN 1      0                         0      0        0
..................................................................


WIND (MPH)
  HIGHEST WIND SPEED    10   HIGHEST WIND DIRECTION     W (270)
  HIGHEST GUST SPEED    12   HIGHEST GUST DIRECTION     N (20)
  AVERAGE WIND SPEED     4.6


SKY COVER
  POSSIBLE SUNSHINE  MM
  AVERAGE SKY COVER 1.0


WEATHER CONDITIONS
 THE FOLLOWING WEATHER WAS RECORDED YESTERDAY.
  FOG
  HAZE


RELATIVE HUMIDITY (PERCENT)
 HIGHEST    92          1200 AM
 LOWEST     77           500 PM
 AVERAGE    85

..........................................................


THE CRAIG CO CLIMATE NORMALS FOR TODAY
                         NORMAL    RECORD    YEAR
 MAXIMUM TEMPERATURE (F)   29        MM        MM
 MINIMUM TEMPERATURE (F)    2        MM        MM


SUNRISE AND SUNSET
JANUARY 16 2017.......SUNRISE   731 AM MST   SUNSET   510 PM MST
JANUARY 17 2017.......SUNRISE   730 AM MST   SUNSET   511 PM MST


-  INDICATES NEGATIVE NUMBERS.
R  INDICATES RECORD WAS SET OR TIED.
MM INDICATES DATA IS MISSING.
T  INDICATES TRACE AMOUNT.




$$
