000
CDUS41 KCLE 280526
CLICAK


CLIMATE REPORT
NATIONAL WEATHER SERVICE CLEVELAND OH
125 AM EDT MON JUL 28 2014


...................................

...THE AKRON CANTON OH CLIMATE SUMMARY FOR JULY 27 2014...

CLIMATE NORMAL PERIOD 1981 TO 2010
CLIMATE RECORD PERIOD 1887 TO 2014


WEATHER ITEM   OBSERVED TIME   RECORD YEAR NORMAL DEPARTURE LAST
                VALUE   (LST)  VALUE       VALUE  FROM      YEAR
                                                  NORMAL
..................................................................
TEMPERATURE (F)
 YESTERDAY
  MAXIMUM         82   1225 PM  98    1941  82      0       71
  MINIMUM         63   1139 PM  47    1946  62      1       63
  AVERAGE         73                        72      1       67

PRECIPITATION (IN)
  YESTERDAY        0.17                      0.13   0.04     0.11
  MONTH TO DATE    3.46                      3.57  -0.11     6.94
  SINCE JUN 1     12.74                      7.40   5.34    12.85
  SINCE JAN 1     29.37                     23.13   6.24    25.11

SNOWFALL (IN)
  YESTERDAY        0.0                       0.0    0.0      0.0
  MONTH TO DATE    0.0                       0.0    0.0      0.0
  SINCE JUN 1      0.0                       0.0    0.0      0.0
  SINCE JUL 1      0.0                       0.0    0.0      0.0
  SNOW DEPTH       0

DEGREE DAYS
 HEATING
  YESTERDAY        0                         0      0        0
  MONTH TO DATE    2                         0      2        3
  SINCE JUN 1     17                        49    -32       30
  SINCE JUL 1      2                         0      2        3

 COOLING
  YESTERDAY        8                         7      1        2
  MONTH TO DATE  178                       189    -11      266
  SINCE JUN 1    361                       324     37      427
  SINCE JAN 1    437                       366     71      533
..................................................................


WIND (MPH)
  HIGHEST WIND SPEED    25   HIGHEST WIND DIRECTION     N (350)
  HIGHEST GUST SPEED    35   HIGHEST GUST DIRECTION     N (360)
  AVERAGE WIND SPEED     6.6


SKY COVER
  POSSIBLE SUNSHINE  MM
  AVERAGE SKY COVER 0.8


WEATHER CONDITIONS
 THE FOLLOWING WEATHER WAS RECORDED YESTERDAY.
  THUNDERSTORM
  LIGHT RAIN
  FOG
  HAZE


RELATIVE HUMIDITY (PERCENT)
 HIGHEST    93          1100 PM
 LOWEST     64           500 PM
 AVERAGE    79

..........................................................


THE AKRON CANTON OH CLIMATE NORMALS FOR TODAY
                         NORMAL    RECORD    YEAR
 MAXIMUM TEMPERATURE (F)   82        97      1930
 MINIMUM TEMPERATURE (F)   62        49      1937


SUNRISE AND SUNSET
JULY 28 2014..........SUNRISE   618 AM EDT   SUNSET   846 PM EDT
JULY 29 2014..........SUNRISE   619 AM EDT   SUNSET   845 PM EDT


-  INDICATES NEGATIVE NUMBERS.
R  INDICATES RECORD WAS SET OR TIED.
MM INDICATES DATA IS MISSING.
T  INDICATES TRACE AMOUNT.




$$
