000
CDUS41 KCLE 270531
CLICAK


CLIMATE REPORT
NATIONAL WEATHER SERVICE CLEVELAND OH
131 AM EDT FRI MAY 27 2016


...................................

...THE AKRON CANTON OH CLIMATE SUMMARY FOR MAY 26 2016...

CLIMATE NORMAL PERIOD 1981 TO 2010
CLIMATE RECORD PERIOD 1887 TO 2016


WEATHER ITEM   OBSERVED TIME   RECORD YEAR NORMAL DEPARTURE LAST
                VALUE   (LST)  VALUE       VALUE  FROM      YEAR
                                                  NORMAL
..................................................................
TEMPERATURE (F)
 YESTERDAY
  MAXIMUM         82    417 PM  89    1939  72     10       85
                                      1914
  MINIMUM         66    544 AM  32    1961  52     14       67
                                      1925
  AVERAGE         74                        62     12       76

PRECIPITATION (IN)
  YESTERDAY        0.00                      0.15  -0.15     1.15
  MONTH TO DATE    1.97                      3.57  -1.60     1.62
  SINCE MAR 1     10.05                     10.10  -0.05     8.22
  SINCE JAN 1     14.64                     15.02  -0.38    13.70

SNOWFALL (IN)
  YESTERDAY        0.0                       0.0    0.0      0.0
  MONTH TO DATE    T                         0.1   -0.1      0.0
  SINCE MAR 1      7.5                      11.0   -3.5      6.9
  SINCE JUL 1     30.2                      47.5  -17.3     59.8
  SNOW DEPTH       0

DEGREE DAYS
 HEATING
  YESTERDAY        0                         5     -5        0
  MONTH TO DATE  221                       204     17      101
  SINCE MAR 1   1334                      1536   -202     1431
  SINCE JUL 1   4981                      6080  -1099     6274

 COOLING
  YESTERDAY        9                         2      7       11
  MONTH TO DATE   15                        25    -10      108
  SINCE MAR 1     15                        31    -16      110
  SINCE JAN 1     15                        31    -16      110
..................................................................


WIND (MPH)
  HIGHEST WIND SPEED    20   HIGHEST WIND DIRECTION    SW (220)
  HIGHEST GUST SPEED    25   HIGHEST GUST DIRECTION    SW (230)
  AVERAGE WIND SPEED    10.8


SKY COVER
  POSSIBLE SUNSHINE  MM
  AVERAGE SKY COVER 0.6


WEATHER CONDITIONS
 THE FOLLOWING WEATHER WAS RECORDED YESTERDAY.
  NO SIGNIFICANT WEATHER WAS OBSERVED.


RELATIVE HUMIDITY (PERCENT)
 HIGHEST    81           600 AM
 LOWEST     54           400 PM
 AVERAGE    68

..........................................................


THE AKRON CANTON OH CLIMATE NORMALS FOR TODAY
                         NORMAL    RECORD    YEAR
 MAXIMUM TEMPERATURE (F)   72        92      1978
 MINIMUM TEMPERATURE (F)   52        30      1961


SUNRISE AND SUNSET
MAY 27 2016...........SUNRISE   558 AM EDT   SUNSET   848 PM EDT
MAY 28 2016...........SUNRISE   558 AM EDT   SUNSET   849 PM EDT


-  INDICATES NEGATIVE NUMBERS.
R  INDICATES RECORD WAS SET OR TIED.
MM INDICATES DATA IS MISSING.
T  INDICATES TRACE AMOUNT.




$$
