000
CDUS41 KCLE 250528
CLICAK


CLIMATE REPORT
NATIONAL WEATHER SERVICE CLEVELAND OH
1227 AM EST THU DEC 25 2014


...................................

...THE AKRON CANTON OH CLIMATE SUMMARY FOR DECEMBER 24 2014...

CLIMATE NORMAL PERIOD 1981 TO 2010
CLIMATE RECORD PERIOD 1887 TO 2014


WEATHER ITEM   OBSERVED TIME   RECORD YEAR NORMAL DEPARTURE LAST
                VALUE   (LST)  VALUE       VALUE  FROM      YEAR
                                                  NORMAL
..................................................................
TEMPERATURE (F)
 YESTERDAY
  MAXIMUM         58    709 PM  63    1964  35     23       28
  MINIMUM         41   1159 PM -15    1983  22     19       15
  AVERAGE         50                        28     22       22

PRECIPITATION (IN)
  YESTERDAY        0.19                      0.09   0.10     0.05
  MONTH TO DATE    1.85                      2.23  -0.38     3.25
  SINCE DEC 1      1.85                      2.23  -0.38     3.25
  SINCE JAN 1     45.23                     39.01   6.22    41.95

SNOWFALL (IN)
  YESTERDAY        0.0                       0.3   -0.3      1.1
  MONTH TO DATE    0.5                       7.6   -7.1     10.9
  SINCE DEC 1      0.5                       7.6   -7.1     10.9
  SINCE JUL 1      8.5                      11.0   -2.5     21.6
  SNOW DEPTH       0

DEGREE DAYS
 HEATING
  YESTERDAY       15                        37    -22       43
  MONTH TO DATE  705                       809   -104      783
  SINCE DEC 1    705                       809   -104      783
  SINCE JUL 1   1988                      2068    -80     2033

 COOLING
  YESTERDAY        0                         0      0        0
  MONTH TO DATE    0                         0      0        0
  SINCE DEC 1      0                         0      0        0
  SINCE JAN 1    719                       652     67      829
..................................................................


WIND (MPH)
  HIGHEST WIND SPEED    35   HIGHEST WIND DIRECTION    SW (240)
  HIGHEST GUST SPEED    48   HIGHEST GUST DIRECTION    SW (230)
  AVERAGE WIND SPEED    12.5


SKY COVER
  POSSIBLE SUNSHINE  MM
  AVERAGE SKY COVER 1.0


WEATHER CONDITIONS
 THE FOLLOWING WEATHER WAS RECORDED YESTERDAY.
  LIGHT RAIN
  FOG


RELATIVE HUMIDITY (PERCENT)
 HIGHEST    93           300 AM
 LOWEST     77           800 PM
 AVERAGE    85

..........................................................


THE AKRON CANTON OH CLIMATE NORMALS FOR TODAY
                         NORMAL    RECORD    YEAR
 MAXIMUM TEMPERATURE (F)   34        64      1982
 MINIMUM TEMPERATURE (F)   21       -14      1983


SUNRISE AND SUNSET
DECEMBER 25 2014......SUNRISE   749 AM EST   SUNSET   503 PM EST
DECEMBER 26 2014......SUNRISE   749 AM EST   SUNSET   504 PM EST


-  INDICATES NEGATIVE NUMBERS.
R  INDICATES RECORD WAS SET OR TIED.
MM INDICATES DATA IS MISSING.
T  INDICATES TRACE AMOUNT.




$$
