000
CDUS41 KCLE 280545
CLICAK


CLIMATE REPORT
NATIONAL WEATHER SERVICE CLEVELAND OH
145 AM EDT SUN MAY 28 2017


...................................

...THE AKRON CANTON OH CLIMATE SUMMARY FOR MAY 27 2017...

CLIMATE NORMAL PERIOD 1981 TO 2010
CLIMATE RECORD PERIOD 1887 TO 2017


WEATHER ITEM   OBSERVED TIME   RECORD YEAR NORMAL DEPARTURE LAST
                VALUE   (LST)  VALUE       VALUE  FROM      YEAR
                                                  NORMAL
..................................................................
TEMPERATURE (F)
 YESTERDAY
  MAXIMUM         77    336 PM  92    1978  72      5       85
  MINIMUM         57    625 AM  30    1961  52      5       65
  AVERAGE         67                        62      5       75

PRECIPITATION (IN)
  YESTERDAY        0.34                      0.14   0.20     0.00
  MONTH TO DATE    7.07                      3.71   3.36     1.97
  SINCE MAR 1     17.18                     10.24   6.94    10.05
  SINCE JAN 1     25.69                     15.16  10.53    14.64

SNOWFALL (IN)
  YESTERDAY        0.0                       0.0    0.0      0.0
  MONTH TO DATE    0.0                       0.1   -0.1       T
  SINCE MAR 1     16.0                      11.0    5.0      7.5
  SINCE JUL 1     37.2                      47.5  -10.3     30.2
  SNOW DEPTH       0

DEGREE DAYS
 HEATING
  YESTERDAY        0                         5     -5        0
  MONTH TO DATE  195                       209    -14      221
  SINCE MAR 1   1273                      1541   -268     1334
  SINCE JUL 1   4873                      6085  -1212     4981

 COOLING
  YESTERDAY        2                         2      0       10
  MONTH TO DATE   28                        27      1       25
  SINCE MAR 1     50                        33     17       25
  SINCE JAN 1     52                        33     19       25
..................................................................


WIND (MPH)
  HIGHEST WIND SPEED     9   HIGHEST WIND DIRECTION    NE (40)
  HIGHEST GUST SPEED    14   HIGHEST GUST DIRECTION     E (110)
  AVERAGE WIND SPEED     5.7


SKY COVER
  POSSIBLE SUNSHINE  MM
  AVERAGE SKY COVER 0.8


WEATHER CONDITIONS
 THE FOLLOWING WEATHER WAS RECORDED YESTERDAY.
  HEAVY RAIN
  RAIN
  LIGHT RAIN
  FOG


RELATIVE HUMIDITY (PERCENT)
 HIGHEST    86           300 AM
 LOWEST     57           500 PM
 AVERAGE    72

..........................................................


THE AKRON CANTON OH CLIMATE NORMALS FOR TODAY
                         NORMAL    RECORD    YEAR
 MAXIMUM TEMPERATURE (F)   73        93      1911
 MINIMUM TEMPERATURE (F)   52        34      1907


SUNRISE AND SUNSET
MAY 28 2017...........SUNRISE   558 AM EDT   SUNSET   848 PM EDT
MAY 29 2017...........SUNRISE   557 AM EDT   SUNSET   849 PM EDT


-  INDICATES NEGATIVE NUMBERS.
R  INDICATES RECORD WAS SET OR TIED.
MM INDICATES DATA IS MISSING.
T  INDICATES TRACE AMOUNT.




$$
