000
CDUS41 KCLE 200545
CLICAK


CLIMATE REPORT
NATIONAL WEATHER SERVICE CLEVELAND OH
145 AM EDT SUN APR 20 2014


...................................

...THE AKRON CANTON OH CLIMATE SUMMARY FOR APRIL 19 2014...

CLIMATE NORMAL PERIOD 1981 TO 2010
CLIMATE RECORD PERIOD 1887 TO 2014


WEATHER ITEM   OBSERVED TIME   RECORD YEAR NORMAL DEPARTURE LAST
                VALUE   (LST)  VALUE       VALUE  FROM      YEAR
                                                  NORMAL
..................................................................
TEMPERATURE (F)
 YESTERDAY
  MAXIMUM         57    637 PM  85    1941  61     -4       73
  MINIMUM         39    654 AM  22    1983  40     -1       39
  AVERAGE         48                        51     -3       56

PRECIPITATION (IN)
  YESTERDAY        0.00                      0.12  -0.12     0.26
  MONTH TO DATE    3.19                      2.28   0.91     3.17
  SINCE MAR 1      5.77                      5.26   0.51     5.23
  SINCE JAN 1      9.28                     10.18  -0.90     9.42

SNOWFALL (IN)
  YESTERDAY        0.0                       0.0    0.0      0.0
  MONTH TO DATE    0.9                       2.4   -1.5       T
  SINCE MAR 1     10.6                      10.6    0.0     10.5
  SINCE JUL 1     69.9                      47.1   22.8     46.9
  SNOW DEPTH       0

DEGREE DAYS
 HEATING
  YESTERDAY       17                        15      2        9
  MONTH TO DATE  280                       340    -60      285
  SINCE MAR 1   1296                      1191    105     1228
  SINCE JUL 1   6119                      5735    384     5489

 COOLING
  YESTERDAY        0                         0      0        0
  MONTH TO DATE    3                         0      3        7
  SINCE MAR 1      3                         0      3        7
  SINCE JAN 1      3                         0      3        7
..................................................................


WIND (MPH)
  HIGHEST WIND SPEED    12   HIGHEST WIND DIRECTION    NE (30)
  HIGHEST GUST SPEED    12   HIGHEST GUST DIRECTION    NE (30)
  AVERAGE WIND SPEED     9.1


SKY COVER
  POSSIBLE SUNSHINE  MM
  AVERAGE SKY COVER 0.3


WEATHER CONDITIONS
 THE FOLLOWING WEATHER WAS RECORDED YESTERDAY.
  NO SIGNIFICANT WEATHER WAS OBSERVED.


RELATIVE HUMIDITY (PERCENT)
 HIGHEST    89           300 AM
 LOWEST     23           500 PM
 AVERAGE    56

..........................................................


THE AKRON CANTON OH CLIMATE NORMALS FOR TODAY
                         NORMAL    RECORD    YEAR
 MAXIMUM TEMPERATURE (F)   62        82      1985
                                             1915
 MINIMUM TEMPERATURE (F)   40        22      1904


SUNRISE AND SUNSET
APRIL 20 2014.........SUNRISE   639 AM EDT   SUNSET   811 PM EDT
APRIL 21 2014.........SUNRISE   638 AM EDT   SUNSET   812 PM EDT


-  INDICATES NEGATIVE NUMBERS.
R  INDICATES RECORD WAS SET OR TIED.
MM INDICATES DATA IS MISSING.
T  INDICATES TRACE AMOUNT.




$$
