000
CDUS45 KABQ 060839
CLICAO


CLIMATE REPORT
NATIONAL WEATHER SERVICE ALBUQUERQUE NM
136 AM MST FRI MAR 6 2015


...................................

...THE CLAYTON  NM CLIMATE SUMMARY FOR MARCH 5 2015...

CLIMATE NORMAL PERIOD 1981 TO 2010
CLIMATE RECORD PERIOD 1896 TO 2015


WEATHER ITEM   OBSERVED TIME   RECORD YEAR NORMAL DEPARTURE
                VALUE   (LST)  VALUE       VALUE  FROM
                                                  NORMAL
...............................................................
TEMPERATURE (F)
 YESTERDAY
  MAXIMUM         42    421 PM  81    1910  55    -13
  MINIMUM          5    247 AM  -5    1948  27    -22
  AVERAGE         24                        41    -17

PRECIPITATION (IN)
  YESTERDAY        0.00          0.23 1941   0.03  -0.03
  MONTH TO DATE    0.09                      0.13  -0.04
  SINCE MAR 1      0.09                      0.13  -0.04
  SINCE JAN 1      3.11                      0.75   2.36

SNOWFALL (IN)
  YESTERDAY        0.0
  MONTH TO DATE    0.9
  SINCE MAR 1      0.9
  SINCE JUL 1     26.1

DEGREE DAYS
 HEATING
  YESTERDAY       41                        24     17
  MONTH TO DATE  190                       121     69
  SINCE MAR 1    190                       121     69
  SINCE JUL 1   3633                      3798   -165

 COOLING
  YESTERDAY        0                         0      0
  MONTH TO DATE    0                         0      0
  SINCE MAR 1      0                         0      0
  SINCE JAN 1      0                         0      0
...............................................................


WIND (MPH)
  HIGHEST WIND SPEED    22   HIGHEST WIND DIRECTION     S (200)
  HIGHEST GUST SPEED    27   HIGHEST GUST DIRECTION     S (190)
  AVERAGE WIND SPEED    12.2


SKY COVER
  AVERAGE SKY COVER 0.0


WEATHER CONDITIONS
 THE FOLLOWING WEATHER WAS RECORDED YESTERDAY.
  NO SIGNIFICANT WEATHER WAS OBSERVED.


RELATIVE HUMIDITY (PERCENT)
 HIGHEST    91          1200 AM
 LOWEST     41           200 PM
 AVERAGE    66

..........................................................


THE CLAYTON  NM CLIMATE NORMALS FOR TODAY
                         NORMAL    RECORD    YEAR
 MAXIMUM TEMPERATURE (F)   56        86      2003
 MINIMUM TEMPERATURE (F)   28        -1      1948


SUNRISE AND SUNSET
MARCH  6 2015.........SUNRISE   617 AM MST   SUNSET   552 PM MST
MARCH  7 2015.........SUNRISE   615 AM MST   SUNSET   553 PM MST


-  INDICATES NEGATIVE NUMBERS.
R  INDICATES RECORD WAS SET OR TIED.
MM INDICATES DATA IS MISSING.
T  INDICATES TRACE AMOUNT.




$$
