000
CDUS45 KABQ 270831
CLICAO


CLIMATE REPORT
NATIONAL WEATHER SERVICE ALBUQUERQUE NM
231 AM MDT SAT MAY 27 2017


...................................

...THE CLAYTON  NM CLIMATE SUMMARY FOR MAY 26 2017...

CLIMATE NORMAL PERIOD 1981 TO 2010
CLIMATE RECORD PERIOD 1896 TO 2017


WEATHER ITEM   OBSERVED TIME   RECORD YEAR NORMAL DEPARTURE
                VALUE   (LST)  VALUE       VALUE  FROM
                                                  NORMAL
...............................................................
TEMPERATURE (F)
 YESTERDAY
  MAXIMUM         79    445 PM  96    2006  78      1
  MINIMUM         50    448 AM  35    1950  50      0
                                      1917
  AVERAGE         65                        64      1

PRECIPITATION (IN)
  YESTERDAY        0.00          0.81 1944   0.08  -0.08
  MONTH TO DATE    2.07                      1.54   0.53
  SINCE MAR 1      6.20                      3.43   2.77
  SINCE JAN 1      7.58                      4.05   3.53

SNOWFALL (IN)
  YESTERDAY        0.0
  MONTH TO DATE    0.0
  SINCE MAR 1     13.9
  SINCE JUL 1     25.3

DEGREE DAYS
 HEATING
  YESTERDAY        0                         3     -3
  MONTH TO DATE  194                       142     52
  SINCE MAR 1    973                      1171   -198
  SINCE JUL 1   3993                      4848   -855

 COOLING
  YESTERDAY        0                         2     -2
  MONTH TO DATE   12                        33    -21
  SINCE MAR 1     30                        39     -9
  SINCE JAN 1     32                        39     -7
...............................................................


WIND (MPH)
  HIGHEST WIND SPEED    23   HIGHEST WIND DIRECTION     S (180)
  HIGHEST GUST SPEED    27   HIGHEST GUST DIRECTION     S (160)
  AVERAGE WIND SPEED    11.0


SKY COVER
  AVERAGE SKY COVER 0.0


WEATHER CONDITIONS
 THE FOLLOWING WEATHER WAS RECORDED YESTERDAY.
  NO SIGNIFICANT WEATHER WAS OBSERVED.


RELATIVE HUMIDITY (PERCENT)
 HIGHEST    86           400 AM
 LOWEST     19           400 PM
 AVERAGE    53

..........................................................


THE CLAYTON  NM CLIMATE NORMALS FOR TODAY
                         NORMAL    RECORD    YEAR
 MAXIMUM TEMPERATURE (F)   79        99      1896
 MINIMUM TEMPERATURE (F)   51        32      1917


SUNRISE AND SUNSET
MAY 27 2017...........SUNRISE   538 AM MDT   SUNSET   802 PM MDT
MAY 28 2017...........SUNRISE   537 AM MDT   SUNSET   803 PM MDT


-  INDICATES NEGATIVE NUMBERS.
R  INDICATES RECORD WAS SET OR TIED.
MM INDICATES DATA IS MISSING.
T  INDICATES TRACE AMOUNT.




$$
