000
CDUS45 KABQ 260826
CLICAO


CLIMATE REPORT
NATIONAL WEATHER SERVICE ALBUQUERQUE NM
126 AM MST WED NOV 26 2014


...................................

...THE CLAYTON  NM CLIMATE SUMMARY FOR NOVEMBER 25 2014...

CLIMATE NORMAL PERIOD 1981 TO 2010
CLIMATE RECORD PERIOD 1896 TO 2014


WEATHER ITEM   OBSERVED TIME   RECORD YEAR NORMAL DEPARTURE
                VALUE   (LST)  VALUE       VALUE  FROM
                                                  NORMAL
...............................................................
TEMPERATURE (F)
 YESTERDAY
  MAXIMUM         57    244 PM  77    1990  53      4
  MINIMUM         20    705 AM   9    1952  26     -6
  AVERAGE         39                        39      0

PRECIPITATION (IN)
  YESTERDAY        0.00          0.90 1896   0.01  -0.01
  MONTH TO DATE    0.57                      0.40   0.17
  SINCE SEP 1      4.36                      3.18   1.18
  SINCE JAN 1     12.89                     15.38  -2.49

SNOWFALL (IN)
  YESTERDAY        0.0
  MONTH TO DATE    2.6
  SINCE SEP 1      2.6
  SINCE JUL 1      2.6

DEGREE DAYS
 HEATING
  YESTERDAY       26                        26      0
  MONTH TO DATE  616                       508    108
  SINCE SEP 1    877                       912    -35
  SINCE JUL 1    877                       918    -41

 COOLING
  YESTERDAY        0                         0      0
  MONTH TO DATE    0                         0      0
  SINCE SEP 1    126                       112     14
  SINCE JAN 1   1130                       909    221
...............................................................


WIND (MPH)
  HIGHEST WIND SPEED    24   HIGHEST WIND DIRECTION    SW (230)
  HIGHEST GUST SPEED    32   HIGHEST GUST DIRECTION    SW (240)
  AVERAGE WIND SPEED    12.5


SKY COVER
  AVERAGE SKY COVER 0.0


WEATHER CONDITIONS
 THE FOLLOWING WEATHER WAS RECORDED YESTERDAY.
  NO SIGNIFICANT WEATHER WAS OBSERVED.


RELATIVE HUMIDITY (PERCENT)
 HIGHEST    81           100 AM
 LOWEST     14           100 PM
 AVERAGE    48

..........................................................


THE CLAYTON  NM CLIMATE NORMALS FOR TODAY
                         NORMAL    RECORD    YEAR
 MAXIMUM TEMPERATURE (F)   52        78      1977
 MINIMUM TEMPERATURE (F)   26         3      1952


SUNRISE AND SUNSET
NOVEMBER 26 2014......SUNRISE   641 AM MST   SUNSET   439 PM MST
NOVEMBER 27 2014......SUNRISE   642 AM MST   SUNSET   438 PM MST


-  INDICATES NEGATIVE NUMBERS.
R  INDICATES RECORD WAS SET OR TIED.
MM INDICATES DATA IS MISSING.
T  INDICATES TRACE AMOUNT.




$$
