000
CDUS45 KABQ 300826
CLICAO


CLIMATE REPORT
NATIONAL WEATHER SERVICE ALBUQUERQUE NM
225 AM MDT SAT AUG 30 2014


...................................

...THE CLAYTON  NM CLIMATE SUMMARY FOR AUGUST 29 2014...

CLIMATE NORMAL PERIOD 1981 TO 2010
CLIMATE RECORD PERIOD 1896 TO 2014


WEATHER ITEM   OBSERVED TIME   RECORD YEAR NORMAL DEPARTURE
                VALUE   (LST)  VALUE       VALUE  FROM
                                                  NORMAL
...............................................................
TEMPERATURE (F)
 YESTERDAY
  MAXIMUM         86    344 PM  98    1922  85      1
  MINIMUM         53    539 AM  43    1928  59     -6
  AVERAGE         70                        72     -2

PRECIPITATION (IN)
  YESTERDAY        0.00          0.83 1968   0.07  -0.07
  MONTH TO DATE    2.02                      2.79  -0.77
  SINCE JUN 1      6.76                      7.58  -0.82
  SINCE JAN 1      8.53                     12.05  -3.52

SNOWFALL (IN)
  YESTERDAY        0.0
  MONTH TO DATE    0.0
  SINCE JUN 1      0.0
  SINCE JUL 1      0.0

DEGREE DAYS
 HEATING
  YESTERDAY        0                         0      0
  MONTH TO DATE    0                         0      0
  SINCE JUN 1     14                        25    -11
  SINCE JUL 1      0                         2     -2

 COOLING
  YESTERDAY        5                         7     -2
  MONTH TO DATE  305                       245     60
  SINCE JUN 1    886                       731    155
  SINCE JAN 1    981                       782    199
...............................................................


WIND (MPH)
  HIGHEST WIND SPEED    20   HIGHEST WIND DIRECTION    NW (310)
  HIGHEST GUST SPEED    27   HIGHEST GUST DIRECTION    NW (310)
  AVERAGE WIND SPEED     9.4


SKY COVER
  AVERAGE SKY COVER 0.1


WEATHER CONDITIONS
 THE FOLLOWING WEATHER WAS RECORDED YESTERDAY.
  NO SIGNIFICANT WEATHER WAS OBSERVED.


RELATIVE HUMIDITY (PERCENT)
 HIGHEST    77           500 AM
 LOWEST     17           400 PM
 AVERAGE    47

..........................................................


THE CLAYTON  NM CLIMATE NORMALS FOR TODAY
                         NORMAL    RECORD    YEAR
 MAXIMUM TEMPERATURE (F)   85        99      1922
 MINIMUM TEMPERATURE (F)   58        43      1915


SUNRISE AND SUNSET
AUGUST 30 2014........SUNRISE   622 AM MDT   SUNSET   723 PM MDT
AUGUST 31 2014........SUNRISE   623 AM MDT   SUNSET   722 PM MDT


-  INDICATES NEGATIVE NUMBERS.
R  INDICATES RECORD WAS SET OR TIED.
MM INDICATES DATA IS MISSING.
T  INDICATES TRACE AMOUNT.




$$
