000
CDUS45 KABQ 010833
CLICAO


CLIMATE REPORT
NATIONAL WEATHER SERVICE ALBUQUERQUE NM
231 AM MDT TUE SEP 1 2015


...................................

...THE CLAYTON  NM CLIMATE SUMMARY FOR AUGUST 31 2015...

CLIMATE NORMAL PERIOD 1981 TO 2010
CLIMATE RECORD PERIOD 1896 TO 2015


WEATHER ITEM   OBSERVED TIME   RECORD YEAR NORMAL DEPARTURE
                VALUE   (LST)  VALUE       VALUE  FROM
                                                  NORMAL
...............................................................
TEMPERATURE (F)
 YESTERDAY
  MAXIMUM         92    333 PM  98    2011  84      8
  MINIMUM         62    304 AM  44    1918  58      4
  AVERAGE         77                        71      6

PRECIPITATION (IN)
  YESTERDAY        T             1.51 1934   0.07  -0.07
  MONTH TO DATE    3.95                      2.94   1.01
  SINCE JUN 1     12.75                      7.73   5.02
  SINCE JAN 1     24.28                     12.20  12.08

SNOWFALL (IN)
  YESTERDAY        0.0
  MONTH TO DATE    0.0
  SINCE JUN 1      0.0
  SINCE JUL 1      0.0

DEGREE DAYS
 HEATING
  YESTERDAY        0                         0      0
  MONTH TO DATE    5                         0      5
  SINCE JUN 1      7                        29    -22
  SINCE JUL 1      5                         6     -1

 COOLING
  YESTERDAY       12                         7      5
  MONTH TO DATE  292                       260     32
  SINCE JUN 1    877                       746    131
  SINCE JAN 1    882                       797     85
...............................................................


WIND (MPH)
  HIGHEST WIND SPEED    17   HIGHEST WIND DIRECTION     W (280)
  HIGHEST GUST SPEED    24   HIGHEST GUST DIRECTION     W (270)
  AVERAGE WIND SPEED    10.2


SKY COVER
  AVERAGE SKY COVER 0.0


WEATHER CONDITIONS
 THE FOLLOWING WEATHER WAS RECORDED YESTERDAY.
  THUNDERSTORM
  LIGHT RAIN


RELATIVE HUMIDITY (PERCENT)
 HIGHEST    67          1200 AM
 LOWEST     26           100 PM
 AVERAGE    47

..........................................................


THE CLAYTON  NM CLIMATE NORMALS FOR TODAY
                         NORMAL    RECORD    YEAR
 MAXIMUM TEMPERATURE (F)   84        97      2010
                                             1926
                                             1922
 MINIMUM TEMPERATURE (F)   58        47      1972
                                             1956
                                             1955


SUNRISE AND SUNSET
SEPTEMBER  1 2015.....SUNRISE   624 AM MDT   SUNSET   721 PM MDT
SEPTEMBER  2 2015.....SUNRISE   625 AM MDT   SUNSET   719 PM MDT


-  INDICATES NEGATIVE NUMBERS.
R  INDICATES RECORD WAS SET OR TIED.
MM INDICATES DATA IS MISSING.
T  INDICATES TRACE AMOUNT.




$$
