000
CDUS45 KABQ 270845
CLICAO


CLIMATE REPORT
NATIONAL WEATHER SERVICE ALBUQUERQUE NM
245 AM MDT MON MAR 27 2017


...................................

...THE CLAYTON  NM CLIMATE SUMMARY FOR MARCH 26 2017...

CLIMATE NORMAL PERIOD 1981 TO 2010
CLIMATE RECORD PERIOD 1896 TO 2017


WEATHER ITEM   OBSERVED TIME   RECORD YEAR NORMAL DEPARTURE
                VALUE   (LST)  VALUE       VALUE  FROM
                                                  NORMAL
...............................................................
TEMPERATURE (F)
 YESTERDAY
  MAXIMUM         63    249 PM  81    1971  61      2
                                      1956
  MINIMUM         36   1100 PM   4    1931  32      4
  AVERAGE         50                        47      3

PRECIPITATION (IN)
  YESTERDAY        0.00          0.38 1930   0.03  -0.03
  MONTH TO DATE    0.03                      0.79  -0.76
  SINCE MAR 1      0.03                      0.79  -0.76
  SINCE JAN 1      1.41                      1.41   0.00

SNOWFALL (IN)
  YESTERDAY        0.0
  MONTH TO DATE    0.0
  SINCE MAR 1      0.0
  SINCE JUL 1     11.4

DEGREE DAYS
 HEATING
  YESTERDAY       15                        18     -3
  MONTH TO DATE  328                       556   -228
  SINCE MAR 1    328                       556   -228
  SINCE JUL 1   3348                      4233   -885

 COOLING
  YESTERDAY        0                         0      0
  MONTH TO DATE    6                         0      6
  SINCE MAR 1      6                         0      6
  SINCE JAN 1      8                         0      8
...............................................................


WIND (MPH)
  HIGHEST WIND SPEED    35   HIGHEST WIND DIRECTION    NW (310)
  HIGHEST GUST SPEED    47   HIGHEST GUST DIRECTION    NW (310)
  AVERAGE WIND SPEED    16.2


SKY COVER
  AVERAGE SKY COVER 0.1


WEATHER CONDITIONS
 THE FOLLOWING WEATHER WAS RECORDED YESTERDAY.
  NO SIGNIFICANT WEATHER WAS OBSERVED.


RELATIVE HUMIDITY (PERCENT)
 HIGHEST   100          1100 PM
 LOWEST     39          1200 PM
 AVERAGE    70

..........................................................


THE CLAYTON  NM CLIMATE NORMALS FOR TODAY
                         NORMAL    RECORD    YEAR
 MAXIMUM TEMPERATURE (F)   62        85      1971
 MINIMUM TEMPERATURE (F)   33         5      1899


SUNRISE AND SUNSET
MARCH 27 2017.........SUNRISE   646 AM MDT   SUNSET   711 PM MDT
MARCH 28 2017.........SUNRISE   644 AM MDT   SUNSET   712 PM MDT


-  INDICATES NEGATIVE NUMBERS.
R  INDICATES RECORD WAS SET OR TIED.
MM INDICATES DATA IS MISSING.
T  INDICATES TRACE AMOUNT.




$$
