000
CDUS45 KABQ 050837
CLICAO


CLIMATE REPORT
NATIONAL WEATHER SERVICE ALBUQUERQUE NM
235 AM MDT WED AUG 5 2015


...................................

...THE CLAYTON  NM CLIMATE SUMMARY FOR AUGUST 4 2015...

CLIMATE NORMAL PERIOD 1981 TO 2010
CLIMATE RECORD PERIOD 1896 TO 2015


WEATHER ITEM   OBSERVED TIME   RECORD YEAR NORMAL DEPARTURE
                VALUE   (LST)  VALUE       VALUE  FROM
                                                  NORMAL
...............................................................
TEMPERATURE (F)
 YESTERDAY
  MAXIMUM         90    536 PM 100    1934  87      3
                                      1926
  MINIMUM         60    518 AM  49    1928  61     -1
  AVERAGE         75                        74      1

PRECIPITATION (IN)
  YESTERDAY        0.00          1.04 1953   0.11  -0.11
  MONTH TO DATE    1.19                      0.43   0.76
  SINCE JUN 1      9.99                      5.22   4.77
  SINCE JAN 1     21.52                      9.69  11.83

SNOWFALL (IN)
  YESTERDAY        0.0
  MONTH TO DATE    0.0
  SINCE JUN 1      0.0
  SINCE JUL 1      0.0

DEGREE DAYS
 HEATING
  YESTERDAY        0                         0      0
  MONTH TO DATE    0                         0      0
  SINCE JUN 1      2                        25    -23
  SINCE JUL 1      0                         2     -2

 COOLING
  YESTERDAY       10                         9      1
  MONTH TO DATE   42                        36      6
  SINCE JUN 1    627                       522    105
  SINCE JAN 1    632                       573     59
...............................................................


WIND (MPH)
  HIGHEST WIND SPEED    22   HIGHEST WIND DIRECTION     W (270)
  HIGHEST GUST SPEED    27   HIGHEST GUST DIRECTION     W (280)
  AVERAGE WIND SPEED     4.7


SKY COVER
  AVERAGE SKY COVER 0.0


WEATHER CONDITIONS
 THE FOLLOWING WEATHER WAS RECORDED YESTERDAY.
  NO SIGNIFICANT WEATHER WAS OBSERVED.


RELATIVE HUMIDITY (PERCENT)
 HIGHEST    90           400 AM
 LOWEST     39           600 PM
 AVERAGE    65

..........................................................


THE CLAYTON  NM CLIMATE NORMALS FOR TODAY
                         NORMAL    RECORD    YEAR
 MAXIMUM TEMPERATURE (F)   87        99      1934
                                             1926
 MINIMUM TEMPERATURE (F)   61        52      1928


SUNRISE AND SUNSET
AUGUST  5 2015........SUNRISE   602 AM MDT   SUNSET   755 PM MDT
AUGUST  6 2015........SUNRISE   603 AM MDT   SUNSET   754 PM MDT


-  INDICATES NEGATIVE NUMBERS.
R  INDICATES RECORD WAS SET OR TIED.
MM INDICATES DATA IS MISSING.
T  INDICATES TRACE AMOUNT.


$$
