000
CDUS45 KABQ 250830
CLICAO


CLIMATE REPORT
NATIONAL WEATHER SERVICE ALBUQUERQUE NM
127 AM MST SAT NOV 25 2017


...................................

...THE CLAYTON  NM CLIMATE SUMMARY FOR NOVEMBER 24 2017...

CLIMATE NORMAL PERIOD 1981 TO 2010
CLIMATE RECORD PERIOD 1896 TO 2017


WEATHER ITEM   OBSERVED TIME   RECORD YEAR NORMAL DEPARTURE
                VALUE   (LST)  VALUE       VALUE  FROM
                                                  NORMAL
...............................................................
TEMPERATURE (F)
 YESTERDAY
  MAXIMUM         80R   210 PM  80    1942  53     27
  MINIMUM         42    520 AM   7    1938  26     16
  AVERAGE         61                        40     21

PRECIPITATION (IN)
  YESTERDAY        0.00          1.10 1940   0.02  -0.02
  MONTH TO DATE    0.04                      0.39  -0.35
  SINCE SEP 1      5.45                      3.17   2.28
  SINCE JAN 1     20.37                     15.37   5.00

SNOWFALL (IN)
  YESTERDAY        0.0
  MONTH TO DATE    0.5
  SINCE SEP 1      0.5
  SINCE JUL 1      0.5

DEGREE DAYS
 HEATING
  YESTERDAY        4                        25    -21
  MONTH TO DATE  364                       482   -118
  SINCE SEP 1    776                       886   -110
  SINCE JUL 1    780                       892   -112

 COOLING
  YESTERDAY        0                         0      0
  MONTH TO DATE    0                         0      0
  SINCE SEP 1    117                       112      5
  SINCE JAN 1    827                       909    -82
...............................................................


WIND (MPH)
  HIGHEST WIND SPEED    22   HIGHEST WIND DIRECTION     N (20)
  HIGHEST GUST SPEED    29   HIGHEST GUST DIRECTION    NE (30)
  AVERAGE WIND SPEED     8.9


SKY COVER
  AVERAGE SKY COVER 0.0


WEATHER CONDITIONS
 THE FOLLOWING WEATHER WAS RECORDED YESTERDAY.
  NO SIGNIFICANT WEATHER WAS OBSERVED.


RELATIVE HUMIDITY (PERCENT)
 HIGHEST    65          1100 PM
 LOWEST      7          1200 PM
 AVERAGE    36

..........................................................


THE CLAYTON  NM CLIMATE NORMALS FOR TODAY
                         NORMAL    RECORD    YEAR
 MAXIMUM TEMPERATURE (F)   53        77      1990
 MINIMUM TEMPERATURE (F)   26         9      1952


SUNRISE AND SUNSET
NOVEMBER 25 2017......SUNRISE   640 AM MST   SUNSET   439 PM MST
NOVEMBER 26 2017......SUNRISE   641 AM MST   SUNSET   438 PM MST


-  INDICATES NEGATIVE NUMBERS.
R  INDICATES RECORD WAS SET OR TIED.
MM INDICATES DATA IS MISSING.
T  INDICATES TRACE AMOUNT.


$$
