000
CDUS45 KABQ 220835
CLICAO


CLIMATE REPORT
NATIONAL WEATHER SERVICE ALBUQUERQUE NM
130 AM MST THU FEB 22 2018


...................................

...THE CLAYTON  NM CLIMATE SUMMARY FOR FEBRUARY 21 2018...

CLIMATE NORMAL PERIOD 1981 TO 2010
CLIMATE RECORD PERIOD 1896 TO 2018


WEATHER ITEM   OBSERVED TIME   RECORD YEAR NORMAL DEPARTURE
                VALUE   (LST)  VALUE       VALUE  FROM
                                                  NORMAL
...............................................................
TEMPERATURE (F)
 YESTERDAY
  MAXIMUM         27    216 PM  79    2017  52    -25
  MINIMUM          3R   529 AM   3    1955  25    -22
  AVERAGE         15                        38    -23

PRECIPITATION (IN)
  YESTERDAY        T             0.36 1945   0.01  -0.01
  MONTH TO DATE    0.03                      0.23  -0.20
  SINCE DEC 1      0.03                      0.87  -0.84
  SINCE JAN 1      0.03                      0.51  -0.48

SNOWFALL (IN)
  YESTERDAY        T
  MONTH TO DATE    0.3
  SINCE DEC 1      0.3
  SINCE JUL 1      0.8

DEGREE DAYS
 HEATING
  YESTERDAY       50                        27     23
  MONTH TO DATE  598                       592      6
  SINCE DEC 1   2308                      2446   -138
  SINCE JUL 1   3193                      3498   -305

 COOLING
  YESTERDAY        0                         0      0
  MONTH TO DATE    0                         0      0
  SINCE DEC 1      0                         0      0
  SINCE JAN 1      0                         0      0
...............................................................


WIND (MPH)
  HIGHEST WIND SPEED    15   HIGHEST WIND DIRECTION    SE (130)
  HIGHEST GUST SPEED    19   HIGHEST GUST DIRECTION    SE (130)
  AVERAGE WIND SPEED     7.3


SKY COVER
  AVERAGE SKY COVER 0.6


WEATHER CONDITIONS
 THE FOLLOWING WEATHER WAS RECORDED YESTERDAY.
  NO SIGNIFICANT WEATHER WAS OBSERVED.


RELATIVE HUMIDITY (PERCENT)
 HIGHEST    88           700 PM
 LOWEST     36          1200 PM
 AVERAGE    62

..........................................................


THE CLAYTON  NM CLIMATE NORMALS FOR TODAY
                         NORMAL    RECORD    YEAR
 MAXIMUM TEMPERATURE (F)   53        77      2017
 MINIMUM TEMPERATURE (F)   25         3      1960


SUNRISE AND SUNSET
FEBRUARY 22 2018......SUNRISE   632 AM MST   SUNSET   541 PM MST
FEBRUARY 23 2018......SUNRISE   631 AM MST   SUNSET   542 PM MST


-  INDICATES NEGATIVE NUMBERS.
R  INDICATES RECORD WAS SET OR TIED.
MM INDICATES DATA IS MISSING.
T  INDICATES TRACE AMOUNT.




$$
