000
CDUS41 KCAR 160527
CLICAR


CLIMATE REPORT
NATIONAL WEATHER SERVICE CARIBOU, ME
126 AM EDT WED AUG 16 2017


...................................

...THE CARIBOU ME CLIMATE SUMMARY FOR AUGUST 15 2017...

CLIMATE NORMAL PERIOD 1981 TO 2010
CLIMATE RECORD PERIOD 1939 TO 2017


WEATHER ITEM   OBSERVED TIME   RECORD YEAR NORMAL DEPARTURE LAST
                VALUE   (LST)  VALUE       VALUE  FROM      YEAR
                                                  NORMAL
..................................................................
TEMPERATURE (F)
 YESTERDAY
  MAXIMUM         82    237 PM  91    2002  75      7       73
                                      1978
                                      1970
  MINIMUM         55    324 AM  39    1972  53      2       54
  AVERAGE         69                        64      5       64

PRECIPITATION (IN)
  YESTERDAY        0.49          1.67 1955   0.12   0.37     0.03
  MONTH TO DATE    1.89                      1.89   0.00     3.22
  SINCE JUN 1      8.90                      9.45  -0.55    12.51
  SINCE JAN 1     25.47                     22.87   2.60    28.44

SNOWFALL (IN)
  YESTERDAY        0.0           0.0  2002   0.0    0.0      0.0
                                      2001
  MONTH TO DATE    0.0                       0.0    0.0      0.0
  SINCE JUN 1      0.0                       0.0    0.0      0.0
  SINCE JUL 1      0.0                       0.0    0.0      0.0
  SNOW DEPTH       0

DEGREE DAYS
 HEATING
  YESTERDAY        0                         3     -3        1
  MONTH TO DATE   19                        32    -13       17
  SINCE JUN 1    190                       255    -65      209
  SINCE JUL 1     58                        90    -32       65

 COOLING
  YESTERDAY        4                         2      2        0
  MONTH TO DATE   39                        31      8       44
  SINCE JUN 1    162                       142     20      198
  SINCE JAN 1    168                       147     21      206
..................................................................


WIND (MPH)
  HIGHEST WIND SPEED    17   HIGHEST WIND DIRECTION     N (360)
  HIGHEST GUST SPEED    23   HIGHEST GUST DIRECTION     N (360)
  AVERAGE WIND SPEED     5.0


SKY COVER
  POSSIBLE SUNSHINE  MM
  AVERAGE SKY COVER 0.4


WEATHER CONDITIONS
 THE FOLLOWING WEATHER WAS RECORDED YESTERDAY.
  THUNDERSTORM
  HEAVY RAIN
  RAIN
  LIGHT RAIN
  FOG


RELATIVE HUMIDITY (PERCENT)
 HIGHEST    93           100 AM
 LOWEST     42           100 PM
 AVERAGE    68

..........................................................


THE CARIBOU ME CLIMATE NORMALS FOR TODAY
                         NORMAL    RECORD    YEAR
 MAXIMUM TEMPERATURE (F)   75        95      1944
 MINIMUM TEMPERATURE (F)   53        39      1956


SUNRISE AND SUNSET
AUGUST 16 2017........SUNRISE   531 AM EDT   SUNSET   740 PM EDT
AUGUST 17 2017........SUNRISE   532 AM EDT   SUNSET   739 PM EDT


-  INDICATES NEGATIVE NUMBERS.
R  INDICATES RECORD WAS SET OR TIED.
MM INDICATES DATA IS MISSING.
T  INDICATES TRACE AMOUNT.

..................................................................

THE CARIBOU ME 4 INCH UNDER SOD SOIL TEMPERATURE FOR AUGUST 15 2017

MAXIMUM 73F
MINIMUM 67F


$$
