000
CDUS41 KCAR 292028
CLICAR


CLIMATE REPORT
NATIONAL WEATHER SERVICE CARIBOU, ME
427 PM EDT SUN MAR 29 2015


...................................

...THE CARIBOU ME CLIMATE SUMMARY FOR MARCH 29 2015...
VALID TODAY AS OF 0400 PM LOCAL TIME.

CLIMATE NORMAL PERIOD 1981 TO 2010
CLIMATE RECORD PERIOD 1939 TO 2015


WEATHER ITEM   OBSERVED TIME   RECORD YEAR NORMAL DEPARTURE LAST
                VALUE   (LST)  VALUE       VALUE  FROM      YEAR
                                                  NORMAL
..................................................................
TEMPERATURE (F)
 TODAY
  MAXIMUM         39    225 PM  58    1986  39      0       39
                                      1945
  MINIMUM         12    505 AM  -3    1974  21     -9       28
  AVERAGE         26                        30     -4       34

PRECIPITATION (IN)
  TODAY            0.00          1.46 2010   0.08  -0.08      T
  MONTH TO DATE    1.57                      2.35  -0.78     2.86
  SINCE MAR 1      1.57                      2.35  -0.78     2.86
  SINCE JAN 1      5.67                      7.27  -1.60     9.08

SNOWFALL (IN)
  TODAY            0.0           6.1  1964   0.5   -0.5       T
  MONTH TO DATE   23.3                      17.5    5.8     37.6
  SINCE MAR 1     23.3                      17.5    5.8     37.6
  SINCE JUL 1    131.6                     100.0   31.6    137.0
  SNOW DEPTH      11

DEGREE DAYS
 HEATING
  TODAY           39                        35      4       31
  MONTH TO DATE 1332                      1185    147     1468
  SINCE MAR 1   1332                      1185    147     1468
  SINCE JUL 1   8073                      7906    167     8122

 COOLING
  TODAY            0                         0      0        0
  MONTH TO DATE    0                         0      0        0
  SINCE MAR 1      0                         0      0        0
  SINCE JAN 1      0                         0      0        0
..................................................................


WIND (MPH)
  HIGHEST WIND SPEED    12   HIGHEST WIND DIRECTION    NW (300)
  HIGHEST GUST SPEED    15   HIGHEST GUST DIRECTION    SW (240)
  AVERAGE WIND SPEED     7.4


SKY COVER
  POSSIBLE SUNSHINE  MM
  AVERAGE SKY COVER 0.1


WEATHER CONDITIONS
 THE FOLLOWING WEATHER WAS RECORDED TODAY.
  NO SIGNIFICANT WEATHER WAS OBSERVED.


RELATIVE HUMIDITY (PERCENT)
 HIGHEST    58           400 AM
 LOWEST     27           100 PM
 AVERAGE    43

..........................................................


THE CARIBOU ME CLIMATE NORMALS FOR TOMORROW
                         NORMAL    RECORD    YEAR
 MAXIMUM TEMPERATURE (F)   39        73      1962
 MINIMUM TEMPERATURE (F)   22        -1      1943


SUNRISE AND SUNSET
MARCH 29 2015.........SUNRISE   618 AM EDT   SUNSET   657 PM EDT
MARCH 30 2015.........SUNRISE   616 AM EDT   SUNSET   658 PM EDT


-  INDICATES NEGATIVE NUMBERS.
R  INDICATES RECORD WAS SET OR TIED.
MM INDICATES DATA IS MISSING.
T  INDICATES TRACE AMOUNT.




$$
