000
CDUS41 KCAR 270527
CLICAR


CLIMATE REPORT
NATIONAL WEATHER SERVICE CARIBOU, ME
126 AM EDT TUE JUN 27 2017


...................................

...THE CARIBOU ME CLIMATE SUMMARY FOR JUNE 26 2017...

CLIMATE NORMAL PERIOD 1981 TO 2010
CLIMATE RECORD PERIOD 1939 TO 2017


WEATHER ITEM   OBSERVED TIME   RECORD YEAR NORMAL DEPARTURE LAST
                VALUE   (LST)  VALUE       VALUE  FROM      YEAR
                                                  NORMAL
..................................................................
TEMPERATURE (F)
 YESTERDAY
  MAXIMUM         69    604 PM  91    2003  74     -5       88
  MINIMUM         53    421 AM  39    1965  53      0       57
  AVERAGE         61                        63     -2       73

PRECIPITATION (IN)
  YESTERDAY        0.27          1.98 1940   0.13   0.14     0.00
  MONTH TO DATE    3.06                      2.95   0.11     2.21
  SINCE JUN 1      3.06                      2.95   0.11     2.21
  SINCE JAN 1     19.63                     16.37   3.26    18.14

SNOWFALL (IN)
  YESTERDAY        0.0           0.0  2002   0.0    0.0      0.0
                                      2001
  MONTH TO DATE    0.0                       0.0    0.0      0.0
  SINCE JUN 1      0.0                       0.0    0.0      0.0
  SINCE JUL 1    129.6                     108.7   20.9     94.8
  SNOW DEPTH       0

DEGREE DAYS
 HEATING
  YESTERDAY        4                         3      1        0
  MONTH TO DATE  115                       153    -38      144
  SINCE JUN 1    115                       153    -38      144
  SINCE JUL 1   8563                      9342   -779     8361

 COOLING
  YESTERDAY        0                         2     -2        8
  MONTH TO DATE   43                        28     15       25
  SINCE JUN 1     43                        28     15       25
  SINCE JAN 1     49                        33     16       33
..................................................................


WIND (MPH)
  HIGHEST WIND SPEED    16   HIGHEST WIND DIRECTION    NW (330)
  HIGHEST GUST SPEED    21   HIGHEST GUST DIRECTION    NW (330)
  AVERAGE WIND SPEED     5.9


SKY COVER
  POSSIBLE SUNSHINE  MM
  AVERAGE SKY COVER 0.5


WEATHER CONDITIONS
 THE FOLLOWING WEATHER WAS RECORDED YESTERDAY.
  HEAVY RAIN
  RAIN
  LIGHT RAIN


RELATIVE HUMIDITY (PERCENT)
 HIGHEST    89           400 AM
 LOWEST     39           500 PM
 AVERAGE    64

..........................................................


THE CARIBOU ME CLIMATE NORMALS FOR TODAY
                         NORMAL    RECORD    YEAR
 MAXIMUM TEMPERATURE (F)   74        91      2003
 MINIMUM TEMPERATURE (F)   53        37      1986


SUNRISE AND SUNSET
JUNE 27 2017..........SUNRISE   440 AM EDT   SUNSET   831 PM EDT
JUNE 28 2017..........SUNRISE   440 AM EDT   SUNSET   830 PM EDT


-  INDICATES NEGATIVE NUMBERS.
R  INDICATES RECORD WAS SET OR TIED.
MM INDICATES DATA IS MISSING.
T  INDICATES TRACE AMOUNT.

---------------------------------------------------------------------
THE CARIBOU ME 4 INCH UNDER SOD SOIL TEMPERATURE FOR JUNE 26 2017

MAXIMUM 72F
MINIMUM 66F


$$
