000
CDAK48 PAFC 221240
CLICDB


CLIMATE REPORT
NATIONAL WEATHER SERVICE ANCHORAGE, AK
340 AM AKST WED NOV 22 2017


...................................

...THE COLD BAY CLIMATE SUMMARY FOR NOVEMBER 21 2017...

CLIMATE NORMAL PERIOD 1981 TO 2010
CLIMATE RECORD PERIOD 1942 TO 2017


WEATHER ITEM   OBSERVED TIME   RECORD YEAR NORMAL DEPARTURE LAST
                VALUE   (LST)  VALUE       VALUE  FROM      YEAR
                                                  NORMAL
..................................................................
TEMPERATURE (F)
 YESTERDAY
  MAXIMUM         42    530 AM  53    1946  38      4       40
  MINIMUM         29    951 PM  10    2005  29      0       26
  AVERAGE         36                        34      2       33

PRECIPITATION (IN)
  YESTERDAY        T             1.32 1993   0.17  -0.17      T
  MONTH TO DATE    1.28                      3.41  -2.13     2.02
  SINCE SEP 1      9.77                     12.90  -3.13    14.94
  SINCE JAN 1     29.33                     35.64  -6.31    34.24

SNOWFALL (IN)
  YESTERDAY        0.0           4.7  1989   0.4   -0.4       T
  MONTH TO DATE    T                         6.5   -6.5       T
  SINCE SEP 1      2.1                       8.9   -6.8      1.5
  SINCE JUL 1      2.1                       8.9   -6.8      1.5
  SNOW DEPTH       0

DEGREE DAYS
 HEATING
  YESTERDAY       29                        31     -2       32
  MONTH TO DATE  538                       627    -89      604
  SINCE SEP 1   1734                      1895   -161     1615
  SINCE JUL 1   2485                      2734   -249     2086

 COOLING
  YESTERDAY        0                         0      0        0
  MONTH TO DATE    0                         0      0        0
  SINCE SEP 1      0                         0      0        0
  SINCE JAN 1      0                         0      0        0
..................................................................


WIND (MPH)
  RESULTANT WIND SPEED  16   RESULTANT WIND DIRECTION  NW (320)
  HIGHEST WIND SPEED    37   HIGHEST WIND DIRECTION    NW (310)
  HIGHEST GUST SPEED    43   HIGHEST GUST DIRECTION    NW (320)
  AVERAGE WIND SPEED    17.2



WEATHER CONDITIONS
 THE FOLLOWING WEATHER WAS RECORDED YESTERDAY.
  LIGHT RAIN
  FOG


RELATIVE HUMIDITY (PERCENT)
 HIGHEST    92
 LOWEST     59
 AVERAGE    76

..........................................................


THE COLD BAY CLIMATE NORMALS FOR TODAY
                         NORMAL    RECORD    YEAR
 MAXIMUM TEMPERATURE (F)   38        54      1946
 MINIMUM TEMPERATURE (F)   29        15      1986


SUNRISE AND SUNSET
NOVEMBER 22 2017......SUNRISE   938 AM AKST  SUNSET   535 PM AKST
NOVEMBER 23 2017......SUNRISE   940 AM AKST  SUNSET   534 PM AKST


-  INDICATES NEGATIVE NUMBERS.
R  INDICATES RECORD WAS SET OR TIED.
MM INDICATES DATA IS MISSING.
T  INDICATES TRACE AMOUNT.




$$
