000
CDAK48 PACD 231406
CLICDB

CLIMATE REPORT
NATIONAL WEATHER SERVICE COLD BAY, AK
606 AM AKDT SAT AUG 23 2014

...................................
...THE COLD BAY AP CLIMATE SUMMARY FOR AUGUST 22 2014...

CLIMATE NORMAL PERIOD  1981 TO  2010
CLIMATE RECORD PERIOD  1942 TO  2014

WEATHER ITEM   OBSERVED TIME    RECORD YEAR NORMAL DEPARTURE LAST
               VALUE    (LST)   VALUE       VALUE  FROM      YEAR
                                                   NORMAL
...................................................................
TEMPERATURE
YESTERDAY
 MAXIMUM            60  0153 PM    78  1948     57       3     57
 MINIMUM            55  1152 PM    33  1946     48       7     52
 AVERAGE            58                          52       6     55

PRECIPITATION
(INCHES)
 YESTERDAY        0.03           1.02  1990   0.13   -0.10   0.20
 MONTH TO DATE    2.09                        2.48   -0.39   2.70
 SINCE JUN 1      5.27                        7.68   -2.41   9.22
 SINCE JAN 1     17.25                       21.54   -4.29  23.13

SNOWFALL
(INCHES)
 YESTERDAY         0.0            0.0  2014    0.0     0.0    0.0
 MONTH TO DATE     0.0                         0.0     0.0    0.0
 SINCE JUN 1       0.0                         0.0     0.0    0.0
 SINCE JUL 1       0.0                         0.0     0.0    0.0
 SNOW DEPTH (IN)     0                                          0

DEGREE DAYS
 HEATING
  YESTERDAY          7                          13      -6     10
  MONTH TO DATE    166                         286    -120    241
  SINCE JUN 1      890                        1286    -396   1086
  SINCE JUL 1      445                         724    -279    577

 COOLING
  YESTERDAY          0                           0       0      0
  MONTH TO DATE      0                           0       0      0
  SINCE JUN 1        0                           0       0      0
  SINCE JAN 1        0                           0       0      0
...................................................................

WIND (MPH)
 HIGHEST WIND SPEED    30     HIGHEST WIND DIRECTION    130
 HIGHEST GUST SPEED    40     HIGHEST GUST DIRECTION    130
 AVERAGE WIND SPEED  19.7

WEATHER CONDITIONS
 THE FOLLOWING WEATHER WAS RECORDED YESTERDAY.
 FOG
 RAIN
...................................................................

THE COLD BAY CLIMATE NORMALS FOR TODAY
                           NORMAL    RECORD   YEAR
 MAXIMUM TEMPERATURE (F)     56        64     1973
 MINIMUM TEMPERATURE (F)     48        38     1970

SUNRISE AND SUNSET
 AUG 23 2014..........SUNRISE  7:41 AM      SUNSET 10:06 PM
 AUG 24 2014..........SUNRISE  7:43 AM      SUNSET 10:03 PM

-  INDICATES NEGATIVE NUMBERS.
R  INDICATES RECORD HAS BEEN SET OR TIED.
MM INDICATES DATA IS MISSING.
T  INDICATES TRACE OF PRECIPITATION.

&&
-------------------------------------------------------------------

AMOUNT OF DAYLIGHT TODAY  (HOUR:MIN)........14 HOURS 25 MINUTES
LOSS SINCE YESTERDAY (HOUR:MIN:SEC)....-0:04:18

$$
STACY
