000
CDAK48 PACD 011121
CLICDB

CLIMATE REPORT
NATIONAL WEATHER SERVICE COLD BAY, AK
221 AM AKST SUN FEB 1 2015

...................................
...THE COLD BAY AP CLIMATE SUMMARY FOR JANUARY 31 2015...

CLIMATE NORMAL PERIOD  1981 TO  2010
CLIMATE RECORD PERIOD  1942 TO  2015

WEATHER ITEM   OBSERVED TIME    RECORD YEAR NORMAL DEPARTURE LAST
               VALUE    (LST)   VALUE       VALUE  FROM      YEAR
                                                   NORMAL
...................................................................
TEMPERATURE
YESTERDAY
 MAXIMUM            36  1157 PM    44  1985     33       3     41
 MINIMUM            25  1255 AM    -4  1993     24       1     30
 AVERAGE            31                          28       3     36

PRECIPITATION
(INCHES)
 YESTERDAY        0.00           1.01  1978   0.10   -0.10   0.18
 MONTH TO DATE    1.41                        3.16   -1.75   4.33
 SINCE DEC 1      4.33                        7.62   -3.29   8.64
 SINCE JAN 1      1.41                        3.16   -1.75   4.33

SNOWFALL
(INCHES)
 YESTERDAY         0.0            4.7  1986    0.4    -0.4    1.4
 MONTH TO DATE     1.5                        14.1   -12.6    5.0
 SINCE DEC 1       3.8                        26.7   -22.9   12.3
 SINCE JUL 1       7.7                        39.3   -31.6   15.9
 SNOW DEPTH (IN)     0                                          T

DEGREE DAYS
 HEATING
  YESTERDAY         34                          37      -3     29
  MONTH TO DATE   1045                        1139     -94    843
  SINCE DEC 1     2011                        2190    -179   1673
  SINCE JUL 1     4523                        5216    -693   4189

 COOLING
  YESTERDAY          0                           0       0      0
  MONTH TO DATE      0                           0       0      0
  SINCE DEC 1        0                           0       0      0
  SINCE JAN 1        0                           0       0      0
...................................................................

WIND (MPH)
 HIGHEST WIND SPEED    31     HIGHEST WIND DIRECTION     20
 HIGHEST GUST SPEED    38     HIGHEST GUST DIRECTION     20
 AVERAGE WIND SPEED  20.8


WEATHER CONDITIONS
 THE FOLLOWING WEATHER WAS RECORDED YESTERDAY.
  NO SIGNIFICANT WEATHER WAS OBSERVED.

...................................................................

THE COLD BAY CLIMATE NORMALS FOR TODAY
                           NORMAL    RECORD   YEAR
 MAXIMUM TEMPERATURE (F)     33        45     1985
 MINIMUM TEMPERATURE (F)     24        -4     1954

SUNRISE AND SUNSET
 FEB 1 2015..........SUNRISE  9:43 AM      SUNSET  6:28 PM
 FEB 2 2015..........SUNRISE  9:41 AM      SUNSET  6:30 PM

-  INDICATES NEGATIVE NUMBERS.
R  INDICATES RECORD HAS BEEN SET OR TIED.
MM INDICATES DATA IS MISSING.
T  INDICATES TRACE OF PRECIPITATION.

&&
-------------------------------------------------------------------

AMOUNT OF DAYLIGHT TODAY  (HOUR:MIN)........8 HOURS 45 MINUTES
GAIN SINCE YESTERDAY (HOUR:MIN:SEC).........+0:03:55

$$

RCS FEB 15
