000
CDAK48 PACD 251215
CLICDB

CLIMATE REPORT
NATIONAL WEATHER SERVICE COLD BAY, AK
415 AM AKDT FRI JUL 25 2014

...................................
...THE COLD BAY AP CLIMATE SUMMARY FOR JULY 24 2014...

CLIMATE NORMAL PERIOD  1981 TO  2010
CLIMATE RECORD PERIOD  1955 TO  2014

WEATHER ITEM   OBSERVED TIME    RECORD YEAR NORMAL DEPARTURE LAST
               VALUE    (LST)   VALUE       VALUE  FROM      YEAR
                                                   NORMAL
...................................................................
TEMPERATURE
YESTERDAY
 MAXIMUM            57  0309 PM    68  1968     56       1     60
 MINIMUM            52  0606 AM    38  1989     47       5     52
 AVERAGE            55                          52       3     56

PRECIPITATION
(INCHES)
 YESTERDAY        0.09           0.46  1969   0.08    0.01   0.03
 MONTH TO DATE    2.03                        1.85    0.18   2.93
 SINCE JUN 1      3.08                        4.57   -1.49   5.75
 SINCE JAN 1     15.06                       18.43   -3.37  19.66

SNOWFALL
(INCHES)
 YESTERDAY         0.0            0.0  2014    0.0     0.0    0.0
 MONTH TO DATE     0.0                         0.0     0.0    0.0
 SINCE JUN 1       0.0                         0.0     0.0    0.0
 SINCE JUL 1       0.0                         0.0     0.0    0.0
 SNOW DEPTH (IN)     0                                          0

DEGREE DAYS
 HEATING
  YESTERDAY         10                          13      -3      9
  MONTH TO DATE    225                         347    -122    288
  SINCE JUN 1      670                         909    -239    797
  SINCE JUL 1      225                         347    -122    288

 COOLING
  YESTERDAY          0                           0       0      0
  MONTH TO DATE      0                           0       0      0
  SINCE JUN 1        0                           0       0      0
  SINCE JAN 1        0                           0       0      0
...................................................................

WIND (MPH)
 HIGHEST WIND SPEED    29     HIGHEST WIND DIRECTION    260
 HIGHEST GUST SPEED    34     HIGHEST GUST DIRECTION    250
 AVERAGE WIND SPEED  21.5


WEATHER CONDITIONS
 THE FOLLOWING WEATHER WAS RECORDED YESTERDAY.
  FOG
  RAIN

...................................................................

THE COLD BAY CLIMATE NORMALS FOR TODAY
                           NORMAL    RECORD   YEAR
 MAXIMUM TEMPERATURE (F)     56        72     1968
 MINIMUM TEMPERATURE (F)     47        41     1974

SUNRISE AND SUNSET
 JUL 25 2014..........SUNRISE  6:47 AM      SUNSET 11:07 PM
 JUL 26 2014..........SUNRISE  6:49 AM      SUNSET 11:06 PM

-  INDICATES NEGATIVE NUMBERS.
R  INDICATES RECORD HAS BEEN SET OR TIED.
MM INDICATES DATA IS MISSING.
T  INDICATES TRACE OF PRECIPITATION.

&&
-------------------------------------------------------------------

AMOUNT OF DAYLIGHT TODAY  (HOUR:MIN)........16 HOURS 20 MINUTES
LOSS SINCE YESTERDAY (HOUR:MIN:SEC).........-0:03:21

$$

RCS JUL 14
