000
CDAK48 PAFC 021509
CLICDB

CLIMATE REPORT
NATIONAL WEATHER SERVICE ANCHORAGE, AK
609 AM AKST FRI DEC 2 2016


...................................

...THE COLD BAY CLIMATE SUMMARY FOR DECEMBER 1 2016...

CLIMATE NORMAL PERIOD 1981 TO 2010
CLIMATE RECORD PERIOD 1942 TO 2016


WEATHER ITEM   OBSERVED TIME   RECORD YEAR NORMAL DEPARTURE LAST
                VALUE   (LST)  VALUE       VALUE  FROM      YEAR
                                                  NORMAL
..................................................................
TEMPERATURE (F)
 YESTERDAY
  MAXIMUM         32   1248 AM  45    2014  37     -5       37
                                      2002
                                      1955
  MINIMUM         27   1153 PM  12    1988  28     -1       31
                                      1971
  AVERAGE         30                        33     -3       34

PRECIPITATION (IN)
  YESTERDAY        T             1.24 1992   0.17  -0.17     0.56
  MONTH TO DATE    T                         0.17  -0.17     0.56
  SINCE DEC 1      T                         0.17  -0.17     0.56
  SINCE JAN 1     36.00                     37.38  -1.38    31.97

SNOWFALL (IN)
  YESTERDAY        T             2.5  1998   0.4   -0.4       T
  MONTH TO DATE    T                         0.4   -0.4       T
  SINCE DEC 1      T                         0.4   -0.4       T
  SINCE JUL 1      1.8                      13.0  -11.2      5.3
  SNOW DEPTH       T

DEGREE DAYS
 HEATING
  YESTERDAY       35                        32      3       31
  MONTH TO DATE   35                        32      3       31
  SINCE DEC 1     35                        32      3       31
  SINCE JUL 1   2385                      3052   -667     2524

 COOLING
  YESTERDAY        0                         0      0        0
  MONTH TO DATE    0                         0      0        0
  SINCE DEC 1      0                         0      0        0
  SINCE JAN 1      0                         0      0        0
..................................................................


WIND (MPH)
  RESULTANT WIND SPEED  28   RESULTANT WIND DIRECTION   N (350)
  HIGHEST WIND SPEED    45   HIGHEST WIND DIRECTION     N (350)
  HIGHEST GUST SPEED    55   HIGHEST GUST DIRECTION     N (350)
  AVERAGE WIND SPEED    28.5



WEATHER CONDITIONS
 THE FOLLOWING WEATHER WAS RECORDED YESTERDAY.
  LIGHT SNOW
  FOG


RELATIVE HUMIDITY (PERCENT)
 HIGHEST    85
 LOWEST     58
 AVERAGE    72

..........................................................


THE COLD BAY CLIMATE NORMALS FOR TODAY
                         NORMAL    RECORD    YEAR
 MAXIMUM TEMPERATURE (F)   37        46      1947
 MINIMUM TEMPERATURE (F)   28        11      1971


SUNRISE AND SUNSET
DECEMBER  2 2016......SUNRISE   956 AM AKST  SUNSET   525 PM AKST
DECEMBER  3 2016......SUNRISE   957 AM AKST  SUNSET   524 PM AKST


-  INDICATES NEGATIVE NUMBERS.
R  INDICATES RECORD WAS SET OR TIED.
MM INDICATES DATA IS MISSING.
T  INDICATES TRACE AMOUNT.




$$
