835
CDAK48 PACD 031110
CLICDB

CLIMATE REPORT
NATIONAL WEATHER SERVICE COLD BAY, AK
310 AM AKDT TUE MAY 3 2016

...................................
...THE COLD BAY AP CLIMATE SUMMARY FOR MAY 2 2016...

CLIMATE NORMAL PERIOD  1981 TO  2010
CLIMATE RECORD PERIOD  1950 TO  2016

WEATHER ITEM   OBSERVED TIME    RECORD YEAR NORMAL DEPARTURE LAST
               VALUE    (LST)   VALUE       VALUE  FROM      YEAR
                                                   NORMAL
...................................................................
TEMPERATURE
YESTERDAY
 MAXIMUM            47  0425 PM    60  2009     43       4     45
 MINIMUM            32  0608 AM    20  2010     32       0     32
 AVERAGE            40                          38       2     39

PRECIPITATION
(INCHES)
 YESTERDAY           T           0.51  1986   0.08   -0.08      T
 MONTH TO DATE    0.07                        0.15   -0.08   0.08
 SINCE MAR 1      4.30                        5.27   -0.97   5.19
 SINCE JAN 1     10.79                       11.41   -0.62   7.70

SNOWFALL
(INCHES)
 YESTERDAY         0.0            3.0  1986    0.1    -0.1    0.0
 MONTH TO DATE     0.0                         0.2    -0.2    0.0
 SINCE MAR 1       8.2                        19.8   -11.6   13.6
 SINCE JUL 1      50.1                        72.0   -21.9   22.3
 SNOW DEPTH (IN)     0                                          0

DEGREE DAYS
 HEATING
  YESTERDAY         25                          27      -2     26
  MONTH TO DATE     49                          55      -6     53
  SINCE MAR 1     1783                        2064    -281   1901
  SINCE JUL 1     7508                        8288    -780   7274

 COOLING
  YESTERDAY          0                           0       0      0
  MONTH TO DATE      0                           0       0      0
  SINCE MAR 1        0                           0       0      0
  SINCE JAN 1        0                           0       0      0
...................................................................

WIND (MPH)
 HIGHEST WIND SPEED    20     HIGHEST WIND DIRECTION    150
 HIGHEST GUST SPEED    23     HIGHEST GUST DIRECTION    150
 AVERAGE WIND SPEED   9.5

WEATHER CONDITIONS
 THE FOLLOWING WEATHER WAS RECORDED YESTERDAY.
  FOG
  RAIN

...................................................................

THE COLD BAY CLIMATE NORMALS FOR TODAY
                           NORMAL    RECORD   YEAR
 MAXIMUM TEMPERATURE (F)     43        52     2015
 MINIMUM TEMPERATURE (F)     33        23     2010

SUNRISE AND SUNSET
 MAY 3 2016..........SUNRISE  7:05 AM      SUNSET 10:33 PM
 MAY 4 2016..........SUNRISE  7:02 AM      SUNSET 10:35 PM

-  INDICATES NEGATIVE NUMBERS.
R  INDICATES RECORD HAS BEEN SET OR TIED.
MM INDICATES DATA IS MISSING.
T  INDICATES TRACE OF PRECIPITATION.

&&
-------------------------------------------------------------------

AMOUNT OF DAYLIGHT TODAY  (HOUR:MIN)........15 HOURS 28 MINUTES
GAIN SINCE YESTERDAY (HOUR:MIN:SEC).........+0:04:03

$$
RCS MAY 16
