000
CDAK48 PACD 201112
CLICDB

CLIMATE REPORT
NATIONAL WEATHER SERVICE COLD BAY, AK
212 AM AKST SAT DEC 20 2014

...................................
...THE COLD BAY AP CLIMATE SUMMARY FOR DECEMBER 19 2014...

CLIMATE NORMAL PERIOD  1981 TO  2010
CLIMATE RECORD PERIOD  1942 TO  2014

WEATHER ITEM   OBSERVED TIME    RECORD YEAR NORMAL DEPARTURE LAST
               VALUE    (LST)   VALUE       VALUE  FROM      YEAR
                                                   NORMAL
...................................................................
TEMPERATURE
YESTERDAY
 MAXIMUM            41  0352 PM    46  2010     35       6     45
 MINIMUM            28  0959 AM     4  1961     26       2     43
 AVERAGE            35                          31       4     44

PRECIPITATION
(INCHES)
 YESTERDAY           T           0.79  2000   0.14   -0.14   0.01
 MONTH TO DATE    1.62                        2.96   -1.34   3.39
 SINCE DEC 1      1.62                        2.96   -1.34   3.39
 SINCE JAN 1     32.51                       40.17   -7.66  45.51

SNOWFALL
(INCHES)
 YESTERDAY           T            3.4  1976    0.4    -0.4    0.0
 MONTH TO DATE     1.7                         7.6    -5.9    6.5
 SINCE DEC 1       1.7                         7.6    -5.9    6.5
 SINCE JUL 1       5.6                        20.2   -14.6   10.1
 SNOW DEPTH (IN)     T                                          0

DEGREE DAYS
 HEATING
  YESTERDAY         30                          34      -4     21
  MONTH TO DATE    599                         631     -32    510
  SINCE DEC 1      599                         631     -32    510
  SINCE JUL 1     3111                        3657    -546   3026

 COOLING
  YESTERDAY          0                           0       0      0
  MONTH TO DATE      0                           0       0      0
  SINCE DEC 1        0                           0       0      0
  SINCE JAN 1        0                           0       0      0
...................................................................

WIND (MPH)
 HIGHEST WIND SPEED    15     HIGHEST WIND DIRECTION    100
 HIGHEST GUST SPEED    19     HIGHEST GUST DIRECTION    100
 AVERAGE WIND SPEED   4.2


WEATHER CONDITIONS
 THE FOLLOWING WEATHER WAS RECORDED YESTERDAY.
  SNOW

...................................................................

THE COLD BAY CLIMATE NORMALS FOR TODAY
                           NORMAL    RECORD   YEAR
 MAXIMUM TEMPERATURE (F)     35        46     2013
 MINIMUM TEMPERATURE (F)     26         5     2006

SUNRISE AND SUNSET
 DEC 20 2014..........SUNRISE 10:16 AM      SUNSET  5:23 PM
 DEC 21 2014..........SUNRISE 10:16 AM      SUNSET  5:23 PM

-  INDICATES NEGATIVE NUMBERS.
R  INDICATES RECORD HAS BEEN SET OR TIED.
MM INDICATES DATA IS MISSING.
T  INDICATES TRACE OF PRECIPITATION.

&&
-------------------------------------------------------------------

AMOUNT OF DAYLIGHT TODAY  (HOUR:MIN)........7 HOURS 7 MINUTES
LOSS SINCE YESTERDAY (HOUR:MIN:SEC).........-0:00:11

$$

RCS DEC 14
