000
CDUS45 KSLC 251219
CLICDC


CLIMATE REPORT
NATIONAL WEATHER SERVICE SALT LAKE CITY UT
519 AM MST SUN JAN 25 2015


...................................

...THE CEDAR CITY UT CLIMATE SUMMARY FOR JANUARY 24 2015...

CLIMATE NORMAL PERIOD 1981 TO 2010
CLIMATE RECORD PERIOD 1928 TO 2015


WEATHER ITEM   OBSERVED TIME   RECORD YEAR NORMAL DEPARTURE LAST
                VALUE   (LST)  VALUE       VALUE  FROM      YEAR
                                                  NORMAL
..................................................................
TEMPERATURE (F)
 YESTERDAY
  MAXIMUM         49    318 PM  59    1998  42      7       43
  MINIMUM         17    806 AM -13    1962  17      0       14
  AVERAGE         33                        30      3       29

PRECIPITATION (IN)
  YESTERDAY        0.00          0.19 1983   0.03  -0.03     0.00
  MONTH TO DATE    0.29                      0.67  -0.38     0.00
  SINCE OCT 1      2.42                      3.78  -1.36     1.94
  SINCE JAN 1      0.29                      0.67  -0.38     0.00

DEGREE DAYS
 HEATING
  YESTERDAY       32                        35     -3       36
  MONTH TO DATE  789                       869    -80      762
  SINCE DEC 1   1767                      1989   -222     2089
  SINCE JUL 1   2958                      3431   -473     3617

 COOLING
  YESTERDAY        0                         0      0        0
  MONTH TO DATE    0                         0      0        0
  SINCE DEC 1      0                         0      0        0
  SINCE JAN 1      0                         0      0        0
..................................................................


WIND (MPH)
  RESULTANT WIND SPEED   4   RESULTANT WIND DIRECTION   N (20)
  HIGHEST WIND SPEED    15   HIGHEST WIND DIRECTION     N (10)
  HIGHEST GUST SPEED    23   HIGHEST GUST DIRECTION    SW (210)
  AVERAGE WIND SPEED     5.8



WEATHER CONDITIONS
 THE FOLLOWING WEATHER WAS RECORDED YESTERDAY.
  NO SIGNIFICANT WEATHER WAS OBSERVED.


RELATIVE HUMIDITY (PERCENT)
 HIGHEST    84           700 AM
 LOWEST     31           400 PM
 AVERAGE    58

..........................................................


THE CEDAR CITY UT CLIMATE NORMALS FOR TODAY
                         NORMAL    RECORD    YEAR
 MAXIMUM TEMPERATURE (F)   42        64      1975
 MINIMUM TEMPERATURE (F)   17       -10      1962


SUNRISE AND SUNSET
JANUARY 25 2015.......SUNRISE   742 AM MST   SUNSET   548 PM MST
JANUARY 26 2015.......SUNRISE   741 AM MST   SUNSET   549 PM MST


-  INDICATES NEGATIVE NUMBERS.
R  INDICATES RECORD WAS SET OR TIED.
MM INDICATES DATA IS MISSING.
T  INDICATES TRACE AMOUNT.




$$
