000
CDUS45 KSLC 250026
CLICDC


CLIMATE REPORT
NATIONAL WEATHER SERVICE SALT LAKE CITY UT
526 PM MST SAT FEB 24 2018


...................................

...THE CEDAR CITY UT CLIMATE SUMMARY FOR FEBRUARY 24 2018...
VALID TODAY AS OF 0500 PM LOCAL TIME.

CLIMATE NORMAL PERIOD 1981 TO 2010
CLIMATE RECORD PERIOD 1928 TO 2018


WEATHER ITEM   OBSERVED TIME   RECORD YEAR NORMAL DEPARTURE LAST
                VALUE   (LST)  VALUE       VALUE  FROM      YEAR
                                                  NORMAL
..................................................................
TEMPERATURE (F)
 TODAY
  MAXIMUM         30    217 PM  68    1986  49    -19       35
  MINIMUM         -2R   722 AM   3    1971  23    -25       18
  AVERAGE         14                        36    -22       27

PRECIPITATION (IN)
  TODAY            0.00          0.37 2008   0.04  -0.04     0.00
  MONTH TO DATE    0.63                      0.83  -0.20     0.60
  SINCE OCT 1      2.21                      4.80  -2.59     4.51
  SINCE JAN 1      1.66                      1.69  -0.03     1.68

DEGREE DAYS
 HEATING
  TODAY           51                        29     22       38
  MONTH TO DATE  734                       770    -36      562
  SINCE DEC 1   2644                      3003   -359     2789
  SINCE JUL 1   3843                      4445   -602     3886

 COOLING
  TODAY            0                         0      0        0
  MONTH TO DATE    0                         0      0        0
  SINCE DEC 1      0                         0      0        0
  SINCE JAN 1      0                         0      0        0
..................................................................


WIND (MPH)
  RESULTANT WIND SPEED   3   RESULTANT WIND DIRECTION   S (200)
  HIGHEST WIND SPEED    24   HIGHEST WIND DIRECTION    SW (210)
  HIGHEST GUST SPEED    28   HIGHEST GUST DIRECTION    SW (220)
  AVERAGE WIND SPEED     5.4



WEATHER CONDITIONS
 THE FOLLOWING WEATHER WAS RECORDED TODAY.
  NO SIGNIFICANT WEATHER WAS OBSERVED.


RELATIVE HUMIDITY (PERCENT)
 HIGHEST    91          1200 AM
 LOWEST     50           100 PM
 AVERAGE    71

..........................................................


THE CEDAR CITY UT CLIMATE NORMALS FOR TOMORROW
                         NORMAL    RECORD    YEAR
 MAXIMUM TEMPERATURE (F)   49        73      1986
 MINIMUM TEMPERATURE (F)   23         3      2013


SUNRISE AND SUNSET
FEBRUARY 24 2018......SUNRISE   710 AM MST   SUNSET   621 PM MST
FEBRUARY 25 2018......SUNRISE   709 AM MST   SUNSET   622 PM MST


-  INDICATES NEGATIVE NUMBERS.
R  INDICATES RECORD WAS SET OR TIED.
MM INDICATES DATA IS MISSING.
T  INDICATES TRACE AMOUNT.




$$
