000
CDUS45 KSLC 231226
CLICDC


CLIMATE REPORT
NATIONAL WEATHER SERVICE SALT LAKE CITY UT
625 AM MDT WED JUL 23 2014


...................................

...THE CEDAR CITY UT CLIMATE SUMMARY FOR JULY 22 2014...

CLIMATE NORMAL PERIOD 1981 TO 2010
CLIMATE RECORD PERIOD 1928 TO 2014


WEATHER ITEM   OBSERVED TIME   RECORD YEAR NORMAL DEPARTURE LAST
                VALUE   (LST)  VALUE       VALUE  FROM      YEAR
                                                  NORMAL
..................................................................
TEMPERATURE (F)
 YESTERDAY
  MAXIMUM         96    136 PM  98    1996  91      5       87
  MINIMUM         49    549 AM  47    1972  57     -8       62
  AVERAGE         73                        74     -1       75

PRECIPITATION (IN)
  YESTERDAY        0.00          0.95 1984   0.03  -0.03     0.01
  MONTH TO DATE    0.19                      0.51  -0.32     1.59
  SINCE OCT 1      5.56                      9.19  -3.63     8.37
  SINCE JAN 1      3.62                      6.08  -2.46     5.66

DEGREE DAYS
 HEATING
  YESTERDAY        0                         0      0        0
  MONTH TO DATE    0                         0      0        0
  SINCE JUN 1     27                        76    -49       11
  SINCE JUL 1      0                         0      0        0

 COOLING
  YESTERDAY        8                         9     -1       10
  MONTH TO DATE  199                       174     25      236
  SINCE JUN 1    299                       267     32      387
  SINCE JAN 1    324                       275     49      389
..................................................................


WIND (MPH)
  RESULTANT WIND SPEED   6   RESULTANT WIND DIRECTION  SW (220)
  HIGHEST WIND SPEED    23   HIGHEST WIND DIRECTION    SW (230)
  HIGHEST GUST SPEED    31   HIGHEST GUST DIRECTION    SW (220)
  AVERAGE WIND SPEED     7.6



WEATHER CONDITIONS
 THE FOLLOWING WEATHER WAS RECORDED YESTERDAY.
  NO SIGNIFICANT WEATHER WAS OBSERVED.


RELATIVE HUMIDITY (PERCENT)
 HIGHEST    41           400 AM
 LOWEST      8          1200 PM
 AVERAGE    25

..........................................................


THE CEDAR CITY UT CLIMATE NORMALS FOR TODAY
                         NORMAL    RECORD    YEAR
 MAXIMUM TEMPERATURE (F)   90        99      1996
 MINIMUM TEMPERATURE (F)   57        48      1973


SUNRISE AND SUNSET
JULY 23 2014..........SUNRISE   629 AM MDT   SUNSET   849 PM MDT
JULY 24 2014..........SUNRISE   630 AM MDT   SUNSET   848 PM MDT


-  INDICATES NEGATIVE NUMBERS.
R  INDICATES RECORD WAS SET OR TIED.
MM INDICATES DATA IS MISSING.
T  INDICATES TRACE AMOUNT.




$$
