143
CDUS45 KSLC 241242
CLICDC


CLIMATE REPORT
NATIONAL WEATHER SERVICE SALT LAKE CITY UT
542 AM MST FRI FEB 24 2017


...................................

...THE CEDAR CITY UT CLIMATE SUMMARY FOR FEBRUARY 23 2017...

CLIMATE NORMAL PERIOD 1981 TO 2010
CLIMATE RECORD PERIOD 1928 TO 2017


WEATHER ITEM   OBSERVED TIME   RECORD YEAR NORMAL DEPARTURE LAST
                VALUE   (LST)  VALUE       VALUE  FROM      YEAR
                                                  NORMAL
..................................................................
TEMPERATURE (F)
 YESTERDAY
  MAXIMUM         36    339 PM  66    1981  48    -12       43
  MINIMUM         17    713 AM   3    1955  22     -5       23
  AVERAGE         27                        35     -8       33

PRECIPITATION (IN)
  YESTERDAY        T             0.55 1987   0.04  -0.04     0.00
  MONTH TO DATE    0.60                      0.79  -0.19     0.37
  SINCE OCT 1      4.51                      4.76  -0.25     5.03
  SINCE JAN 1      1.68                      1.65   0.03     1.47

DEGREE DAYS
 HEATING
  YESTERDAY       38                        30      8       32
  MONTH TO DATE  524                       741   -217      811
  SINCE DEC 1   2751                      2974   -223     3063
  SINCE JUL 1   3848                      4416   -568     4295

 COOLING
  YESTERDAY        0                         0      0        0
  MONTH TO DATE    0                         0      0        0
  SINCE DEC 1      0                         0      0        0
  SINCE JAN 1      0                         0      0        0
..................................................................


WIND (MPH)
  RESULTANT WIND SPEED   5   RESULTANT WIND DIRECTION  SW (220)
  HIGHEST WIND SPEED    21   HIGHEST WIND DIRECTION     W (260)
  HIGHEST GUST SPEED    26   HIGHEST GUST DIRECTION     W (260)
  AVERAGE WIND SPEED     6.7



WEATHER CONDITIONS
 THE FOLLOWING WEATHER WAS RECORDED YESTERDAY.
  NO SIGNIFICANT WEATHER WAS OBSERVED.


RELATIVE HUMIDITY (PERCENT)
 HIGHEST    96           100 AM
 LOWEST     41           400 PM
 AVERAGE    69

..........................................................


THE CEDAR CITY UT CLIMATE NORMALS FOR TODAY
                         NORMAL    RECORD    YEAR
 MAXIMUM TEMPERATURE (F)   49        68      1986
 MINIMUM TEMPERATURE (F)   23         3      1971


SUNRISE AND SUNSET
FEBRUARY 24 2017......SUNRISE   710 AM MST   SUNSET   621 PM MST
FEBRUARY 25 2017......SUNRISE   709 AM MST   SUNSET   622 PM MST


-  INDICATES NEGATIVE NUMBERS.
R  INDICATES RECORD WAS SET OR TIED.
MM INDICATES DATA IS MISSING.
T  INDICATES TRACE AMOUNT.




$$
