000
CDUS45 KSLC 221227
CLICDC


CLIMATE REPORT
NATIONAL WEATHER SERVICE SALT LAKE CITY UT
625 AM MDT THU JUN 22 2017


...................................

...THE CEDAR CITY UT CLIMATE SUMMARY FOR JUNE 21 2017...

CLIMATE NORMAL PERIOD 1981 TO 2010
CLIMATE RECORD PERIOD 1928 TO 2017


WEATHER ITEM   OBSERVED TIME   RECORD YEAR NORMAL DEPARTURE LAST
                VALUE   (LST)  VALUE       VALUE  FROM      YEAR
                                                  NORMAL
..................................................................
TEMPERATURE (F)
 YESTERDAY
  MAXIMUM        101    106 PM 102    2016  85     16      102
  MINIMUM         60    347 AM  39    1995  50     10       56
  AVERAGE         81                        68     13       79

PRECIPITATION (IN)
  YESTERDAY        0.00          0.09 1994   0.01  -0.01     0.00
  MONTH TO DATE    0.00                      0.41  -0.41     0.04
  SINCE OCT 1      8.25                      8.56  -0.31     7.98
  SINCE JAN 1      5.42                      5.45  -0.03     4.42

DEGREE DAYS
 HEATING
  YESTERDAY        0                         1     -1        0
  MONTH TO DATE   23                        69    -46        4
  SINCE JUN 1     23                        69    -46        4
  SINCE JUL 1   5447                      6248   -801     5879

 COOLING
  YESTERDAY       16                         4     12       14
  MONTH TO DATE  126                        49     77      133
  SINCE JUN 1    126                        49     77      133
  SINCE JAN 1    131                        57     74      136
..................................................................


WIND (MPH)
  RESULTANT WIND SPEED   5   RESULTANT WIND DIRECTION  SW (210)
  HIGHEST WIND SPEED    24   HIGHEST WIND DIRECTION    SW (220)
  HIGHEST GUST SPEED    34   HIGHEST GUST DIRECTION    SW (220)
  AVERAGE WIND SPEED     9.2



WEATHER CONDITIONS
 THE FOLLOWING WEATHER WAS RECORDED YESTERDAY.
  NO SIGNIFICANT WEATHER WAS OBSERVED.


RELATIVE HUMIDITY (PERCENT)
 HIGHEST    34           400 AM
 LOWEST      7          1200 PM
 AVERAGE    21

..........................................................


THE CEDAR CITY UT CLIMATE NORMALS FOR TODAY
                         NORMAL    RECORD    YEAR
 MAXIMUM TEMPERATURE (F)   86       100      1981
 MINIMUM TEMPERATURE (F)   50        36      1989


SUNRISE AND SUNSET
JUNE 22 2017..........SUNRISE   611 AM MDT   SUNSET   858 PM MDT
JUNE 23 2017..........SUNRISE   612 AM MDT   SUNSET   858 PM MDT


-  INDICATES NEGATIVE NUMBERS.
R  INDICATES RECORD WAS SET OR TIED.
MM INDICATES DATA IS MISSING.
T  INDICATES TRACE AMOUNT.




$$
