000
CDUS45 KSLC 041238
CLICDC


CLIMATE REPORT
NATIONAL WEATHER SERVICE SALT LAKE CITY UT
538 AM MST WED MAR 4 2015


...................................

...THE CEDAR CITY UT CLIMATE SUMMARY FOR MARCH 3 2015...

CLIMATE NORMAL PERIOD 1981 TO 2010
CLIMATE RECORD PERIOD 1928 TO 2015


WEATHER ITEM   OBSERVED TIME   RECORD YEAR NORMAL DEPARTURE LAST
                VALUE   (LST)  VALUE       VALUE  FROM      YEAR
                                                  NORMAL
..................................................................
TEMPERATURE (F)
 YESTERDAY
  MAXIMUM         37    224 PM  68    1986  51    -14       57
  MINIMUM         15   1057 PM   0    1966  24     -9       30
  AVERAGE         26                        37    -11       44

PRECIPITATION (IN)
  YESTERDAY        0.16          0.51 1992   0.05   0.11     0.00
  MONTH TO DATE    1.10                      0.13   0.97     0.09
  SINCE OCT 1      5.15                      5.10   0.05     2.97
  SINCE JAN 1      3.02                      1.99   1.03     1.03

DEGREE DAYS
 HEATING
  YESTERDAY       39                        28     11       21
  MONTH TO DATE  108                        84     24       72
  SINCE MAR 1    108                        84     24       72
  SINCE JUL 1   3946                      4646   -700     4659

 COOLING
  YESTERDAY        0                         0      0        0
  MONTH TO DATE    0                         0      0        0
  SINCE MAR 1      0                         0      0        0
  SINCE JAN 1      0                         0      0        0
..................................................................


WIND (MPH)
  RESULTANT WIND SPEED   2   RESULTANT WIND DIRECTION  SW (220)
  HIGHEST WIND SPEED    16   HIGHEST WIND DIRECTION    NW (310)
  HIGHEST GUST SPEED    22   HIGHEST GUST DIRECTION    NW (310)
  AVERAGE WIND SPEED     7.6



WEATHER CONDITIONS
 THE FOLLOWING WEATHER WAS RECORDED YESTERDAY.
  HEAVY SNOW
  LIGHT SNOW
  FOG
  FOG W/VISIBILITY <= 1/4 MILE
  HAZE


RELATIVE HUMIDITY (PERCENT)
 HIGHEST    92          1200 AM
 LOWEST     64           200 PM
 AVERAGE    78

..........................................................


THE CEDAR CITY UT CLIMATE NORMALS FOR TODAY
                         NORMAL    RECORD    YEAR
 MAXIMUM TEMPERATURE (F)   51        68      1994
 MINIMUM TEMPERATURE (F)   24         1      1966


SUNRISE AND SUNSET
MARCH  4 2015.........SUNRISE   700 AM MST   SUNSET   629 PM MST
MARCH  5 2015.........SUNRISE   658 AM MST   SUNSET   630 PM MST


-  INDICATES NEGATIVE NUMBERS.
R  INDICATES RECORD WAS SET OR TIED.
MM INDICATES DATA IS MISSING.
T  INDICATES TRACE AMOUNT.




$$
