000
CDUS45 KSLC 271231
CLICDC


CLIMATE REPORT
NATIONAL WEATHER SERVICE SALT LAKE CITY UT
530 AM MST THU NOV 27 2014


...................................

...THE CEDAR CITY UT CLIMATE SUMMARY FOR NOVEMBER 26 2014...

CLIMATE NORMAL PERIOD 1981 TO 2010
CLIMATE RECORD PERIOD 1928 TO 2014


WEATHER ITEM   OBSERVED TIME   RECORD YEAR NORMAL DEPARTURE LAST
                VALUE   (LST)  VALUE       VALUE  FROM      YEAR
                                                  NORMAL
..................................................................
TEMPERATURE (F)
 YESTERDAY
  MAXIMUM         62    259 PM  71    1949  47     15       48
  MINIMUM         23    744 AM  -1    2010  20      3       21
                                      1951
  AVERAGE         43                        33     10       35

PRECIPITATION (IN)
  YESTERDAY        0.00          0.78 1970   0.03  -0.03     0.00
  MONTH TO DATE    1.13                      0.83   0.30     0.56
  SINCE OCT 1      1.35                      2.17  -0.82     1.03
  SINCE JAN 1      9.03                     10.37  -1.34    14.07

DEGREE DAYS
 HEATING
  YESTERDAY       22                        32    -10       30
  MONTH TO DATE  691                       693     -2      659
  SINCE SEP 1   1107                      1303   -196     1410
  SINCE JUL 1   1113                      1312   -199     1413

 COOLING
  YESTERDAY        0                         0      0        0
  MONTH TO DATE    0                         0      0        0
  SINCE SEP 1     61                        39     22       35
  SINCE JAN 1    607                       588     19      667
..................................................................


WIND (MPH)
  RESULTANT WIND SPEED   1   RESULTANT WIND DIRECTION   E (110)
  HIGHEST WIND SPEED     9   HIGHEST WIND DIRECTION    SE (130)
  HIGHEST GUST SPEED    12   HIGHEST GUST DIRECTION    NW (320)
  AVERAGE WIND SPEED     3.5



WEATHER CONDITIONS
 THE FOLLOWING WEATHER WAS RECORDED YESTERDAY.
  NO SIGNIFICANT WEATHER WAS OBSERVED.


RELATIVE HUMIDITY (PERCENT)
 HIGHEST    81           600 AM
 LOWEST     20           300 PM
 AVERAGE    51

..........................................................


THE CEDAR CITY UT CLIMATE NORMALS FOR TODAY
                         NORMAL    RECORD    YEAR
 MAXIMUM TEMPERATURE (F)   46        69      1949
 MINIMUM TEMPERATURE (F)   19        -6      1994


SUNRISE AND SUNSET
NOVEMBER 27 2014......SUNRISE   725 AM MST   SUNSET   515 PM MST
NOVEMBER 28 2014......SUNRISE   726 AM MST   SUNSET   515 PM MST


-  INDICATES NEGATIVE NUMBERS.
R  INDICATES RECORD WAS SET OR TIED.
MM INDICATES DATA IS MISSING.
T  INDICATES TRACE AMOUNT.




$$
