994
CDUS45 KCYS 130731
CLICDR


CLIMATE REPORT
NATIONAL WEATHER SERVICE CHEYENNE WY
1229 AM MST SAT FEB 13 2016


...................................

...THE CHADRON NE AIRPORT CLIMATE SUMMARY FOR FEBRUARY 12 2016...

CLIMATE NORMAL PERIOD 1981 TO 2010
CLIMATE RECORD PERIOD 1895 TO 2016


WEATHER ITEM   OBSERVED TIME   RECORD YEAR NORMAL DEPARTURE LAST
                VALUE   (LST)  VALUE       VALUE  FROM      YEAR
                                                  NORMAL
..................................................................
TEMPERATURE (F)
 YESTERDAY
  MAXIMUM         39    239 PM  74    1962  41     -2       56
  MINIMUM         20    306 AM -24    1986  12      8       24
  AVERAGE         30                        26      4       40

PRECIPITATION (IN)
  YESTERDAY        0.00          0.98 1915   0.02  -0.02     0.00
  MONTH TO DATE    0.03                      0.22  -0.19     0.21
  SINCE JAN 1      0.20                      0.58  -0.38     0.57

DEGREE DAYS
 HEATING
  YESTERDAY       35                        38     -3       25
  MONTH TO DATE  407                       472    -65      336
  SINCE DEC 1   2945                      2987    -42     2717
  SINCE JUL 1   4325                      4671   -346     4322

 COOLING
  YESTERDAY        0                         0      0        0
  MONTH TO DATE    0                         0      0        0
  SINCE DEC 1      0                         0      0        0
  SINCE JAN 1      0                         0      0        0
..................................................................


WIND (MPH)
  HIGHEST WIND SPEED    17   HIGHEST WIND DIRECTION     S (180)
  HIGHEST GUST SPEED    21   HIGHEST GUST DIRECTION     S (170)
  AVERAGE WIND SPEED     5.8


SKY COVER
  AVERAGE SKY COVER 0.7


WEATHER CONDITIONS
 THE FOLLOWING WEATHER WAS RECORDED YESTERDAY.
  FOG
  HAZE


RELATIVE HUMIDITY (PERCENT)
 HIGHEST   100           700 AM
 LOWEST     70          1200 PM
 AVERAGE    85

..........................................................


THE CHADRON NE AIRPORT CLIMATE NORMALS FOR TODAY
                         NORMAL    RECORD    YEAR
 MAXIMUM TEMPERATURE (F)   41        69      1954
 MINIMUM TEMPERATURE (F)   12       -18      1936


SUNRISE AND SUNSET
FEBRUARY 13 2016......SUNRISE   653 AM MST   SUNSET   521 PM MST
FEBRUARY 14 2016......SUNRISE   652 AM MST   SUNSET   522 PM MST


-  INDICATES NEGATIVE NUMBERS.
R  INDICATES RECORD WAS SET OR TIED.
MM INDICATES DATA IS MISSING.
T  INDICATES TRACE AMOUNT.




$$
