000
CDUS45 KCYS 220728
CLICDR


CLIMATE REPORT
NATIONAL WEATHER SERVICE CHEYENNE WY
127 AM MDT FRI MAY 22 2015


...................................

...THE CHADRON NE AIRPORT CLIMATE SUMMARY FOR MAY 21 2015...

CLIMATE NORMAL PERIOD 1981 TO 2010
CLIMATE RECORD PERIOD 1895 TO 2015


WEATHER ITEM   OBSERVED TIME   RECORD YEAR NORMAL DEPARTURE LAST
                VALUE   (LST)  VALUE       VALUE  FROM      YEAR
                                                  NORMAL
..................................................................
TEMPERATURE (F)
 YESTERDAY
  MAXIMUM         59    458 PM  96    1925  72    -13       71
  MINIMUM         28    445 AM  25    1963  43    -15       59
                                      1931
  AVERAGE         44                        58    -14       65

PRECIPITATION (IN)
  YESTERDAY        0.00          2.12 1916   0.09  -0.09     0.02
  MONTH TO DATE    4.29                      1.77   2.52     2.99
  SINCE JAN 1      6.91                      5.95   0.96     7.29

DEGREE DAYS
 HEATING
  YESTERDAY       21                         8     13        0
  MONTH TO DATE  320                       238     82      290
  SINCE MAR 1   1535                      1749   -214     1734
  SINCE JUL 1   6480                      7001   -521     7208

 COOLING
  YESTERDAY        0                         1     -1        0
  MONTH TO DATE    0                         5     -5        0
  SINCE MAR 1      0                         7     -7        1
  SINCE JAN 1      0                         7     -7        1
..................................................................


WIND (MPH)
  HIGHEST WIND SPEED    18   HIGHEST WIND DIRECTION    SE (150)
  HIGHEST GUST SPEED    21   HIGHEST GUST DIRECTION    SE (150)
  AVERAGE WIND SPEED     7.0


SKY COVER
  AVERAGE SKY COVER 0.6


WEATHER CONDITIONS
 THE FOLLOWING WEATHER WAS RECORDED YESTERDAY.
  NO SIGNIFICANT WEATHER WAS OBSERVED.


RELATIVE HUMIDITY (PERCENT)
 HIGHEST    92          1200 AM
 LOWEST     53           400 PM
 AVERAGE    73

..........................................................


THE CHADRON NE AIRPORT CLIMATE NORMALS FOR TODAY
                         NORMAL    RECORD    YEAR
 MAXIMUM TEMPERATURE (F)   73        99      2012
 MINIMUM TEMPERATURE (F)   43        31      1973


SUNRISE AND SUNSET
MAY 22 2015...........SUNRISE   523 AM MDT   SUNSET   815 PM MDT
MAY 23 2015...........SUNRISE   523 AM MDT   SUNSET   816 PM MDT


-  INDICATES NEGATIVE NUMBERS.
R  INDICATES RECORD WAS SET OR TIED.
MM INDICATES DATA IS MISSING.
T  INDICATES TRACE AMOUNT.




$$
