000
CDUS45 KCYS 280736
CLICDR


CLIMATE REPORT
NATIONAL WEATHER SERVICE CHEYENNE WY
136 AM MDT MON JUL 28 2014


...................................

...THE CHADRON NE AIRPORT CLIMATE SUMMARY FOR JULY 27 2014...

CLIMATE NORMAL PERIOD 1981 TO 2010
CLIMATE RECORD PERIOD 1895 TO 2014


WEATHER ITEM   OBSERVED TIME   RECORD YEAR NORMAL DEPARTURE LAST
                VALUE   (LST)  VALUE       VALUE  FROM      YEAR
                                                  NORMAL
..................................................................
TEMPERATURE (F)
 YESTERDAY
  MAXIMUM         89    250 PM 106    1931  91     -2       78
  MINIMUM         49    513 AM  43    2005  59    -10       52
  AVERAGE         69                        75     -6       65

PRECIPITATION (IN)
  YESTERDAY        0.00          1.15 1966   0.06  -0.06     0.00
  MONTH TO DATE    0.64                      1.88  -1.24     1.65
  SINCE JAN 1     11.77                     12.06  -0.29    10.49

DEGREE DAYS
 HEATING
  YESTERDAY        0                         0      0        0
  MONTH TO DATE   11                         5      6        0
  SINCE JUN 1     94                        86      8       58
  SINCE JUL 1     11                         5      6        0

 COOLING
  YESTERDAY        4                        10     -6        0
  MONTH TO DATE  242                       236      6      286
  SINCE JUN 1    296                       344    -48      398
  SINCE JAN 1    327                       364    -37      426
..................................................................


WIND (MPH)
  HIGHEST WIND SPEED    18   HIGHEST WIND DIRECTION    NE (50)
  HIGHEST GUST SPEED    23   HIGHEST GUST DIRECTION    NE (40)
  AVERAGE WIND SPEED     5.5


SKY COVER
  AVERAGE SKY COVER 0.0


WEATHER CONDITIONS
 THE FOLLOWING WEATHER WAS RECORDED YESTERDAY.
  NO SIGNIFICANT WEATHER WAS OBSERVED.


RELATIVE HUMIDITY (PERCENT)
 HIGHEST    86           400 AM
 LOWEST     23           200 PM
 AVERAGE    55

..........................................................


THE CHADRON NE AIRPORT CLIMATE NORMALS FOR TODAY
                         NORMAL    RECORD    YEAR
 MAXIMUM TEMPERATURE (F)   91       106      2006
 MINIMUM TEMPERATURE (F)   59        44      1971


SUNRISE AND SUNSET
JULY 28 2014..........SUNRISE   540 AM MDT   SUNSET   818 PM MDT
JULY 29 2014..........SUNRISE   541 AM MDT   SUNSET   816 PM MDT


-  INDICATES NEGATIVE NUMBERS.
R  INDICATES RECORD WAS SET OR TIED.
MM INDICATES DATA IS MISSING.
T  INDICATES TRACE AMOUNT.




$$
