000
CDUS45 KCYS 310340
CLICDR


CLIMATE REPORT
NATIONAL WEATHER SERVICE CHEYENNE WY
939 PM MDT THU OCT 30 2014


...................................

...THE CHADRON NE AIRPORT CLIMATE SUMMARY FOR OCTOBER 30 2014...
VALID TODAY AS OF 0900 PM LOCAL TIME.

CLIMATE NORMAL PERIOD 1981 TO 2010
CLIMATE RECORD PERIOD 1895 TO 2014


WEATHER ITEM   OBSERVED TIME   RECORD YEAR NORMAL DEPARTURE LAST
                VALUE   (LST)  VALUE       VALUE  FROM      YEAR
                                                  NORMAL
..................................................................
TEMPERATURE (F)
 TODAY
  MAXIMUM         62    117 PM  85    1950  58      4       51
  MINIMUM         31    836 PM  -1    1991  26      5       29
  AVERAGE         47                        42      5       40

PRECIPITATION (IN)
  TODAY            0.00          0.58 2002   0.03  -0.03     0.09
  MONTH TO DATE    0.37                      1.28  -0.91     3.57
  SINCE JAN 1     18.59                     16.88   1.71    18.62

DEGREE DAYS
 HEATING
  TODAY           18                        23     -5       25
  MONTH TO DATE  387                       519   -132      608
  SINCE SEP 1    537                       700   -163      698
  SINCE JUL 1    551                       730   -179      698

 COOLING
  TODAY            0                         0      0        0
  MONTH TO DATE    0                         0      0        0
  SINCE SEP 1     62                        63     -1      149
  SINCE JAN 1    647                       710    -63      917
..................................................................


WIND (MPH)
  HIGHEST WIND SPEED    17   HIGHEST WIND DIRECTION    NE (50)
  HIGHEST GUST SPEED    22   HIGHEST GUST DIRECTION    NE (50)
  AVERAGE WIND SPEED     9.2


SKY COVER
  AVERAGE SKY COVER 0.0


WEATHER CONDITIONS
 THE FOLLOWING WEATHER WAS RECORDED TODAY.
  NO SIGNIFICANT WEATHER WAS OBSERVED.


RELATIVE HUMIDITY (PERCENT)
 HIGHEST    82           800 PM
 LOWEST     36          1200 PM
 AVERAGE    59

..........................................................


THE CHADRON NE AIRPORT CLIMATE NORMALS FOR TOMORROW
                         NORMAL    RECORD    YEAR
 MAXIMUM TEMPERATURE (F)   57        81      1990
 MINIMUM TEMPERATURE (F)   26        -7      1991


SUNRISE AND SUNSET
OCTOBER 30 2014.......SUNRISE   724 AM MDT   SUNSET   547 PM MDT
OCTOBER 31 2014.......SUNRISE   725 AM MDT   SUNSET   546 PM MDT


-  INDICATES NEGATIVE NUMBERS.
R  INDICATES RECORD WAS SET OR TIED.
MM INDICATES DATA IS MISSING.
T  INDICATES TRACE AMOUNT.




$$
