000
CDUS45 KCYS 200340
CLICDR


CLIMATE REPORT
NATIONAL WEATHER SERVICE CHEYENNE WY
940 PM MDT SAT APR 19 2014


...................................

...THE CHADRON NE AIRPORT CLIMATE SUMMARY FOR APRIL 19 2014...
VALID TODAY AS OF 0900 PM LOCAL TIME.

CLIMATE NORMAL PERIOD 1981 TO 2010
CLIMATE RECORD PERIOD 1895 TO 2014


WEATHER ITEM   OBSERVED TIME   RECORD YEAR NORMAL DEPARTURE LAST
                VALUE   (LST)  VALUE       VALUE  FROM      YEAR
                                                  NORMAL
..................................................................
TEMPERATURE (F)
 TODAY
  MAXIMUM         65    331 PM  84    1989  61      4       43
                                      1961
  MINIMUM         41    423 AM   9    1966  31     10       27
  AVERAGE         53                        46      7       35

PRECIPITATION (IN)
  TODAY            0.00          2.45 2000   0.08  -0.08     0.00
  MONTH TO DATE    0.92                      1.10  -0.18     2.47
  SINCE JAN 1      2.50                      3.30  -0.80     4.01

DEGREE DAYS
 HEATING
  TODAY           12                        19     -7       30
  MONTH TO DATE  398                       419    -21      569
  SINCE MAR 1   1296                      1324    -28     1442
  SINCE JUL 1   6770                      6576    194     6338

 COOLING
  TODAY            0                         0      0        0
  MONTH TO DATE    0                         0      0        0
  SINCE MAR 1      0                         0      0        0
  SINCE JAN 1      0                         0      0        0
..................................................................


WIND (MPH)
  HIGHEST WIND SPEED    22   HIGHEST WIND DIRECTION    NE (30)
  HIGHEST GUST SPEED    29   HIGHEST GUST DIRECTION     N (350)
  AVERAGE WIND SPEED     5.9


SKY COVER
  AVERAGE SKY COVER 0.0


WEATHER CONDITIONS
 THE FOLLOWING WEATHER WAS RECORDED TODAY.
  NO SIGNIFICANT WEATHER WAS OBSERVED.


RELATIVE HUMIDITY (PERCENT)
 HIGHEST    82           600 AM
 LOWEST     27           100 PM
 AVERAGE    55

..........................................................


THE CHADRON NE AIRPORT CLIMATE NORMALS FOR TOMORROW
                         NORMAL    RECORD    YEAR
 MAXIMUM TEMPERATURE (F)   62        93      1989
 MINIMUM TEMPERATURE (F)   31         2      1966


SUNRISE AND SUNSET
APRIL 19 2014.........SUNRISE   604 AM MDT   SUNSET   739 PM MDT
APRIL 20 2014.........SUNRISE   603 AM MDT   SUNSET   740 PM MDT


-  INDICATES NEGATIVE NUMBERS.
R  INDICATES RECORD WAS SET OR TIED.
MM INDICATES DATA IS MISSING.
T  INDICATES TRACE AMOUNT.




$$
