000
CDUS44 KLUB 020126
CLICDS


CLIMATE REPORT
NATIONAL WEATHER SERVICE LUBBOCK, TX
826 PM CDT SUN MAY 1 2016


...................................

...THE CHILDRESS CLIMATE SUMMARY FOR MAY 1 2016...
VALID TODAY AS OF 0800 PM LOCAL TIME.

CLIMATE NORMAL PERIOD 1981 TO 2010
CLIMATE RECORD PERIOD 1893 TO 2016


WEATHER ITEM   OBSERVED TIME   RECORD YEAR NORMAL DEPARTURE LAST
                VALUE   (LST)  VALUE       VALUE  FROM      YEAR
                                                  NORMAL
..................................................................
TEMPERATURE (F)
 TODAY
  MAXIMUM         61   1245 PM  99    2002  81    -20       80
                                      1992
  MINIMUM         48    633 AM  31    1909  54     -6       54
  AVERAGE         55                        67    -12       67

PRECIPITATION (IN)
  TODAY            T             1.94 1974   0.08  -0.08     0.00
  MONTH TO DATE    T                         0.08  -0.08     0.00
  SINCE MAR 1      2.77                      3.73  -0.96     5.37
  SINCE JAN 1      4.02                      5.51  -1.49     6.65

SNOWFALL (IN)
  TODAY           MM            MM      MM   0.0   MM        0.0
  MONTH TO DATE   MM                         0.0   MM        0.0
  SINCE MAR 1      0.0                       0.6   -0.6      2.5
  SINCE JUL 1      7.0                       7.0    0.0      8.0
  SNOW DEPTH       0

DEGREE DAYS
 HEATING
  TODAY           10                         2      8        0
  MONTH TO DATE   10                         2      8        0
  SINCE MAR 1    335                       530   -195      434
  SINCE JUL 1   2503                      3090   -587     2931

 COOLING
  TODAY            0                         4     -4        2
  MONTH TO DATE    0                         4     -4        2
  SINCE MAR 1     61                        94    -33       98
  SINCE JAN 1     63                        95    -32       98
..................................................................


WIND (MPH)
  RESULTANT WIND SPEED  18   RESULTANT WIND DIRECTION   N (10)
  HIGHEST WIND SPEED    28   HIGHEST WIND DIRECTION     N (360)
  HIGHEST GUST SPEED    33   HIGHEST GUST DIRECTION     N (10)
  AVERAGE WIND SPEED    18.2


SKY COVER
  AVERAGE SKY COVER 0.6


WEATHER CONDITIONS
 THE FOLLOWING WEATHER WAS RECORDED TODAY.
  LIGHT RAIN


RELATIVE HUMIDITY (PERCENT)
 HIGHEST    59           700 PM
 LOWEST     37          1100 AM
 AVERAGE    48

..........................................................


THE CHILDRESS CLIMATE NORMALS FOR TOMORROW
                         NORMAL    RECORD    YEAR
 MAXIMUM TEMPERATURE (F)   81       104      2012
 MINIMUM TEMPERATURE (F)   54        31      1907


SUNRISE AND SUNSET
MAY  1 2016...........SUNRISE   651 AM CDT   SUNSET   826 PM CDT
MAY  2 2016...........SUNRISE   650 AM CDT   SUNSET   827 PM CDT


-  INDICATES NEGATIVE NUMBERS.
R  INDICATES RECORD WAS SET OR TIED.
MM INDICATES DATA IS MISSING.
T  INDICATES TRACE AMOUNT.




$$
