000
CDUS44 KLUB 230632
CLICDS


CLIMATE REPORT
NATIONAL WEATHER SERVICE LUBBOCK, TX
1231 AM CST THU NOV 23 2017


...................................

...THE CHILDRESS CLIMATE SUMMARY FOR NOVEMBER 22 2017...

CLIMATE NORMAL PERIOD 1981 TO 2010
CLIMATE RECORD PERIOD 1893 TO 2017


WEATHER ITEM   OBSERVED TIME   RECORD YEAR NORMAL DEPARTURE LAST
                VALUE   (LST)  VALUE       VALUE  FROM      YEAR
                                                  NORMAL
..................................................................
TEMPERATURE (F)
 YESTERDAY
  MAXIMUM         56    436 PM  85    1974  62     -6       75
                                      1966
  MINIMUM         29    709 AM  10    1906  36     -7       49
  AVERAGE         43                        49     -6       62

PRECIPITATION (IN)
  YESTERDAY        0.00          0.69 1971   0.03  -0.03      T
  MONTH TO DATE    0.05                      0.95  -0.90     2.18
  SINCE SEP 1      5.83                      5.62   0.21     5.97
  SINCE JAN 1     23.51                     22.71   0.80    28.75

SNOWFALL (IN)
  YESTERDAY        0.0          MM      MM   0.0    0.0      0.0
  MONTH TO DATE    0.0                       0.4   -0.4      0.0
  SINCE SEP 1      0.0                       0.6   -0.6      0.0
  SINCE JUL 1      0.0                       0.6   -0.6      0.0
  SNOW DEPTH       0

DEGREE DAYS
 HEATING
  YESTERDAY       22                        16      6        3
  MONTH TO DATE  218                       263    -45      133
  SINCE SEP 1    366                       415    -49      167
  SINCE JUL 1    366                       415    -49      167

 COOLING
  YESTERDAY        0                         0      0        0
  MONTH TO DATE   10                         7      3       17
  SINCE SEP 1    412                       376     36      497
  SINCE JAN 1   2306                      2207     99     2370
..................................................................


WIND (MPH)
  RESULTANT WIND SPEED   2   RESULTANT WIND DIRECTION   S (180)
  HIGHEST WIND SPEED    10   HIGHEST WIND DIRECTION     S (190)
  HIGHEST GUST SPEED    16   HIGHEST GUST DIRECTION     S (160)
  AVERAGE WIND SPEED     6.0


SKY COVER
  AVERAGE SKY COVER 0.0


WEATHER CONDITIONS
 THE FOLLOWING WEATHER WAS RECORDED YESTERDAY.
  NO SIGNIFICANT WEATHER WAS OBSERVED.


RELATIVE HUMIDITY (PERCENT)
 HIGHEST    75           600 AM
 LOWEST     26           300 PM
 AVERAGE    51

..........................................................


THE CHILDRESS CLIMATE NORMALS FOR TODAY
                         NORMAL    RECORD    YEAR
 MAXIMUM TEMPERATURE (F)   61        86      1965
 MINIMUM TEMPERATURE (F)   35        16      1938


SUNRISE AND SUNSET
NOVEMBER 23 2017......SUNRISE   722 AM CST   SUNSET   533 PM CST
NOVEMBER 24 2017......SUNRISE   723 AM CST   SUNSET   532 PM CST


-  INDICATES NEGATIVE NUMBERS.
R  INDICATES RECORD WAS SET OR TIED.
MM INDICATES DATA IS MISSING.
T  INDICATES TRACE AMOUNT.




$$
