000
CDUS44 KLUB 010127
CLICDS


CLIMATE REPORT
NATIONAL WEATHER SERVICE LUBBOCK, TX
826 PM CDT SUN APR 30 2017


...................................

...THE CHILDRESS CLIMATE SUMMARY FOR APRIL 30 2017...
VALID TODAY AS OF 0800 PM LOCAL TIME.

CLIMATE NORMAL PERIOD 1981 TO 2010
CLIMATE RECORD PERIOD 1893 TO 2017


WEATHER ITEM   OBSERVED TIME   RECORD YEAR NORMAL DEPARTURE LAST
                VALUE   (LST)  VALUE       VALUE  FROM      YEAR
                                                  NORMAL
..................................................................
TEMPERATURE (F)
 TODAY
  MAXIMUM         55    533 PM  98    2008  80    -25       73
                                      1948
  MINIMUM         40    424 AM  30    1903  53    -13       44
  AVERAGE         48                        67    -19       59

PRECIPITATION (IN)
  TODAY            T             2.00 1941   0.09  -0.09     0.00
  MONTH TO DATE    2.53                      2.12   0.41     1.99
  SINCE MAR 1      4.02                      3.65   0.37     2.77
  SINCE JAN 1      8.24                      5.43   2.81     4.02

SNOWFALL (IN)
  TODAY            0.0          MM      MM   0.0    0.0      0.0
  MONTH TO DATE    0.0                       0.2   -0.2      0.0
  SINCE MAR 1      0.0                       0.6   -0.6      0.0
  SINCE JUL 1      1.5                       7.0   -5.5      7.0
  SNOW DEPTH       0

DEGREE DAYS
 HEATING
  TODAY           17                         2     15        6
  MONTH TO DATE  136                       152    -16       92
  SINCE MAR 1    359                       528   -169      325
  SINCE JUL 1   2307                      3088   -781     2493

 COOLING
  TODAY            0                         4     -4        0
  MONTH TO DATE   77                        72      5       39
  SINCE MAR 1    135                        90     45       61
  SINCE JAN 1    150                        91     59       63
..................................................................


WIND (MPH)
  RESULTANT WIND SPEED  26   RESULTANT WIND DIRECTION  NW (310)
  HIGHEST WIND SPEED    44   HIGHEST WIND DIRECTION    NW (310)
  HIGHEST GUST SPEED    57   HIGHEST GUST DIRECTION    NW (300)
  AVERAGE WIND SPEED    27.2


SKY COVER
  AVERAGE SKY COVER 0.8


WEATHER CONDITIONS
 THE FOLLOWING WEATHER WAS RECORDED TODAY.
  LIGHT RAIN


RELATIVE HUMIDITY (PERCENT)
 HIGHEST    85           100 AM
 LOWEST     46           500 PM
 AVERAGE    66

..........................................................


THE CHILDRESS CLIMATE NORMALS FOR TOMORROW
                         NORMAL    RECORD    YEAR
 MAXIMUM TEMPERATURE (F)   81        99      2002
                                             1992
 MINIMUM TEMPERATURE (F)   54        31      1909


SUNRISE AND SUNSET
APRIL 30 2017.........SUNRISE   652 AM CDT   SUNSET   825 PM CDT
MAY  1 2017...........SUNRISE   651 AM CDT   SUNSET   826 PM CDT


-  INDICATES NEGATIVE NUMBERS.
R  INDICATES RECORD WAS SET OR TIED.
MM INDICATES DATA IS MISSING.
T  INDICATES TRACE AMOUNT.




$$
