000
CDUS44 KLUB 230644
CLICDS


CLIMATE REPORT
NATIONAL WEATHER SERVICE LUBBOCK, TX
1244 AM CST SUN NOV 23 2014


...................................

...THE CHILDRESS CLIMATE SUMMARY FOR NOVEMBER 22 2014...

CLIMATE NORMAL PERIOD 1981 TO 2010
CLIMATE RECORD PERIOD 1893 TO 2014


WEATHER ITEM   OBSERVED TIME   RECORD YEAR NORMAL DEPARTURE LAST
                VALUE   (LST)  VALUE       VALUE  FROM      YEAR
                                                  NORMAL
..................................................................
TEMPERATURE (F)
 YESTERDAY
  MAXIMUM         60    130 PM  85    1974  62     -2       31
                                      1966
  MINIMUM         41   1220 AM  10    1906  36      5       26
  AVERAGE         51                        49      2       29

PRECIPITATION (IN)
  YESTERDAY        0.00          0.69 1971   0.03  -0.03     0.10
  MONTH TO DATE    0.64                      0.95  -0.31     0.20
  SINCE SEP 1      2.59                      5.62  -3.03     1.48
  SINCE JAN 1     18.20                     22.71  -4.51    14.72

SNOWFALL (IN)
  YESTERDAY        0.0          MM      MM   0.0    0.0      0.2
  MONTH TO DATE    0.0                       0.4   -0.4      0.2
  SINCE SEP 1      0.0                       0.6   -0.6      0.2
  SINCE JUL 1      0.0                       0.6   -0.6      0.2
  SNOW DEPTH       0

DEGREE DAYS
 HEATING
  YESTERDAY       14                        16     -2       36
  MONTH TO DATE  386                       263    123      267
  SINCE SEP 1    449                       415     34      393
  SINCE JUL 1    449                       415     34      393

 COOLING
  YESTERDAY        0                         0      0        0
  MONTH TO DATE    0                         7     -7        9
  SINCE SEP 1    457                       376     81      476
  SINCE JAN 1   2316                      2207    109     2407
..................................................................


WIND (MPH)
  RESULTANT WIND SPEED   3   RESULTANT WIND DIRECTION   S (160)
  HIGHEST WIND SPEED    22   HIGHEST WIND DIRECTION    SE (140)
  HIGHEST GUST SPEED    26   HIGHEST GUST DIRECTION    SE (130)
  AVERAGE WIND SPEED     8.2


SKY COVER
  AVERAGE SKY COVER 0.8


WEATHER CONDITIONS
 THE FOLLOWING WEATHER WAS RECORDED YESTERDAY.
  FOG
  FOG W/VISIBILITY <= 1/4 MILE


RELATIVE HUMIDITY (PERCENT)
 HIGHEST   100           400 AM
 LOWEST     67           200 PM
 AVERAGE    84

..........................................................


THE CHILDRESS CLIMATE NORMALS FOR TODAY
                         NORMAL    RECORD    YEAR
 MAXIMUM TEMPERATURE (F)   61        86      1965
 MINIMUM TEMPERATURE (F)   35        16      1938


SUNRISE AND SUNSET
NOVEMBER 23 2014......SUNRISE   722 AM CST   SUNSET   533 PM CST
NOVEMBER 24 2014......SUNRISE   723 AM CST   SUNSET   532 PM CST


-  INDICATES NEGATIVE NUMBERS.
R  INDICATES RECORD WAS SET OR TIED.
MM INDICATES DATA IS MISSING.
T  INDICATES TRACE AMOUNT.




$$
