000
CDUS44 KLUB 010626
CLICDS


CLIMATE REPORT
NATIONAL WEATHER SERVICE LUBBOCK, TX
125 AM CDT WED JUL 1 2015


...................................

...THE CHILDRESS CLIMATE SUMMARY FOR JUNE 30 2015...

CLIMATE NORMAL PERIOD 1981 TO 2010
CLIMATE RECORD PERIOD 1893 TO 2015


WEATHER ITEM   OBSERVED TIME   RECORD YEAR NORMAL DEPARTURE LAST
                VALUE   (LST)  VALUE       VALUE  FROM      YEAR
                                                  NORMAL
..................................................................
TEMPERATURE (F)
 YESTERDAY
  MAXIMUM         90    600 PM 106    1994  95     -5       99
                                      1893
  MINIMUM         67    543 AM  59    1940  70     -3       73
  AVERAGE         79                        82     -3       86

PRECIPITATION (IN)
  YESTERDAY        0.00          1.90 1924   0.10  -0.10     0.00
  MONTH TO DATE    4.04                      3.95   0.09     4.72
  SINCE JUN 1      4.04                      3.95   0.09     4.72
  SINCE JAN 1     23.64                     12.52  11.12    10.95

SNOWFALL (IN)
  YESTERDAY        0.0          MM      MM   0.0    0.0      0.0
  MONTH TO DATE    0.0                       0.0    0.0      0.0
  SINCE JUN 1      0.0                       0.0    0.0      0.0
  SINCE JUL 1      2.0                       7.0   -5.0      9.5
  SNOW DEPTH       0

DEGREE DAYS
 HEATING
  YESTERDAY        0                         0      0        0
  MONTH TO DATE    0                         0      0        0
  SINCE JUN 1      0                         2     -2        0
  SINCE JUL 1   2973                      3117   -144     3456

 COOLING
  YESTERDAY       14                        17     -3       21
  MONTH TO DATE  459                       421     38      445
  SINCE JUN 1    459                       421     38      445
  SINCE JAN 1    659                       733    -74      809
..................................................................


WIND (MPH)
  RESULTANT WIND SPEED   4   RESULTANT WIND DIRECTION  SW (220)
  HIGHEST WIND SPEED    22   HIGHEST WIND DIRECTION     S (180)
  HIGHEST GUST SPEED    28   HIGHEST GUST DIRECTION     S (170)
  AVERAGE WIND SPEED     8.1


SKY COVER
  AVERAGE SKY COVER 0.0


WEATHER CONDITIONS
 THE FOLLOWING WEATHER WAS RECORDED YESTERDAY.
  NO SIGNIFICANT WEATHER WAS OBSERVED.


RELATIVE HUMIDITY (PERCENT)
 HIGHEST    87           400 AM
 LOWEST     38           600 PM
 AVERAGE    63

..........................................................


THE CHILDRESS CLIMATE NORMALS FOR TODAY
                         NORMAL    RECORD    YEAR
 MAXIMUM TEMPERATURE (F)   95       111      1980
 MINIMUM TEMPERATURE (F)   70        60      1995
                                             1951
                                             1893


SUNRISE AND SUNSET
JULY  1 2015..........SUNRISE   632 AM CDT   SUNSET   858 PM CDT
JULY  2 2015..........SUNRISE   633 AM CDT   SUNSET   857 PM CDT


-  INDICATES NEGATIVE NUMBERS.
R  INDICATES RECORD WAS SET OR TIED.
MM INDICATES DATA IS MISSING.
T  INDICATES TRACE AMOUNT.




$$
