000
CDUS44 KLUB 220126
CLICDS


CLIMATE REPORT
NATIONAL WEATHER SERVICE LUBBOCK, TX
826 PM CDT TUE OCT 21 2014


...................................

...THE CHILDRESS CLIMATE SUMMARY FOR OCTOBER 21 2014...
VALID TODAY AS OF 0800 PM LOCAL TIME.

CLIMATE NORMAL PERIOD 1981 TO 2010
CLIMATE RECORD PERIOD 1893 TO 2014


WEATHER ITEM   OBSERVED TIME   RECORD YEAR NORMAL DEPARTURE LAST
                VALUE   (LST)  VALUE       VALUE  FROM      YEAR
                                                  NORMAL
..................................................................
TEMPERATURE (F)
 TODAY
  MAXIMUM         84    218 PM  95    2012  75      9       67
  MINIMUM         58    712 AM  33    1982  48     10       45
  AVERAGE         71                        62      9       56

PRECIPITATION (IN)
  TODAY            0.00          1.36 1972   0.08  -0.08     0.00
  MONTH TO DATE    0.28                      1.60  -1.32     0.51
  SINCE SEP 1      1.91                      4.02  -2.11     1.20
  SINCE JAN 1     17.52                     21.11  -3.59    14.44

SNOWFALL (IN)
  TODAY            0.0          MM      MM   0.0    0.0      0.0
  MONTH TO DATE    0.0                       0.1   -0.1      0.0
  SINCE SEP 1      0.0                       0.1   -0.1      0.0
  SINCE JUL 1      0.0                       0.1   -0.1      0.0
  SNOW DEPTH       0

DEGREE DAYS
 HEATING
  TODAY            0                         5     -5        9
  MONTH TO DATE   27                        70    -43       84
  SINCE SEP 1     37                        87    -50       84
  SINCE JUL 1     37                        87    -50       84

 COOLING
  TODAY            6                         2      4        0
  MONTH TO DATE   91                        65     26       77
  SINCE SEP 1    410                       358     52      452
  SINCE JAN 1   2269                      2189     80     2383
..................................................................


WIND (MPH)
  RESULTANT WIND SPEED   5   RESULTANT WIND DIRECTION   S (190)
  HIGHEST WIND SPEED    17   HIGHEST WIND DIRECTION     S (170)
  HIGHEST GUST SPEED    22   HIGHEST GUST DIRECTION     S (180)
  AVERAGE WIND SPEED     6.7


SKY COVER
  AVERAGE SKY COVER 0.1


WEATHER CONDITIONS
 THE FOLLOWING WEATHER WAS RECORDED TODAY.
  NO SIGNIFICANT WEATHER WAS OBSERVED.


RELATIVE HUMIDITY (PERCENT)
 HIGHEST    86           600 AM
 LOWEST     31           300 PM
 AVERAGE    59

..........................................................


THE CHILDRESS CLIMATE NORMALS FOR TOMORROW
                         NORMAL    RECORD    YEAR
 MAXIMUM TEMPERATURE (F)   75        92      1939
 MINIMUM TEMPERATURE (F)   48        34      2006
                                             1990
                                             1898


SUNRISE AND SUNSET
OCTOBER 21 2014.......SUNRISE   752 AM CDT   SUNSET   659 PM CDT
OCTOBER 22 2014.......SUNRISE   752 AM CDT   SUNSET   658 PM CDT


-  INDICATES NEGATIVE NUMBERS.
R  INDICATES RECORD WAS SET OR TIED.
MM INDICATES DATA IS MISSING.
T  INDICATES TRACE AMOUNT.




$$
