405
CDUS44 KLUB 060627
CLICDS


CLIMATE REPORT
NATIONAL WEATHER SERVICE LUBBOCK, TX
1226 AM CST SAT FEB 6 2016


...................................

...THE CHILDRESS CLIMATE SUMMARY FOR FEBRUARY 5 2016...

CLIMATE NORMAL PERIOD 1981 TO 2010
CLIMATE RECORD PERIOD 1893 TO 2016


WEATHER ITEM   OBSERVED TIME   RECORD YEAR NORMAL DEPARTURE LAST
                VALUE   (LST)  VALUE       VALUE  FROM      YEAR
                                                  NORMAL
..................................................................
TEMPERATURE (F)
 YESTERDAY
  MAXIMUM         52    208 PM  85    1937  56     -4       42
  MINIMUM         25    708 AM   3    1989  30     -5       26
  AVERAGE         39                        43     -4       34

PRECIPITATION (IN)
  YESTERDAY        0.00          0.73 2002   0.03  -0.03     0.00
  MONTH TO DATE    T                         0.16  -0.16      T
  SINCE DEC 1      1.36                      1.80  -0.44     1.28
  SINCE JAN 1      0.51                      0.89  -0.38     1.08

SNOWFALL (IN)
  YESTERDAY        0.0          MM      MM   0.1   -0.1      0.0
  MONTH TO DATE    0.0                       0.3   -0.3      0.0
  SINCE DEC 1      6.2                       4.7    1.5      1.5
  SINCE JUL 1      7.0                       5.6    1.4      3.5
  SNOW DEPTH       0

DEGREE DAYS
 HEATING
  YESTERDAY       26                        22      4       31
  MONTH TO DATE  123                       110     13      135
  SINCE DEC 1   1416                      1553   -137     1460
  SINCE JUL 1   1869                      2113   -244     2015

 COOLING
  YESTERDAY        0                         0      0        0
  MONTH TO DATE    0                         0      0        0
  SINCE DEC 1      0                         0      0        0
  SINCE JAN 1      0                         0      0        0
..................................................................


WIND (MPH)
  RESULTANT WIND SPEED   5   RESULTANT WIND DIRECTION   W (260)
  HIGHEST WIND SPEED    26   HIGHEST WIND DIRECTION    SW (220)
  HIGHEST GUST SPEED    33   HIGHEST GUST DIRECTION    SW (230)
  AVERAGE WIND SPEED    14.4


SKY COVER
  AVERAGE SKY COVER 0.1


WEATHER CONDITIONS
 THE FOLLOWING WEATHER WAS RECORDED YESTERDAY.
  NO SIGNIFICANT WEATHER WAS OBSERVED.


RELATIVE HUMIDITY (PERCENT)
 HIGHEST    68           700 AM
 LOWEST     24           400 PM
 AVERAGE    46

..........................................................


THE CHILDRESS CLIMATE NORMALS FOR TODAY
                         NORMAL    RECORD    YEAR
 MAXIMUM TEMPERATURE (F)   56        82      1950
 MINIMUM TEMPERATURE (F)   30         7      2014
                                             1905


SUNRISE AND SUNSET
FEBRUARY  6 2016......SUNRISE   735 AM CST   SUNSET   615 PM CST
FEBRUARY  7 2016......SUNRISE   734 AM CST   SUNSET   616 PM CST


-  INDICATES NEGATIVE NUMBERS.
R  INDICATES RECORD WAS SET OR TIED.
MM INDICATES DATA IS MISSING.
T  INDICATES TRACE AMOUNT.




$$
