000
CDUS46 KEKA 260009
CLICEC


CLIMATE REPORT
NATIONAL WEATHER SERVICE EUREKA CA
509 PM PDT TUE JUL 25 2017


...................................

...THE CRESCENT CITY CA CLIMATE SUMMARY FOR JULY 25 2017...
VALID TODAY AS OF 0500 PM LOCAL TIME.

CLIMATE NORMAL PERIOD 1981 TO 2010
CLIMATE RECORD PERIOD 1894 TO 2017


WEATHER ITEM   OBSERVED TIME   RECORD YEAR NORMAL DEPARTURE LAST
                VALUE   (LST)  VALUE       VALUE  FROM      YEAR
                                                  NORMAL
..................................................................
TEMPERATURE (F)
 TODAY
  MAXIMUM         58    228 PM  73    1974  61     -3       62
  MINIMUM         52    954 AM  42    1949  52      0       55
  AVERAGE         55                        56     -1       59

PRECIPITATION (IN)
  TODAY            0.00          0.03 1989   0.00   0.00     0.00
  MONTH TO DATE    0.00                      0.37  -0.37     1.03
  SINCE OCT 1     94.29                     62.54  31.75    67.46
  SINCE JAN 1     49.19                     37.30  11.89    32.78

SNOWFALL (IN)
  TODAY            0.0          MM      MM  MM     MM        0.0
  MONTH TO DATE    0.0                      MM     MM        0.0
  SINCE JUN 1      0.0                      MM     MM        0.0
  SINCE JUL 1      0.0                      MM     MM        0.0
  SNOW DEPTH       0

..................................................................


WIND (MPH)
  HIGHEST WIND SPEED    14   HIGHEST WIND DIRECTION     S (200)
  HIGHEST GUST SPEED    17   HIGHEST GUST DIRECTION     S (200)
  AVERAGE WIND SPEED     8.0


SKY COVER
  AVERAGE SKY COVER 1.0


WEATHER CONDITIONS
 THE FOLLOWING WEATHER WAS RECORDED TODAY.
  FOG
  HAZE


RELATIVE HUMIDITY (PERCENT)
 HIGHEST   100
 LOWEST     93
 AVERAGE    97

..........................................................


THE CRESCENT CITY CA CLIMATE NORMALS FOR TOMORROW
                         NORMAL    RECORD    YEAR
 MAXIMUM TEMPERATURE (F)   62        73      1974
 MINIMUM TEMPERATURE (F)   52        42      1987


SUNRISE AND SUNSET
JULY 25 2017..........SUNRISE   605 AM PDT   SUNSET   842 PM PDT
JULY 26 2017..........SUNRISE   605 AM PDT   SUNSET   841 PM PDT


-  INDICATES NEGATIVE NUMBERS.
R  INDICATES RECORD WAS SET OR TIED.
MM INDICATES DATA IS MISSING.
T  INDICATES TRACE AMOUNT.




$$
