000
CDUS46 KEKA 180016
CLICEC


CLIMATE REPORT
NATIONAL WEATHER SERVICE EUREKA CA
514 PM PDT WED SEP 17 2014


...................................

...THE CRESCENT CITY CA CLIMATE SUMMARY FOR SEPTEMBER 17 2014...
VALID TODAY AS OF 0500 PM LOCAL TIME.

CLIMATE NORMAL PERIOD 1981 TO 2010
CLIMATE RECORD PERIOD 1894 TO 2014


WEATHER ITEM   OBSERVED TIME   RECORD YEAR NORMAL DEPARTURE LAST
                VALUE   (LST)  VALUE       VALUE  FROM      YEAR
                                                  NORMAL
..................................................................
TEMPERATURE (F)
 TODAY
  MAXIMUM         64    216 PM  85    1962  62      2       65
  MINIMUM         53    209 AM  43    2003  49      4       50
  AVERAGE         59                        55      4       58

PRECIPITATION (IN)
  TODAY            0.09          1.62 1997   0.02   0.07     0.00
  MONTH TO DATE    0.09                      0.39  -0.30     0.35
  SINCE JUL 1      0.33                      1.32  -0.99     0.59
  SINCE JAN 1     24.92                     38.25 -13.33    20.52

SNOWFALL (IN)
  TODAY            0.0          MM      MM  MM     MM        0.0
  MONTH TO DATE    0.0                      MM     MM        0.0
  SINCE SEP 1      0.0                      MM     MM        0.0
  SINCE JUL 1      0.0                      MM     MM        0.0
  SNOW DEPTH       0

..................................................................


WIND (MPH)
  HIGHEST WIND SPEED    14   HIGHEST WIND DIRECTION     S (180)
  HIGHEST GUST SPEED    17   HIGHEST GUST DIRECTION     S (180)
  AVERAGE WIND SPEED     3.9


SKY COVER
  AVERAGE SKY COVER 0.5


WEATHER CONDITIONS
 THE FOLLOWING WEATHER WAS RECORDED TODAY.
  LIGHT RAIN
  FOG


RELATIVE HUMIDITY (PERCENT)
 HIGHEST   100
 LOWEST     93
 AVERAGE    97

..........................................................


THE CRESCENT CITY CA CLIMATE NORMALS FOR TOMORROW
                         NORMAL    RECORD    YEAR
 MAXIMUM TEMPERATURE (F)   62        82      2000
 MINIMUM TEMPERATURE (F)   49        41      1949


SUNRISE AND SUNSET
SEPTEMBER 17 2014.....SUNRISE   659 AM PDT   SUNSET   723 PM PDT
SEPTEMBER 18 2014.....SUNRISE   700 AM PDT   SUNSET   721 PM PDT


-  INDICATES NEGATIVE NUMBERS.
R  INDICATES RECORD WAS SET OR TIED.
MM INDICATES DATA IS MISSING.
T  INDICATES TRACE AMOUNT.




$$
