000
CDUS46 KEKA 070035
CLICEC


CLIMATE REPORT
NATIONAL WEATHER SERVICE EUREKA CA
431 PM PST TUE DEC 6 2016


...................................

...THE CRESCENT CITY CA CLIMATE SUMMARY FOR DECEMBER 6 2016...
VALID TODAY AS OF 0400 PM LOCAL TIME.

CLIMATE NORMAL PERIOD 1981 TO 2010
CLIMATE RECORD PERIOD 1894 TO 2016


WEATHER ITEM   OBSERVED TIME   RECORD YEAR NORMAL DEPARTURE LAST
                VALUE   (LST)  VALUE       VALUE  FROM      YEAR
                                                  NORMAL
..................................................................
TEMPERATURE (F)
 TODAY
  MAXIMUM         49    312 PM  65    1979  54     -5       58
  MINIMUM         41    756 AM  28    2009  42     -1       53
  AVERAGE         45                        48     -3       56

PRECIPITATION (IN)
  TODAY            0.22          4.00 1983   0.30  -0.08     0.34
  MONTH TO DATE    0.37                      1.66  -1.29     3.25
  SINCE OCT 1     32.33                     15.63  16.70    13.75
  SINCE JAN 1     65.11                     54.42  10.69    36.75

SNOWFALL (IN)
  TODAY           MM            MM      MM  MM     MM        0.0
  MONTH TO DATE    0.0                      MM     MM        0.0
  SINCE DEC 1      0.0                      MM     MM        0.0
  SINCE JUL 1      0.0                      MM     MM        0.0
  SNOW DEPTH       0

..................................................................


WIND (MPH)
  HIGHEST WIND SPEED    16   HIGHEST WIND DIRECTION    NW (320)
  HIGHEST GUST SPEED    23   HIGHEST GUST DIRECTION    NW (320)
  AVERAGE WIND SPEED     5.6


SKY COVER
  AVERAGE SKY COVER 0.5


WEATHER CONDITIONS
 THE FOLLOWING WEATHER WAS RECORDED TODAY.
  RAIN
  LIGHT RAIN
  FOG


RELATIVE HUMIDITY (PERCENT)
 HIGHEST    96
 LOWEST     66
 AVERAGE    81

..........................................................


THE CRESCENT CITY CA CLIMATE NORMALS FOR TOMORROW
                         NORMAL    RECORD    YEAR
 MAXIMUM TEMPERATURE (F)   54        70      1979
 MINIMUM TEMPERATURE (F)   41        28      1951


SUNRISE AND SUNSET
DECEMBER  6 2016......SUNRISE   730 AM PST   SUNSET   446 PM PST
DECEMBER  7 2016......SUNRISE   731 AM PST   SUNSET   446 PM PST


-  INDICATES NEGATIVE NUMBERS.
R  INDICATES RECORD WAS SET OR TIED.
MM INDICATES DATA IS MISSING.
T  INDICATES TRACE AMOUNT.




$$
