000
CDUS46 KEKA 281219
CLICEC


CLIMATE REPORT
NATIONAL WEATHER SERVICE EUREKA CA
419 AM PST SAT FEB 28 2015


...................................

...THE CRESCENT CITY CA CLIMATE SUMMARY FOR FEBRUARY 27 2015...

CLIMATE NORMAL PERIOD 1981 TO 2010
CLIMATE RECORD PERIOD 1894 TO 2015


WEATHER ITEM   OBSERVED TIME   RECORD YEAR NORMAL DEPARTURE LAST
                VALUE   (LST)  VALUE       VALUE  FROM      YEAR
                                                  NORMAL
..................................................................
TEMPERATURE (F)
 YESTERDAY
  MAXIMUM         54    240 PM  72    1970  54      0       58
  MINIMUM         47   1159 PM  28    1962  42      5       48
  AVERAGE         51                        48      3       53

PRECIPITATION (IN)
  YESTERDAY        0.35          3.56 2006   0.30   0.05     0.02
  MONTH TO DATE    7.93                      8.57  -0.64     9.43
  SINCE OCT 1     30.49                     44.20 -13.71    15.52
  SINCE JAN 1      9.66                     18.96  -9.30    11.58

SNOWFALL (IN)
  YESTERDAY       MM            MM      MM  MM     MM       MM
  MONTH TO DATE    0.0                      MM     MM        0.0
  SINCE DEC 1      0.0                      MM     MM        0.0
  SINCE JUL 1      0.0                      MM     MM        0.0
  SNOW DEPTH       0

DEGREE DAYS
 HEATING
  YESTERDAY       14                        17     -3       12
  MONTH TO DATE  308                       473   -165      436
  SINCE DEC 1   1101                      1542   -441     1565
  SINCE JUL 1   2208                      3159   -951     3157

 COOLING
  YESTERDAY        0                         0      0        0
  MONTH TO DATE    0                         0      0        0
  SINCE DEC 1      0                         0      0        0
  SINCE JAN 1      0                         0      0        0
..................................................................


WIND (MPH)
  HIGHEST WIND SPEED    18   HIGHEST WIND DIRECTION    NW (320)
  HIGHEST GUST SPEED    22   HIGHEST GUST DIRECTION    NW (320)
  AVERAGE WIND SPEED     6.5


SKY COVER
  AVERAGE SKY COVER 0.9


WEATHER CONDITIONS
 THE FOLLOWING WEATHER WAS RECORDED YESTERDAY.
  RAIN
  LIGHT RAIN
  FOG


RELATIVE HUMIDITY (PERCENT)
 HIGHEST   100
 LOWEST     83
 AVERAGE    92

..........................................................


THE CRESCENT CITY CA CLIMATE NORMALS FOR TODAY
                         NORMAL    RECORD    YEAR
 MAXIMUM TEMPERATURE (F)   54        67      1981
 MINIMUM TEMPERATURE (F)   42        30      1997


SUNRISE AND SUNSET
FEBRUARY 28 2015......SUNRISE   654 AM PST   SUNSET   606 PM PST
MARCH  1 2015.........SUNRISE   652 AM PST   SUNSET   607 PM PST


-  INDICATES NEGATIVE NUMBERS.
R  INDICATES RECORD WAS SET OR TIED.
MM INDICATES DATA IS MISSING.
T  INDICATES TRACE AMOUNT.




$$
