000
CDUS46 KEKA 301211
CLICEC


CLIMATE REPORT
NATIONAL WEATHER SERVICE EUREKA CA
409 AM PST FRI JAN 30 2015


...................................

...THE CRESCENT CITY CA CLIMATE SUMMARY FOR JANUARY 29 2015...

CLIMATE NORMAL PERIOD 1981 TO 2010
CLIMATE RECORD PERIOD 1894 TO 2015


WEATHER ITEM   OBSERVED TIME   RECORD YEAR NORMAL DEPARTURE LAST
                VALUE   (LST)  VALUE       VALUE  FROM      YEAR
                                                  NORMAL
..................................................................
TEMPERATURE (F)
 YESTERDAY
  MAXIMUM         57    138 PM  70    1962  54      3       54
  MINIMUM         43    749 AM  25    1980  41      2       47
  AVERAGE         50                        48      2       51

PRECIPITATION (IN)
  YESTERDAY        0.00          2.29 1958   0.25  -0.25     0.66
  MONTH TO DATE    1.73                      9.87  -8.14     2.06
  SINCE JUL 1     26.15                     36.97 -10.82    11.05
  SINCE JAN 1      1.73                      9.87  -8.14     2.06

SNOWFALL (IN)
  YESTERDAY        0.0          MM      MM  MM     MM       MM
  MONTH TO DATE    0.0                      MM     MM        0.0
  SINCE DEC 1      0.0                      MM     MM        0.0
  SINCE JUL 1      0.0                      MM     MM        0.0
  SNOW DEPTH       0

DEGREE DAYS
 HEATING
  YESTERDAY       15                        17     -2       14
  MONTH TO DATE  407                       493    -86      443
  SINCE DEC 1    769                      1032   -263     1088
  SINCE JUL 1   1876                      2649   -773     2680

 COOLING
  YESTERDAY        0                         0      0        0
  MONTH TO DATE    0                         0      0        0
  SINCE DEC 1      0                         0      0        0
  SINCE JAN 1      0                         0      0        0
..................................................................


WIND (MPH)
  HIGHEST WIND SPEED    14   HIGHEST WIND DIRECTION    NW (330)
  HIGHEST GUST SPEED    16   HIGHEST GUST DIRECTION    NW (330)
  AVERAGE WIND SPEED     4.6


SKY COVER
  AVERAGE SKY COVER 0.1


WEATHER CONDITIONS
 THE FOLLOWING WEATHER WAS RECORDED YESTERDAY.
  FOG
  HAZE


RELATIVE HUMIDITY (PERCENT)
 HIGHEST   100
 LOWEST     83
 AVERAGE    92

..........................................................


THE CRESCENT CITY CA CLIMATE NORMALS FOR TODAY
                         NORMAL    RECORD    YEAR
 MAXIMUM TEMPERATURE (F)   54        72      1962
 MINIMUM TEMPERATURE (F)   41        27      2002


SUNRISE AND SUNSET
JANUARY 30 2015.......SUNRISE   731 AM PST   SUNSET   530 PM PST
JANUARY 31 2015.......SUNRISE   730 AM PST   SUNSET   531 PM PST


-  INDICATES NEGATIVE NUMBERS.
R  INDICATES RECORD WAS SET OR TIED.
MM INDICATES DATA IS MISSING.
T  INDICATES TRACE AMOUNT.




$$
