000
CDUS43 KPAH 280634
CLICGI


CLIMATE REPORT
NATIONAL WEATHER SERVICE PADUCAH KY
132 AM CDT SUN MAY 28 2017


...................................

...THE CAPE GIRARDEAU MO CLIMATE SUMMARY FOR MAY 27 2017...

CLIMATE NORMAL PERIOD 1981 TO 2010
CLIMATE RECORD PERIOD 1960 TO 2017


WEATHER ITEM   OBSERVED TIME   RECORD YEAR NORMAL DEPARTURE LAST
                VALUE   (LST)  VALUE       VALUE  FROM      YEAR
                                                  NORMAL
..................................................................
TEMPERATURE (F)
 YESTERDAY
  MAXIMUM         87   1249 PM  95    2012  81      6       80
  MINIMUM         64   1109 PM  36    1961  59      5       66
  AVERAGE         76                        70      6

PRECIPITATION (IN)
  YESTERDAY        0.49          4.21 1973   0.15   0.34     1.21
  MONTH TO DATE    5.08                      4.88   0.20     8.32
  SINCE MAR 1     16.17                     13.64   2.53    18.48
  SINCE JAN 1     19.19                     20.52  -1.33    23.26

DEGREE DAYS
 HEATING
  YESTERDAY        0                         1     -1        0
  MONTH TO DATE   68                        65      3      100
  SINCE MAR 1    695                       886   -191      679
  SINCE JUL 1   3430                      4383   -953     3571

 COOLING
  YESTERDAY       11                         6      5        8
  MONTH TO DATE  106                        96     10       62
  SINCE MAR 1    148                       127     21       80
  SINCE JAN 1    148                       127     21       80
..................................................................


WIND (MPH)
  HIGHEST WIND SPEED    35   HIGHEST WIND DIRECTION     W (290)
  HIGHEST GUST SPEED    53   HIGHEST GUST DIRECTION     W (290)
  AVERAGE WIND SPEED     8.1


SKY COVER
  AVERAGE SKY COVER 0.4


WEATHER CONDITIONS
 THE FOLLOWING WEATHER WAS RECORDED YESTERDAY.
  THUNDERSTORM
  HEAVY RAIN
  RAIN
  LIGHT RAIN
  FOG
  HAZE


RELATIVE HUMIDITY (PERCENT)
 HIGHEST    93
 LOWEST     57
 AVERAGE    75

..........................................................


THE CAPE GIRARDEAU MO CLIMATE NORMALS FOR TODAY
                         NORMAL    RECORD    YEAR
 MAXIMUM TEMPERATURE (F)   81        96      2012
 MINIMUM TEMPERATURE (F)   59        42      1961


SUNRISE AND SUNSET
MAY 28 2017...........SUNRISE   541 AM CDT   SUNSET   811 PM CDT
MAY 29 2017...........SUNRISE   541 AM CDT   SUNSET   811 PM CDT


-  INDICATES NEGATIVE NUMBERS.
R  INDICATES RECORD WAS SET OR TIED.
MM INDICATES DATA IS MISSING.
T  INDICATES TRACE AMOUNT.




$$
