000
CDUS43 KPAH 270629
CLICGI


CLIMATE REPORT
NATIONAL WEATHER SERVICE PADUCAH KY
127 AM CDT THU JUL 27 2017


...................................

...THE CAPE GIRARDEAU MO CLIMATE SUMMARY FOR JULY 26 2017...

CLIMATE NORMAL PERIOD 1981 TO 2010
CLIMATE RECORD PERIOD 1960 TO 2017


WEATHER ITEM   OBSERVED TIME   RECORD YEAR NORMAL DEPARTURE LAST
                VALUE   (LST)  VALUE       VALUE  FROM      YEAR
                                                  NORMAL
..................................................................
TEMPERATURE (F)
 YESTERDAY
  MAXIMUM         93    113 PM 100    1997  89      4       89
  MINIMUM         74    508 AM  55    1962  68      6       74
  AVERAGE         84                        78      6

PRECIPITATION (IN)
  YESTERDAY        0.00          1.80 1998   0.11  -0.11     0.31
  MONTH TO DATE    1.37                      2.84  -1.47     4.21
  SINCE JUN 1      4.32                      6.41  -2.09     5.49
  SINCE JAN 1     23.54                     27.51  -3.97    28.77

DEGREE DAYS
 HEATING
  YESTERDAY        0                         0      0        0
  MONTH TO DATE    0                         0      0        0
  SINCE JUN 1      0                         4     -4        0
  SINCE JUL 1      0                         0      0        0

 COOLING
  YESTERDAY       19                        13      6       17
  MONTH TO DATE  387                       360     27      403
  SINCE JUN 1    695                       672     23      814
  SINCE JAN 1    870                       824     46      935
..................................................................


WIND (MPH)
  HIGHEST WIND SPEED    13   HIGHEST WIND DIRECTION    SW (210)
  HIGHEST GUST SPEED    17   HIGHEST GUST DIRECTION     S (200)
  AVERAGE WIND SPEED     5.8


SKY COVER
  AVERAGE SKY COVER 0.0


WEATHER CONDITIONS
 THE FOLLOWING WEATHER WAS RECORDED YESTERDAY.
  FOG


RELATIVE HUMIDITY (PERCENT)
 HIGHEST    94
 LOWEST     59
 AVERAGE    77

..........................................................


THE CAPE GIRARDEAU MO CLIMATE NORMALS FOR TODAY
                         NORMAL    RECORD    YEAR
 MAXIMUM TEMPERATURE (F)   89        99      1993
 MINIMUM TEMPERATURE (F)   68        49      1962


SUNRISE AND SUNSET
JULY 27 2017..........SUNRISE   559 AM CDT   SUNSET   810 PM CDT
JULY 28 2017..........SUNRISE   600 AM CDT   SUNSET   809 PM CDT


-  INDICATES NEGATIVE NUMBERS.
R  INDICATES RECORD WAS SET OR TIED.
MM INDICATES DATA IS MISSING.
T  INDICATES TRACE AMOUNT.




$$
