000
CDUS43 KPAH 230630
CLICGI


CLIMATE REPORT
NATIONAL WEATHER SERVICE PADUCAH KY
129 AM CDT SUN APR 23 2017


...................................

...THE CAPE GIRARDEAU MO CLIMATE SUMMARY FOR APRIL 22 2017...

CLIMATE NORMAL PERIOD 1981 TO 2010
CLIMATE RECORD PERIOD 1960 TO 2017


WEATHER ITEM   OBSERVED TIME   RECORD YEAR NORMAL DEPARTURE LAST
                VALUE   (LST)  VALUE       VALUE  FROM      YEAR
                                                  NORMAL
..................................................................
TEMPERATURE (F)
 YESTERDAY
  MAXIMUM         53    516 PM  90    1963  71    -18       74
  MINIMUM         47    921 AM  31    2000  48     -1       52
  AVERAGE         50                        59     -9

PRECIPITATION (IN)
  YESTERDAY        1.02          2.20 1973   0.16   0.86     0.00
  MONTH TO DATE    5.76                      3.07   2.69     3.34
  SINCE MAR 1      8.57                      7.47   1.10     8.80
  SINCE JAN 1     11.59                     14.35  -2.76    13.58

DEGREE DAYS
 HEATING
  YESTERDAY       15                         7      8        2
  MONTH TO DATE  119                       219   -100      180
  SINCE MAR 1    601                       778   -177      568
  SINCE JUL 1   3336                      4275   -939     3460

 COOLING
  YESTERDAY        0                         1     -1        0
  MONTH TO DATE   29                        16     13        3
  SINCE MAR 1     32                        20     12        3
  SINCE JAN 1     32                        20     12        3
..................................................................


WIND (MPH)
  HIGHEST WIND SPEED    23   HIGHEST WIND DIRECTION     E (80)
  HIGHEST GUST SPEED    30   HIGHEST GUST DIRECTION    NE (60)
  AVERAGE WIND SPEED    12.7


SKY COVER
  AVERAGE SKY COVER 1.0


WEATHER CONDITIONS
 THE FOLLOWING WEATHER WAS RECORDED YESTERDAY.
  THUNDERSTORM
  HEAVY RAIN
  RAIN
  LIGHT RAIN
  FOG


RELATIVE HUMIDITY (PERCENT)
 HIGHEST    93
 LOWEST     77
 AVERAGE    85

..........................................................


THE CAPE GIRARDEAU MO CLIMATE NORMALS FOR TODAY
                         NORMAL    RECORD    YEAR
 MAXIMUM TEMPERATURE (F)   71        90      1980
 MINIMUM TEMPERATURE (F)   48        34      2012


SUNRISE AND SUNSET
APRIL 23 2017.........SUNRISE   613 AM CDT   SUNSET   741 PM CDT
APRIL 24 2017.........SUNRISE   612 AM CDT   SUNSET   742 PM CDT


-  INDICATES NEGATIVE NUMBERS.
R  INDICATES RECORD WAS SET OR TIED.
MM INDICATES DATA IS MISSING.
T  INDICATES TRACE AMOUNT.




$$
