000
CDUS44 KMRX 260839
CLICHA


CLIMATE REPORT
NATIONAL WEATHER SERVICE MORRISTOWN TN
339 AM EST SUN FEB 26 2017


...................................

...THE CHATTANOOGA  ASOS CLIMATE SUMMARY FOR FEBRUARY 25 2017...

CLIMATE NORMAL PERIOD 1981 TO 2010
CLIMATE RECORD PERIOD 1879 TO 2017


WEATHER ITEM   OBSERVED TIME   RECORD YEAR NORMAL DEPARTURE LAST
                VALUE   (LST)  VALUE       VALUE  FROM      YEAR
                                                  NORMAL
..................................................................
TEMPERATURE (F)
 YESTERDAY
  MAXIMUM         69    150 AM  79    1930  58     11       46
  MINIMUM         40   1159 PM   6    1967  36      4       38
  AVERAGE         55                        47      8       42

PRECIPITATION (IN)
  YESTERDAY        0.15          2.10 1934   0.17  -0.02      T
  MONTH TO DATE    2.20                      4.31  -2.11     7.07
  SINCE DEC 1     12.24                     14.12  -1.88    21.15
  SINCE JAN 1      7.19                      9.22  -2.03    10.74

SNOWFALL (IN)
  YESTERDAY       MM                         0.0   MM        0.0
  MONTH TO DATE    0.0                       0.5   -0.5      0.3
  SINCE DEC 1      0.3                       2.5   -2.2      0.5
  SINCE JUL 1      0.3                       2.5   -2.2      0.5
  SNOW DEPTH       0

DEGREE DAYS
 HEATING
  YESTERDAY       10                        18     -8       23
  MONTH TO DATE  336                       524   -188      497
  SINCE DEC 1   1440                      1980   -540     1646
  SINCE JUL 1   1760                      2569   -809     2026
..................................................................


WIND (MPH)
  HIGHEST WIND SPEED    20   HIGHEST WIND DIRECTION     W (280)
  HIGHEST GUST SPEED    31   HIGHEST GUST DIRECTION     W (270)
  AVERAGE WIND SPEED    11.2


SKY COVER
  POSSIBLE SUNSHINE  MM
  AVERAGE SKY COVER 0.3


WEATHER CONDITIONS
 THE FOLLOWING WEATHER WAS RECORDED YESTERDAY.
  THUNDERSTORM
  LIGHT RAIN
  FOG


RELATIVE HUMIDITY (PERCENT)
 HIGHEST    63           100 AM
 LOWEST     24           400 PM
 AVERAGE    44

..........................................................


THE CHATTANOOGA  ASOS CLIMATE NORMALS FOR TODAY
                         NORMAL    RECORD    YEAR
 MAXIMUM TEMPERATURE (F)   58        79      1977
 MINIMUM TEMPERATURE (F)   37        10      1967


SUNRISE AND SUNSET
FEBRUARY 26 2017......SUNRISE   714 AM EST   SUNSET   634 PM EST
FEBRUARY 27 2017......SUNRISE   712 AM EST   SUNSET   635 PM EST


-  INDICATES NEGATIVE NUMBERS.
R  INDICATES RECORD WAS SET OR TIED.
MM INDICATES DATA IS MISSING.
T  INDICATES TRACE AMOUNT.




$$
