000
CDUS44 KMRX 280834
CLICHA


CLIMATE REPORT
NATIONAL WEATHER SERVICE MORRISTOWN TN
432 AM EDT WED SEP 28 2016


...................................

...THE CHATTANOOGA  ASOS CLIMATE SUMMARY FOR SEPTEMBER 27 2016...

CLIMATE NORMAL PERIOD 1981 TO 2010
CLIMATE RECORD PERIOD 1879 TO 2016


WEATHER ITEM   OBSERVED TIME   RECORD YEAR NORMAL DEPARTURE LAST
                VALUE   (LST)  VALUE       VALUE  FROM      YEAR
                                                  NORMAL
..................................................................
TEMPERATURE (F)
 YESTERDAY
  MAXIMUM         84    533 PM  92    1998  79      5       81
                                      1954
                                      1897
  MINIMUM         65   1112 PM  38    1940  57      8       66
  AVERAGE         75                        68      7       74

PRECIPITATION (IN)
  YESTERDAY        0.00          3.92 1979   0.14  -0.14     0.00
  MONTH TO DATE    1.63                      3.61  -1.98     2.30
  SINCE SEP 1      1.63                      3.61  -1.98     2.30
  SINCE JAN 1     24.97                     38.87 -13.90    42.98

DEGREE DAYS
 HEATING
  YESTERDAY        0                         1     -1        0
  MONTH TO DATE    0                         9     -9        3
  SINCE SEP 1      0                         9     -9        3
  SINCE JUL 1      0                         9     -9        3

 COOLING
  YESTERDAY       10                         5      5        9
  MONTH TO DATE  414                       228    186      252
  SINCE SEP 1    414                       228    186      252
  SINCE JAN 1   2323                      1678    645     1899
..................................................................


WIND (MPH)
  HIGHEST WIND SPEED    13   HIGHEST WIND DIRECTION     N (10)
  HIGHEST GUST SPEED    15   HIGHEST GUST DIRECTION     N (10)
  AVERAGE WIND SPEED     4.8


SKY COVER
  POSSIBLE SUNSHINE  MM
  AVERAGE SKY COVER 0.7


WEATHER CONDITIONS
 THE FOLLOWING WEATHER WAS RECORDED YESTERDAY.
  FOG


RELATIVE HUMIDITY (PERCENT)
 HIGHEST    93           100 AM
 LOWEST     41           800 PM
 AVERAGE    67

..........................................................


THE CHATTANOOGA  ASOS CLIMATE NORMALS FOR TODAY
                         NORMAL    RECORD    YEAR
 MAXIMUM TEMPERATURE (F)   79        94      1954
 MINIMUM TEMPERATURE (F)   57        39      1947
                                             1940


SUNRISE AND SUNSET
SEPTEMBER 28 2016.....SUNRISE   734 AM EDT   SUNSET   728 PM EDT
SEPTEMBER 29 2016.....SUNRISE   734 AM EDT   SUNSET   727 PM EDT


-  INDICATES NEGATIVE NUMBERS.
R  INDICATES RECORD WAS SET OR TIED.
MM INDICATES DATA IS MISSING.
T  INDICATES TRACE AMOUNT.




$$
