000
CDUS44 KMRX 280824
CLICHA

CLIMATE REPORT
NATIONAL WEATHER SERVICE MORRISTOWN TN
422 AM EDT THU AUG 28 2014


...................................

...THE CHATTANOOGA CLIMATE SUMMARY FOR AUGUST 27 2014...

CLIMATE NORMAL PERIOD 1981 TO 2010
CLIMATE RECORD PERIOD 1879 TO 2014


WEATHER ITEM   OBSERVED TIME   RECORD YEAR NORMAL DEPARTURE LAST
                VALUE   (LST)  VALUE       VALUE  FROM      YEAR
                                                  NORMAL
..................................................................
TEMPERATURE (F)
 YESTERDAY
  MAXIMUM         91    433 PM 102    1936  89      2       90
  MINIMUM         67    648 AM  53    1942  68     -1       66
  AVERAGE         79                        78      1       78

PRECIPITATION (IN)
  YESTERDAY        0.00          1.98 1882   0.10  -0.10     0.00
  MONTH TO DATE    2.89                      3.07  -0.18     6.53
  SINCE JUN 1     10.45                     12.03  -1.58    19.49
  SINCE JAN 1     27.74                     34.85  -7.11    54.16

SNOWFALL (IN)
  YESTERDAY        0.0                       0.0    0.0      0.0
  MONTH TO DATE    0.0                       0.0    0.0      0.0
  SINCE JUN 1      0.0                       0.0    0.0      0.0
  SINCE JUL 1      0.0                       0.0    0.0      0.0
  SNOW DEPTH       0

DEGREE DAYS
 HEATING
  YESTERDAY        0                         0      0        0
  MONTH TO DATE    0                         0      0        0
  SINCE JUN 1      0                         2     -2        0
  SINCE JUL 1      0                         0      0        0

 COOLING
  YESTERDAY       14                        13      1       13
  MONTH TO DATE  388                       395     -7      342
  SINCE JUN 1   1184                      1203    -19     1146
  SINCE JAN 1   1442                      1399     43     1322
..................................................................


WIND (MPH)
  HIGHEST WIND SPEED    13   HIGHEST WIND DIRECTION     N (10)
  HIGHEST GUST SPEED    16   HIGHEST GUST DIRECTION     N (20)
  AVERAGE WIND SPEED     2.7


SKY COVER
  POSSIBLE SUNSHINE  MM
  AVERAGE SKY COVER 0.2


WEATHER CONDITIONS
 THE FOLLOWING WEATHER WAS RECORDED YESTERDAY.
  HAZE


RELATIVE HUMIDITY (PERCENT)
 HIGHEST    90           300 AM
 LOWEST     26           400 PM
 AVERAGE    58

..........................................................


THE CHATTANOOGA CLIMATE NORMALS FOR TODAY
                         NORMAL    RECORD    YEAR
 MAXIMUM TEMPERATURE (F)   88       100      1990
                                             1924
 MINIMUM TEMPERATURE (F)   68        56      1927


SUNRISE AND SUNSET
AUGUST 28 2014........SUNRISE   710 AM EDT   SUNSET   813 PM EDT
AUGUST 29 2014........SUNRISE   711 AM EDT   SUNSET   812 PM EDT


-  INDICATES NEGATIVE NUMBERS.
R  INDICATES RECORD WAS SET OR TIED.
MM INDICATES DATA IS MISSING.
T  INDICATES TRACE AMOUNT.


$$
