000
CDUS44 KMRX 282134
CLICHA

CLIMATE REPORT
NATIONAL WEATHER SERVICE MORRISTOWN TN
530 PM EDT TUE JUL 28 2015


...................................

...THE CHATTANOOGA CLIMATE SUMMARY FOR JULY 28 2015...
VALID TODAY AS OF 0500 PM LOCAL TIME.

CLIMATE NORMAL PERIOD 1981 TO 2010
CLIMATE RECORD PERIOD 1879 TO 2015


WEATHER ITEM   OBSERVED TIME   RECORD YEAR NORMAL DEPARTURE LAST
                VALUE   (LST)  VALUE       VALUE  FROM      YEAR
                                                  NORMAL
..................................................................
TEMPERATURE (F)
 TODAY
  MAXIMUM         94    231 PM 106    1952  90      4       86
  MINIMUM         76    626 AM  56    1911  70      6       70
  AVERAGE         85                        80      5       78

PRECIPITATION (IN)
  TODAY            0.10          2.74 2007   0.15  -0.05     0.57
  MONTH TO DATE    6.28                      4.47   1.81     2.57
  SINCE JUN 1     10.39                      8.52   1.87     7.56
  SINCE JAN 1     33.59                     31.34   2.25    24.85

SNOWFALL (IN)
  TODAY            0.0                       0.0    0.0      0.0
  MONTH TO DATE    0.0                       0.0    0.0      0.0
  SINCE JUN 1      0.0                       0.0    0.0      0.0
  SINCE JUL 1      0.0                       0.0    0.0      0.0
  SNOW DEPTH       0

DEGREE DAYS
 HEATING
  TODAY            0                         0      0        0
  MONTH TO DATE    0                         0      0        0
  SINCE JUN 1      0                         2     -2        0
  SINCE JUL 1      0                         0      0        0

 COOLING
  TODAY           20                        15      5       13
  MONTH TO DATE  460                       416     44      375
  SINCE JUN 1    901                       761    140      776
  SINCE JAN 1   1177                       957    220     1034
..................................................................


WIND (MPH)
  HIGHEST WIND SPEED    18   HIGHEST WIND DIRECTION     W (280)
  HIGHEST GUST SPEED    23   HIGHEST GUST DIRECTION     W (270)
  AVERAGE WIND SPEED     1.2


SKY COVER
  POSSIBLE SUNSHINE  MM
  AVERAGE SKY COVER  MM


WEATHER CONDITIONS
 THE FOLLOWING WEATHER WAS RECORDED TODAY.
  THUNDERSTORM
  RAIN
  FOG
  HAZE


RELATIVE HUMIDITY (PERCENT)
 HIGHEST    94           600 AM
 LOWEST     52          1200 PM
 AVERAGE    73

..........................................................


THE CHATTANOOGA CLIMATE NORMALS FOR TOMORROW
                         NORMAL    RECORD    YEAR
 MAXIMUM TEMPERATURE (F)   90       105      1952
 MINIMUM TEMPERATURE (F)   70        61      1994


SUNRISE AND SUNSET
JULY 28 2015..........SUNRISE   647 AM EDT   SUNSET   847 PM EDT
JULY 29 2015..........SUNRISE   648 AM EDT   SUNSET   846 PM EDT


-  INDICATES NEGATIVE NUMBERS.
R  INDICATES RECORD WAS SET OR TIED.
MM INDICATES DATA IS MISSING.
T  INDICATES TRACE AMOUNT.




$$
