756
CDUS44 KMRX 092239
CLICHA


CLIMATE REPORT
NATIONAL WEATHER SERVICE MORRISTOWN TN
539 PM EST FRI DEC 9 2016


...................................

...THE CHATTANOOGA  ASOS CLIMATE SUMMARY FOR DECEMBER 9 2016...
VALID TODAY AS OF 0500 PM LOCAL TIME.

CLIMATE NORMAL PERIOD 1981 TO 2010
CLIMATE RECORD PERIOD 1879 TO 2016


WEATHER ITEM   OBSERVED TIME   RECORD YEAR NORMAL DEPARTURE LAST
                VALUE   (LST)  VALUE       VALUE  FROM      YEAR
                                                  NORMAL
..................................................................
TEMPERATURE (F)
 TODAY
  MAXIMUM         40    359 PM  74    2007  53    -13       59
  MINIMUM         25    800 AM   7    1917  34     -9       34
  AVERAGE         33                        44    -11       47

PRECIPITATION (IN)
  TODAY            0.00          1.80 1953   0.17  -0.17      T
  MONTH TO DATE    2.89                      1.57   1.32     2.77
  SINCE DEC 1      2.89                      1.57   1.32     2.77
  SINCE JAN 1     33.42                     49.15 -15.73    59.14

SNOWFALL (IN)
  TODAY            0.0                       0.0    0.0      0.0
  MONTH TO DATE    0.0                       0.0    0.0      0.0
  SINCE DEC 1      0.0                       0.0    0.0      0.0
  SINCE JUL 1      0.0                       T      0.0      0.0
  SNOW DEPTH       0

DEGREE DAYS
 HEATING
  TODAY           32                        21     11       18
  MONTH TO DATE  183                       182      1      148
  SINCE DEC 1    183                       182      1      148
  SINCE JUL 1    503                       771   -268      528

 COOLING
  TODAY            0                         0      0        0
  MONTH TO DATE    0                         0      0        0
  SINCE DEC 1      0                         0      0        0
  SINCE JAN 1   2477                      1741    736     1998
..................................................................


WIND (MPH)
  HIGHEST WIND SPEED    16   HIGHEST WIND DIRECTION     N (340)
  HIGHEST GUST SPEED    20   HIGHEST GUST DIRECTION     N (350)
  AVERAGE WIND SPEED     8.9


SKY COVER
  POSSIBLE SUNSHINE  MM
  AVERAGE SKY COVER 0.2


WEATHER CONDITIONS
 THE FOLLOWING WEATHER WAS RECORDED TODAY.
  NO SIGNIFICANT WEATHER WAS OBSERVED.


RELATIVE HUMIDITY (PERCENT)
 HIGHEST    68           800 AM
 LOWEST     37           300 PM
 AVERAGE    53

..........................................................


THE CHATTANOOGA  ASOS CLIMATE NORMALS FOR TOMORROW
                         NORMAL    RECORD    YEAR
 MAXIMUM TEMPERATURE (F)   53        77      2007
 MINIMUM TEMPERATURE (F)   34         8      1917


SUNRISE AND SUNSET
DECEMBER  9 2016......SUNRISE   738 AM EST   SUNSET   529 PM EST
DECEMBER 10 2016......SUNRISE   738 AM EST   SUNSET   529 PM EST


-  INDICATES NEGATIVE NUMBERS.
R  INDICATES RECORD WAS SET OR TIED.
MM INDICATES DATA IS MISSING.
T  INDICATES TRACE AMOUNT.




$$
