000
CDUS44 KMRX 310830
CLICHA


CLIMATE REPORT
NATIONAL WEATHER SERVICE MORRISTOWN TN
430 AM EDT MON AUG 31 2015


...................................

...THE CHATTANOOGA  ASOS CLIMATE SUMMARY FOR AUGUST 30 2015...

CLIMATE NORMAL PERIOD 1981 TO 2010
CLIMATE RECORD PERIOD 1879 TO 2015


WEATHER ITEM   OBSERVED TIME   RECORD YEAR NORMAL DEPARTURE LAST
                VALUE   (LST)  VALUE       VALUE  FROM      YEAR
                                                  NORMAL
..................................................................
TEMPERATURE (F)
 YESTERDAY
  MAXIMUM         81    325 PM  98    1993  88     -7       90
  MINIMUM         70    604 AM  53    1992  67      3       70
  AVERAGE         76                        78     -2       80

PRECIPITATION (IN)
  YESTERDAY        T             1.39 1955   0.10  -0.10     0.74
  MONTH TO DATE    7.09                      3.38   3.71     3.63
  SINCE JUN 1     17.48                     12.34   5.14    11.19
  SINCE JAN 1     40.68                     35.16   5.52    28.48

DEGREE DAYS
 COOLING
  YESTERDAY       11                        13     -2       15
  MONTH TO DATE  403                       434    -31      435
  SINCE JUN 1   1359                      1242    117     1231
  SINCE JAN 1   1635                      1438    197     1489
..................................................................


WIND (MPH)
  HIGHEST WIND SPEED     7   HIGHEST WIND DIRECTION    SE (130)
  HIGHEST GUST SPEED    10   HIGHEST GUST DIRECTION     S (200)
  AVERAGE WIND SPEED     2.5


SKY COVER
  POSSIBLE SUNSHINE  MM
  AVERAGE SKY COVER 0.7


WEATHER CONDITIONS
 THE FOLLOWING WEATHER WAS RECORDED YESTERDAY.
  LIGHT RAIN
  FOG


RELATIVE HUMIDITY (PERCENT)
 HIGHEST    97           600 AM
 LOWEST     54           400 PM
 AVERAGE    76

..........................................................


THE CHATTANOOGA  ASOS CLIMATE NORMALS FOR TODAY
                         NORMAL    RECORD    YEAR
 MAXIMUM TEMPERATURE (F)   88        99      1993
 MINIMUM TEMPERATURE (F)   67        50      1946


SUNRISE AND SUNSET
AUGUST 31 2015........SUNRISE   713 AM EDT   SUNSET   809 PM EDT
SEPTEMBER  1 2015.....SUNRISE   713 AM EDT   SUNSET   808 PM EDT


-  INDICATES NEGATIVE NUMBERS.
R  INDICATES RECORD WAS SET OR TIED.
MM INDICATES DATA IS MISSING.
T  INDICATES TRACE AMOUNT.




$$
