000
CDUS44 KMRX 200827
CLICHA


CLIMATE REPORT
NATIONAL WEATHER SERVICE MORRISTOWN TN
427 AM EDT THU JUL 20 2017


...................................

...THE CHATTANOOGA  ASOS CLIMATE SUMMARY FOR JULY 19 2017...

CLIMATE NORMAL PERIOD 1981 TO 2010
CLIMATE RECORD PERIOD 1879 TO 2017


WEATHER ITEM   OBSERVED TIME   RECORD YEAR NORMAL DEPARTURE LAST
                VALUE   (LST)  VALUE       VALUE  FROM      YEAR
                                                  NORMAL
..................................................................
TEMPERATURE (F)
 YESTERDAY
  MAXIMUM         94    436 PM 100    1998  90      4       98
  MINIMUM         72    519 AM  58    1984  70      2       74
                                      1967
  AVERAGE         83                        80      3       86

PRECIPITATION (IN)
  YESTERDAY        0.00          4.61 1933   0.16  -0.16     0.00
  MONTH TO DATE    5.09                      3.05   2.04     1.19
  SINCE JUN 1      9.57                      7.10   2.47     2.41
  SINCE JAN 1     38.43                     29.92   8.51    19.65

DEGREE DAYS
 COOLING
  YESTERDAY       18                        15      3       21
  MONTH TO DATE  297                       281     16      346
  SINCE JUN 1    636                       626     10      818
  SINCE JAN 1    962                       822    140     1094
..................................................................


WIND (MPH)
  HIGHEST WIND SPEED    13   HIGHEST WIND DIRECTION     N (360)
  HIGHEST GUST SPEED    15   HIGHEST GUST DIRECTION     N (360)
  AVERAGE WIND SPEED     2.8


SKY COVER
  POSSIBLE SUNSHINE  MM
  AVERAGE SKY COVER 0.3


WEATHER CONDITIONS
 THE FOLLOWING WEATHER WAS RECORDED YESTERDAY.
  NO SIGNIFICANT WEATHER WAS OBSERVED.


RELATIVE HUMIDITY (PERCENT)
 HIGHEST    93           100 AM
 LOWEST     41           300 PM
 AVERAGE    67

..........................................................


THE CHATTANOOGA  ASOS CLIMATE NORMALS FOR TODAY
                         NORMAL    RECORD    YEAR
 MAXIMUM TEMPERATURE (F)   90       100      1986
                                             1926
 MINIMUM TEMPERATURE (F)   70        59      2009


SUNRISE AND SUNSET
JULY 20 2017..........SUNRISE   642 AM EDT   SUNSET   852 PM EDT
JULY 21 2017..........SUNRISE   642 AM EDT   SUNSET   852 PM EDT


-  INDICATES NEGATIVE NUMBERS.
R  INDICATES RECORD WAS SET OR TIED.
MM INDICATES DATA IS MISSING.
T  INDICATES TRACE AMOUNT.




$$
