000
CDUS41 KLWX 270534
CLICHO


CLIMATE REPORT
NATIONAL WEATHER SERVICE BALTIMORE MD/WASHINGTON DC
1232 AM EST FRI FEB 27 2015


...................................

...THE CHARLOTTESVILLE VA CLIMATE SUMMARY FOR FEBRUARY 26 2015...

CLIMATE NORMAL PERIOD 1981 TO 2010
CLIMATE RECORD PERIOD 1889 TO 2015


WEATHER ITEM   OBSERVED TIME   RECORD YEAR NORMAL DEPARTURE LAST
                VALUE   (LST)  VALUE       VALUE  FROM      YEAR
                                                  NORMAL
..................................................................
TEMPERATURE (F)
 YESTERDAY
  MAXIMUM         37    408 PM  MM      MM  52    -15       41
  MINIMUM         28    809 AM  MM      MM  29     -1       23
  AVERAGE         33                        40     -7       32

PRECIPITATION (IN)
  YESTERDAY        0.02                      0.11  -0.09      T
  MONTH TO DATE    0.96                      2.46  -1.50     2.84
  SINCE DEC 1      5.45                      8.38  -2.93     9.12
  SINCE JAN 1      2.66                      5.23  -2.57     5.09

DEGREE DAYS
 HEATING
  YESTERDAY       32                        25      7       33
  MONTH TO DATE  918                       704    214      695
  SINCE DEC 1   2586                      2473    113     2490
  SINCE JUL 1   3440                      3364     76     3433

 COOLING
  YESTERDAY        0                         0      0        0
  MONTH TO DATE    0                         0      0        0
  SINCE DEC 1      0                         0      0        0
  SINCE JAN 1      0                         0      0        0
..................................................................


WIND (MPH)
  HIGHEST WIND SPEED    15   HIGHEST WIND DIRECTION    NE (50)
  HIGHEST GUST SPEED    19   HIGHEST GUST DIRECTION    NE (50)
  AVERAGE WIND SPEED     5.4


SKY COVER
  POSSIBLE SUNSHINE  MM
  AVERAGE SKY COVER 1.0


WEATHER CONDITIONS
 THE FOLLOWING WEATHER WAS RECORDED YESTERDAY.
  LIGHT SNOW
  FOG
  HAZE


RELATIVE HUMIDITY (PERCENT)
 HIGHEST    92           400 AM
 LOWEST     51          1200 AM
 AVERAGE    72

..........................................................


THE CHARLOTTESVILLE VA CLIMATE NORMALS FOR TODAY
                         NORMAL    RECORD    YEAR
 MAXIMUM TEMPERATURE (F)   52        MM        MM
 MINIMUM TEMPERATURE (F)   30        MM        MM


SUNRISE AND SUNSET
FEBRUARY 27 2015......SUNRISE   649 AM EST   SUNSET   605 PM EST
FEBRUARY 28 2015......SUNRISE   647 AM EST   SUNSET   606 PM EST


-  INDICATES NEGATIVE NUMBERS.
R  INDICATES RECORD WAS SET OR TIED.
MM INDICATES DATA IS MISSING.
T  INDICATES TRACE AMOUNT.




$$
