000
CDUS41 KLWX 260539
CLICHO


CLIMATE REPORT
NATIONAL WEATHER SERVICE BALTIMORE MD/WASHINGTON DC
1234 AM EST MON JAN 26 2015


...................................

...THE CHARLOTTESVILLE VA CLIMATE SUMMARY FOR JANUARY 25 2015...

CLIMATE NORMAL PERIOD 1981 TO 2010
CLIMATE RECORD PERIOD 1889 TO 2015


WEATHER ITEM   OBSERVED TIME   RECORD YEAR NORMAL DEPARTURE LAST
                VALUE   (LST)  VALUE       VALUE  FROM      YEAR
                                                  NORMAL
..................................................................
TEMPERATURE (F)
 YESTERDAY
  MAXIMUM         49    408 PM  MM      MM  45      4       34
  MINIMUM         32    807 AM  MM      MM  26      6       17
  AVERAGE         41                        36      5       26

PRECIPITATION (IN)
  YESTERDAY        0.00                      0.10  -0.10      T
  MONTH TO DATE    1.49                      2.26  -0.77     2.25
  SINCE DEC 1      4.28                      5.41  -1.13     6.28
  SINCE JAN 1      1.49                      2.26  -0.77     2.25

DEGREE DAYS
 HEATING
  YESTERDAY       24                        30     -6       39
  MONTH TO DATE  751                       750      1      839
  SINCE DEC 1   1476                      1595   -119     1561
  SINCE JUL 1   2330                      2486   -156     2504

 COOLING
  YESTERDAY        0                         0      0        0
  MONTH TO DATE    0                         0      0        0
  SINCE DEC 1      0                         0      0        0
  SINCE JAN 1      0                         0      0        0
..................................................................


WIND (MPH)
  HIGHEST WIND SPEED    12   HIGHEST WIND DIRECTION     S (190)
  HIGHEST GUST SPEED    15   HIGHEST GUST DIRECTION     S (190)
  AVERAGE WIND SPEED     4.9


SKY COVER
  POSSIBLE SUNSHINE  MM
  AVERAGE SKY COVER 0.3


WEATHER CONDITIONS
 THE FOLLOWING WEATHER WAS RECORDED YESTERDAY.
  NO SIGNIFICANT WEATHER WAS OBSERVED.


RELATIVE HUMIDITY (PERCENT)
 HIGHEST    79           800 PM
 LOWEST     54           300 AM
 AVERAGE    67

..........................................................


THE CHARLOTTESVILLE VA CLIMATE NORMALS FOR TODAY
                         NORMAL    RECORD    YEAR
 MAXIMUM TEMPERATURE (F)   45        MM        MM
 MINIMUM TEMPERATURE (F)   26        MM        MM


SUNRISE AND SUNSET
JANUARY 26 2015.......SUNRISE   723 AM EST   SUNSET   530 PM EST
JANUARY 27 2015.......SUNRISE   723 AM EST   SUNSET   531 PM EST


-  INDICATES NEGATIVE NUMBERS.
R  INDICATES RECORD WAS SET OR TIED.
MM INDICATES DATA IS MISSING.
T  INDICATES TRACE AMOUNT.




$$
