000
CDUS41 KLWX 290525
CLICHO


CLIMATE REPORT
NATIONAL WEATHER SERVICE BALTIMORE MD/WASHINGTON DC
125 AM EDT WED MAR 29 2017


...................................

...THE CHARLOTTESVILLE VA CLIMATE SUMMARY FOR MARCH 28 2017...

CLIMATE NORMAL PERIOD 1981 TO 2010
CLIMATE RECORD PERIOD 1889 TO 2017


WEATHER ITEM   OBSERVED TIME   RECORD YEAR NORMAL DEPARTURE LAST
                VALUE   (LST)  VALUE       VALUE  FROM      YEAR
                                                  NORMAL
..................................................................
TEMPERATURE (F)
 YESTERDAY
  MAXIMUM         75    336 PM  MM      MM  62     13       69
  MINIMUM         57    856 PM  MM      MM  38     19       51
  AVERAGE         66                        50     16       60

PRECIPITATION (IN)
  YESTERDAY        0.37                      0.13   0.24     0.19
  MONTH TO DATE    1.58                      3.24  -1.66     1.47
  SINCE MAR 1      1.58                      3.24  -1.66     1.47
  SINCE JAN 1      4.82                      8.71  -3.89     7.59

DEGREE DAYS
 HEATING
  YESTERDAY        0                        15    -15        5
  MONTH TO DATE  479                       546    -67      315
  SINCE MAR 1    479                       546    -67      315
  SINCE JUL 1   2852                      3958  -1106     3073

 COOLING
  YESTERDAY        1                         0      1        0
  MONTH TO DATE    4                         0      4        4
  SINCE MAR 1      4                         0      4        4
  SINCE JAN 1      5                         0      5        4
..................................................................


WIND (MPH)
  HIGHEST WIND SPEED    14   HIGHEST WIND DIRECTION     S (190)
  HIGHEST GUST SPEED    19   HIGHEST GUST DIRECTION     S (190)
  AVERAGE WIND SPEED     5.0


SKY COVER
  POSSIBLE SUNSHINE  MM
  AVERAGE SKY COVER 0.6


WEATHER CONDITIONS
 THE FOLLOWING WEATHER WAS RECORDED YESTERDAY.
  THUNDERSTORM
  HEAVY RAIN
  RAIN
  LIGHT RAIN
  FOG


RELATIVE HUMIDITY (PERCENT)
 HIGHEST    97           800 AM
 LOWEST     46           300 PM
 AVERAGE    72

..........................................................


THE CHARLOTTESVILLE VA CLIMATE NORMALS FOR TODAY
                         NORMAL    RECORD    YEAR
 MAXIMUM TEMPERATURE (F)   62        MM        MM
 MINIMUM TEMPERATURE (F)   39        MM        MM


SUNRISE AND SUNSET
MARCH 29 2017.........SUNRISE   703 AM EDT   SUNSET   734 PM EDT
MARCH 30 2017.........SUNRISE   702 AM EDT   SUNSET   735 PM EDT


-  INDICATES NEGATIVE NUMBERS.
R  INDICATES RECORD WAS SET OR TIED.
MM INDICATES DATA IS MISSING.
T  INDICATES TRACE AMOUNT.




$$
