000
CDUS41 KLWX 200527
CLICHO


CLIMATE REPORT
NATIONAL WEATHER SERVICE BALTIMORE MD/WASHINGTON DC
126 AM EDT WED SEP 20 2017


...................................

...THE CHARLOTTESVILLE VA CLIMATE SUMMARY FOR SEPTEMBER 19 2017...

CLIMATE NORMAL PERIOD 1981 TO 2010
CLIMATE RECORD PERIOD 1998 TO 2017


WEATHER ITEM   OBSERVED TIME   RECORD YEAR NORMAL DEPARTURE LAST
                VALUE   (LST)  VALUE       VALUE  FROM      YEAR
                                                  NORMAL
..................................................................
TEMPERATURE (F)
 YESTERDAY
  MAXIMUM         86    339 PM  MM      MM  77      9       77
  MINIMUM         64    611 AM  MM      MM  54     10       68
  AVERAGE         75                        66      9       73

PRECIPITATION (IN)
  YESTERDAY        0.00                      0.19  -0.19     0.57
  MONTH TO DATE    1.95                      2.50  -0.55     1.05
  SINCE SEP 1      1.95                      2.50  -0.55     1.05
  SINCE JAN 1     29.29                     30.64  -1.35    27.01

DEGREE DAYS
 HEATING
  YESTERDAY        0                         2     -2        0
  MONTH TO DATE   24                        15      9        0
  SINCE SEP 1     24                        15      9        0
  SINCE JUL 1     24                        18      6        0

 COOLING
  YESTERDAY       10                         3      7        8
  MONTH TO DATE   89                        90     -1      223
  SINCE SEP 1     89                        90     -1      223
  SINCE JAN 1   1407                      1000    407     1567
..................................................................


WIND (MPH)
  HIGHEST WIND SPEED     8   HIGHEST WIND DIRECTION    NE (60)
  HIGHEST GUST SPEED    12   HIGHEST GUST DIRECTION     N (20)
  AVERAGE WIND SPEED     2.5


SKY COVER
  POSSIBLE SUNSHINE  MM
  AVERAGE SKY COVER 0.1


WEATHER CONDITIONS
 THE FOLLOWING WEATHER WAS RECORDED YESTERDAY.
  FOG
  HAZE


RELATIVE HUMIDITY (PERCENT)
 HIGHEST   100           500 AM
 LOWEST     42           300 PM
 AVERAGE    71

..........................................................


THE CHARLOTTESVILLE VA CLIMATE NORMALS FOR TODAY
                         NORMAL    RECORD    YEAR
 MAXIMUM TEMPERATURE (F)   77        MM        MM
 MINIMUM TEMPERATURE (F)   54        MM        MM


SUNRISE AND SUNSET
SEPTEMBER 20 2017.....SUNRISE   700 AM EDT   SUNSET   713 PM EDT
SEPTEMBER 21 2017.....SUNRISE   701 AM EDT   SUNSET   712 PM EDT


-  INDICATES NEGATIVE NUMBERS.
R  INDICATES RECORD WAS SET OR TIED.
MM INDICATES DATA IS MISSING.
T  INDICATES TRACE AMOUNT.




$$
