000
CDUS42 KCHS 280606
CLICHS


CLIMATE REPORT
NATIONAL WEATHER SERVICE CHARLESTON SC
206 AM EDT SUN MAY 28 2017


...................................

...THE NORTH CHARLESTON SC CLIMATE SUMMARY FOR MAY 27 2017...

CLIMATE NORMAL PERIOD 1981 TO 2010
CLIMATE RECORD PERIOD 1938 TO 2017


WEATHER ITEM   OBSERVED TIME   RECORD YEAR NORMAL DEPARTURE LAST
                VALUE   (LST)  VALUE       VALUE  FROM      YEAR
                                                  NORMAL
..................................................................
TEMPERATURE (F)
 YESTERDAY
  MAXIMUM         91    447 PM  98    1989  85      6       85
  MINIMUM         63    531 AM  52    1980  65     -2       64
                                      1979
                                      1961
  AVERAGE         77                        75      2       75

PRECIPITATION (IN)
  YESTERDAY        0.00          2.00 1977   0.11  -0.11     0.00
  MONTH TO DATE    3.74                      2.55   1.19     1.39
  SINCE MAR 1     10.98                      9.17   1.81     7.19
  SINCE JAN 1     15.16                     15.84  -0.68    15.48

DEGREE DAYS
 HEATING
  YESTERDAY        0                         0      0        0
  MONTH TO DATE    3                         8     -5        4
  SINCE MAR 1    260                       335    -75      180
  SINCE JUL 1   1228                      1971   -743     1357

 COOLING
  YESTERDAY       12                        10      2       10
  MONTH TO DATE  235                       201     34      242
  SINCE MAR 1    476                       312    164      442
  SINCE JAN 1    511                       319    192      450
..................................................................


WIND (MPH)
  HIGHEST WIND SPEED    18   HIGHEST WIND DIRECTION    SW (240)
  HIGHEST GUST SPEED    23   HIGHEST GUST DIRECTION     W (250)
  AVERAGE WIND SPEED     8.1


SKY COVER
  POSSIBLE SUNSHINE  MM
  AVERAGE SKY COVER 0.2


WEATHER CONDITIONS
 THE FOLLOWING WEATHER WAS RECORDED YESTERDAY.
  NO SIGNIFICANT WEATHER WAS OBSERVED.


RELATIVE HUMIDITY (PERCENT)
 HIGHEST    87           600 AM
 LOWEST     36           300 PM
 AVERAGE    62

..........................................................


THE NORTH CHARLESTON SC CLIMATE NORMALS FOR TODAY
                         NORMAL    RECORD    YEAR
 MAXIMUM TEMPERATURE (F)   86        97      1967
                                             1964
 MINIMUM TEMPERATURE (F)   65        45      1961


SUNRISE AND SUNSET
MAY 28 2017...........SUNRISE   614 AM EDT   SUNSET   821 PM EDT
MAY 29 2017...........SUNRISE   614 AM EDT   SUNSET   822 PM EDT


-  INDICATES NEGATIVE NUMBERS.
R  INDICATES RECORD WAS SET OR TIED.
MM INDICATES DATA IS MISSING.
T  INDICATES TRACE AMOUNT.




$$
