000
CDUS42 KCHS 292111
CLICHS


CLIMATE REPORT
NATIONAL WEATHER SERVICE CHARLESTON SC
511 PM EDT WED MAR 29 2017


...................................

...THE NORTH CHARLESTON SC CLIMATE SUMMARY FOR MARCH 29 2017...
VALID TODAY AS OF 500 PM LOCAL TIME.

CLIMATE NORMAL PERIOD 1981 TO 2010
CLIMATE RECORD PERIOD 1938 TO 2017


WEATHER ITEM   OBSERVED TIME   RECORD YEAR NORMAL DEPARTURE LAST
                VALUE   (LST)  VALUE       VALUE  FROM      YEAR
                                                  NORMAL
..................................................................
TEMPERATURE (F)
 TODAY
  MAXIMUM         85    122 PM  87    2012  73     12       73
                                      1985
  MINIMUM         58    511 AM  30    1966  50      8       50
  AVERAGE         72                        61     11       62

PRECIPITATION (IN)
  TODAY            0.00          4.13 1990   0.12  -0.12     0.00
  MONTH TO DATE    0.85                      3.47  -2.62     3.19
  SINCE MAR 1      0.85                      3.47  -2.62     3.19
  SINCE JAN 1      5.03                     10.14  -5.11    11.48

SNOWFALL (IN)
  TODAY            0.0                       0.0    0.0
  SINCE MAR 1      0.0                       0.0    0.0
  SINCE JUL 1      T                         0.5   -0.5

DEGREE DAYS
 HEATING
  TODAY            0                         5     -5        3
  MONTH TO DATE  234                       230      4      105
  SINCE MAR 1    234                       230      4      105
  SINCE JUL 1   1202                      1866   -664     1282

 COOLING
  TODAY            7                         1      6        0
  MONTH TO DATE   43                        27     16       92
  SINCE MAR 1     43                        27     16       92
  SINCE JAN 1     78                        34     44      100
..................................................................


WIND (MPH)
  HIGHEST WIND SPEED    17   HIGHEST WIND DIRECTION     S (160)
  HIGHEST GUST SPEED    21   HIGHEST GUST DIRECTION     S (180)
  AVERAGE WIND SPEED     7.5


SKY COVER
  POSSIBLE SUNSHINE  MM
  AVERAGE SKY COVER 0.2


WEATHER CONDITIONS
 THE FOLLOWING WEATHER WAS RECORDED TODAY.
  FOG


RELATIVE HUMIDITY (PERCENT)
 HIGHEST    93           500 AM
 LOWEST     34           100 PM
 AVERAGE    64

..........................................................


THE NORTH CHARLESTON SC CLIMATE NORMALS FOR TOMORROW
                         NORMAL    RECORD    YEAR
 MAXIMUM TEMPERATURE (F)   73        88      1954
 MINIMUM TEMPERATURE (F)   50        31      1964
                                             1955
                                             1941


SUNRISE AND SUNSET
MARCH 29 2017.........SUNRISE   712 AM EDT   SUNSET   738 PM EDT
MARCH 30 2017.........SUNRISE   710 AM EDT   SUNSET   739 PM EDT


-  INDICATES NEGATIVE NUMBERS.
R  INDICATES RECORD WAS SET OR TIED.
MM INDICATES DATA IS MISSING.
T  INDICATES TRACE AMOUNT.


$$
