000
CDUS42 KCHS 172204
CLICHS


CLIMATE REPORT
NATIONAL WEATHER SERVICE CHARLESTON SC
503 PM EST SUN DEC 17 2017


...................................

...THE NORTH CHARLESTON SC CLIMATE SUMMARY FOR DECEMBER 17 2017...
VALID TODAY AS OF 0500 PM LOCAL TIME.

CLIMATE NORMAL PERIOD 1981 TO 2010
CLIMATE RECORD PERIOD 1938 TO 2017


WEATHER ITEM   OBSERVED TIME   RECORD YEAR NORMAL DEPARTURE LAST
                VALUE   (LST)  VALUE       VALUE  FROM      YEAR
                                                  NORMAL
..................................................................
TEMPERATURE (F)
 TODAY
  MAXIMUM         64    330 PM  78    1971  61      3       73
  MINIMUM         31    518 AM  18    1955  40     -9       42
  AVERAGE         48                        50     -2       58

PRECIPITATION (IN)
  TODAY            0.00          0.66 1975   0.10  -0.10     0.00
  MONTH TO DATE    2.08                      1.61   0.47     4.35
  SINCE DEC 1      2.08                      1.61   0.47     4.35
  SINCE JAN 1     52.44                     49.53   2.91    59.20

SNOWFALL (IN)
  TODAY            0.0                       0.0    0.0
  SINCE DEC 1      0.0                       0.1   -0.1
  SINCE JUL 1      T                         0.1   -0.1

DEGREE DAYS
 HEATING
  TODAY           17                        15      2        7
  MONTH TO DATE  241                       222     19      185
  SINCE DEC 1    241                       222     19      185
  SINCE JUL 1    527                       514     13      403

 COOLING
  TODAY            0                         0      0        0
  MONTH TO DATE    0                         0      0        0
  SINCE DEC 1      0                         0      0        0
  SINCE JAN 1   2679                      2297    382     2958
..................................................................


WIND (MPH)
  HIGHEST WIND SPEED    10   HIGHEST WIND DIRECTION     S (190)
  HIGHEST GUST SPEED    12   HIGHEST GUST DIRECTION     S (200)
  AVERAGE WIND SPEED     2.2


SKY COVER
  POSSIBLE SUNSHINE  MM
  AVERAGE SKY COVER 0.3


WEATHER CONDITIONS
 THE FOLLOWING WEATHER WAS RECORDED TODAY.
  FOG
  HAZE


RELATIVE HUMIDITY (PERCENT)
 HIGHEST   100           100 AM
 LOWEST     36           200 PM
 AVERAGE    68

..........................................................


THE NORTH CHARLESTON SC CLIMATE NORMALS FOR TOMORROW
                         NORMAL    RECORD    YEAR
 MAXIMUM TEMPERATURE (F)   61        80      2008
 MINIMUM TEMPERATURE (F)   40        17      1943


SUNRISE AND SUNSET
DECEMBER 17 2017......SUNRISE   717 AM EST   SUNSET   516 PM EST
DECEMBER 18 2017......SUNRISE   717 AM EST   SUNSET   516 PM EST


-  INDICATES NEGATIVE NUMBERS.
R  INDICATES RECORD WAS SET OR TIED.
MM INDICATES DATA IS MISSING.
T  INDICATES TRACE AMOUNT.




$$
