000
CDUS42 KCHS 240526
CLICHS


CLIMATE REPORT
NATIONAL WEATHER SERVICE CHARLESTON SC
126 AM EDT FRI OCT 24 2014


...................................

...THE NORTH CHARLESTON SC CLIMATE SUMMARY FOR OCTOBER 23 2014...

CLIMATE NORMAL PERIOD 1981 TO 2010
CLIMATE RECORD PERIOD 1938 TO 2014


WEATHER ITEM   OBSERVED TIME   RECORD YEAR NORMAL DEPARTURE LAST
                VALUE   (LST)  VALUE       VALUE  FROM      YEAR
                                                  NORMAL
..................................................................
TEMPERATURE (F)
 YESTERDAY
  MAXIMUM         72    318 PM  86    2007  75     -3       74
                                      1966
                                      1941
  MINIMUM         45    654 AM  33    1974  54     -9       51
  AVERAGE         59                        65     -6       63

PRECIPITATION (IN)
  YESTERDAY        0.00          1.96 1983   0.10  -0.10      T
  MONTH TO DATE    0.86                      3.01  -2.15     1.37
  SINCE SEP 1      9.52                      9.11   0.41     6.38
  SINCE JAN 1     44.85                     44.75   0.10    52.44

SNOWFALL (IN)
  YESTERDAY        0.0                       0.0    0.0
  SINCE SEP 1      0.0                       0.0    0.0
  SINCE JUL 1      0.0                       0.0    0.0

DEGREE DAYS
 HEATING
  YESTERDAY        6                         3      3        2
  MONTH TO DATE   16                        37    -21        2
  SINCE SEP 1     16                        40    -24        2
  SINCE JUL 1     16                        40    -24        2

 COOLING
  YESTERDAY        0                         3     -3        0
  MONTH TO DATE  155                       108     47      160
  SINCE SEP 1    561                       441    120      533
  SINCE JAN 1   2723                      2246    477     2388
..................................................................


WIND (MPH)
  HIGHEST WIND SPEED    12   HIGHEST WIND DIRECTION    NW (320)
  HIGHEST GUST SPEED    20   HIGHEST GUST DIRECTION    SW (220)
  AVERAGE WIND SPEED     3.7


SKY COVER
  POSSIBLE SUNSHINE  MM
  AVERAGE SKY COVER 0.0


WEATHER CONDITIONS
 THE FOLLOWING WEATHER WAS RECORDED YESTERDAY.
  NO SIGNIFICANT WEATHER WAS OBSERVED.


RELATIVE HUMIDITY (PERCENT)
 HIGHEST    86           700 AM
 LOWEST     35           400 PM
 AVERAGE    61

..........................................................


THE NORTH CHARLESTON SC CLIMATE NORMALS FOR TODAY
                         NORMAL    RECORD    YEAR
 MAXIMUM TEMPERATURE (F)   75        87      2001
                                             1942
 MINIMUM TEMPERATURE (F)   54        35      1944


SUNRISE AND SUNSET
OCTOBER 24 2014.......SUNRISE   731 AM EDT   SUNSET   637 PM EDT
OCTOBER 25 2014.......SUNRISE   732 AM EDT   SUNSET   636 PM EDT


-  INDICATES NEGATIVE NUMBERS.
R  INDICATES RECORD WAS SET OR TIED.
MM INDICATES DATA IS MISSING.
T  INDICATES TRACE AMOUNT.




$$
