000
CDUS42 KCHS 280604
CLICHS


CLIMATE REPORT
NATIONAL WEATHER SERVICE CHARLESTON SC
202 AM EDT SAT MAY 28 2016


...................................

...THE NORTH CHARLESTON SC CLIMATE SUMMARY FOR MAY 27 2016...

CLIMATE NORMAL PERIOD 1981 TO 2010
CLIMATE RECORD PERIOD 1938 TO 2016


WEATHER ITEM   OBSERVED TIME   RECORD YEAR NORMAL DEPARTURE LAST
                VALUE   (LST)  VALUE       VALUE  FROM      YEAR
                                                  NORMAL
..................................................................
TEMPERATURE (F)
 YESTERDAY
  MAXIMUM         85    244 PM  98    1989  85      0       86
  MINIMUM         64    548 AM  52    1980  65     -1       70
                                      1979
                                      1961
  AVERAGE         75                        75      0       78

PRECIPITATION (IN)
  YESTERDAY        0.00          2.00 1977   0.11  -0.11     0.00
  MONTH TO DATE    1.39                      2.55  -1.16     1.36
  SINCE MAR 1      7.19                      9.17  -1.98     7.29
  SINCE JAN 1     15.48                     15.84  -0.36    15.22

DEGREE DAYS
 HEATING
  YESTERDAY        0                         0      0        0
  MONTH TO DATE    4                         8     -4        4
  SINCE MAR 1    180                       335   -155      210
  SINCE JUL 1   1357                      1971   -614     1947

 COOLING
  YESTERDAY       10                        10      0       13
  MONTH TO DATE  242                       201     41      226
  SINCE MAR 1    442                       312    130      386
  SINCE JAN 1    450                       319    131      390
..................................................................


WIND (MPH)
  HIGHEST WIND SPEED    16   HIGHEST WIND DIRECTION    SE (140)
  HIGHEST GUST SPEED    22   HIGHEST GUST DIRECTION    SE (130)
  AVERAGE WIND SPEED     7.2


SKY COVER
  POSSIBLE SUNSHINE  MM
  AVERAGE SKY COVER 0.2


WEATHER CONDITIONS
 THE FOLLOWING WEATHER WAS RECORDED YESTERDAY.
  NO SIGNIFICANT WEATHER WAS OBSERVED.


RELATIVE HUMIDITY (PERCENT)
 HIGHEST    93           500 AM
 LOWEST     37           100 PM
 AVERAGE    65

..........................................................


THE NORTH CHARLESTON SC CLIMATE NORMALS FOR TODAY
                         NORMAL    RECORD    YEAR
 MAXIMUM TEMPERATURE (F)   86        97      1967
                                             1964
 MINIMUM TEMPERATURE (F)   65        45      1961


SUNRISE AND SUNSET
MAY 28 2016...........SUNRISE   614 AM EDT   SUNSET   821 PM EDT
MAY 29 2016...........SUNRISE   613 AM EDT   SUNSET   822 PM EDT


-  INDICATES NEGATIVE NUMBERS.
R  INDICATES RECORD WAS SET OR TIED.
MM INDICATES DATA IS MISSING.
T  INDICATES TRACE AMOUNT.




$$
