000
CDUS42 KCHS 020533
CLICHS


CLIMATE REPORT
NATIONAL WEATHER SERVICE CHARLESTON SC
132 AM EDT SAT AUG 2 2014


...................................

...THE NORTH CHARLESTON SC CLIMATE SUMMARY FOR AUGUST 1 2014...

CLIMATE NORMAL PERIOD 1981 TO 2010
CLIMATE RECORD PERIOD 1938 TO 2014


WEATHER ITEM   OBSERVED TIME   RECORD YEAR NORMAL DEPARTURE LAST
                VALUE   (LST)  VALUE       VALUE  FROM      YEAR
                                                  NORMAL
..................................................................
TEMPERATURE (F)
 YESTERDAY
  MAXIMUM         90   1047 AM 105    1999  91     -1       86
  MINIMUM         74    508 AM  64    1966  73      1       74
  AVERAGE         82                        82      0       80

PRECIPITATION (IN)
  YESTERDAY        0.00          1.48 1991   0.21  -0.21      T
  MONTH TO DATE    0.00                      0.21  -0.21      T
  SINCE JUN 1     11.00                     12.39  -1.39    18.67
  SINCE JAN 1     28.25                     28.70  -0.45    42.11

DEGREE DAYS
 HEATING
  YESTERDAY        0                         0      0        0
  MONTH TO DATE    0                         0      0        0
  SINCE JUN 1      0                         1     -1        0
  SINCE JUL 1      0                         0      0        0

 COOLING
  YESTERDAY       17                        17      0       15
  MONTH TO DATE   17                        17      0       15
  SINCE JUN 1   1101                       967    134     1008
  SINCE JAN 1   1611                      1329    282     1355
..................................................................


WIND (MPH)
  HIGHEST WIND SPEED    16   HIGHEST WIND DIRECTION    SE (140)
  HIGHEST GUST SPEED    20   HIGHEST GUST DIRECTION    SE (130)
  AVERAGE WIND SPEED     5.0


SKY COVER
  POSSIBLE SUNSHINE  MM
  AVERAGE SKY COVER 0.6


WEATHER CONDITIONS
 THE FOLLOWING WEATHER WAS RECORDED YESTERDAY.
  NO SIGNIFICANT WEATHER WAS OBSERVED.


RELATIVE HUMIDITY (PERCENT)
 HIGHEST    88          1100 PM
 LOWEST     56          1100 AM
 AVERAGE    72

..........................................................


THE NORTH CHARLESTON SC CLIMATE NORMALS FOR TODAY
                         NORMAL    RECORD    YEAR
 MAXIMUM TEMPERATURE (F)   91        99      1954
 MINIMUM TEMPERATURE (F)   73        63      1966


SUNRISE AND SUNSET
AUGUST  2 2014........SUNRISE   634 AM EDT   SUNSET   818 PM EDT
AUGUST  3 2014........SUNRISE   635 AM EDT   SUNSET   817 PM EDT


-  INDICATES NEGATIVE NUMBERS.
R  INDICATES RECORD WAS SET OR TIED.
MM INDICATES DATA IS MISSING.
T  INDICATES TRACE AMOUNT.




$$
