000
CDUS42 KCHS 170526
CLICHS


CLIMATE REPORT
NATIONAL WEATHER SERVICE CHARLESTON SC
126 AM EDT WED SEP 17 2014


...................................

...THE NORTH CHARLESTON SC CLIMATE SUMMARY FOR SEPTEMBER 16 2014...

CLIMATE NORMAL PERIOD 1981 TO 2010
CLIMATE RECORD PERIOD 1938 TO 2014


WEATHER ITEM   OBSERVED TIME   RECORD YEAR NORMAL DEPARTURE LAST
                VALUE   (LST)  VALUE       VALUE  FROM      YEAR
                                                  NORMAL
..................................................................
TEMPERATURE (F)
 YESTERDAY
  MAXIMUM         88   1159 AM  97    1980  85      3       91
  MINIMUM         72   1058 PM  53    1967  67      5       71
  AVERAGE         80                        76      4       81

PRECIPITATION (IN)
  YESTERDAY        1.63          3.60 1958   0.21   1.42     1.60
  MONTH TO DATE    5.91                      3.62   2.29     2.70
  SINCE SEP 1      5.91                      3.62   2.29     2.70
  SINCE JAN 1     41.24                     39.26   1.98    48.76

DEGREE DAYS
 HEATING
  YESTERDAY        0                         0      0        0
  MONTH TO DATE    0                         0      0        0
  SINCE SEP 1      0                         0      0        0
  SINCE JUL 1      0                         0      0        0

 COOLING
  YESTERDAY       15                        11      4       16
  MONTH TO DATE  276                       205     71      262
  SINCE SEP 1    276                       205     71      262
  SINCE JAN 1   2438                      2010    428     2117
..................................................................


WIND (MPH)
  HIGHEST WIND SPEED    15   HIGHEST WIND DIRECTION    NW (310)
  HIGHEST GUST SPEED    22   HIGHEST GUST DIRECTION    NW (310)
  AVERAGE WIND SPEED     4.9


SKY COVER
  POSSIBLE SUNSHINE  MM
  AVERAGE SKY COVER 0.8


WEATHER CONDITIONS
 THE FOLLOWING WEATHER WAS RECORDED YESTERDAY.
  THUNDERSTORM
  HEAVY RAIN
  LIGHT RAIN
  FOG
  HAZE


RELATIVE HUMIDITY (PERCENT)
 HIGHEST    94          1200 AM
 LOWEST     63          1200 PM
 AVERAGE    79

..........................................................


THE NORTH CHARLESTON SC CLIMATE NORMALS FOR TODAY
                         NORMAL    RECORD    YEAR
 MAXIMUM TEMPERATURE (F)   85        96      1972
 MINIMUM TEMPERATURE (F)   67        54      2001


SUNRISE AND SUNSET
SEPTEMBER 17 2014.....SUNRISE   705 AM EDT   SUNSET   724 PM EDT
SEPTEMBER 18 2014.....SUNRISE   706 AM EDT   SUNSET   722 PM EDT


-  INDICATES NEGATIVE NUMBERS.
R  INDICATES RECORD WAS SET OR TIED.
MM INDICATES DATA IS MISSING.
T  INDICATES TRACE AMOUNT.




$$
