000
CDUS42 KCHS 250612
CLICHS


CLIMATE REPORT
NATIONAL WEATHER SERVICE CHARLESTON SC
212 AM EDT MON MAY 25 2015


...................................

...THE NORTH CHARLESTON SC CLIMATE SUMMARY FOR MAY 24 2015...

CLIMATE NORMAL PERIOD 1981 TO 2010
CLIMATE RECORD PERIOD 1938 TO 2015


WEATHER ITEM   OBSERVED TIME   RECORD YEAR NORMAL DEPARTURE LAST
                VALUE   (LST)  VALUE       VALUE  FROM      YEAR
                                                  NORMAL
..................................................................
TEMPERATURE (F)
 YESTERDAY
  MAXIMUM         82    310 PM  97    1953  85     -3       87
  MINIMUM         59    534 AM  50    1954  64     -5       68
  AVERAGE         71                        75     -4       78

PRECIPITATION (IN)
  YESTERDAY        0.00          1.78 1979   0.11  -0.11     0.00
  MONTH TO DATE    1.36                      2.22  -0.86     1.22
  SINCE MAR 1      7.29                      8.84  -1.55    12.13
  SINCE JAN 1     15.22                     15.51  -0.29    16.98

DEGREE DAYS
 HEATING
  YESTERDAY        0                         0      0        0
  MONTH TO DATE    4                         8     -4        0
  SINCE MAR 1    210                       335   -125      352
  SINCE JUL 1   1947                      1971    -24     1875

 COOLING
  YESTERDAY        6                        10     -4       13
  MONTH TO DATE  192                       171     21      250
  SINCE MAR 1    352                       282     70      398
  SINCE JAN 1    356                       289     67      408
..................................................................


WIND (MPH)
  HIGHEST WIND SPEED    18   HIGHEST WIND DIRECTION    SE (120)
  HIGHEST GUST SPEED    24   HIGHEST GUST DIRECTION     E (110)
  AVERAGE WIND SPEED     8.7


SKY COVER
  POSSIBLE SUNSHINE  MM
  AVERAGE SKY COVER 0.4


WEATHER CONDITIONS
 THE FOLLOWING WEATHER WAS RECORDED YESTERDAY.
  NO SIGNIFICANT WEATHER WAS OBSERVED.


RELATIVE HUMIDITY (PERCENT)
 HIGHEST    93           500 AM
 LOWEST     42          1200 PM
 AVERAGE    68

..........................................................


THE NORTH CHARLESTON SC CLIMATE NORMALS FOR TODAY
                         NORMAL    RECORD    YEAR
 MAXIMUM TEMPERATURE (F)   85        97      2000
                                             1953
 MINIMUM TEMPERATURE (F)   65        47      1967
                                             1951


SUNRISE AND SUNSET
MAY 25 2015...........SUNRISE   615 AM EDT   SUNSET   819 PM EDT
MAY 26 2015...........SUNRISE   615 AM EDT   SUNSET   820 PM EDT


-  INDICATES NEGATIVE NUMBERS.
R  INDICATES RECORD WAS SET OR TIED.
MM INDICATES DATA IS MISSING.
T  INDICATES TRACE AMOUNT.




$$
