000
CDUS43 KDVN 210907
CLICID


CLIMATE REPORT
NATIONAL WEATHER SERVICE QUAD CITIES IA IL
406 AM CDT SAT OCT 21 2017


...................................

...THE CEDAR RAPIDS IA CLIMATE SUMMARY FOR OCTOBER 20 2017...

CLIMATE NORMAL PERIOD 1981 TO 2010
CLIMATE RECORD PERIOD 1891 TO 2017


WEATHER ITEM   OBSERVED TIME   RECORD YEAR NORMAL DEPARTURE LAST
                VALUE   (LST)  VALUE       VALUE  FROM      YEAR
                                                  NORMAL
..................................................................
TEMPERATURE (F)
 YESTERDAY
  MAXIMUM         75    344 PM  84    1953  60     15       53
  MINIMUM         49    653 AM  19    1930  38     11       35
  AVERAGE         62                        49     13       44

PRECIPITATION (IN)
  YESTERDAY        0.00         MM      MM   0.08  -0.08     0.00
  MONTH TO DATE    3.43                      1.72   1.71     1.35
  SINCE SEP 1      4.40                      4.88  -0.48     8.27
  SINCE JAN 1     24.42                     30.18  -5.76    36.80

DEGREE DAYS
 HEATING
  YESTERDAY        3                        16    -13       21
  MONTH TO DATE  109                       256   -147      138
  SINCE SEP 1    173                       394   -221      173
  SINCE JUL 1    184                       413   -229      177

 COOLING
  YESTERDAY        0                         0      0        0
  MONTH TO DATE   15                         8      7       22
  SINCE SEP 1    145                        80     65      158
  SINCE JAN 1    744                       748     -4      969
..................................................................


WIND (MPH)
  HIGHEST WIND SPEED    20   HIGHEST WIND DIRECTION     S (170)
  HIGHEST GUST SPEED    27   HIGHEST GUST DIRECTION     S (170)
  AVERAGE WIND SPEED    10.4


SKY COVER
  POSSIBLE SUNSHINE  MM
  AVERAGE SKY COVER 0.0


WEATHER CONDITIONS
 THE FOLLOWING WEATHER WAS RECORDED YESTERDAY.
  NO SIGNIFICANT WEATHER WAS OBSERVED.


RELATIVE HUMIDITY (PERCENT)
 HIGHEST   100           700 AM
 LOWEST     38           200 PM
 AVERAGE    69

..........................................................


THE CEDAR RAPIDS IA CLIMATE NORMALS FOR TODAY
                         NORMAL    RECORD    YEAR
 MAXIMUM TEMPERATURE (F)   60        85      1947
 MINIMUM TEMPERATURE (F)   38        17      1930


SUNRISE AND SUNSET
OCTOBER 21 2017.......SUNRISE   726 AM CDT   SUNSET   616 PM CDT
OCTOBER 22 2017.......SUNRISE   728 AM CDT   SUNSET   614 PM CDT


-  INDICATES NEGATIVE NUMBERS.
R  INDICATES RECORD WAS SET OR TIED.
MM INDICATES DATA IS MISSING.
T  INDICATES TRACE AMOUNT.




$$
