000
CDUS43 KDVN 312123
CLICID


CLIMATE REPORT
NATIONAL WEATHER SERVICE QUAD CITIES IA IL
420 PM CDT TUE MAY 31 2016


...................................

...THE CEDAR RAPIDS IA CLIMATE SUMMARY FOR MAY 31 2016...
VALID TODAY AS OF 0400 PM LOCAL TIME.

CLIMATE NORMAL PERIOD 1981 TO 2010
CLIMATE RECORD PERIOD 1891 TO 2016


WEATHER ITEM   OBSERVED TIME   RECORD YEAR NORMAL DEPARTURE LAST
                VALUE   (LST)  VALUE       VALUE  FROM      YEAR
                                                  NORMAL
..................................................................
TEMPERATURE (F)
 TODAY
  MAXIMUM         79   1247 PM 104    1934  76      3       67
  MINIMUM         59    424 AM  34    1897  54      5       45
  AVERAGE         69                        65      4       56

PRECIPITATION (IN)
  TODAY            T            MM      MM   0.15  -0.15     0.00
  MONTH TO DATE    2.86                      4.15  -1.29     3.63
  SINCE MAR 1      7.62                      9.30  -1.68     7.87
  SINCE JAN 1      8.22                     11.44  -3.22     9.20

DEGREE DAYS
 HEATING
  TODAY            0                         3     -3        9
  MONTH TO DATE  187                       192     -5      139
  SINCE MAR 1   1338                      1554   -216     1430
  SINCE JUL 1   5649                      6837  -1188     6957

 COOLING
  TODAY            4                         3      1        0
  MONTH TO DATE   56                        42     14       50
  SINCE MAR 1     59                        49     10       50
  SINCE JAN 1     59                        49     10       50
..................................................................


WIND (MPH)
  HIGHEST WIND SPEED    16   HIGHEST WIND DIRECTION     S (170)
  HIGHEST GUST SPEED    23   HIGHEST GUST DIRECTION     S (180)
  AVERAGE WIND SPEED     7.4


SKY COVER
  POSSIBLE SUNSHINE  MM
  AVERAGE SKY COVER 0.2


WEATHER CONDITIONS
 THE FOLLOWING WEATHER WAS RECORDED TODAY.
  LIGHT RAIN


RELATIVE HUMIDITY (PERCENT)
 HIGHEST   100           300 AM
 LOWEST     54           100 PM
 AVERAGE    77

..........................................................


THE CEDAR RAPIDS IA CLIMATE NORMALS FOR TOMORROW
                         NORMAL    RECORD    YEAR
 MAXIMUM TEMPERATURE (F)   76        99      1934
 MINIMUM TEMPERATURE (F)   55        39      1993


SUNRISE AND SUNSET
MAY 31 2016...........SUNRISE   534 AM CDT   SUNSET   835 PM CDT
JUNE  1 2016..........SUNRISE   534 AM CDT   SUNSET   836 PM CDT


-  INDICATES NEGATIVE NUMBERS.
R  INDICATES RECORD WAS SET OR TIED.
MM INDICATES DATA IS MISSING.
T  INDICATES TRACE AMOUNT.




$$
