000
CDUS43 KDVN 092121
CLICID


CLIMATE REPORT
NATIONAL WEATHER SERVICE QUAD CITIES IA IL
419 PM CDT WED JUL 9 2014


...................................

...THE CEDAR RAPIDS IA CLIMATE SUMMARY FOR JULY 9 2014...
VALID TODAY AS OF 0400 PM LOCAL TIME.

CLIMATE NORMAL PERIOD 1981 TO 2010
CLIMATE RECORD PERIOD 1891 TO 2014


WEATHER ITEM   OBSERVED TIME   RECORD YEAR NORMAL DEPARTURE LAST
                VALUE   (LST)  VALUE       VALUE  FROM      YEAR
                                                  NORMAL
..................................................................
TEMPERATURE (F)
 TODAY
  MAXIMUM         78    209 PM 104    1901  84     -6       87
  MINIMUM         55    420 AM  45    1891  63     -8       72
  AVERAGE         67                        73     -6       80

PRECIPITATION (IN)
  TODAY            0.00         MM      MM   0.15  -0.15     1.10
  MONTH TO DATE    0.76                      1.39  -0.63     1.11
  SINCE JUN 1     14.05                      6.31   7.74     7.43
  SINCE JAN 1     25.29                     17.75   7.54    27.62

DEGREE DAYS
 HEATING
  TODAY            0                         0      0        0
  MONTH TO DATE   10                         0     10        0
  SINCE JUN 1     15                        29    -14       28
  SINCE JUL 1     10                         0     10        0

 COOLING
  TODAY            2                         8     -6       15
  MONTH TO DATE   30                        72    -42       77
  SINCE JUN 1    213                       238    -25      249
  SINCE JAN 1    293                       287      6      323
..................................................................


WIND (MPH)
  HIGHEST WIND SPEED    14   HIGHEST WIND DIRECTION    NW (320)
  HIGHEST GUST SPEED    19   HIGHEST GUST DIRECTION    NW (320)
  AVERAGE WIND SPEED     7.8


SKY COVER
  POSSIBLE SUNSHINE  MM
  AVERAGE SKY COVER 0.1


WEATHER CONDITIONS
 THE FOLLOWING WEATHER WAS RECORDED TODAY.
  NO SIGNIFICANT WEATHER WAS OBSERVED.


RELATIVE HUMIDITY (PERCENT)
 HIGHEST    93           200 AM
 LOWEST     43           200 PM
 AVERAGE    68

..........................................................


THE CEDAR RAPIDS IA CLIMATE NORMALS FOR TOMORROW
                         NORMAL    RECORD    YEAR
 MAXIMUM TEMPERATURE (F)   84       103      1901
 MINIMUM TEMPERATURE (F)   63        48      1996


SUNRISE AND SUNSET
JULY  9 2014..........SUNRISE   540 AM CDT   SUNSET   843 PM CDT
JULY 10 2014..........SUNRISE   541 AM CDT   SUNSET   843 PM CDT


-  INDICATES NEGATIVE NUMBERS.
R  INDICATES RECORD WAS SET OR TIED.
MM INDICATES DATA IS MISSING.
T  INDICATES TRACE AMOUNT.




$$
