270
CDUS43 KDVN 242223
CLICID


CLIMATE REPORT
NATIONAL WEATHER SERVICE QUAD CITIES IA IL
422 PM CST FRI FEB 24 2017


...................................

...THE CEDAR RAPIDS IA CLIMATE SUMMARY FOR FEBRUARY 24 2017...
VALID TODAY AS OF 0400 PM LOCAL TIME.

CLIMATE NORMAL PERIOD 1981 TO 2010
CLIMATE RECORD PERIOD 1891 TO 2017


WEATHER ITEM   OBSERVED TIME   RECORD YEAR NORMAL DEPARTURE LAST
                VALUE   (LST)  VALUE       VALUE  FROM      YEAR
                                                  NORMAL
..................................................................
TEMPERATURE (F)
 TODAY
  MAXIMUM         37   1238 AM  67    2002  37      0       39
  MINIMUM         32    359 PM -12    1993  19     13       33
  AVERAGE         35                        28      7       36

PRECIPITATION (IN)
  TODAY            0.01         MM      MM   0.05  -0.04     0.00
  MONTH TO DATE    0.55                      1.01  -0.46     0.23
  SINCE DEC 1      3.30                      3.35  -0.05     4.67
  SINCE JAN 1      2.05                      1.93   0.12     0.60

DEGREE DAYS
 HEATING
  TODAY           30                        37     -7       29
  MONTH TO DATE  711                       990   -279      898
  SINCE DEC 1   3245                      3692   -447     3156
  SINCE JUL 1   4162                      5138   -976     4187

 COOLING
  TODAY            0                         0      0        0
  MONTH TO DATE    0                         0      0        0
  SINCE DEC 1      0                         0      0        0
  SINCE JAN 1      0                         0      0        0
..................................................................


WIND (MPH)
  HIGHEST WIND SPEED    28   HIGHEST WIND DIRECTION    NE (50)
  HIGHEST GUST SPEED    33   HIGHEST GUST DIRECTION    NE (50)
  AVERAGE WIND SPEED    17.7


SKY COVER
  POSSIBLE SUNSHINE  MM
  AVERAGE SKY COVER 0.9


WEATHER CONDITIONS
 THE FOLLOWING WEATHER WAS RECORDED TODAY.
  LIGHT RAIN
  LIGHT SNOW
  FOG


RELATIVE HUMIDITY (PERCENT)
 HIGHEST   100           100 AM
 LOWEST     92           400 PM
 AVERAGE    96

..........................................................


THE CEDAR RAPIDS IA CLIMATE NORMALS FOR TOMORROW
                         NORMAL    RECORD    YEAR
 MAXIMUM TEMPERATURE (F)   37        67      2000
 MINIMUM TEMPERATURE (F)   19       -13      1940


SUNRISE AND SUNSET
FEBRUARY 24 2017......SUNRISE   649 AM CST   SUNSET   551 PM CST
FEBRUARY 25 2017......SUNRISE   647 AM CST   SUNSET   553 PM CST


-  INDICATES NEGATIVE NUMBERS.
R  INDICATES RECORD WAS SET OR TIED.
MM INDICATES DATA IS MISSING.
T  INDICATES TRACE AMOUNT.




$$
