000
CDUS43 KDVN 060914
CLICID


CLIMATE REPORT
NATIONAL WEATHER SERVICE QUAD CITIES IA IL
413 AM CDT FRI MAY 6 2016


...................................

...THE CEDAR RAPIDS IA CLIMATE SUMMARY FOR MAY 5 2016...

CLIMATE NORMAL PERIOD 1981 TO 2010
CLIMATE RECORD PERIOD 1891 TO 2016


WEATHER ITEM   OBSERVED TIME   RECORD YEAR NORMAL DEPARTURE LAST
                VALUE   (LST)  VALUE       VALUE  FROM      YEAR
                                                  NORMAL
..................................................................
TEMPERATURE (F)
 YESTERDAY
  MAXIMUM         69    449 PM  94    1924  68      1       68
  MINIMUM         36    436 AM  29    1929  45     -9       58
  AVERAGE         53                        56     -3       63

PRECIPITATION (IN)
  YESTERDAY        0.00         MM      MM   0.13  -0.13     0.19
  MONTH TO DATE    0.29                      0.66  -0.37     1.10
  SINCE MAR 1      5.05                      5.81  -0.76     5.34
  SINCE JAN 1      5.65                      7.95  -2.30     6.67

DEGREE DAYS
 HEATING
  YESTERDAY       12                         9      3        2
  MONTH TO DATE   65                        48     17        2
  SINCE MAR 1   1216                      1410   -194     1293
  SINCE JUL 1   5527                      6693  -1166     6820

 COOLING
  YESTERDAY        0                         0      0        0
  MONTH TO DATE    0                         0      0        1
  SINCE MAR 1      3                         7     -4        1
  SINCE JAN 1      3                         7     -4        1
..................................................................


WIND (MPH)
  HIGHEST WIND SPEED    13   HIGHEST WIND DIRECTION    NW (320)
  HIGHEST GUST SPEED    17   HIGHEST GUST DIRECTION     N (350)
  AVERAGE WIND SPEED     4.4


SKY COVER
  POSSIBLE SUNSHINE  MM
  AVERAGE SKY COVER 0.0


WEATHER CONDITIONS
 THE FOLLOWING WEATHER WAS RECORDED YESTERDAY.
  HAZE


RELATIVE HUMIDITY (PERCENT)
 HIGHEST    82           500 AM
 LOWEST     27           500 PM
 AVERAGE    55

..........................................................


THE CEDAR RAPIDS IA CLIMATE NORMALS FOR TODAY
                         NORMAL    RECORD    YEAR
 MAXIMUM TEMPERATURE (F)   68       100      1896
 MINIMUM TEMPERATURE (F)   45        30      1989


SUNRISE AND SUNSET
MAY  6 2016...........SUNRISE   556 AM CDT   SUNSET   811 PM CDT
MAY  7 2016...........SUNRISE   555 AM CDT   SUNSET   812 PM CDT


-  INDICATES NEGATIVE NUMBERS.
R  INDICATES RECORD WAS SET OR TIED.
MM INDICATES DATA IS MISSING.
T  INDICATES TRACE AMOUNT.




$$
