000
CDUS43 KDVN 051010
CLICID


CLIMATE REPORT
NATIONAL WEATHER SERVICE QUAD CITIES IA IL
409 AM CST THU MAR 5 2015


...................................

...THE CEDAR RAPIDS IA CLIMATE SUMMARY FOR MARCH 4 2015...

CLIMATE NORMAL PERIOD 1981 TO 2010
CLIMATE RECORD PERIOD 1891 TO 2015


WEATHER ITEM   OBSERVED TIME   RECORD YEAR NORMAL DEPARTURE LAST
                VALUE   (LST)  VALUE       VALUE  FROM      YEAR
                                                  NORMAL
..................................................................
TEMPERATURE (F)
 YESTERDAY
  MAXIMUM         16    436 PM  73    1921  40    -24       26
  MINIMUM          0   1156 PM -12    2002  22    -22        8
  AVERAGE          8                        31    -23       17

PRECIPITATION (IN)
  YESTERDAY        T            MM      MM   0.06  -0.06     0.00
  MONTH TO DATE    0.25                      0.24   0.01     0.16
  SINCE MAR 1      0.25                      0.24   0.01     0.16
  SINCE JAN 1      1.58                      2.38  -0.80     1.91

DEGREE DAYS
 HEATING
  YESTERDAY       57                        34     23       48
  MONTH TO DATE  195                       138     57      238
  SINCE MAR 1    195                       138     57      238
  SINCE JUL 1   5722                      5421    301     6277

 COOLING
  YESTERDAY        0                         0      0        0
  MONTH TO DATE    0                         0      0        0
  SINCE MAR 1      0                         0      0        0
  SINCE JAN 1      0                         0      0        0
..................................................................


WIND (MPH)
  HIGHEST WIND SPEED    22   HIGHEST WIND DIRECTION    NW (320)
  HIGHEST GUST SPEED    27   HIGHEST GUST DIRECTION    NW (330)
  AVERAGE WIND SPEED    12.7


SKY COVER
  POSSIBLE SUNSHINE  MM
  AVERAGE SKY COVER 0.3


WEATHER CONDITIONS
 THE FOLLOWING WEATHER WAS RECORDED YESTERDAY.
  LIGHT SNOW


RELATIVE HUMIDITY (PERCENT)
 HIGHEST    86          1100 PM
 LOWEST     59           400 PM
 AVERAGE    73

..........................................................


THE CEDAR RAPIDS IA CLIMATE NORMALS FOR TODAY
                         NORMAL    RECORD    YEAR
 MAXIMUM TEMPERATURE (F)   41        72      1921
 MINIMUM TEMPERATURE (F)   23       -12      1960


SUNRISE AND SUNSET
MARCH  5 2015.........SUNRISE   636 AM CST   SUNSET   602 PM CST
MARCH  6 2015.........SUNRISE   634 AM CST   SUNSET   603 PM CST


-  INDICATES NEGATIVE NUMBERS.
R  INDICATES RECORD WAS SET OR TIED.
MM INDICATES DATA IS MISSING.
T  INDICATES TRACE AMOUNT.




$$
