000
CDUS41 KCLE 210528
CLICLE


CLIMATE REPORT
NATIONAL WEATHER SERVICE CLEVELAND OH
1228 AM EST SUN JAN 21 2018


...................................

...THE CLEVELAND OH CLIMATE SUMMARY FOR JANUARY 20 2018...

CLIMATE NORMAL PERIOD 1981 TO 2010
CLIMATE RECORD PERIOD 1871 TO 2018


WEATHER ITEM   OBSERVED TIME   RECORD YEAR NORMAL DEPARTURE LAST
                VALUE   (LST)  VALUE       VALUE  FROM      YEAR
                                                  NORMAL
..................................................................
TEMPERATURE (F)
 YESTERDAY
  MAXIMUM         43    402 PM  65    1906  34      9       55
  MINIMUM         36   1212 AM -18    1985  22     14       37
  AVERAGE         40                        28     12       46

PRECIPITATION (IN)
  YESTERDAY        0.00                      0.08  -0.08     0.29
  MONTH TO DATE    1.31                      1.84  -0.53     3.43
  SINCE DEC 1      3.04                      4.94  -1.90     6.08
  SINCE JAN 1      1.31                      1.84  -0.53     3.43

SNOWFALL (IN)
  YESTERDAY        0.0                       0.6   -0.6      0.0
  MONTH TO DATE    8.1                      12.0   -3.9      3.5
  SINCE DEC 1     25.3                      26.1   -0.8     13.1
  SINCE JUL 1     26.1                      30.6   -4.5     14.0
  SNOW DEPTH       2

DEGREE DAYS
 HEATING
  YESTERDAY       25                        37    -12       19
  MONTH TO DATE  862                       739    123      633
  SINCE DEC 1   1979                      1751    228     1640
  SINCE JUL 1   2869                      2846     23     2356

 COOLING
  YESTERDAY        0                         0      0        0
  MONTH TO DATE    0                         0      0        0
  SINCE DEC 1      0                         0      0        0
  SINCE JAN 1      0                         0      0        0
..................................................................


WIND (MPH)
  HIGHEST WIND SPEED    23   HIGHEST WIND DIRECTION     S (200)
  HIGHEST GUST SPEED    33   HIGHEST GUST DIRECTION     S (200)
  AVERAGE WIND SPEED    12.7


SKY COVER
  POSSIBLE SUNSHINE  MM
  AVERAGE SKY COVER 0.5


WEATHER CONDITIONS
 THE FOLLOWING WEATHER WAS RECORDED YESTERDAY.
  NO SIGNIFICANT WEATHER WAS OBSERVED.


RELATIVE HUMIDITY (PERCENT)
 HIGHEST    70           800 PM
 LOWEST     52           100 AM
 AVERAGE    61

..........................................................


THE CLEVELAND OH CLIMATE NORMALS FOR TODAY
                         NORMAL    RECORD    YEAR
 MAXIMUM TEMPERATURE (F)   34        71      1906
 MINIMUM TEMPERATURE (F)   22       -17      1985
                                             1984


SUNRISE AND SUNSET
JANUARY 21 2018.......SUNRISE   748 AM EST   SUNSET   530 PM EST
JANUARY 22 2018.......SUNRISE   747 AM EST   SUNSET   531 PM EST


-  INDICATES NEGATIVE NUMBERS.
R  INDICATES RECORD WAS SET OR TIED.
MM INDICATES DATA IS MISSING.
T  INDICATES TRACE AMOUNT.




$$
