000
CDUS41 KCLE 080525
CLICLE


CLIMATE REPORT
NATIONAL WEATHER SERVICE CLEVELAND OH
1225 AM EST MON FEB 8 2016


...................................

...THE CLEVELAND OH CLIMATE SUMMARY FOR FEBRUARY 7 2016...

CLIMATE NORMAL PERIOD 1981 TO 2010
CLIMATE RECORD PERIOD 1871 TO 2016


WEATHER ITEM   OBSERVED TIME   RECORD YEAR NORMAL DEPARTURE LAST
                VALUE   (LST)  VALUE       VALUE  FROM      YEAR
                                                  NORMAL
..................................................................
TEMPERATURE (F)
 YESTERDAY
  MAXIMUM         52    346 PM  60    1925  36     16       45
  MINIMUM         27    534 AM  -3    2014  23      4       25
                                      1988
                                      1895
  AVERAGE         40                        29     11       35

PRECIPITATION (IN)
  YESTERDAY        0.00                      0.08  -0.08     0.00
  MONTH TO DATE    0.59                      0.56   0.03     1.15
  SINCE DEC 1      4.92                      6.38  -1.46     6.04
  SINCE JAN 1      1.96                      3.28  -1.32     4.09

SNOWFALL (IN)
  YESTERDAY        0.0                       0.5   -0.5      0.0
  MONTH TO DATE    T                         3.9   -3.9     12.9
  SINCE DEC 1      7.9                      36.7  -28.8     28.9
  SINCE JUL 1      8.8                      41.2  -32.4     48.3
  SNOW DEPTH       0

DEGREE DAYS
 HEATING
  YESTERDAY       25                        36    -11       30
  MONTH TO DATE  193                       252    -59      299
  SINCE DEC 1   1979                      2409   -430     2501
  SINCE JUL 1   2844                      3504   -660     3835

 COOLING
  YESTERDAY        0                         0      0        0
  MONTH TO DATE    0                         0      0        0
  SINCE DEC 1      0                         0      0        0
  SINCE JAN 1      0                         0      0        0
..................................................................


WIND (MPH)
  HIGHEST WIND SPEED    20   HIGHEST WIND DIRECTION     S (200)
  HIGHEST GUST SPEED    28   HIGHEST GUST DIRECTION    SW (210)
  AVERAGE WIND SPEED    11.1


SKY COVER
  POSSIBLE SUNSHINE  MM
  AVERAGE SKY COVER 0.5


WEATHER CONDITIONS
 THE FOLLOWING WEATHER WAS RECORDED YESTERDAY.
  NO SIGNIFICANT WEATHER WAS OBSERVED.


RELATIVE HUMIDITY (PERCENT)
 HIGHEST    69           500 AM
 LOWEST     38           400 PM
 AVERAGE    54

..........................................................


THE CLEVELAND OH CLIMATE NORMALS FOR TODAY
                         NORMAL    RECORD    YEAR
 MAXIMUM TEMPERATURE (F)   36        69      1937
 MINIMUM TEMPERATURE (F)   23        -8      1977
                                             1934
                                             1899


SUNRISE AND SUNSET
FEBRUARY  8 2016......SUNRISE   732 AM EST   SUNSET   552 PM EST
FEBRUARY  9 2016......SUNRISE   731 AM EST   SUNSET   553 PM EST


-  INDICATES NEGATIVE NUMBERS.
R  INDICATES RECORD WAS SET OR TIED.
MM INDICATES DATA IS MISSING.
T  INDICATES TRACE AMOUNT.




$$
