000
CDUS41 KCLE 280537
CLICLE


CLIMATE REPORT
NATIONAL WEATHER SERVICE CLEVELAND OH
125 AM EDT TUE JUL 28 2015


...................................

...THE CLEVELAND OH CLIMATE SUMMARY FOR JULY 27 2015...

CLIMATE NORMAL PERIOD 1981 TO 2010
CLIMATE RECORD PERIOD 1871 TO 2015


WEATHER ITEM   OBSERVED TIME   RECORD YEAR NORMAL DEPARTURE LAST
                VALUE   (LST)  VALUE       VALUE  FROM      YEAR
                                                  NORMAL
..................................................................
TEMPERATURE (F)
 YESTERDAY
  MAXIMUM         86    230 PM 103    1941  82      4       83
  MINIMUM         61    424 AM  47    1946  64     -3       63
  AVERAGE         74                        73      1       73

PRECIPITATION (IN)
  YESTERDAY        0.00                      0.12  -0.12     0.91
  MONTH TO DATE    2.58                      3.00  -0.42     3.31
  SINCE JUN 1     11.10                      6.43   4.67     9.57
  SINCE JAN 1     24.73                     21.57   3.16    25.84

SNOWFALL (IN)
  YESTERDAY        0.0                       0.0    0.0      0.0
  MONTH TO DATE    0.0                       0.0    0.0      0.0
  SINCE JUN 1      0.0                       0.0    0.0      0.0
  SINCE JUL 1      0.0                       0.0    0.0      0.0
  SNOW DEPTH       0

DEGREE DAYS
 HEATING
  YESTERDAY        0                         0      0        0
  MONTH TO DATE    3                         0      3        9
  SINCE JUN 1     33                        42     -9       29
  SINCE JUL 1      3                         0      3        9

 COOLING
  YESTERDAY        9                         8      1        8
  MONTH TO DATE  162                       236    -74      148
  SINCE JUN 1    309                       404    -95      330
  SINCE JAN 1    430                       463    -33      396
..................................................................


WIND (MPH)
  HIGHEST WIND SPEED    16   HIGHEST WIND DIRECTION     N (20)
  HIGHEST GUST SPEED    21   HIGHEST GUST DIRECTION     N (10)
  AVERAGE WIND SPEED     6.7


SKY COVER
  POSSIBLE SUNSHINE  MM
  AVERAGE SKY COVER 0.3


WEATHER CONDITIONS
 THE FOLLOWING WEATHER WAS RECORDED YESTERDAY.
  NO SIGNIFICANT WEATHER WAS OBSERVED.


RELATIVE HUMIDITY (PERCENT)
 HIGHEST    93           300 AM
 LOWEST     48          1100 AM
 AVERAGE    71

..........................................................


THE CLEVELAND OH CLIMATE NORMALS FOR TODAY
                         NORMAL    RECORD    YEAR
 MAXIMUM TEMPERATURE (F)   82        96      1993
 MINIMUM TEMPERATURE (F)   64        52      1977


SUNRISE AND SUNSET
JULY 28 2015..........SUNRISE   618 AM EDT   SUNSET   849 PM EDT
JULY 29 2015..........SUNRISE   619 AM EDT   SUNSET   848 PM EDT


-  INDICATES NEGATIVE NUMBERS.
R  INDICATES RECORD WAS SET OR TIED.
MM INDICATES DATA IS MISSING.
T  INDICATES TRACE AMOUNT.




$$
