000
CDUS41 KCLE 280545
CLICLE


CLIMATE REPORT
NATIONAL WEATHER SERVICE CLEVELAND OH
145 AM EDT THU AUG 28 2014


...................................

...THE CLEVELAND OH CLIMATE SUMMARY FOR AUGUST 27 2014...

CLIMATE NORMAL PERIOD 1981 TO 2010
CLIMATE RECORD PERIOD 1871 TO 2014


WEATHER ITEM   OBSERVED TIME   RECORD YEAR NORMAL DEPARTURE LAST
                VALUE   (LST)  VALUE       VALUE  FROM      YEAR
                                                  NORMAL
..................................................................
TEMPERATURE (F)
 YESTERDAY
  MAXIMUM         77    105 PM 102    1948  80     -3       82
  MINIMUM         66   1159 PM  49    1963  62      4       72
                                      1946
                                      1945
  AVERAGE         72                        71      1       77

PRECIPITATION (IN)
  YESTERDAY        0.00                      0.12  -0.12     0.93
  MONTH TO DATE    4.59                      3.07   1.52     2.61
  SINCE JUN 1     14.84                      9.96   4.88    15.42
  SINCE JAN 1     31.11                     25.10   6.01    28.01

SNOWFALL (IN)
  YESTERDAY        0.0                       0.0    0.0      0.0
  MONTH TO DATE    0.0                       0.0    0.0      0.0
  SINCE JUN 1      0.0                       0.0    0.0      0.0
  SINCE JUL 1      0.0                       0.0    0.0      0.0
  SNOW DEPTH       0

DEGREE DAYS
 HEATING
  YESTERDAY        0                         0      0        0
  MONTH TO DATE    8                         0      8        4
  SINCE JUN 1     42                        46     -4       46
  SINCE JUL 1     22                         4     18        7

 COOLING
  YESTERDAY        7                         6      1       12
  MONTH TO DATE  165                       200    -35      151
  SINCE JUN 1    499                       633   -134      601
  SINCE JAN 1    565                       692   -127      715
..................................................................


WIND (MPH)
  HIGHEST WIND SPEED    16   HIGHEST WIND DIRECTION    NE (40)
  HIGHEST GUST SPEED    20   HIGHEST GUST DIRECTION     N (360)
  AVERAGE WIND SPEED     6.5


SKY COVER
  POSSIBLE SUNSHINE  MM
  AVERAGE SKY COVER 0.7


WEATHER CONDITIONS
 THE FOLLOWING WEATHER WAS RECORDED YESTERDAY.
  FOG
  HAZE


RELATIVE HUMIDITY (PERCENT)
 HIGHEST    97          1200 AM
 LOWEST     64           500 PM
 AVERAGE    81

..........................................................


THE CLEVELAND OH CLIMATE NORMALS FOR TODAY
                         NORMAL    RECORD    YEAR
 MAXIMUM TEMPERATURE (F)   80        98      1953
 MINIMUM TEMPERATURE (F)   62        42      1968


SUNRISE AND SUNSET
AUGUST 28 2014........SUNRISE   650 AM EDT   SUNSET   807 PM EDT
AUGUST 29 2014........SUNRISE   651 AM EDT   SUNSET   805 PM EDT


-  INDICATES NEGATIVE NUMBERS.
R  INDICATES RECORD WAS SET OR TIED.
MM INDICATES DATA IS MISSING.
T  INDICATES TRACE AMOUNT.




$$
