000
CDUS41 KCLE 230527
CLICLE


CLIMATE REPORT
NATIONAL WEATHER SERVICE CLEVELAND OH
1227 AM EST SUN NOV 23 2014


...................................

...THE CLEVELAND OH CLIMATE SUMMARY FOR NOVEMBER 22 2014...

CLIMATE NORMAL PERIOD 1981 TO 2010
CLIMATE RECORD PERIOD 1871 TO 2014


WEATHER ITEM   OBSERVED TIME   RECORD YEAR NORMAL DEPARTURE LAST
                VALUE   (LST)  VALUE       VALUE  FROM      YEAR
                                                  NORMAL
..................................................................
TEMPERATURE (F)
 YESTERDAY
  MAXIMUM         49   1158 PM  73    1934  48      1       50
  MINIMUM         16   1233 AM   0    1880  35    -19       37
  AVERAGE         33                        41     -8       44

PRECIPITATION (IN)
  YESTERDAY        0.16                      0.13   0.03     0.18
  MONTH TO DATE    2.46                      2.67  -0.21     2.72
  SINCE SEP 1      9.77                      9.55   0.22     9.38
  SINCE JAN 1     40.88                     35.09   5.79    37.59

SNOWFALL (IN)
  YESTERDAY        0.0                       0.2   -0.2      0.0
  MONTH TO DATE   12.4                       2.5    9.9      3.1
  SINCE SEP 1     12.4                       2.7    9.7      3.1
  SINCE JUL 1     12.4                       2.7    9.7      3.1
  SNOW DEPTH       3

DEGREE DAYS
 HEATING
  YESTERDAY       32                        24      8       21
  MONTH TO DATE  636                       432    204      454
  SINCE SEP 1   1111                       880    231      858
  SINCE JUL 1   1136                       892    244      865

 COOLING
  YESTERDAY        0                         0      0        0
  MONTH TO DATE    0                         0      0        0
  SINCE SEP 1     67                       101    -34      127
  SINCE JAN 1    657                       816   -159      889
..................................................................


WIND (MPH)
  HIGHEST WIND SPEED    20   HIGHEST WIND DIRECTION     S (200)
  HIGHEST GUST SPEED    26   HIGHEST GUST DIRECTION    SW (210)
  AVERAGE WIND SPEED    13.6


SKY COVER
  POSSIBLE SUNSHINE  MM
  AVERAGE SKY COVER 0.8


WEATHER CONDITIONS
 THE FOLLOWING WEATHER WAS RECORDED YESTERDAY.
  LIGHT RAIN
  HAZE


RELATIVE HUMIDITY (PERCENT)
 HIGHEST    89          1000 AM
 LOWEST     46           600 AM
 AVERAGE    68

..........................................................


THE CLEVELAND OH CLIMATE NORMALS FOR TODAY
                         NORMAL    RECORD    YEAR
 MAXIMUM TEMPERATURE (F)   47        75      1931
 MINIMUM TEMPERATURE (F)   35         6      1880


SUNRISE AND SUNSET
NOVEMBER 23 2014......SUNRISE   725 AM EST   SUNSET   502 PM EST
NOVEMBER 24 2014......SUNRISE   726 AM EST   SUNSET   502 PM EST


-  INDICATES NEGATIVE NUMBERS.
R  INDICATES RECORD WAS SET OR TIED.
MM INDICATES DATA IS MISSING.
T  INDICATES TRACE AMOUNT.




$$
