000
CDUS44 KHGX 050722
CLICLL


CLIMATE REPORT
NATIONAL WEATHER SERVICE HOUSTON/GALVESTON TX
221 AM CDT SUN JUL 5 2015


...................................

...THE COLLEGE STATION CLIMATE SUMMARY FOR JULY 4 2015...

CLIMATE NORMAL PERIOD 1981 TO 2010
CLIMATE RECORD PERIOD 1902 TO 2015


WEATHER ITEM   OBSERVED TIME   RECORD YEAR NORMAL DEPARTURE LAST
                VALUE   (LST)  VALUE       VALUE  FROM      YEAR
                                                  NORMAL
..................................................................
TEMPERATURE (F)
 YESTERDAY
  MAXIMUM         91    248 PM 103    1933  94     -3       89
  MINIMUM         76    413 AM  63    1924  75      1       72
  AVERAGE         84                        84      0       81

PRECIPITATION (IN)
  YESTERDAY        0.00          1.56 2006   0.08  -0.08     0.03
  MONTH TO DATE    0.20                      0.35  -0.15     0.11
  SINCE JUN 1      5.41                      4.80   0.61     1.72
  SINCE JAN 1     33.18                     21.05  12.13    15.75

SNOWFALL (IN)
  YESTERDAY        0.0
  MONTH TO DATE    0.0
  SINCE JUL 1      0.0

DEGREE DAYS
 HEATING
  YESTERDAY        0                         0      0        0
  MONTH TO DATE    0                         0      0        0
  SINCE JUN 1      0                         0      0        0
  SINCE JUL 1      0                         0      0        0

 COOLING
  YESTERDAY       19                        19      0       16
  MONTH TO DATE   69                        76     -7       72
  SINCE JUN 1    574                       592    -18      599
  SINCE JAN 1   1145                      1180    -35     1086
..................................................................


WIND (MPH)
  HIGHEST WIND SPEED    22   HIGHEST WIND DIRECTION     S (190)
  HIGHEST GUST SPEED    27   HIGHEST GUST DIRECTION     S (180)
  AVERAGE WIND SPEED     8.7


SKY COVER
  AVERAGE SKY COVER 0.4


WEATHER CONDITIONS
 THE FOLLOWING WEATHER WAS RECORDED YESTERDAY.
  FOG


RELATIVE HUMIDITY (PERCENT)
 HIGHEST   100           300 AM
 LOWEST     52           200 PM
 AVERAGE    76

..........................................................


THE COLLEGE STATION CLIMATE NORMALS FOR TODAY
                         NORMAL    RECORD    YEAR
 MAXIMUM TEMPERATURE (F)   94       104      2009
 MINIMUM TEMPERATURE (F)   75        63      1924


SUNRISE AND SUNSET
JULY  5 2015..........SUNRISE   628 AM CDT   SUNSET   832 PM CDT
JULY  6 2015..........SUNRISE   629 AM CDT   SUNSET   832 PM CDT


-  INDICATES NEGATIVE NUMBERS.
R  INDICATES RECORD WAS SET OR TIED.
MM INDICATES DATA IS MISSING.
T  INDICATES TRACE AMOUNT.




$$
