000
CDUS44 KHGX 290719
CLICLL


CLIMATE REPORT
NATIONAL WEATHER SERVICE HOUSTON/GALVESTON TX
218 AM CDT THU SEP 29 2016


...................................

...THE COLLEGE STATION CLIMATE SUMMARY FOR SEPTEMBER 28 2016...

CLIMATE NORMAL PERIOD 1981 TO 2010
CLIMATE RECORD PERIOD 1902 TO 2016


WEATHER ITEM   OBSERVED TIME   RECORD YEAR NORMAL DEPARTURE LAST
                VALUE   (LST)  VALUE       VALUE  FROM      YEAR
                                                  NORMAL
..................................................................
TEMPERATURE (F)
 YESTERDAY
  MAXIMUM         87    326 PM 103    2005  87      0       83
  MINIMUM         64    548 AM  46    1942  66     -2       69
  AVERAGE         76                        76      0       76

PRECIPITATION (IN)
  YESTERDAY        0.00          1.16 1960   0.10  -0.10     0.04
  MONTH TO DATE    2.00                      2.97  -0.97     1.74
  SINCE SEP 1      2.00                      2.97  -0.97     1.74
  SINCE JAN 1     39.14                     28.49  10.65    36.39

SNOWFALL (IN)
  YESTERDAY        0.0
  MONTH TO DATE    0.0
  SINCE JUL 1      0.0

DEGREE DAYS
 HEATING
  YESTERDAY        0                         0      0        0
  MONTH TO DATE    0                         0      0        0
  SINCE SEP 1      0                         0      0        0
  SINCE JUL 1      0                         0      0        0

 COOLING
  YESTERDAY       11                        11      0       11
  MONTH TO DATE  505                       428     77      470
  SINCE SEP 1    505                       428     77      470
  SINCE JAN 1   2879                      2774    105     2830
..................................................................


WIND (MPH)
  HIGHEST WIND SPEED     9   HIGHEST WIND DIRECTION    NW (300)
  HIGHEST GUST SPEED    16   HIGHEST GUST DIRECTION    NW (320)
  AVERAGE WIND SPEED     2.0


SKY COVER
  AVERAGE SKY COVER 0.0


WEATHER CONDITIONS
 THE FOLLOWING WEATHER WAS RECORDED YESTERDAY.
  HAZE


RELATIVE HUMIDITY (PERCENT)
 HIGHEST    93           600 AM
 LOWEST     37           300 PM
 AVERAGE    65

..........................................................


THE COLLEGE STATION CLIMATE NORMALS FOR TODAY
                         NORMAL    RECORD    YEAR
 MAXIMUM TEMPERATURE (F)   87       100      2011
 MINIMUM TEMPERATURE (F)   65        46      1967


SUNRISE AND SUNSET
SEPTEMBER 29 2016.....SUNRISE   718 AM CDT   SUNSET   713 PM CDT
SEPTEMBER 30 2016.....SUNRISE   719 AM CDT   SUNSET   711 PM CDT


-  INDICATES NEGATIVE NUMBERS.
R  INDICATES RECORD WAS SET OR TIED.
MM INDICATES DATA IS MISSING.
T  INDICATES TRACE AMOUNT.




$$
