409
CDUS44 KHGX 110818
CLICLL


CLIMATE REPORT
NATIONAL WEATHER SERVICE HOUSTON/GALVESTON TX
217 AM CST THU FEB 11 2016


...................................

...THE COLLEGE STATION CLIMATE SUMMARY FOR FEBRUARY 10 2016...

CLIMATE NORMAL PERIOD 1981 TO 2010
CLIMATE RECORD PERIOD 1902 TO 2016


WEATHER ITEM   OBSERVED TIME   RECORD YEAR NORMAL DEPARTURE LAST
                VALUE   (LST)  VALUE       VALUE  FROM      YEAR
                                                  NORMAL
..................................................................
TEMPERATURE (F)
 YESTERDAY
  MAXIMUM         71    443 PM  86    1954  64      7       77
  MINIMUM         37    631 AM  20    2011  43     -6       45
  AVERAGE         54                        54      0       61

PRECIPITATION (IN)
  YESTERDAY        0.00          1.93 1977   0.11  -0.11     0.00
  MONTH TO DATE    0.10                      1.02  -0.92     0.32
  SINCE DEC 1      9.48                      7.49   1.99     9.55
  SINCE JAN 1      1.40                      4.26  -2.86     6.98

SNOWFALL (IN)
  YESTERDAY        0.0
  MONTH TO DATE    0.0
  SINCE JUL 1      0.0

DEGREE DAYS
 HEATING
  YESTERDAY       11                        12     -1        4
  MONTH TO DATE  134                       126      8      124
  SINCE DEC 1    820                       979   -159      973
  SINCE JUL 1    967                      1204   -237     1268

 COOLING
  YESTERDAY        0                         1     -1        0
  MONTH TO DATE    4                         7     -3        0
  SINCE DEC 1     44                        34     10       10
  SINCE JAN 1      8                        18    -10        0
..................................................................


WIND (MPH)
  HIGHEST WIND SPEED    16   HIGHEST WIND DIRECTION     S (200)
  HIGHEST GUST SPEED    21   HIGHEST GUST DIRECTION     S (200)
  AVERAGE WIND SPEED     7.4


SKY COVER
  AVERAGE SKY COVER 0.0


WEATHER CONDITIONS
 THE FOLLOWING WEATHER WAS RECORDED YESTERDAY.
  HAZE


RELATIVE HUMIDITY (PERCENT)
 HIGHEST    76           800 AM
 LOWEST     26           200 PM
 AVERAGE    51

..........................................................


THE COLLEGE STATION CLIMATE NORMALS FOR TODAY
                         NORMAL    RECORD    YEAR
 MAXIMUM TEMPERATURE (F)   64        84      1922
 MINIMUM TEMPERATURE (F)   44        17      1981


SUNRISE AND SUNSET
FEBRUARY 11 2016......SUNRISE   710 AM CST   SUNSET   610 PM CST
FEBRUARY 12 2016......SUNRISE   709 AM CST   SUNSET   611 PM CST


-  INDICATES NEGATIVE NUMBERS.
R  INDICATES RECORD WAS SET OR TIED.
MM INDICATES DATA IS MISSING.
T  INDICATES TRACE AMOUNT.




$$
