000
CDUS44 KHGX 250724
CLICLL


CLIMATE REPORT
NATIONAL WEATHER SERVICE HOUSTON/GALVESTON TX
223 AM CDT FRI JUL 25 2014


...................................

...THE COLLEGE STATION CLIMATE SUMMARY FOR JULY 24 2014...

CLIMATE NORMAL PERIOD 1981 TO 2010
CLIMATE RECORD PERIOD 1902 TO 2014


WEATHER ITEM   OBSERVED TIME   RECORD YEAR NORMAL DEPARTURE LAST
                VALUE   (LST)  VALUE       VALUE  FROM      YEAR
                                                  NORMAL
..................................................................
TEMPERATURE (F)
 YESTERDAY
  MAXIMUM         93    401 PM 109    1934  96     -3       95
  MINIMUM         75    628 AM  62    1915  75      0       76
  AVERAGE         84                        85     -1       86

PRECIPITATION (IN)
  YESTERDAY        T             1.38 1976   0.06  -0.06     0.00
  MONTH TO DATE    5.77                      1.71   4.06     1.43
  SINCE JUN 1      7.38                      6.16   1.22     2.68
  SINCE JAN 1     21.41                     22.41  -1.00    18.95

SNOWFALL (IN)
  YESTERDAY        0.0
  MONTH TO DATE    0.0
  SINCE JUL 1      0.0

DEGREE DAYS
 HEATING
  YESTERDAY        0                         0      0        0
  MONTH TO DATE    0                         0      0        0
  SINCE JUN 1      0                         0      0        0
  SINCE JUL 1      0                         0      0        0

 COOLING
  YESTERDAY       19                        20     -1       21
  MONTH TO DATE  433                       469    -36      472
  SINCE JUN 1    960                       985    -25     1056
  SINCE JAN 1   1447                      1573   -126     1620
..................................................................


WIND (MPH)
  HIGHEST WIND SPEED    14   HIGHEST WIND DIRECTION     N (20)
  HIGHEST GUST SPEED    18   HIGHEST GUST DIRECTION     N (10)
  AVERAGE WIND SPEED     5.6


SKY COVER
  AVERAGE SKY COVER 0.2


WEATHER CONDITIONS
 THE FOLLOWING WEATHER WAS RECORDED YESTERDAY.
  NO SIGNIFICANT WEATHER WAS OBSERVED.


RELATIVE HUMIDITY (PERCENT)
 HIGHEST    82           500 AM
 LOWEST     47           300 PM
 AVERAGE    65

..........................................................


THE COLLEGE STATION CLIMATE NORMALS FOR TODAY
                         NORMAL    RECORD    YEAR
 MAXIMUM TEMPERATURE (F)   96       105      1943
 MINIMUM TEMPERATURE (F)   75        61      1915


SUNRISE AND SUNSET
JULY 25 2014..........SUNRISE   639 AM CDT   SUNSET   824 PM CDT
JULY 26 2014..........SUNRISE   640 AM CDT   SUNSET   824 PM CDT


-  INDICATES NEGATIVE NUMBERS.
R  INDICATES RECORD WAS SET OR TIED.
MM INDICATES DATA IS MISSING.
T  INDICATES TRACE AMOUNT.




$$
