000
CDUS44 KHGX 070717
CLICLL


CLIMATE REPORT
NATIONAL WEATHER SERVICE HOUSTON/GALVESTON TX
117 AM CST WED DEC 7 2016


...................................

...THE COLLEGE STATION CLIMATE SUMMARY FOR DECEMBER 6 2016...

CLIMATE NORMAL PERIOD 1981 TO 2010
CLIMATE RECORD PERIOD 1902 TO 2016


WEATHER ITEM   OBSERVED TIME   RECORD YEAR NORMAL DEPARTURE LAST
                VALUE   (LST)  VALUE       VALUE  FROM      YEAR
                                                  NORMAL
..................................................................
TEMPERATURE (F)
 YESTERDAY
  MAXIMUM         62   1157 AM  84    1924  64     -2       69
  MINIMUM         45    720 AM  17    1950  44      1       42
  AVERAGE         54                        54      0       56

PRECIPITATION (IN)
  YESTERDAY        0.00          3.02 1915   0.10  -0.10     0.00
  MONTH TO DATE    2.58                      0.64   1.94     0.00
  SINCE DEC 1      2.58                      0.64   1.94     0.00
  SINCE JAN 1     46.60                     37.47   9.13    50.23

SNOWFALL (IN)
  YESTERDAY        0.0
  MONTH TO DATE    0.0
  SINCE JUL 1      0.0

DEGREE DAYS
 HEATING
  YESTERDAY       11                        12     -1        9
  MONTH TO DATE   75                        68      7       72
  SINCE DEC 1     75                        68      7       72
  SINCE JUL 1    144                       293   -149      219

 COOLING
  YESTERDAY        0                         1     -1        0
  MONTH TO DATE    0                         6     -6        0
  SINCE DEC 1      0                         6     -6        0
  SINCE JAN 1   3290                      3079    211     3207
..................................................................


WIND (MPH)
  HIGHEST WIND SPEED    17   HIGHEST WIND DIRECTION    NW (300)
  HIGHEST GUST SPEED    22   HIGHEST GUST DIRECTION    NW (300)
  AVERAGE WIND SPEED     7.2


SKY COVER
  AVERAGE SKY COVER 0.6


WEATHER CONDITIONS
 THE FOLLOWING WEATHER WAS RECORDED YESTERDAY.
  FOG


RELATIVE HUMIDITY (PERCENT)
 HIGHEST   100          1200 AM
 LOWEST     67          1100 AM
 AVERAGE    84

..........................................................


THE COLLEGE STATION CLIMATE NORMALS FOR TODAY
                         NORMAL    RECORD    YEAR
 MAXIMUM TEMPERATURE (F)   64        84      1924
 MINIMUM TEMPERATURE (F)   43        16      1950


SUNRISE AND SUNSET
DECEMBER  7 2016......SUNRISE   710 AM CST   SUNSET   524 PM CST
DECEMBER  8 2016......SUNRISE   711 AM CST   SUNSET   524 PM CST


-  INDICATES NEGATIVE NUMBERS.
R  INDICATES RECORD WAS SET OR TIED.
MM INDICATES DATA IS MISSING.
T  INDICATES TRACE AMOUNT.




$$
