000
CDUS42 KGSP 280644
CLICLT

CLIMATE REPORT
NATIONAL WEATHER SERVICE GREENVILLE-SPARTANBURG SC
144 AM EST SUN DEC 28 2014


...................................

...THE CHARLOTTE NC CLIMATE SUMMARY FOR DECEMBER 27 2014...

CLIMATE NORMAL PERIOD 1981 TO 2010
CLIMATE RECORD PERIOD 1878 TO 2014


WEATHER ITEM   OBSERVED TIME   RECORD YEAR NORMAL DEPARTURE LAST
                VALUE   (LST)  VALUE       VALUE  FROM      YEAR
                                                  NORMAL
..................................................................
TEMPERATURE (F)
 YESTERDAY
  MAXIMUM         64    236 PM  72    1971  51     13       53
  MINIMUM         32    406 AM  15    1970  30      2       25
                                      1948
                                      1925
  AVERAGE         48                        40      8       39

PRECIPITATION (IN)
  YESTERDAY        0.00          1.25 1920   0.10  -0.10     0.00
  MONTH TO DATE    1.88                      2.84  -0.96     5.30
  SINCE DEC 1      1.88                      2.84  -0.96     5.30
  SINCE JAN 1     44.77                     41.22   3.55    47.79

SNOWFALL (IN)
  YESTERDAY        0.0           4.0  1892   0.0    0.0      0.0
  MONTH TO DATE    0.0                       0.2   -0.2      0.0
  SINCE DEC 1      0.0                       0.2   -0.2      0.0
  SINCE JUL 1      T                         0.3   -0.3       T
  SNOW DEPTH       0

DEGREE DAYS
 HEATING
  YESTERDAY       17                        25     -8       26
  MONTH TO DATE  512                       601    -89      487
  SINCE DEC 1    512                       601    -89      487
  SINCE JUL 1   1170                      1237    -67     1137

 COOLING
  YESTERDAY        0                         0      0        0
  MONTH TO DATE    0                         0      0        8
  SINCE DEC 1      0                         0      0        8
  SINCE JAN 1   1655                      1517    138     1585
..................................................................


WIND (MPH)
  HIGHEST WIND SPEED    12   HIGHEST WIND DIRECTION    SW (220)
  HIGHEST GUST SPEED    15   HIGHEST GUST DIRECTION    SW (220)
  AVERAGE WIND SPEED     3.8


SKY COVER
  POSSIBLE SUNSHINE  MM
  AVERAGE SKY COVER 0.6


WEATHER CONDITIONS
 THE FOLLOWING WEATHER WAS RECORDED YESTERDAY.
  NO SIGNIFICANT WEATHER WAS OBSERVED.


RELATIVE HUMIDITY (PERCENT)
 HIGHEST    92           400 AM
 LOWEST     27           300 PM
 AVERAGE    60

..........................................................


THE CHARLOTTE NC CLIMATE NORMALS FOR TODAY
                         NORMAL    RECORD    YEAR
 MAXIMUM TEMPERATURE (F)   51        77      1971
 MINIMUM TEMPERATURE (F)   30        10      1925


SUNRISE AND SUNSET
DECEMBER 28 2014......SUNRISE   731 AM EST   SUNSET   520 PM EST
DECEMBER 29 2014......SUNRISE   732 AM EST   SUNSET   520 PM EST


-  INDICATES NEGATIVE NUMBERS.
R  INDICATES RECORD WAS SET OR TIED.
MM INDICATES DATA IS MISSING.
T  INDICATES TRACE AMOUNT.

$$
