762
CDUS42 KGSP 062145 RRA
CLICLT

CLIMATE REPORT
NATIONAL WEATHER SERVICE GREENVILLE-SPARTANBURG SC
445 PM EST SAT FEB 6 2016


...................................

...THE CHARLOTTE NC CLIMATE SUMMARY FOR FEBRUARY 6 2016...
VALID TODAY AS OF 0440 PM LOCAL TIME.

CLIMATE NORMAL PERIOD 1981 TO 2010
CLIMATE RECORD PERIOD 1878 TO 2016


WEATHER ITEM   OBSERVED TIME   RECORD YEAR NORMAL DEPARTURE LAST
                VALUE   (LST)  VALUE       VALUE  FROM      YEAR
                                                  NORMAL
..................................................................
TEMPERATURE (F)
 TODAY
  MAXIMUM         50    403 PM  79    1927  53     -3       45
  MINIMUM         24    403 AM  13    1977  31     -7       18
  AVERAGE         37                        42     -5       32

PRECIPITATION (IN)
  TODAY            0.00          2.91 1955   0.10  -0.10     0.00
  MONTH TO DATE    0.74                      0.66   0.08     0.40
  SINCE DEC 1     11.72                      7.32   4.40     5.77
  SINCE JAN 1      3.02                      4.07  -1.05     3.20

SNOWFALL (IN)
  TODAY            0.0           5.9  1984   0.0    0.0      0.0
  MONTH TO DATE    T                         0.3   -0.3      0.0
  SINCE DEC 1      3.3                       2.7    0.6      0.0
  SINCE JUL 1      3.3                       2.8    0.5       T
  SNOW DEPTH       0

DEGREE DAYS
 HEATING
  TODAY           28                        23      5       33
  MONTH TO DATE   83                       139    -56      154
  SINCE DEC 1   1171                      1610   -439     1503
  SINCE JUL 1   1637                      2246   -609     2161

 COOLING
  TODAY            0                         0      0        0
  MONTH TO DATE    0                         0      0        0
  SINCE DEC 1     12                         1     11        0
  SINCE JAN 1      0                         0      0        0
..................................................................


WIND (MPH)
  HIGHEST WIND SPEED    12   HIGHEST WIND DIRECTION     N (20)
  HIGHEST GUST SPEED    16   HIGHEST GUST DIRECTION    NE (60)
  AVERAGE WIND SPEED     4.3


SKY COVER
  POSSIBLE SUNSHINE  MM
  AVERAGE SKY COVER 0.5


WEATHER CONDITIONS
 THE FOLLOWING WEATHER WAS RECORDED TODAY.
  NO SIGNIFICANT WEATHER WAS OBSERVED.


RELATIVE HUMIDITY (PERCENT)
 HIGHEST    68           600 AM
 LOWEST     23           300 PM
 AVERAGE    46

..........................................................


THE CHARLOTTE NC CLIMATE NORMALS FOR TOMORROW
                         NORMAL    RECORD    YEAR
 MAXIMUM TEMPERATURE (F)   53        74      1999
 MINIMUM TEMPERATURE (F)   31        10      1895


SUNRISE AND SUNSET
FEBRUARY  6 2016......SUNRISE   719 AM EST   SUNSET   557 PM EST
FEBRUARY  7 2016......SUNRISE   718 AM EST   SUNSET   558 PM EST


-  INDICATES NEGATIVE NUMBERS.
R  INDICATES RECORD WAS SET OR TIED.
MM INDICATES DATA IS MISSING.
T  INDICATES TRACE AMOUNT.

$$

OUTLAW
