000
CDUS42 KGSP 280632
CLICLT

CLIMATE REPORT
NATIONAL WEATHER SERVICE GREENVILLE-SPARTANBURG SC
231 AM EDT SUN MAY 28 2017


...................................

...THE CHARLOTTE NC CLIMATE SUMMARY FOR MAY 27 2017...

CLIMATE NORMAL PERIOD 1981 TO 2010
CLIMATE RECORD PERIOD 1878 TO 2017


WEATHER ITEM   OBSERVED TIME   RECORD YEAR NORMAL DEPARTURE LAST
                VALUE   (LST)  VALUE       VALUE  FROM      YEAR
                                                  NORMAL
..................................................................
TEMPERATURE (F)
 YESTERDAY
  MAXIMUM         87    128 PM  96    1916  82      5       84
  MINIMUM         63    509 AM  41    1961  59      4       65
  AVERAGE         75                        70      5       75

PRECIPITATION (IN)
  YESTERDAY        0.00          1.55 1981   0.11  -0.11     0.00
  MONTH TO DATE    5.30                      2.71   2.59     4.90
  SINCE MAR 1     13.55                      9.76   3.79     7.78
  SINCE JAN 1     20.46                     16.49   3.97    14.56

SNOWFALL (IN)
  YESTERDAY        0.0           0.0    MM   0.0    0.0      0.0
  MONTH TO DATE    0.0                       0.0    0.0      0.0
  SINCE MAR 1      1.1                       0.6    0.5      0.0
  SINCE JUL 1      2.2                       4.3   -2.1      3.3
  SNOW DEPTH       0

DEGREE DAYS
 HEATING
  YESTERDAY        0                         1     -1        0
  MONTH TO DATE   26                        51    -25       43
  SINCE MAR 1    494                       684   -190      426
  SINCE JUL 1   2392                      3383   -991     2568

 COOLING
  YESTERDAY       10                         6      4       10
  MONTH TO DATE  133                        99     34      110
  SINCE MAR 1    258                       136    122      208
  SINCE JAN 1    263                       136    127      208
..................................................................


WIND (MPH)
  HIGHEST WIND SPEED    16   HIGHEST WIND DIRECTION    SW (230)
  HIGHEST GUST SPEED    19   HIGHEST GUST DIRECTION    SW (230)
  AVERAGE WIND SPEED     6.1


SKY COVER
  POSSIBLE SUNSHINE  MM
  AVERAGE SKY COVER 0.5


WEATHER CONDITIONS
 THE FOLLOWING WEATHER WAS RECORDED YESTERDAY.
  NO SIGNIFICANT WEATHER WAS OBSERVED.


RELATIVE HUMIDITY (PERCENT)
 HIGHEST    87           600 AM
 LOWEST     48           100 PM
 AVERAGE    68

..........................................................


THE CHARLOTTE NC CLIMATE NORMALS FOR TODAY
                         NORMAL    RECORD    YEAR
 MAXIMUM TEMPERATURE (F)   82        97      1941
 MINIMUM TEMPERATURE (F)   60        42      1961


SUNRISE AND SUNSET
MAY 28 2017...........SUNRISE   612 AM EDT   SUNSET   831 PM EDT
MAY 29 2017...........SUNRISE   611 AM EDT   SUNSET   831 PM EDT


-  INDICATES NEGATIVE NUMBERS.
R  INDICATES RECORD WAS SET OR TIED.
MM INDICATES DATA IS MISSING.
T  INDICATES TRACE AMOUNT.




$$
