000
CDUS42 KGSP 200634
CLICLT

CLIMATE REPORT
NATIONAL WEATHER SERVICE GREENVILLE-SPARTANBURG SC
234 AM EDT MON OCT 20 2014


...................................

...THE CHARLOTTE NC CLIMATE SUMMARY FOR OCTOBER 19 2014...

CLIMATE NORMAL PERIOD 1981 TO 2010
CLIMATE RECORD PERIOD 1878 TO 2014


WEATHER ITEM   OBSERVED TIME   RECORD YEAR NORMAL DEPARTURE LAST
                VALUE   (LST)  VALUE       VALUE  FROM      YEAR
                                                  NORMAL
..................................................................
TEMPERATURE (F)
 YESTERDAY
  MAXIMUM         69    426 PM  87    1938  71     -2       66
  MINIMUM         45    702 AM  30    2009  48     -3       50
  AVERAGE         57                        59     -2       58

PRECIPITATION (IN)
  YESTERDAY        0.00          1.20 1997   0.10  -0.10      T
  MONTH TO DATE    0.86                      2.19  -1.33     0.48
  SINCE SEP 1      4.85                      5.43  -0.58     3.54
  SINCE JAN 1     38.61                     34.03   4.58    38.86

SNOWFALL (IN)
  YESTERDAY        0.0           0.0    MM   0.0    0.0      0.0
  MONTH TO DATE    0.0                       0.0    0.0      0.0
  SINCE SEP 1      0.0                       0.0    0.0      0.0
  SINCE JUL 1      0.0                       0.0    0.0      0.0
  SNOW DEPTH       0

DEGREE DAYS
 HEATING
  YESTERDAY        8                         7      1        7
  MONTH TO DATE   46                        85    -39       16
  SINCE SEP 1     58                       108    -50       18
  SINCE JUL 1     58                       108    -50       19

 COOLING
  YESTERDAY        0                         1     -1        0
  MONTH TO DATE   57                        32     25       60
  SINCE SEP 1    290                       230     60      288
  SINCE JAN 1   1645                      1507    138     1576
..................................................................


WIND (MPH)
  HIGHEST WIND SPEED    14   HIGHEST WIND DIRECTION     N (350)
  HIGHEST GUST SPEED    21   HIGHEST GUST DIRECTION     N (340)
  AVERAGE WIND SPEED     3.6


SKY COVER
  POSSIBLE SUNSHINE  MM
  AVERAGE SKY COVER 0.2


WEATHER CONDITIONS
 THE FOLLOWING WEATHER WAS RECORDED YESTERDAY.
  NO SIGNIFICANT WEATHER WAS OBSERVED.


RELATIVE HUMIDITY (PERCENT)
 HIGHEST    82           700 AM
 LOWEST     31           400 PM
 AVERAGE    57

..........................................................


THE CHARLOTTE NC CLIMATE NORMALS FOR TODAY
                         NORMAL    RECORD    YEAR
 MAXIMUM TEMPERATURE (F)   71        86      1926
 MINIMUM TEMPERATURE (F)   47        30      1972


SUNRISE AND SUNSET
OCTOBER 20 2014.......SUNRISE   734 AM EDT   SUNSET   642 PM EDT
OCTOBER 21 2014.......SUNRISE   735 AM EDT   SUNSET   641 PM EDT


-  INDICATES NEGATIVE NUMBERS.
R  INDICATES RECORD WAS SET OR TIED.
MM INDICATES DATA IS MISSING.
T  INDICATES TRACE AMOUNT.




$$
