000
CDUS42 KGSP 050635
CLICLT

CLIMATE REPORT
NATIONAL WEATHER SERVICE GREENVILLE-SPARTANBURG SC
235 AM EDT SUN JUL 5 2015


...................................

...THE CHARLOTTE NC CLIMATE SUMMARY FOR JULY 4 2015...

CLIMATE NORMAL PERIOD 1981 TO 2010
CLIMATE RECORD PERIOD 1878 TO 2015


WEATHER ITEM   OBSERVED TIME   RECORD YEAR NORMAL DEPARTURE LAST
                VALUE   (LST)  VALUE       VALUE  FROM      YEAR
                                                  NORMAL
..................................................................
TEMPERATURE (F)
 YESTERDAY
  MAXIMUM         88    457 PM  99    1993  89     -1       86
                                      1955
  MINIMUM         73    621 AM  55    1933  68      5       64
  AVERAGE         81                        78      3       75

PRECIPITATION (IN)
  YESTERDAY        T             2.63 1989   0.10  -0.10     0.00
  MONTH TO DATE    0.05                      0.41  -0.36     0.14
  SINCE JUN 1      2.95                      4.15  -1.20     2.99
  SINCE JAN 1     17.42                     21.11  -3.69    25.78

SNOWFALL (IN)
  YESTERDAY        0.0           0.0    MM   0.0    0.0      0.0
  MONTH TO DATE    0.0                       0.0    0.0      0.0
  SINCE JUN 1      0.0                       0.0    0.0      0.0
  SINCE JUL 1      0.0                       0.0    0.0      0.0
  SNOW DEPTH       0

DEGREE DAYS
 HEATING
  YESTERDAY        0                         0      0        0
  MONTH TO DATE    0                         0      0        0
  SINCE JUN 1      0                         3     -3        0
  SINCE JUL 1      0                         0      0        0

 COOLING
  YESTERDAY       16                        13      3       10
  MONTH TO DATE   57                        52      5       63
  SINCE JUN 1    516                       363    153      436
  SINCE JAN 1    809                       526    283      664
..................................................................


WIND (MPH)
  HIGHEST WIND SPEED    21   HIGHEST WIND DIRECTION     W (260)
  HIGHEST GUST SPEED    29   HIGHEST GUST DIRECTION     W (270)
  AVERAGE WIND SPEED     9.3


SKY COVER
  POSSIBLE SUNSHINE  MM
  AVERAGE SKY COVER 0.8


WEATHER CONDITIONS
 THE FOLLOWING WEATHER WAS RECORDED YESTERDAY.
  LIGHT RAIN


RELATIVE HUMIDITY (PERCENT)
 HIGHEST    79           600 AM
 LOWEST     40           500 PM
 AVERAGE    60

..........................................................


THE CHARLOTTE NC CLIMATE NORMALS FOR TODAY
                         NORMAL    RECORD    YEAR
 MAXIMUM TEMPERATURE (F)   89       100      2012
                                             1954
 MINIMUM TEMPERATURE (F)   68        57      1967


SUNRISE AND SUNSET
JULY  5 2015..........SUNRISE   615 AM EDT   SUNSET   842 PM EDT
JULY  6 2015..........SUNRISE   615 AM EDT   SUNSET   842 PM EDT


-  INDICATES NEGATIVE NUMBERS.
R  INDICATES RECORD WAS SET OR TIED.
MM INDICATES DATA IS MISSING.
T  INDICATES TRACE AMOUNT.

$$

OUTLAW
