000
CDUS42 KGSP 220632
CLICLT

CLIMATE REPORT
NATIONAL WEATHER SERVICE GREENVILLE-SPARTANBURG SC
229 AM EDT FRI SEP 22 2017


...................................

...THE CHARLOTTE NC CLIMATE SUMMARY FOR SEPTEMBER 21 2017...

CLIMATE NORMAL PERIOD 1981 TO 2010
CLIMATE RECORD PERIOD 1878 TO 2017


WEATHER ITEM   OBSERVED TIME   RECORD YEAR NORMAL DEPARTURE LAST
                VALUE   (LST)  VALUE       VALUE  FROM      YEAR
                                                  NORMAL
..................................................................
TEMPERATURE (F)
 YESTERDAY
  MAXIMUM         89    304 PM  97    1895  80      9       81
  MINIMUM         66    626 AM  43    1918  59      7       70
  AVERAGE         78                        69      9       76

PRECIPITATION (IN)
  YESTERDAY        0.00          2.74 2013   0.11  -0.11     0.01
  MONTH TO DATE    2.72                      2.25   0.47     1.26
  SINCE SEP 1      2.72                      2.25   0.47     1.26
  SINCE JAN 1     37.68                     30.85   6.83    22.80

SNOWFALL (IN)
  YESTERDAY        0.0           0.0    MM   0.0    0.0      0.0
  MONTH TO DATE    0.0                       0.0    0.0      0.0
  SINCE SEP 1      0.0                       0.0    0.0      0.0
  SINCE JUL 1      0.0                       0.0    0.0      0.0
  SNOW DEPTH       0

DEGREE DAYS
 HEATING
  YESTERDAY        0                         1     -1        0
  MONTH TO DATE    9                         6      3        0
  SINCE SEP 1      9                         6      3        0
  SINCE JUL 1      9                         6      3        0

 COOLING
  YESTERDAY       13                         5      8       11
  MONTH TO DATE  139                       163    -24      265
  SINCE SEP 1    139                       163    -24      265
  SINCE JAN 1   1700                      1440    260     2032
..................................................................


WIND (MPH)
  HIGHEST WIND SPEED    10   HIGHEST WIND DIRECTION     N (360)
  HIGHEST GUST SPEED    15   HIGHEST GUST DIRECTION    NE (40)
  AVERAGE WIND SPEED     5.0


SKY COVER
  POSSIBLE SUNSHINE  MM
  AVERAGE SKY COVER 0.2


WEATHER CONDITIONS
 THE FOLLOWING WEATHER WAS RECORDED YESTERDAY.
  NO SIGNIFICANT WEATHER WAS OBSERVED.


RELATIVE HUMIDITY (PERCENT)
 HIGHEST   100          1200 AM
 LOWEST     39           400 PM
 AVERAGE    70

..........................................................


THE CHARLOTTE NC CLIMATE NORMALS FOR TODAY
                         NORMAL    RECORD    YEAR
 MAXIMUM TEMPERATURE (F)   79        98      1895
 MINIMUM TEMPERATURE (F)   58        43      1918


SUNRISE AND SUNSET
SEPTEMBER 22 2017.....SUNRISE   712 AM EDT   SUNSET   720 PM EDT
SEPTEMBER 23 2017.....SUNRISE   713 AM EDT   SUNSET   719 PM EDT


-  INDICATES NEGATIVE NUMBERS.
R  INDICATES RECORD WAS SET OR TIED.
MM INDICATES DATA IS MISSING.
T  INDICATES TRACE AMOUNT.




$$
