000
CDUS42 KGSP 022033
CLICLT

CLIMATE REPORT
NATIONAL WEATHER SERVICE GREENVILLE-SPARTANBURG SC
431 PM EDT SUN AUG 2 2015


...................................

...THE CHARLOTTE NC CLIMATE SUMMARY FOR AUGUST 2 2015...VALID TODAY
AS OF 430 PM LOCAL TIME.

CLIMATE NORMAL PERIOD 1981 TO 2010
CLIMATE RECORD PERIOD 1878 TO 2015


WEATHER ITEM   OBSERVED TIME   RECORD YEAR NORMAL DEPARTURE LAST
                VALUE   (LST)  VALUE       VALUE  FROM      YEAR
                                                  NORMAL
..................................................................
TEMPERATURE (F)
 TODAY
  MAXIMUM         93    325 PM  98    1942  89      4       72
  MINIMUM         67    542 AM  59    1895  68     -1       65
  AVERAGE         80                        78      2       69

PRECIPITATION (IN)
  TODAY            0.00          2.00 1969   0.14  -0.14     0.00
  MONTH TO DATE    0.00                      0.28  -0.28     2.39
  SINCE JUN 1      4.11                      7.70  -3.59     9.62
  SINCE JAN 1     18.58                     24.66  -6.08    32.41

SNOWFALL (IN)
  TODAY            0.0           0.0    MM   0.0    0.0      0.0
  MONTH TO DATE    0.0                       0.0    0.0      0.0
  SINCE JUN 1      0.0                       0.0    0.0      0.0
  SINCE JUL 1      0.0                       0.0    0.0      0.0
  SNOW DEPTH       0

DEGREE DAYS
 HEATING
  TODAY            0                         0      0        0
  MONTH TO DATE    0                         0      0        0
  SINCE JUN 1      0                         3     -3        0
  SINCE JUL 1      0                         0      0        0

 COOLING
  TODAY           15                        13      2        4
  MONTH TO DATE   31                        26      5        7
  SINCE JUN 1   1026                       757    269      775
  SINCE JAN 1   1319                       920    399     1003
..................................................................


WIND (MPH)
  HIGHEST WIND SPEED    13   HIGHEST WIND DIRECTION     N (20)
  HIGHEST GUST SPEED    20   HIGHEST GUST DIRECTION    NE (40)
  AVERAGE WIND SPEED     5.0


SKY COVER
  POSSIBLE SUNSHINE  MM
  AVERAGE SKY COVER 0.5


WEATHER CONDITIONS
 THE FOLLOWING WEATHER WAS RECORDED TODAY.
  NO SIGNIFICANT WEATHER WAS OBSERVED.


RELATIVE HUMIDITY (PERCENT)
 HIGHEST    68           500 AM
 LOWEST     28           300 PM
 AVERAGE    48

..........................................................


THE CHARLOTTE NC CLIMATE NORMALS FOR TOMORROW
                         NORMAL    RECORD    YEAR
 MAXIMUM TEMPERATURE (F)   89        98      2011
                                             1888
 MINIMUM TEMPERATURE (F)   68        60      1998
                                             1985


SUNRISE AND SUNSET
AUGUST  2 2015........SUNRISE   633 AM EDT   SUNSET   826 PM EDT
AUGUST  3 2015........SUNRISE   634 AM EDT   SUNSET   825 PM EDT


-  INDICATES NEGATIVE NUMBERS.
R  INDICATES RECORD WAS SET OR TIED.
MM INDICATES DATA IS MISSING.
T  INDICATES TRACE AMOUNT.




$$
