000
CDUS42 KGSP 190635
CLICLT

CLIMATE REPORT
NATIONAL WEATHER SERVICE GREENVILLE-SPARTANBURG SC
132 AM EST SUN FEB 19 2017


...................................

...THE CHARLOTTE NC CLIMATE SUMMARY FOR FEBRUARY 18 2017...

CLIMATE NORMAL PERIOD 1981 TO 2010
CLIMATE RECORD PERIOD 1878 TO 2017


WEATHER ITEM   OBSERVED TIME   RECORD YEAR NORMAL DEPARTURE LAST
                VALUE   (LST)  VALUE       VALUE  FROM      YEAR
                                                  NORMAL
..................................................................
TEMPERATURE (F)
 YESTERDAY
  MAXIMUM         69    151 PM  78    2011  56     13       54
                                      1891
  MINIMUM         38    644 AM   5    1958  33      5       26
  AVERAGE         54                        44     10       40

PRECIPITATION (IN)
  YESTERDAY        0.01          1.89 1883   0.12  -0.11     0.00
  MONTH TO DATE    1.12                      2.03  -0.91     1.70
  SINCE DEC 1      9.75                      8.69   1.06    12.68
  SINCE JAN 1      6.84                      5.44   1.40     3.98

SNOWFALL (IN)
  YESTERDAY        0.0          10.0  1979   0.1   -0.1      0.0
  MONTH TO DATE    0.0                       0.8   -0.8       T
  SINCE DEC 1      1.1                       3.2   -2.1      3.3
  SINCE JUL 1      1.1                       3.3   -2.2      3.3
  SNOW DEPTH       0

DEGREE DAYS
 HEATING
  YESTERDAY       11                        21    -10       25
  MONTH TO DATE  242                       400   -158      430
  SINCE DEC 1   1401                      1871   -470     1518
  SINCE JUL 1   1819                      2507   -688     1984

 COOLING
  YESTERDAY        0                         0      0        0
  MONTH TO DATE    5                         0      5        0
  SINCE DEC 1      5                         1      4       12
  SINCE JAN 1      5                         0      5        0
..................................................................


WIND (MPH)
  HIGHEST WIND SPEED    21   HIGHEST WIND DIRECTION    SW (230)
  HIGHEST GUST SPEED    25   HIGHEST GUST DIRECTION    SW (230)
  AVERAGE WIND SPEED     6.3


SKY COVER
  POSSIBLE SUNSHINE  MM
  AVERAGE SKY COVER 0.6


WEATHER CONDITIONS
 THE FOLLOWING WEATHER WAS RECORDED YESTERDAY.
  LIGHT RAIN


RELATIVE HUMIDITY (PERCENT)
 HIGHEST    93          1100 PM
 LOWEST     19           200 PM
 AVERAGE    56

..........................................................


THE CHARLOTTE NC CLIMATE NORMALS FOR TODAY
                         NORMAL    RECORD    YEAR
 MAXIMUM TEMPERATURE (F)   56        76      2014
                                             1939
 MINIMUM TEMPERATURE (F)   34         8      1958


SUNRISE AND SUNSET
FEBRUARY 19 2017......SUNRISE   705 AM EST   SUNSET   610 PM EST
FEBRUARY 20 2017......SUNRISE   704 AM EST   SUNSET   611 PM EST


-  INDICATES NEGATIVE NUMBERS.
R  INDICATES RECORD WAS SET OR TIED.
MM INDICATES DATA IS MISSING.
T  INDICATES TRACE AMOUNT.




$$

LEV
