000
CDUS42 KGSP 250636
CLICLT

CLIMATE REPORT
NATIONAL WEATHER SERVICE GREENVILLE-SPARTANBURG SC
136 AM EST SUN FEB 25 2018


...................................

...THE CHARLOTTE NC CLIMATE SUMMARY FOR FEBRUARY 24 2018...

CLIMATE NORMAL PERIOD 1981 TO 2010
CLIMATE RECORD PERIOD 1878 TO 2018


WEATHER ITEM   OBSERVED TIME   RECORD YEAR NORMAL DEPARTURE LAST
                VALUE   (LST)  VALUE       VALUE  FROM      YEAR
                                                  NORMAL
..................................................................
TEMPERATURE (F)
 YESTERDAY
  MAXIMUM         80R   409 PM  80    1982  57     23       78
                                      1930
  MINIMUM         56    622 AM  16    1967  35     21       48
  AVERAGE         68                        46     22       63

PRECIPITATION (IN)
  YESTERDAY        0.00          1.90 1979   0.13  -0.13     0.00
  MONTH TO DATE    2.70                      2.81  -0.11     1.16
  SINCE DEC 1      7.38                      9.47  -2.09     9.79
  SINCE JAN 1      5.26                      6.22  -0.96     6.88

SNOWFALL (IN)
  YESTERDAY        0.0           7.8  1942   0.0    0.0      0.0
  MONTH TO DATE    0.0                       1.0   -1.0      0.0
  SINCE DEC 1      4.0                       3.4    0.6      1.1
  SINCE JUL 1      4.0                       3.5    0.5      1.1
  SNOW DEPTH       0

DEGREE DAYS
 HEATING
  YESTERDAY        0                        19    -19        2
  MONTH TO DATE  279                       518   -239      277
  SINCE DEC 1   1727                      1989   -262     1436
  SINCE JUL 1   2253                      2625   -372     1854

 COOLING
  YESTERDAY        3                         0      3        0
  MONTH TO DATE   30                         0     30        5
  SINCE DEC 1     30                         1     29        5
  SINCE JAN 1     30                         0     30        5
..................................................................


WIND (MPH)
  HIGHEST WIND SPEED    20   HIGHEST WIND DIRECTION    SW (210)
  HIGHEST GUST SPEED    26   HIGHEST GUST DIRECTION     S (200)
  AVERAGE WIND SPEED     9.6


SKY COVER
  POSSIBLE SUNSHINE  MM
  AVERAGE SKY COVER 0.6


WEATHER CONDITIONS
 THE FOLLOWING WEATHER WAS RECORDED YESTERDAY.
  FOG


RELATIVE HUMIDITY (PERCENT)
 HIGHEST   100           500 AM
 LOWEST     48           500 PM
 AVERAGE    74

..........................................................


THE CHARLOTTE NC CLIMATE NORMALS FOR TODAY
                         NORMAL    RECORD    YEAR
 MAXIMUM TEMPERATURE (F)   57        82      1930
 MINIMUM TEMPERATURE (F)   35         7      1967


SUNRISE AND SUNSET
FEBRUARY 25 2018......SUNRISE   658 AM EST   SUNSET   616 PM EST
FEBRUARY 26 2018......SUNRISE   657 AM EST   SUNSET   617 PM EST


-  INDICATES NEGATIVE NUMBERS.
R  INDICATES RECORD WAS SET OR TIED.
MM INDICATES DATA IS MISSING.
T  INDICATES TRACE AMOUNT.

$$

OUTLAW
