000
CDUS42 KGSP 010629
CLICLT

CLIMATE REPORT
NATIONAL WEATHER SERVICE GREENVILLE-SPARTANBURG SC
129 AM EST SUN FEB 1 2015


...................................

...THE CHARLOTTE NC CLIMATE SUMMARY FOR JANUARY 31 2015...

CLIMATE NORMAL PERIOD 1981 TO 2010
CLIMATE RECORD PERIOD 1878 TO 2015


WEATHER ITEM   OBSERVED TIME   RECORD YEAR NORMAL DEPARTURE LAST
                VALUE   (LST)  VALUE       VALUE  FROM      YEAR
                                                  NORMAL
..................................................................
TEMPERATURE (F)
 YESTERDAY
  MAXIMUM         51    406 PM  77    1975  52     -1       57
  MINIMUM         19    603 AM   4    1966  30    -11       13
  AVERAGE         35                        41     -6       35

PRECIPITATION (IN)
  YESTERDAY        0.00          1.75 1985   0.11  -0.11     0.00
  MONTH TO DATE    2.80                      3.41  -0.61     2.91
  SINCE DEC 1      5.37                      6.66  -1.29    10.04
  SINCE JAN 1      2.80                      3.41  -0.61     2.91

SNOWFALL (IN)
  YESTERDAY        0.0           0.9  1948   0.1   -0.1      0.0
  MONTH TO DATE    0.0                       2.1   -2.1      0.9
  SINCE DEC 1      0.0                       2.4   -2.4      0.9
  SINCE JUL 1      T                         2.5   -2.5      0.9
  SNOW DEPTH       0

DEGREE DAYS
 HEATING
  YESTERDAY       30                        24      6       30
  MONTH TO DATE  759                       768     -9      906
  SINCE DEC 1   1349                      1471   -122     1483
  SINCE JUL 1   2007                      2107   -100     2133

 COOLING
  YESTERDAY        0                         0      0        0
  MONTH TO DATE    0                         0      0        0
  SINCE DEC 1      0                         1     -1        8
  SINCE JAN 1      0                         0      0        0
..................................................................


WIND (MPH)
  HIGHEST WIND SPEED     9   HIGHEST WIND DIRECTION    SW (220)
  HIGHEST GUST SPEED    13   HIGHEST GUST DIRECTION    SW (210)
  AVERAGE WIND SPEED     2.9


SKY COVER
  POSSIBLE SUNSHINE  MM
  AVERAGE SKY COVER 0.4


WEATHER CONDITIONS
 THE FOLLOWING WEATHER WAS RECORDED YESTERDAY.
  NO SIGNIFICANT WEATHER WAS OBSERVED.


RELATIVE HUMIDITY (PERCENT)
 HIGHEST    74           800 AM
 LOWEST     16           100 PM
 AVERAGE    45

..........................................................


THE CHARLOTTE NC CLIMATE NORMALS FOR TODAY
                         NORMAL    RECORD    YEAR
 MAXIMUM TEMPERATURE (F)   52        76      1950
 MINIMUM TEMPERATURE (F)   31        10      1900


SUNRISE AND SUNSET
FEBRUARY  1 2015......SUNRISE   723 AM EST   SUNSET   552 PM EST
FEBRUARY  2 2015......SUNRISE   722 AM EST   SUNSET   553 PM EST


-  INDICATES NEGATIVE NUMBERS.
R  INDICATES RECORD WAS SET OR TIED.
MM INDICATES DATA IS MISSING.
T  INDICATES TRACE AMOUNT.

$$
